[INFO] fetching crate logimesh-macro 0.1.9...
[INFO] testing logimesh-macro-0.1.9 against nightly-2024-10-28+rustflags=-Zrandomize-layout for randomize-layout
[INFO] extracting crate logimesh-macro 0.1.9 into /workspace/builds/worker-4-tc2/source
[INFO] validating manifest of crates.io crate logimesh-macro 0.1.9 on toolchain nightly-2024-10-28
[INFO] running `Command { std: CARGO_HOME="/workspace/cargo-home" RUSTUP_HOME="/workspace/rustup-home" "/workspace/cargo-home/bin/cargo" "+nightly-2024-10-28" "metadata" "--manifest-path" "Cargo.toml" "--no-deps", kill_on_drop: false }`
[INFO] started tweaking crates.io crate logimesh-macro 0.1.9
[INFO] removed 0 missing tests
[INFO] finished tweaking crates.io crate logimesh-macro 0.1.9
[INFO] tweaked toml for crates.io crate logimesh-macro 0.1.9 written to /workspace/builds/worker-4-tc2/source/Cargo.toml
[INFO] running `Command { std: CARGO_HOME="/workspace/cargo-home" RUSTUP_HOME="/workspace/rustup-home" "/workspace/cargo-home/bin/cargo" "+nightly-2024-10-28" "generate-lockfile" "--manifest-path" "Cargo.toml", kill_on_drop: false }`
[INFO] [stderr]     Updating crates.io index
[INFO] [stderr]     Blocking waiting for file lock on package cache
[INFO] [stderr]      Locking 122 packages to latest compatible versions
[INFO] running `Command { std: CARGO_HOME="/workspace/cargo-home" RUSTUP_HOME="/workspace/rustup-home" "/workspace/cargo-home/bin/cargo" "+nightly-2024-10-28" "fetch" "--manifest-path" "Cargo.toml", kill_on_drop: false }`
[INFO] [stderr]     Blocking waiting for file lock on package cache
[INFO] running `Command { std: "docker" "create" "-v" "/var/lib/crater-agent-workspace/builds/worker-4-tc2/target:/opt/rustwide/target:rw,Z" "-v" "/var/lib/crater-agent-workspace/builds/worker-4-tc2/source:/opt/rustwide/workdir:ro,Z" "-v" "/var/lib/crater-agent-workspace/cargo-home:/opt/rustwide/cargo-home:ro,Z" "-v" "/var/lib/crater-agent-workspace/rustup-home:/opt/rustwide/rustup-home:ro,Z" "-e" "SOURCE_DIR=/opt/rustwide/workdir" "-e" "CARGO_TARGET_DIR=/opt/rustwide/target" "-e" "CARGO_HOME=/opt/rustwide/cargo-home" "-e" "RUSTUP_HOME=/opt/rustwide/rustup-home" "-w" "/opt/rustwide/workdir" "-m" "1610612736" "--user" "0:0" "--network" "none" "ghcr.io/rust-lang/crates-build-env/linux@sha256:4a844ea9eb2546a2d2c7022eacef16ef2e8229c7fbb2c7d4d55a9ceca922f72d" "/opt/rustwide/cargo-home/bin/cargo" "+nightly-2024-10-28" "metadata" "--no-deps" "--format-version=1", kill_on_drop: false }`
[INFO] [stdout] f15014b402de253a77beb6859a145d1a78a28adfa2d7633ed52670290ff854ee
[INFO] running `Command { std: "docker" "start" "-a" "f15014b402de253a77beb6859a145d1a78a28adfa2d7633ed52670290ff854ee", kill_on_drop: false }`
[INFO] running `Command { std: "docker" "inspect" "f15014b402de253a77beb6859a145d1a78a28adfa2d7633ed52670290ff854ee", kill_on_drop: false }`
[INFO] running `Command { std: "docker" "rm" "-f" "f15014b402de253a77beb6859a145d1a78a28adfa2d7633ed52670290ff854ee", kill_on_drop: false }`
[INFO] [stdout] f15014b402de253a77beb6859a145d1a78a28adfa2d7633ed52670290ff854ee
[INFO] running `Command { std: "docker" "create" "-v" "/var/lib/crater-agent-workspace/builds/worker-4-tc2/target:/opt/rustwide/target:rw,Z" "-v" "/var/lib/crater-agent-workspace/builds/worker-4-tc2/source:/opt/rustwide/workdir:ro,Z" "-v" "/var/lib/crater-agent-workspace/cargo-home:/opt/rustwide/cargo-home:ro,Z" "-v" "/var/lib/crater-agent-workspace/rustup-home:/opt/rustwide/rustup-home:ro,Z" "-e" "SOURCE_DIR=/opt/rustwide/workdir" "-e" "CARGO_TARGET_DIR=/opt/rustwide/target" "-e" "CARGO_INCREMENTAL=0" "-e" "RUST_BACKTRACE=full" "-e" "RUSTFLAGS=--cap-lints=forbid -Zrandomize-layout" "-e" "RUSTDOCFLAGS=--cap-lints=forbid" "-e" "CARGO_HOME=/opt/rustwide/cargo-home" "-e" "RUSTUP_HOME=/opt/rustwide/rustup-home" "-w" "/opt/rustwide/workdir" "-m" "1610612736" "--user" "0:0" "--network" "none" "ghcr.io/rust-lang/crates-build-env/linux@sha256:4a844ea9eb2546a2d2c7022eacef16ef2e8229c7fbb2c7d4d55a9ceca922f72d" "/opt/rustwide/cargo-home/bin/cargo" "+nightly-2024-10-28" "build" "--frozen" "--message-format=json", kill_on_drop: false }`
[INFO] [stdout] 240f1a81a05d81eca8d749e3ea8f85404764d2cf001e875d0879377aa28693f1
[INFO] running `Command { std: "docker" "start" "-a" "240f1a81a05d81eca8d749e3ea8f85404764d2cf001e875d0879377aa28693f1", kill_on_drop: false }`
[INFO] [stderr]    Compiling syn v2.0.86
[INFO] [stderr]    Compiling logimesh-macro v0.1.9 (/opt/rustwide/workdir)
[INFO] [stderr]     Finished `dev` profile [unoptimized + debuginfo] target(s) in 5.09s
[INFO] running `Command { std: "docker" "inspect" "240f1a81a05d81eca8d749e3ea8f85404764d2cf001e875d0879377aa28693f1", kill_on_drop: false }`
[INFO] running `Command { std: "docker" "rm" "-f" "240f1a81a05d81eca8d749e3ea8f85404764d2cf001e875d0879377aa28693f1", kill_on_drop: false }`
[INFO] [stdout] 240f1a81a05d81eca8d749e3ea8f85404764d2cf001e875d0879377aa28693f1
[INFO] running `Command { std: "docker" "create" "-v" "/var/lib/crater-agent-workspace/builds/worker-4-tc2/target:/opt/rustwide/target:rw,Z" "-v" "/var/lib/crater-agent-workspace/builds/worker-4-tc2/source:/opt/rustwide/workdir:ro,Z" "-v" "/var/lib/crater-agent-workspace/cargo-home:/opt/rustwide/cargo-home:ro,Z" "-v" "/var/lib/crater-agent-workspace/rustup-home:/opt/rustwide/rustup-home:ro,Z" "-e" "SOURCE_DIR=/opt/rustwide/workdir" "-e" "CARGO_TARGET_DIR=/opt/rustwide/target" "-e" "CARGO_INCREMENTAL=0" "-e" "RUST_BACKTRACE=full" "-e" "RUSTFLAGS=--cap-lints=forbid -Zrandomize-layout" "-e" "RUSTDOCFLAGS=--cap-lints=forbid" "-e" "CARGO_HOME=/opt/rustwide/cargo-home" "-e" "RUSTUP_HOME=/opt/rustwide/rustup-home" "-w" "/opt/rustwide/workdir" "-m" "1610612736" "--user" "0:0" "--network" "none" "ghcr.io/rust-lang/crates-build-env/linux@sha256:4a844ea9eb2546a2d2c7022eacef16ef2e8229c7fbb2c7d4d55a9ceca922f72d" "/opt/rustwide/cargo-home/bin/cargo" "+nightly-2024-10-28" "test" "--frozen" "--no-run" "--message-format=json", kill_on_drop: false }`
[INFO] [stdout] 7f4a77db1b332fb6524d277718a0444e63b0c74ba28afc38e44887ead6219d01
[INFO] running `Command { std: "docker" "start" "-a" "7f4a77db1b332fb6524d277718a0444e63b0c74ba28afc38e44887ead6219d01", kill_on_drop: false }`
[INFO] [stderr]    Compiling proc-macro2 v1.0.89
[INFO] [stderr]    Compiling unicode-ident v1.0.13
[INFO] [stderr]    Compiling autocfg v1.4.0
[INFO] [stderr]    Compiling cfg-if v1.0.0
[INFO] [stderr]    Compiling pin-project-lite v0.2.15
[INFO] [stderr]    Compiling futures-core v0.3.31
[INFO] [stderr]    Compiling serde v1.0.214
[INFO] [stderr]    Compiling byteorder v1.5.0
[INFO] [stderr]    Compiling futures-sink v0.3.31
[INFO] [stderr]    Compiling once_cell v1.20.2
[INFO] [stderr]    Compiling getrandom v0.2.15
[INFO] [stderr]    Compiling memchr v2.7.4
[INFO] [stderr]    Compiling parking_lot_core v0.9.10
[INFO] [stderr]    Compiling futures-channel v0.3.31
[INFO] [stderr]    Compiling rand_core v0.6.4
[INFO] [stderr]    Compiling futures-io v0.3.31
[INFO] [stderr]    Compiling crossbeam-utils v0.8.20
[INFO] [stderr]    Compiling pin-utils v0.1.0
[INFO] [stderr]    Compiling futures-task v0.3.31
[INFO] [stderr]    Compiling scopeguard v1.2.0
[INFO] [stderr]    Compiling smallvec v1.13.2
[INFO] [stderr]    Compiling slab v0.4.9
[INFO] [stderr]    Compiling lock_api v0.4.12
[INFO] [stderr]    Compiling tracing-core v0.1.32
[INFO] [stderr]    Compiling mio v1.0.2
[INFO] [stderr]    Compiling quote v1.0.37
[INFO] [stderr]    Compiling signal-hook-registry v1.4.2
[INFO] [stderr]    Compiling socket2 v0.5.7
[INFO] [stderr]    Compiling syn v2.0.86
[INFO] [stderr]    Compiling parking_lot v0.12.3
[INFO] [stderr]    Compiling syn v1.0.109
[INFO] [stderr]    Compiling version_check v0.9.5
[INFO] [stderr]    Compiling serde_json v1.0.132
[INFO] [stderr]    Compiling sharded-slab v0.1.7
[INFO] [stderr]    Compiling concurrent-queue v2.5.0
[INFO] [stderr]    Compiling thread_local v1.1.8
[INFO] [stderr]    Compiling paste v1.0.15
[INFO] [stderr]    Compiling parking v2.2.1
[INFO] [stderr]    Compiling itoa v1.0.11
[INFO] [stderr]    Compiling percent-encoding v2.3.1
[INFO] [stderr]    Compiling ahash v0.8.11
[INFO] [stderr]    Compiling log v0.4.22
[INFO] [stderr]    Compiling anyhow v1.0.92
[INFO] [stderr]    Compiling ryu v1.0.18
[INFO] [stderr]    Compiling event-listener v5.3.1
[INFO] [stderr]    Compiling simdutf8 v0.1.5
[INFO] [stderr]    Compiling humantime v2.1.0
[INFO] [stderr]    Compiling tracing-subscriber v0.3.18
[INFO] [stderr]    Compiling event-listener-strategy v0.5.2
[INFO] [stderr]    Compiling opentelemetry-semantic-conventions v0.16.0
[INFO] [stderr]    Compiling static_assertions v1.1.0
[INFO] [stderr]    Compiling fnv v1.0.7
[INFO] [stderr]    Compiling async-broadcast v0.7.1
[INFO] [stderr]    Compiling assert-type-eq v0.1.0
[INFO] [stderr]    Compiling tarpc-plugins v0.13.1
[INFO] [stderr]    Compiling zerocopy-derive v0.7.35
[INFO] [stderr]    Compiling serde_derive v1.0.214
[INFO] [stderr]    Compiling futures-macro v0.3.31
[INFO] [stderr]    Compiling thiserror-impl v1.0.66
[INFO] [stderr]    Compiling tokio-macros v2.4.0
[INFO] [stderr]    Compiling enum-ordinalize-derive v4.3.1
[INFO] [stderr]    Compiling tracing-attributes v0.1.27
[INFO] [stderr]    Compiling enum-ordinalize v4.3.0
[INFO] [stderr]    Compiling async-trait v0.1.83
[INFO] [stderr]    Compiling pin-project-internal v1.1.7
[INFO] [stderr]    Compiling futures-util v0.3.31
[INFO] [stderr]    Compiling thiserror v1.0.66
[INFO] [stderr]    Compiling zerocopy v0.7.35
[INFO] [stderr]    Compiling opentelemetry v0.24.0
[INFO] [stderr]    Compiling tracing v0.1.40
[INFO] [stderr]    Compiling educe v0.5.11
[INFO] [stderr]    Compiling logimesh-macro v0.1.9
[INFO] [stderr]    Compiling ppv-lite86 v0.2.20
[INFO] [stderr]    Compiling pin-project v1.1.7
[INFO] [stderr]    Compiling rand_chacha v0.3.1
[INFO] [stderr]    Compiling logimesh-macro v0.1.9 (/opt/rustwide/workdir)
[INFO] [stderr]    Compiling rand v0.8.5
[INFO] [stderr]    Compiling rustc-hash v2.0.0
[INFO] [stderr]    Compiling futures-executor v0.3.31
[INFO] [stderr]    Compiling opentelemetry_sdk v0.24.1
[INFO] [stderr]    Compiling futures v0.3.31
[INFO] [stderr]    Compiling tracing-opentelemetry v0.25.0
[INFO] [stderr]    Compiling bytes v1.8.0
[INFO] [stderr]    Compiling bincode v1.3.3
[INFO] [stderr]    Compiling tokio v1.41.0
[INFO] [stderr]    Compiling faststr v0.2.23
[INFO] [stderr]    Compiling tokio-serde v0.9.0
[INFO] [stderr]    Compiling tokio-util v0.7.12
[INFO] [stderr]    Compiling metainfo v0.7.12
[INFO] [stderr]    Compiling tarpc-copy v0.34.0-copy.f81ddd6
[INFO] [stderr]    Compiling logimesh v0.1.9
[INFO] [stderr]     Finished `test` profile [unoptimized + debuginfo] target(s) in 44.03s
[INFO] running `Command { std: "docker" "inspect" "7f4a77db1b332fb6524d277718a0444e63b0c74ba28afc38e44887ead6219d01", kill_on_drop: false }`
[INFO] running `Command { std: "docker" "rm" "-f" "7f4a77db1b332fb6524d277718a0444e63b0c74ba28afc38e44887ead6219d01", kill_on_drop: false }`
[INFO] [stdout] 7f4a77db1b332fb6524d277718a0444e63b0c74ba28afc38e44887ead6219d01
[INFO] running `Command { std: "docker" "create" "-v" "/var/lib/crater-agent-workspace/builds/worker-4-tc2/target:/opt/rustwide/target:rw,Z" "-v" "/var/lib/crater-agent-workspace/builds/worker-4-tc2/source:/opt/rustwide/workdir:ro,Z" "-v" "/var/lib/crater-agent-workspace/cargo-home:/opt/rustwide/cargo-home:ro,Z" "-v" "/var/lib/crater-agent-workspace/rustup-home:/opt/rustwide/rustup-home:ro,Z" "-e" "SOURCE_DIR=/opt/rustwide/workdir" "-e" "CARGO_TARGET_DIR=/opt/rustwide/target" "-e" "CARGO_INCREMENTAL=0" "-e" "RUST_BACKTRACE=full" "-e" "RUSTFLAGS=--cap-lints=forbid -Zrandomize-layout" "-e" "RUSTDOCFLAGS=--cap-lints=forbid" "-e" "CARGO_HOME=/opt/rustwide/cargo-home" "-e" "RUSTUP_HOME=/opt/rustwide/rustup-home" "-w" "/opt/rustwide/workdir" "-m" "1610612736" "--user" "0:0" "--network" "none" "ghcr.io/rust-lang/crates-build-env/linux@sha256:4a844ea9eb2546a2d2c7022eacef16ef2e8229c7fbb2c7d4d55a9ceca922f72d" "/opt/rustwide/cargo-home/bin/cargo" "+nightly-2024-10-28" "test" "--frozen", kill_on_drop: false }`
[INFO] [stdout] 2f5a5fa21d1581365ea8723ede2430e8363530226ee14593055c9dc8e9a68ae2
[INFO] running `Command { std: "docker" "start" "-a" "2f5a5fa21d1581365ea8723ede2430e8363530226ee14593055c9dc8e9a68ae2", kill_on_drop: false }`
[INFO] [stderr]     Finished `test` profile [unoptimized + debuginfo] target(s) in 0.11s
[INFO] [stderr]      Running unittests src/lib.rs (/opt/rustwide/target/debug/deps/logimesh_macro-e70dd7dbf5de0abf)
[INFO] [stdout] 
[INFO] [stdout] running 5 tests
[INFO] [stdout] test snake_to_camel_basic ... ok
[INFO] [stdout] test snake_to_camel_capital_in_middle ... ok
[INFO] [stdout] test snake_to_camel_underscore_prefix ... ok
[INFO] [stdout] test snake_to_camel_underscore_suffix ... ok
[INFO] [stdout] test snake_to_camel_underscore_consecutive ... ok
[INFO] [stdout] 
[INFO] [stdout] test result: ok. 5 passed; 0 failed; 0 ignored; 0 measured; 0 filtered out; finished in 0.00s
[INFO] [stdout] 
[INFO] [stderr]      Running tests/server.rs (/opt/rustwide/target/debug/deps/server-0ce5d79fa1ec2425)
[INFO] [stdout] 
[INFO] [stdout] running 2 tests
[INFO] [stdout] test raw_idents_work ... ok
[INFO] [stdout] test syntax ... ok
[INFO] [stdout] 
[INFO] [stdout] test result: ok. 2 passed; 0 failed; 0 ignored; 0 measured; 0 filtered out; finished in 0.00s
[INFO] [stdout] 
[INFO] [stderr]      Running tests/service.rs (/opt/rustwide/target/debug/deps/service-d04a7fade7269c70)
[INFO] [stdout] 
[INFO] [stdout] running 7 tests
[INFO] [stdout] test att_service_trait ... ok
[INFO] [stdout] test implicit_serde ... ok
[INFO] [stdout] test raw_idents ... ok
[INFO] [stdout] test syntax ... ok
[INFO] [stdout] test service_with_cfg_rpc ... ok
[INFO] [stdout] test explicit_serde ... ok
[INFO] [stderr]    Doc-tests logimesh_macro
[INFO] [stdout] test custom_derives ... ok
[INFO] [stdout] 
[INFO] [stdout] test result: ok. 7 passed; 0 failed; 0 ignored; 0 measured; 0 filtered out; finished in 0.01s
[INFO] [stdout] 
[INFO] [stdout] 
[INFO] [stdout] running 1 test
[INFO] [stdout] test src/lib.rs - component (line 290) - compile ... FAILED
[INFO] [stdout] 
[INFO] [stdout] failures:
[INFO] [stdout] 
[INFO] [stdout] ---- src/lib.rs - component (line 290) stdout ----
[INFO] [stdout] error[E0433]: failed to resolve: could not find `Config` in `client`
[INFO] [stdout]   --> src/lib.rs:311:44
[INFO] [stdout]    |
[INFO] [stdout] 23 | let client = CalculatorClient::new(client::Config::default(), client_side);
[INFO] [stdout]    |                                            ^^^^^^ could not find `Config` in `client`
[INFO] [stdout]    |
[INFO] [stdout] help: consider importing one of these structs
[INFO] [stdout]    |
[INFO] [stdout] 2  + use logimesh::client::core::Config;
[INFO] [stdout]    |
[INFO] [stdout] 2  + use logimesh::server::Config;
[INFO] [stdout]    |
[INFO] [stdout] help: if you import `Config`, refer to it directly
[INFO] [stdout]    |
[INFO] [stdout] 23 - let client = CalculatorClient::new(client::Config::default(), client_side);
[INFO] [stdout] 23 + let client = CalculatorClient::new(Config::default(), client_side);
[INFO] [stdout]    |
[INFO] [stdout] 
[INFO] [stdout] error[E0599]: no method named `serve` found for struct `CalculatorServer` in the current scope
[INFO] [stdout]   --> src/lib.rs:324:41
[INFO] [stdout]    |
[INFO] [stdout] 27 | struct CalculatorServer;
[INFO] [stdout]    | ----------------------- method `serve` not found for this struct
[INFO] [stdout] ...
[INFO] [stdout] 36 | let _ = server.execute(CalculatorServer.serve());
[INFO] [stdout]    |                                         ^^^^^ method not found in `CalculatorServer`
[INFO] [stdout]    |
[INFO] [stdout]    = help: items from traits can only be used if the trait is implemented and in scope
[INFO] [stdout]    = note: the following trait defines an item `serve`, perhaps you need to implement it:
[INFO] [stdout]            candidate #1: `Serve`
[INFO] [stdout] 
[INFO] [stdout] error: aborting due to 2 previous errors
[INFO] [stdout] 
[INFO] [stdout] Some errors have detailed explanations: E0433, E0599.
[INFO] [stdout] For more information about an error, try `rustc --explain E0433`.
[INFO] [stdout] Couldn't compile the test.
[INFO] [stdout] 
[INFO] [stdout] failures:
[INFO] [stdout]     src/lib.rs - component (line 290)
[INFO] [stdout] 
[INFO] [stdout] test result: FAILED. 0 passed; 1 failed; 0 ignored; 0 measured; 0 filtered out; finished in 0.26s
[INFO] [stdout] 
[INFO] [stderr] error: doctest failed, to rerun pass `--doc`
[INFO] running `Command { std: "docker" "inspect" "2f5a5fa21d1581365ea8723ede2430e8363530226ee14593055c9dc8e9a68ae2", kill_on_drop: false }`
[INFO] running `Command { std: "docker" "rm" "-f" "2f5a5fa21d1581365ea8723ede2430e8363530226ee14593055c9dc8e9a68ae2", kill_on_drop: false }`
[INFO] [stdout] 2f5a5fa21d1581365ea8723ede2430e8363530226ee14593055c9dc8e9a68ae2
