[INFO] fetching crate logic_tracer 0.0.10...
[INFO] testing logic_tracer-0.0.10 against nightly-2024-10-28 for randomize-layout
[INFO] extracting crate logic_tracer 0.0.10 into /workspace/builds/worker-3-tc1/source
[INFO] validating manifest of crates.io crate logic_tracer 0.0.10 on toolchain nightly-2024-10-28
[INFO] running `Command { std: CARGO_HOME="/workspace/cargo-home" RUSTUP_HOME="/workspace/rustup-home" "/workspace/cargo-home/bin/cargo" "+nightly-2024-10-28" "metadata" "--manifest-path" "Cargo.toml" "--no-deps", kill_on_drop: false }`
[INFO] started tweaking crates.io crate logic_tracer 0.0.10
[INFO] finished tweaking crates.io crate logic_tracer 0.0.10
[INFO] tweaked toml for crates.io crate logic_tracer 0.0.10 written to /workspace/builds/worker-3-tc1/source/Cargo.toml
[INFO] crate crates.io crate logic_tracer 0.0.10 already has a lockfile, it will not be regenerated
[INFO] running `Command { std: CARGO_HOME="/workspace/cargo-home" RUSTUP_HOME="/workspace/rustup-home" "/workspace/cargo-home/bin/cargo" "+nightly-2024-10-28" "fetch" "--manifest-path" "Cargo.toml", kill_on_drop: false }`
[INFO] [stderr]     Updating crates.io index
[INFO] [stderr]  Downloading crates ...
[INFO] [stderr]   Downloaded dev_utils v0.0.12
[INFO] running `Command { std: "docker" "create" "-v" "/var/lib/crater-agent-workspace/builds/worker-3-tc1/target:/opt/rustwide/target:rw,Z" "-v" "/var/lib/crater-agent-workspace/builds/worker-3-tc1/source:/opt/rustwide/workdir:ro,Z" "-v" "/var/lib/crater-agent-workspace/cargo-home:/opt/rustwide/cargo-home:ro,Z" "-v" "/var/lib/crater-agent-workspace/rustup-home:/opt/rustwide/rustup-home:ro,Z" "-e" "SOURCE_DIR=/opt/rustwide/workdir" "-e" "CARGO_TARGET_DIR=/opt/rustwide/target" "-e" "CARGO_HOME=/opt/rustwide/cargo-home" "-e" "RUSTUP_HOME=/opt/rustwide/rustup-home" "-w" "/opt/rustwide/workdir" "-m" "1610612736" "--user" "0:0" "--network" "none" "ghcr.io/rust-lang/crates-build-env/linux@sha256:4a844ea9eb2546a2d2c7022eacef16ef2e8229c7fbb2c7d4d55a9ceca922f72d" "/opt/rustwide/cargo-home/bin/cargo" "+nightly-2024-10-28" "metadata" "--no-deps" "--format-version=1", kill_on_drop: false }`
[INFO] [stdout] 6a5b7841649df725bdbedb05cd2017f578d4a676111d3b45c75df1ccefd11bfe
[INFO] running `Command { std: "docker" "start" "-a" "6a5b7841649df725bdbedb05cd2017f578d4a676111d3b45c75df1ccefd11bfe", kill_on_drop: false }`
[INFO] running `Command { std: "docker" "inspect" "6a5b7841649df725bdbedb05cd2017f578d4a676111d3b45c75df1ccefd11bfe", kill_on_drop: false }`
[INFO] running `Command { std: "docker" "rm" "-f" "6a5b7841649df725bdbedb05cd2017f578d4a676111d3b45c75df1ccefd11bfe", kill_on_drop: false }`
[INFO] [stdout] 6a5b7841649df725bdbedb05cd2017f578d4a676111d3b45c75df1ccefd11bfe
[INFO] running `Command { std: "docker" "create" "-v" "/var/lib/crater-agent-workspace/builds/worker-3-tc1/target:/opt/rustwide/target:rw,Z" "-v" "/var/lib/crater-agent-workspace/builds/worker-3-tc1/source:/opt/rustwide/workdir:ro,Z" "-v" "/var/lib/crater-agent-workspace/cargo-home:/opt/rustwide/cargo-home:ro,Z" "-v" "/var/lib/crater-agent-workspace/rustup-home:/opt/rustwide/rustup-home:ro,Z" "-e" "SOURCE_DIR=/opt/rustwide/workdir" "-e" "CARGO_TARGET_DIR=/opt/rustwide/target" "-e" "CARGO_INCREMENTAL=0" "-e" "RUST_BACKTRACE=full" "-e" "RUSTFLAGS=--cap-lints=forbid" "-e" "RUSTDOCFLAGS=--cap-lints=forbid" "-e" "CARGO_HOME=/opt/rustwide/cargo-home" "-e" "RUSTUP_HOME=/opt/rustwide/rustup-home" "-w" "/opt/rustwide/workdir" "-m" "1610612736" "--user" "0:0" "--network" "none" "ghcr.io/rust-lang/crates-build-env/linux@sha256:4a844ea9eb2546a2d2c7022eacef16ef2e8229c7fbb2c7d4d55a9ceca922f72d" "/opt/rustwide/cargo-home/bin/cargo" "+nightly-2024-10-28" "build" "--frozen" "--message-format=json", kill_on_drop: false }`
[INFO] [stdout] e1b784fc19100eb273400e32322bf052726ee5e58900b75df8c74139ebd78b0c
[INFO] running `Command { std: "docker" "start" "-a" "e1b784fc19100eb273400e32322bf052726ee5e58900b75df8c74139ebd78b0c", kill_on_drop: false }`
[INFO] [stderr]    Compiling memchr v2.7.1
[INFO] [stderr]    Compiling regex-syntax v0.8.2
[INFO] [stderr]    Compiling log v0.4.20
[INFO] [stderr]    Compiling dev_utils v0.0.12
[INFO] [stderr]    Compiling aho-corasick v1.1.2
[INFO] [stderr]    Compiling regex-automata v0.4.5
[INFO] [stderr]    Compiling regex v1.10.3
[INFO] [stderr]    Compiling logic_tracer v0.0.10 (/opt/rustwide/workdir)
[INFO] [stderr]     Finished `dev` profile [unoptimized + debuginfo] target(s) in 11.69s
[INFO] running `Command { std: "docker" "inspect" "e1b784fc19100eb273400e32322bf052726ee5e58900b75df8c74139ebd78b0c", kill_on_drop: false }`
[INFO] running `Command { std: "docker" "rm" "-f" "e1b784fc19100eb273400e32322bf052726ee5e58900b75df8c74139ebd78b0c", kill_on_drop: false }`
[INFO] [stdout] e1b784fc19100eb273400e32322bf052726ee5e58900b75df8c74139ebd78b0c
[INFO] running `Command { std: "docker" "create" "-v" "/var/lib/crater-agent-workspace/builds/worker-3-tc1/target:/opt/rustwide/target:rw,Z" "-v" "/var/lib/crater-agent-workspace/builds/worker-3-tc1/source:/opt/rustwide/workdir:ro,Z" "-v" "/var/lib/crater-agent-workspace/cargo-home:/opt/rustwide/cargo-home:ro,Z" "-v" "/var/lib/crater-agent-workspace/rustup-home:/opt/rustwide/rustup-home:ro,Z" "-e" "SOURCE_DIR=/opt/rustwide/workdir" "-e" "CARGO_TARGET_DIR=/opt/rustwide/target" "-e" "CARGO_INCREMENTAL=0" "-e" "RUST_BACKTRACE=full" "-e" "RUSTFLAGS=--cap-lints=forbid" "-e" "RUSTDOCFLAGS=--cap-lints=forbid" "-e" "CARGO_HOME=/opt/rustwide/cargo-home" "-e" "RUSTUP_HOME=/opt/rustwide/rustup-home" "-w" "/opt/rustwide/workdir" "-m" "1610612736" "--user" "0:0" "--network" "none" "ghcr.io/rust-lang/crates-build-env/linux@sha256:4a844ea9eb2546a2d2c7022eacef16ef2e8229c7fbb2c7d4d55a9ceca922f72d" "/opt/rustwide/cargo-home/bin/cargo" "+nightly-2024-10-28" "test" "--frozen" "--no-run" "--message-format=json", kill_on_drop: false }`
[INFO] [stdout] f8ee68aad4396a8f9494d0ae38b80c29b4a1ffd8e1a2d50e6ea012896d4daa98
[INFO] running `Command { std: "docker" "start" "-a" "f8ee68aad4396a8f9494d0ae38b80c29b4a1ffd8e1a2d50e6ea012896d4daa98", kill_on_drop: false }`
[INFO] [stderr]    Compiling logic_tracer v0.0.10 (/opt/rustwide/workdir)
[INFO] [stderr]     Finished `test` profile [unoptimized + debuginfo] target(s) in 0.72s
[INFO] running `Command { std: "docker" "inspect" "f8ee68aad4396a8f9494d0ae38b80c29b4a1ffd8e1a2d50e6ea012896d4daa98", kill_on_drop: false }`
[INFO] running `Command { std: "docker" "rm" "-f" "f8ee68aad4396a8f9494d0ae38b80c29b4a1ffd8e1a2d50e6ea012896d4daa98", kill_on_drop: false }`
[INFO] [stdout] f8ee68aad4396a8f9494d0ae38b80c29b4a1ffd8e1a2d50e6ea012896d4daa98
[INFO] running `Command { std: "docker" "create" "-v" "/var/lib/crater-agent-workspace/builds/worker-3-tc1/target:/opt/rustwide/target:rw,Z" "-v" "/var/lib/crater-agent-workspace/builds/worker-3-tc1/source:/opt/rustwide/workdir:ro,Z" "-v" "/var/lib/crater-agent-workspace/cargo-home:/opt/rustwide/cargo-home:ro,Z" "-v" "/var/lib/crater-agent-workspace/rustup-home:/opt/rustwide/rustup-home:ro,Z" "-e" "SOURCE_DIR=/opt/rustwide/workdir" "-e" "CARGO_TARGET_DIR=/opt/rustwide/target" "-e" "CARGO_INCREMENTAL=0" "-e" "RUST_BACKTRACE=full" "-e" "RUSTFLAGS=--cap-lints=forbid" "-e" "RUSTDOCFLAGS=--cap-lints=forbid" "-e" "CARGO_HOME=/opt/rustwide/cargo-home" "-e" "RUSTUP_HOME=/opt/rustwide/rustup-home" "-w" "/opt/rustwide/workdir" "-m" "1610612736" "--user" "0:0" "--network" "none" "ghcr.io/rust-lang/crates-build-env/linux@sha256:4a844ea9eb2546a2d2c7022eacef16ef2e8229c7fbb2c7d4d55a9ceca922f72d" "/opt/rustwide/cargo-home/bin/cargo" "+nightly-2024-10-28" "test" "--frozen", kill_on_drop: false }`
[INFO] [stdout] 5e9d2e092cae87a6be6557baab1d7c81ed338f63d5b4f61c5eb114c2b956c63d
[INFO] running `Command { std: "docker" "start" "-a" "5e9d2e092cae87a6be6557baab1d7c81ed338f63d5b4f61c5eb114c2b956c63d", kill_on_drop: false }`
[INFO] [stderr]     Finished `test` profile [unoptimized + debuginfo] target(s) in 0.02s
[INFO] [stderr]      Running unittests src/lib.rs (/opt/rustwide/target/debug/deps/logic_tracer-dc05b92c53424fdb)
[INFO] [stdout] 
[INFO] [stdout] running 1 test
[INFO] [stdout] test tests::test_pair_brackets ... ok
[INFO] [stdout] 
[INFO] [stdout] test result: ok. 1 passed; 0 failed; 0 ignored; 0 measured; 0 filtered out; finished in 0.00s
[INFO] [stdout] 
[INFO] [stderr]    Doc-tests logic_tracer
[INFO] [stdout] 
[INFO] [stdout] running 6 tests
[INFO] [stdout] test src/tracer/tokens/numbers.rs - tracer::tokens::numbers::define_numeric_type (line 34) ... FAILED
[INFO] [stdout] test src/tracer/tokens/operators.rs - tracer::tokens::operators::impl_operator_token (line 32) ... FAILED
[INFO] [stdout] test src/tracer/tokens/variables.rs - tracer::tokens::variables::define_constants (line 27) ... FAILED
[INFO] [stdout] test src/tracer/lexer.rs - tracer::lexer::impl_lexer_token_from (line 130) ... FAILED
[INFO] [stdout] test src/tracer/lexer.rs - tracer::lexer::Lexer<T>::new (line 32) ... FAILED
[INFO] [stdout] test src/tracer/mod.rs - tracer (line 13) ... ok
[INFO] [stdout] 
[INFO] [stdout] failures:
[INFO] [stdout] 
[INFO] [stdout] ---- src/tracer/tokens/numbers.rs - tracer::tokens::numbers::define_numeric_type (line 34) stdout ----
[INFO] [stdout] error: cannot find macro `define_numeric_type` in this scope
[INFO] [stdout]  --> src/tracer/tokens/numbers.rs:35:1
[INFO] [stdout]   |
[INFO] [stdout] 3 | define_numeric_type!(Number; NumberTrait;
[INFO] [stdout]   | ^^^^^^^^^^^^^^^^^^^
[INFO] [stdout] 
[INFO] [stdout] error: aborting due to 1 previous error
[INFO] [stdout] 
[INFO] [stdout] Couldn't compile the test.
[INFO] [stdout] ---- src/tracer/tokens/operators.rs - tracer::tokens::operators::impl_operator_token (line 32) stdout ----
[INFO] [stdout] error: cannot find macro `impl_operator_token` in this scope
[INFO] [stdout]  --> src/tracer/tokens/operators.rs:33:1
[INFO] [stdout]   |
[INFO] [stdout] 3 | impl_operator_token!(Operator; OperatorTrait;
[INFO] [stdout]   | ^^^^^^^^^^^^^^^^^^^
[INFO] [stdout] 
[INFO] [stdout] error: aborting due to 1 previous error
[INFO] [stdout] 
[INFO] [stdout] Couldn't compile the test.
[INFO] [stdout] ---- src/tracer/tokens/variables.rs - tracer::tokens::variables::define_constants (line 27) stdout ----
[INFO] [stdout] error: cannot find macro `define_constants` in this scope
[INFO] [stdout]  --> src/tracer/tokens/variables.rs:28:1
[INFO] [stdout]   |
[INFO] [stdout] 3 | define_constants!(
[INFO] [stdout]   | ^^^^^^^^^^^^^^^^
[INFO] [stdout] 
[INFO] [stdout] error: aborting due to 1 previous error
[INFO] [stdout] 
[INFO] [stdout] Couldn't compile the test.
[INFO] [stdout] ---- src/tracer/lexer.rs - tracer::lexer::impl_lexer_token_from (line 130) stdout ----
[INFO] [stdout] error: cannot find macro `impl_lexer_token_from` in this scope
[INFO] [stdout]  --> src/tracer/lexer.rs:131:1
[INFO] [stdout]   |
[INFO] [stdout] 3 | impl_lexer_token_from!(MathLexer;  // recognizer for math tokens
[INFO] [stdout]   | ^^^^^^^^^^^^^^^^^^^^^
[INFO] [stdout]   |
[INFO] [stdout] help: consider importing this macro
[INFO] [stdout]   |
[INFO] [stdout] 2 + use logic_tracer::impl_lexer_token_from;
[INFO] [stdout]   |
[INFO] [stdout] 
[INFO] [stdout] error: aborting due to 1 previous error
[INFO] [stdout] 
[INFO] [stdout] Couldn't compile the test.
[INFO] [stdout] ---- src/tracer/lexer.rs - tracer::lexer::Lexer<T>::new (line 32) stdout ----
[INFO] [stdout] error[E0432]: unresolved import `logic_tracer::Lexer`
[INFO] [stdout]  --> src/tracer/lexer.rs:34:5
[INFO] [stdout]   |
[INFO] [stdout] 5 | use logic_tracer::Lexer;
[INFO] [stdout]   |     ^^^^^^^^^^^^^^^^^^^ no `Lexer` in the root
[INFO] [stdout]   |
[INFO] [stdout] help: a similar name exists in the module
[INFO] [stdout]   |
[INFO] [stdout] 5 | use logic_tracer::lexer;
[INFO] [stdout]   |                   ~~~~~
[INFO] [stdout] help: consider importing this struct instead
[INFO] [stdout]   |
[INFO] [stdout] 5 | use logic_tracer::lexer::Lexer;
[INFO] [stdout]   |     ~~~~~~~~~~~~~~~~~~~~~~~~~~
[INFO] [stdout] 
[INFO] [stdout] error: aborting due to 1 previous error
[INFO] [stdout] 
[INFO] [stdout] For more information about this error, try `rustc --explain E0432`.
[INFO] [stdout] Couldn't compile the test.
[INFO] [stdout] 
[INFO] [stdout] failures:
[INFO] [stdout]     src/tracer/lexer.rs - tracer::lexer::Lexer<T>::new (line 32)
[INFO] [stdout]     src/tracer/lexer.rs - tracer::lexer::impl_lexer_token_from (line 130)
[INFO] [stdout]     src/tracer/tokens/numbers.rs - tracer::tokens::numbers::define_numeric_type (line 34)
[INFO] [stdout]     src/tracer/tokens/operators.rs - tracer::tokens::operators::impl_operator_token (line 32)
[INFO] [stdout]     src/tracer/tokens/variables.rs - tracer::tokens::variables::define_constants (line 27)
[INFO] [stdout] 
[INFO] [stdout] test result: FAILED. 1 passed; 5 failed; 0 ignored; 0 measured; 0 filtered out; finished in 0.20s
[INFO] [stdout] 
[INFO] [stderr] error: doctest failed, to rerun pass `--doc`
[INFO] running `Command { std: "docker" "inspect" "5e9d2e092cae87a6be6557baab1d7c81ed338f63d5b4f61c5eb114c2b956c63d", kill_on_drop: false }`
[INFO] running `Command { std: "docker" "rm" "-f" "5e9d2e092cae87a6be6557baab1d7c81ed338f63d5b4f61c5eb114c2b956c63d", kill_on_drop: false }`
[INFO] [stdout] 5e9d2e092cae87a6be6557baab1d7c81ed338f63d5b4f61c5eb114c2b956c63d
