[INFO] fetching crate local-sync 0.1.1...
[INFO] testing local-sync-0.1.1 against nightly-2024-10-28+rustflags=-Zrandomize-layout for randomize-layout
[INFO] extracting crate local-sync 0.1.1 into /workspace/builds/worker-6-tc2/source
[INFO] validating manifest of crates.io crate local-sync 0.1.1 on toolchain nightly-2024-10-28
[INFO] running `Command { std: CARGO_HOME="/workspace/cargo-home" RUSTUP_HOME="/workspace/rustup-home" "/workspace/cargo-home/bin/cargo" "+nightly-2024-10-28" "metadata" "--manifest-path" "Cargo.toml" "--no-deps", kill_on_drop: false }`
[INFO] started tweaking crates.io crate local-sync 0.1.1
[INFO] finished tweaking crates.io crate local-sync 0.1.1
[INFO] tweaked toml for crates.io crate local-sync 0.1.1 written to /workspace/builds/worker-6-tc2/source/Cargo.toml
[INFO] running `Command { std: CARGO_HOME="/workspace/cargo-home" RUSTUP_HOME="/workspace/rustup-home" "/workspace/cargo-home/bin/cargo" "+nightly-2024-10-28" "generate-lockfile" "--manifest-path" "Cargo.toml", kill_on_drop: false }`
[INFO] [stderr]     Updating crates.io index
[INFO] [stderr]      Locking 46 packages to latest compatible versions
[INFO] [stderr]       Adding monoio v0.1.9 (available: v0.2.4)
[INFO] running `Command { std: CARGO_HOME="/workspace/cargo-home" RUSTUP_HOME="/workspace/rustup-home" "/workspace/cargo-home/bin/cargo" "+nightly-2024-10-28" "fetch" "--manifest-path" "Cargo.toml", kill_on_drop: false }`
[INFO] running `Command { std: "docker" "create" "-v" "/var/lib/crater-agent-workspace/builds/worker-6-tc2/target:/opt/rustwide/target:rw,Z" "-v" "/var/lib/crater-agent-workspace/builds/worker-6-tc2/source:/opt/rustwide/workdir:ro,Z" "-v" "/var/lib/crater-agent-workspace/cargo-home:/opt/rustwide/cargo-home:ro,Z" "-v" "/var/lib/crater-agent-workspace/rustup-home:/opt/rustwide/rustup-home:ro,Z" "-e" "SOURCE_DIR=/opt/rustwide/workdir" "-e" "CARGO_TARGET_DIR=/opt/rustwide/target" "-e" "CARGO_HOME=/opt/rustwide/cargo-home" "-e" "RUSTUP_HOME=/opt/rustwide/rustup-home" "-w" "/opt/rustwide/workdir" "-m" "1610612736" "--user" "0:0" "--network" "none" "ghcr.io/rust-lang/crates-build-env/linux@sha256:4a844ea9eb2546a2d2c7022eacef16ef2e8229c7fbb2c7d4d55a9ceca922f72d" "/opt/rustwide/cargo-home/bin/cargo" "+nightly-2024-10-28" "metadata" "--no-deps" "--format-version=1", kill_on_drop: false }`
[INFO] [stdout] 251de9956963b097cac5469abf6c44c33fe45a31ca88d0bc8cc40c2d44d47bc2
[INFO] running `Command { std: "docker" "start" "-a" "251de9956963b097cac5469abf6c44c33fe45a31ca88d0bc8cc40c2d44d47bc2", kill_on_drop: false }`
[INFO] running `Command { std: "docker" "inspect" "251de9956963b097cac5469abf6c44c33fe45a31ca88d0bc8cc40c2d44d47bc2", kill_on_drop: false }`
[INFO] running `Command { std: "docker" "rm" "-f" "251de9956963b097cac5469abf6c44c33fe45a31ca88d0bc8cc40c2d44d47bc2", kill_on_drop: false }`
[INFO] [stdout] 251de9956963b097cac5469abf6c44c33fe45a31ca88d0bc8cc40c2d44d47bc2
[INFO] running `Command { std: "docker" "create" "-v" "/var/lib/crater-agent-workspace/builds/worker-6-tc2/target:/opt/rustwide/target:rw,Z" "-v" "/var/lib/crater-agent-workspace/builds/worker-6-tc2/source:/opt/rustwide/workdir:ro,Z" "-v" "/var/lib/crater-agent-workspace/cargo-home:/opt/rustwide/cargo-home:ro,Z" "-v" "/var/lib/crater-agent-workspace/rustup-home:/opt/rustwide/rustup-home:ro,Z" "-e" "SOURCE_DIR=/opt/rustwide/workdir" "-e" "CARGO_TARGET_DIR=/opt/rustwide/target" "-e" "CARGO_INCREMENTAL=0" "-e" "RUST_BACKTRACE=full" "-e" "RUSTFLAGS=--cap-lints=forbid -Zrandomize-layout" "-e" "RUSTDOCFLAGS=--cap-lints=forbid" "-e" "CARGO_HOME=/opt/rustwide/cargo-home" "-e" "RUSTUP_HOME=/opt/rustwide/rustup-home" "-w" "/opt/rustwide/workdir" "-m" "1610612736" "--user" "0:0" "--network" "none" "ghcr.io/rust-lang/crates-build-env/linux@sha256:4a844ea9eb2546a2d2c7022eacef16ef2e8229c7fbb2c7d4d55a9ceca922f72d" "/opt/rustwide/cargo-home/bin/cargo" "+nightly-2024-10-28" "build" "--frozen" "--message-format=json", kill_on_drop: false }`
[INFO] [stdout] 844f621f32808f001e47184d42a8c4f7584722cb334ab592ba096966f8653c3a
[INFO] running `Command { std: "docker" "start" "-a" "844f621f32808f001e47184d42a8c4f7584722cb334ab592ba096966f8653c3a", kill_on_drop: false }`
[INFO] [stderr]    Compiling pin-project-lite v0.2.15
[INFO] [stderr]    Compiling futures-core v0.3.31
[INFO] [stderr]    Compiling futures-task v0.3.31
[INFO] [stderr]    Compiling pin-utils v0.1.0
[INFO] [stderr]    Compiling futures-sink v0.3.31
[INFO] [stderr]    Compiling futures-util v0.3.31
[INFO] [stderr]    Compiling local-sync v0.1.1 (/opt/rustwide/workdir)
[INFO] [stderr]     Finished `dev` profile [unoptimized + debuginfo] target(s) in 1.25s
[INFO] running `Command { std: "docker" "inspect" "844f621f32808f001e47184d42a8c4f7584722cb334ab592ba096966f8653c3a", kill_on_drop: false }`
[INFO] running `Command { std: "docker" "rm" "-f" "844f621f32808f001e47184d42a8c4f7584722cb334ab592ba096966f8653c3a", kill_on_drop: false }`
[INFO] [stdout] 844f621f32808f001e47184d42a8c4f7584722cb334ab592ba096966f8653c3a
[INFO] running `Command { std: "docker" "create" "-v" "/var/lib/crater-agent-workspace/builds/worker-6-tc2/target:/opt/rustwide/target:rw,Z" "-v" "/var/lib/crater-agent-workspace/builds/worker-6-tc2/source:/opt/rustwide/workdir:ro,Z" "-v" "/var/lib/crater-agent-workspace/cargo-home:/opt/rustwide/cargo-home:ro,Z" "-v" "/var/lib/crater-agent-workspace/rustup-home:/opt/rustwide/rustup-home:ro,Z" "-e" "SOURCE_DIR=/opt/rustwide/workdir" "-e" "CARGO_TARGET_DIR=/opt/rustwide/target" "-e" "CARGO_INCREMENTAL=0" "-e" "RUST_BACKTRACE=full" "-e" "RUSTFLAGS=--cap-lints=forbid -Zrandomize-layout" "-e" "RUSTDOCFLAGS=--cap-lints=forbid" "-e" "CARGO_HOME=/opt/rustwide/cargo-home" "-e" "RUSTUP_HOME=/opt/rustwide/rustup-home" "-w" "/opt/rustwide/workdir" "-m" "1610612736" "--user" "0:0" "--network" "none" "ghcr.io/rust-lang/crates-build-env/linux@sha256:4a844ea9eb2546a2d2c7022eacef16ef2e8229c7fbb2c7d4d55a9ceca922f72d" "/opt/rustwide/cargo-home/bin/cargo" "+nightly-2024-10-28" "test" "--frozen" "--no-run" "--message-format=json", kill_on_drop: false }`
[INFO] [stdout] 76000c1aaaf8f5c7d4fded7c972ab9d9e6eeff5ac352d30c3d33254c6a9496c5
[INFO] running `Command { std: "docker" "start" "-a" "76000c1aaaf8f5c7d4fded7c972ab9d9e6eeff5ac352d30c3d33254c6a9496c5", kill_on_drop: false }`
[INFO] [stderr]    Compiling proc-macro2 v1.0.89
[INFO] [stderr]    Compiling libc v0.2.161
[INFO] [stderr]    Compiling autocfg v1.4.0
[INFO] [stderr]    Compiling io-uring v0.6.4
[INFO] [stderr]    Compiling bitflags v1.3.2
[INFO] [stderr]    Compiling log v0.4.22
[INFO] [stderr]    Compiling cfg-if v1.0.0
[INFO] [stderr]    Compiling byteorder v1.5.0
[INFO] [stderr]    Compiling bytes v1.8.0
[INFO] [stderr]    Compiling fxhash v0.2.1
[INFO] [stderr]    Compiling memoffset v0.7.1
[INFO] [stderr]    Compiling quote v1.0.37
[INFO] [stderr]    Compiling syn v2.0.86
[INFO] [stderr]    Compiling socket2 v0.5.7
[INFO] [stderr]    Compiling nix v0.26.4
[INFO] [stderr]    Compiling mio v0.8.11
[INFO] [stderr]    Compiling monoio-macros v0.1.0
[INFO] [stderr]    Compiling auto-const-array v0.2.1
[INFO] [stderr]    Compiling monoio v0.1.9
[INFO] [stderr]    Compiling local-sync v0.1.1 (/opt/rustwide/workdir)
[INFO] [stderr]     Finished `test` profile [unoptimized + debuginfo] target(s) in 7.18s
[INFO] running `Command { std: "docker" "inspect" "76000c1aaaf8f5c7d4fded7c972ab9d9e6eeff5ac352d30c3d33254c6a9496c5", kill_on_drop: false }`
[INFO] running `Command { std: "docker" "rm" "-f" "76000c1aaaf8f5c7d4fded7c972ab9d9e6eeff5ac352d30c3d33254c6a9496c5", kill_on_drop: false }`
[INFO] [stdout] 76000c1aaaf8f5c7d4fded7c972ab9d9e6eeff5ac352d30c3d33254c6a9496c5
[INFO] running `Command { std: "docker" "create" "-v" "/var/lib/crater-agent-workspace/builds/worker-6-tc2/target:/opt/rustwide/target:rw,Z" "-v" "/var/lib/crater-agent-workspace/builds/worker-6-tc2/source:/opt/rustwide/workdir:ro,Z" "-v" "/var/lib/crater-agent-workspace/cargo-home:/opt/rustwide/cargo-home:ro,Z" "-v" "/var/lib/crater-agent-workspace/rustup-home:/opt/rustwide/rustup-home:ro,Z" "-e" "SOURCE_DIR=/opt/rustwide/workdir" "-e" "CARGO_TARGET_DIR=/opt/rustwide/target" "-e" "CARGO_INCREMENTAL=0" "-e" "RUST_BACKTRACE=full" "-e" "RUSTFLAGS=--cap-lints=forbid -Zrandomize-layout" "-e" "RUSTDOCFLAGS=--cap-lints=forbid" "-e" "CARGO_HOME=/opt/rustwide/cargo-home" "-e" "RUSTUP_HOME=/opt/rustwide/rustup-home" "-w" "/opt/rustwide/workdir" "-m" "1610612736" "--user" "0:0" "--network" "none" "ghcr.io/rust-lang/crates-build-env/linux@sha256:4a844ea9eb2546a2d2c7022eacef16ef2e8229c7fbb2c7d4d55a9ceca922f72d" "/opt/rustwide/cargo-home/bin/cargo" "+nightly-2024-10-28" "test" "--frozen", kill_on_drop: false }`
[INFO] [stdout] 0ad24c23580599502d3f139a645a77e07324f99356a5b65d8c38fe65c3a3e5ce
[INFO] running `Command { std: "docker" "start" "-a" "0ad24c23580599502d3f139a645a77e07324f99356a5b65d8c38fe65c3a3e5ce", kill_on_drop: false }`
[INFO] [stderr]     Finished `test` profile [unoptimized + debuginfo] target(s) in 0.02s
[INFO] [stderr]      Running unittests src/lib.rs (/opt/rustwide/target/debug/deps/local_sync-bb8fc65dd200e591)
[INFO] [stdout] 
[INFO] [stdout] running 15 tests
[INFO] [stdout] test linked_list::tests::const_new ... ok
[INFO] [stdout] test linked_list::tests::push_and_drain ... ok
[INFO] [stdout] test linked_list::tests::push_pop_push_pop ... ok
[INFO] [stdout] test linked_list::tests::remove_by_address ... ok
[INFO] [stdout] test mpsc::block::tests::test_simple_push_pop ... ok
[INFO] [stdout] test mpsc::block::tests::test_across_block_push_pop ... ok
[INFO] [stdout] test oneshot::tests::it_works ... ok
[INFO] [stdout] test semaphore::tests::inner_release_after_acquire ... ok
[INFO] [stdout] test mpsc::bounded::tests::tets_bounded_channel ... ok
[INFO] [stdout] test semaphore::tests::it_works ... ok
[INFO] [stdout] test once_cell::tests::test_once_cell_global ... ok
[INFO] [stdout] test mpsc::unbounded::tests::tets_unbounded_channel ... ok
[INFO] [stdout] test mpsc::chan::tests::test_chan ... ok
[INFO] [stdout] test once_cell::tests::test_once_cell ... ok
[INFO] [stdout] test semaphore::tests::inner_works ... ok
[INFO] [stdout] 
[INFO] [stdout] test result: ok. 15 passed; 0 failed; 0 ignored; 0 measured; 0 filtered out; finished in 0.00s
[INFO] [stdout] 
[INFO] [stderr]    Doc-tests local_sync
[INFO] [stdout] 
[INFO] [stdout] running 27 tests
[INFO] [stdout] test src/oneshot.rs - oneshot::Receiver<T>::close (line 563) ... ok
[INFO] [stdout] test src/once_cell.rs - once_cell::OnceCell (line 37) ... ok
[INFO] [stdout] test src/oneshot.rs - oneshot::Receiver (line 80) ... ok
[INFO] [stdout] test src/oneshot.rs - oneshot (line 37) ... ok
[INFO] [stdout] test src/oneshot.rs - oneshot::Receiver (line 103) ... ok
[INFO] [stdout] test src/oneshot.rs - oneshot::Receiver<T>::close (line 539) ... ok
[INFO] [stdout] test src/once_cell.rs - once_cell::OnceCell (line 60) ... ok
[INFO] [stdout] test src/oneshot.rs - oneshot (line 14) ... ok
[INFO] [stdout] test src/oneshot.rs - oneshot::Sender<T>::is_closed (line 405) ... ok
[INFO] [stdout] test src/oneshot.rs - oneshot::Receiver<T>::try_recv (line 630) ... ok
[INFO] [stdout] test src/oneshot.rs - oneshot::Receiver<T>::try_recv (line 604) ... ok
[INFO] [stdout] test src/oneshot.rs - oneshot::Sender<T>::poll_closed (line 449) ... ok
[INFO] [stdout] test src/oneshot.rs - oneshot::Sender<T>::closed (line 339) ... ok
[INFO] [stdout] test src/oneshot.rs - oneshot::channel (line 228) ... ok
[INFO] [stdout] test src/oneshot.rs - oneshot::Sender<T>::send (line 285) ... ok
[INFO] [stdout] test src/semaphore.rs - semaphore::Semaphore (line 487) ... ok
[INFO] [stdout] test src/oneshot.rs - oneshot::Sender<T>::closed (line 357) ... FAILED
[INFO] [stdout] test src/semaphore.rs - semaphore::Semaphore::acquire (line 605) ... ok
[INFO] [stdout] test src/semaphore.rs - semaphore::Semaphore::acquire_many (line 644) ... ok
[INFO] [stdout] test src/semaphore.rs - semaphore::Semaphore (line 506) ... ok
[INFO] [stdout] test src/semaphore.rs - semaphore::Semaphore::acquire_many_owned (line 803) ... ok
[INFO] [stdout] test src/semaphore.rs - semaphore::Semaphore::try_acquire (line 671) ... ok
[INFO] [stdout] test src/semaphore.rs - semaphore::Semaphore::close (line 933) ... ok
[INFO] [stdout] test src/semaphore.rs - semaphore::Semaphore::acquire_owned (line 751) ... ok
[INFO] [stdout] test src/semaphore.rs - semaphore::Semaphore::try_acquire_many (line 709) ... ok
[INFO] [stdout] test src/semaphore.rs - semaphore::Semaphore::try_acquire_many_owned (line 895) ... ok
[INFO] [stdout] test src/semaphore.rs - semaphore::Semaphore::try_acquire_owned (line 851) ... ok
[INFO] [stdout] 
[INFO] [stdout] failures:
[INFO] [stdout] 
[INFO] [stdout] ---- src/oneshot.rs - oneshot::Sender<T>::closed (line 357) stdout ----
[INFO] [stdout] Test executable failed (exit status: 101).
[INFO] [stdout] 
[INFO] [stdout] stderr:
[INFO] [stdout] thread 'main' panicked at /opt/rustwide/cargo-home/registry/src/index.crates.io-6f17d22bba15001f/monoio-0.1.9/src/time/driver/handle.rs:49:35:
[INFO] [stdout] unable to get time handle, maybe you have not enable_timer on creating runtime?
[INFO] [stdout] stack backtrace:
[INFO] [stdout]    0:     0x61455b7b186a - std::backtrace_rs::backtrace::libunwind::trace::h207520d6e9873551
[INFO] [stdout]                                at /rustc/df4ca44d3fbc9301ee17f30f4d474e6ae4b05252/library/std/src/../../backtrace/src/backtrace/libunwind.rs:116:5
[INFO] [stdout]    1:     0x61455b7b186a - std::backtrace_rs::backtrace::trace_unsynchronized::h2ed7433f370e3eca
[INFO] [stdout]                                at /rustc/df4ca44d3fbc9301ee17f30f4d474e6ae4b05252/library/std/src/../../backtrace/src/backtrace/mod.rs:66:5
[INFO] [stdout]    2:     0x61455b7b186a - std::sys::backtrace::_print_fmt::h916fac51166b18d7
[INFO] [stdout]                                at /rustc/df4ca44d3fbc9301ee17f30f4d474e6ae4b05252/library/std/src/sys/backtrace.rs:66:9
[INFO] [stdout]    3:     0x61455b7b186a - <std::sys::backtrace::BacktraceLock::print::DisplayBacktrace as core::fmt::Display>::fmt::ha0a4c9b8ce3802e6
[INFO] [stdout]                                at /rustc/df4ca44d3fbc9301ee17f30f4d474e6ae4b05252/library/std/src/sys/backtrace.rs:39:26
[INFO] [stdout]    4:     0x61455b7ce323 - core::fmt::rt::Argument::fmt::h4cfc8587d52b3eb5
[INFO] [stdout]                                at /rustc/df4ca44d3fbc9301ee17f30f4d474e6ae4b05252/library/core/src/fmt/rt.rs:177:76
[INFO] [stdout]    5:     0x61455b7ce323 - core::fmt::write::h522cc39e5b36ae9f
[INFO] [stdout]                                at /rustc/df4ca44d3fbc9301ee17f30f4d474e6ae4b05252/library/core/src/fmt/mod.rs:1190:21
[INFO] [stdout]    6:     0x61455b7af0c3 - std::io::Write::write_fmt::hf1c1dcc8cc1287f0
[INFO] [stdout]                                at /rustc/df4ca44d3fbc9301ee17f30f4d474e6ae4b05252/library/std/src/io/mod.rs:1839:15
[INFO] [stdout]    7:     0x61455b7b16b2 - std::sys::backtrace::BacktraceLock::print::h4b9e00b29e9c0942
[INFO] [stdout]                                at /rustc/df4ca44d3fbc9301ee17f30f4d474e6ae4b05252/library/std/src/sys/backtrace.rs:42:9
[INFO] [stdout]    8:     0x61455b7b267c - std::panicking::default_hook::{{closure}}::hb59b88280d0324d9
[INFO] [stdout]                                at /rustc/df4ca44d3fbc9301ee17f30f4d474e6ae4b05252/library/std/src/panicking.rs:268:22
[INFO] [stdout]    9:     0x61455b7b24c2 - std::panicking::default_hook::he1dd496665be4a29
[INFO] [stdout]                                at /rustc/df4ca44d3fbc9301ee17f30f4d474e6ae4b05252/library/std/src/panicking.rs:295:9
[INFO] [stdout]   10:     0x61455b7b2cb7 - std::panicking::rust_panic_with_hook::h2ff17fe8f26dfcf8
[INFO] [stdout]                                at /rustc/df4ca44d3fbc9301ee17f30f4d474e6ae4b05252/library/std/src/panicking.rs:801:13
[INFO] [stdout]   11:     0x61455b7b2b4a - std::panicking::begin_panic_handler::{{closure}}::h4fad77951c07e101
[INFO] [stdout]                                at /rustc/df4ca44d3fbc9301ee17f30f4d474e6ae4b05252/library/std/src/panicking.rs:674:13
[INFO] [stdout]   12:     0x61455b7b1d49 - std::sys::backtrace::__rust_end_short_backtrace::hb1a25b3da5d0ea08
[INFO] [stdout]                                at /rustc/df4ca44d3fbc9301ee17f30f4d474e6ae4b05252/library/std/src/sys/backtrace.rs:170:18
[INFO] [stdout]   13:     0x61455b7b27dc - rust_begin_unwind
[INFO] [stdout]                                at /rustc/df4ca44d3fbc9301ee17f30f4d474e6ae4b05252/library/std/src/panicking.rs:665:5
[INFO] [stdout]   14:     0x61455b7cd4d0 - core::panicking::panic_fmt::ha9db07b529f9b256
[INFO] [stdout]                                at /rustc/df4ca44d3fbc9301ee17f30f4d474e6ae4b05252/library/core/src/panicking.rs:75:14
[INFO] [stdout]   15:     0x61455b7cd4ab - core::panicking::panic_display::h974ff3dec7c08c85
[INFO] [stdout]                                at /rustc/df4ca44d3fbc9301ee17f30f4d474e6ae4b05252/library/core/src/panicking.rs:273:5
[INFO] [stdout]   16:     0x61455b7cd4ab - core::option::expect_failed::h08d05c9ecb334afa
[INFO] [stdout]                                at /rustc/df4ca44d3fbc9301ee17f30f4d474e6ae4b05252/library/core/src/option.rs:2017:5
[INFO] [stdout]   17:     0x61455b7806fc - core::option::Option<T>::expect::ha6179b25452e44c9
[INFO] [stdout]                                at /rustc/df4ca44d3fbc9301ee17f30f4d474e6ae4b05252/library/core/src/option.rs:932:21
[INFO] [stdout]   18:     0x61455b7828d3 - monoio::time::driver::handle::Handle::current::{{closure}}::heee8b3c27601fbfe
[INFO] [stdout]                                at /opt/rustwide/cargo-home/registry/src/index.crates.io-6f17d22bba15001f/monoio-0.1.9/src/time/driver/handle.rs:49:13
[INFO] [stdout]   19:     0x61455b776a9d - monoio::macros::scoped_tls::ScopedKey<T>::with::h42e2689910a9a1dd
[INFO] [stdout]                                at /opt/rustwide/cargo-home/registry/src/index.crates.io-6f17d22bba15001f/monoio-0.1.9/src/macros/scoped_tls.rs:108:18
[INFO] [stdout]   20:     0x61455b782885 - monoio::time::driver::handle::Handle::current::h718f8bebad4e317e
[INFO] [stdout]                                at /opt/rustwide/cargo-home/registry/src/index.crates.io-6f17d22bba15001f/monoio-0.1.9/src/time/driver/handle.rs:48:9
[INFO] [stdout]   21:     0x61455b782920 - monoio::time::driver::sleep::Sleep::new_timeout::h03830adc782d0b20
[INFO] [stdout]                                at /opt/rustwide/cargo-home/registry/src/index.crates.io-6f17d22bba15001f/monoio-0.1.9/src/time/driver/sleep.rs:201:22
[INFO] [stdout]   22:     0x61455b76f380 - monoio::time::timeout::timeout::h195f379d83761d75
[INFO] [stdout]   23:     0x61455b771870 - rust_out::main::{{closure}}::h6aa186353edbc990
[INFO] [stdout]   24:     0x61455b7705cc - monoio::runtime::Runtime<D>::block_on::{{closure}}::{{closure}}::hc3bc86a404decbca
[INFO] [stdout]   25:     0x61455b76f7da - monoio::macros::scoped_tls::ScopedKey<T>::set::heb4df295859ed4e3
[INFO] [stdout]   26:     0x61455b76ffb4 - monoio::runtime::Runtime<D>::block_on::{{closure}}::hb1d283dd4e091c0a
[INFO] [stdout]   27:     0x61455b76f5ba - monoio::macros::scoped_tls::ScopedKey<T>::set::h4b502e71e549279f
[INFO] [stdout]   28:     0x61455b770d22 - <monoio::driver::uring::IoUringDriver as monoio::driver::Driver>::with::h55a70ddea6b92069
[INFO] [stdout]   29:     0x61455b76fc3d - monoio::runtime::Runtime<D>::block_on::h5c91dd6c26d5b2b6
[INFO] [stdout]   30:     0x61455b770647 - monoio::runtime::FusionRuntime<L,R>::block_on::hb2849bb9a175526f
[INFO] [stdout]   31:     0x61455b771658 - rust_out::main::ha213a30daa5df4da
[INFO] [stdout]   32:     0x61455b76cf63 - core::ops::function::FnOnce::call_once::hf7edf7132571051c
[INFO] [stdout]   33:     0x61455b76c626 - std::sys::backtrace::__rust_begin_short_backtrace::h32fd822fd2ba4079
[INFO] [stdout]   34:     0x61455b76c609 - std::rt::lang_start::{{closure}}::h4039a1c394ed4f7c
[INFO] [stdout]   35:     0x61455b7ad1b7 - core::ops::function::impls::<impl core::ops::function::FnOnce<A> for &F>::call_once::hd87d66b906e0ccaf
[INFO] [stdout]                                at /rustc/df4ca44d3fbc9301ee17f30f4d474e6ae4b05252/library/core/src/ops/function.rs:284:13
[INFO] [stdout]   36:     0x61455b7ad1b7 - std::panicking::try::do_call::hae3703de71fc9e3a
[INFO] [stdout]                                at /rustc/df4ca44d3fbc9301ee17f30f4d474e6ae4b05252/library/std/src/panicking.rs:557:40
[INFO] [stdout]   37:     0x61455b7ad1b7 - std::panicking::try::h1178330e9a2b2645
[INFO] [stdout]                                at /rustc/df4ca44d3fbc9301ee17f30f4d474e6ae4b05252/library/std/src/panicking.rs:520:19
[INFO] [stdout]   38:     0x61455b7ad1b7 - std::panic::catch_unwind::h0acf49d2305d32ad
[INFO] [stdout]                                at /rustc/df4ca44d3fbc9301ee17f30f4d474e6ae4b05252/library/std/src/panic.rs:358:14
[INFO] [stdout]   39:     0x61455b7ad1b7 - std::rt::lang_start_internal::{{closure}}::h2d95182d798177be
[INFO] [stdout]                                at /rustc/df4ca44d3fbc9301ee17f30f4d474e6ae4b05252/library/std/src/rt.rs:174:48
[INFO] [stdout]   40:     0x61455b7ad1b7 - std::panicking::try::do_call::hb506f5bfe11fd30c
[INFO] [stdout]                                at /rustc/df4ca44d3fbc9301ee17f30f4d474e6ae4b05252/library/std/src/panicking.rs:557:40
[INFO] [stdout]   41:     0x61455b7ad1b7 - std::panicking::try::h54d825c46bd0fa95
[INFO] [stdout]                                at /rustc/df4ca44d3fbc9301ee17f30f4d474e6ae4b05252/library/std/src/panicking.rs:520:19
[INFO] [stdout]   42:     0x61455b7ad1b7 - std::panic::catch_unwind::hffbb0ad20c4e9fac
[INFO] [stdout]                                at /rustc/df4ca44d3fbc9301ee17f30f4d474e6ae4b05252/library/std/src/panic.rs:358:14
[INFO] [stdout]   43:     0x61455b7ad1b7 - std::rt::lang_start_internal::h52c291ef1962c925
[INFO] [stdout]                                at /rustc/df4ca44d3fbc9301ee17f30f4d474e6ae4b05252/library/std/src/rt.rs:174:20
[INFO] [stdout]   44:     0x61455b76c5e7 - std::rt::lang_start::h8c6075cd6f225ba1
[INFO] [stdout]   45:     0x61455b7722c5 - main
[INFO] [stdout]   46:     0x796776d87d90 - <unknown>
[INFO] [stdout]   47:     0x796776d87e40 - __libc_start_main
[INFO] [stdout]   48:     0x61455b76b625 - _start
[INFO] [stdout]   49:                0x0 - <unknown>
[INFO] [stdout] 
[INFO] [stdout] 
[INFO] [stdout] 
[INFO] [stdout] failures:
[INFO] [stdout]     src/oneshot.rs - oneshot::Sender<T>::closed (line 357)
[INFO] [stdout] 
[INFO] [stdout] test result: FAILED. 26 passed; 1 failed; 0 ignored; 0 measured; 0 filtered out; finished in 0.98s
[INFO] [stdout] 
[INFO] [stderr] error: doctest failed, to rerun pass `--doc`
[INFO] running `Command { std: "docker" "inspect" "0ad24c23580599502d3f139a645a77e07324f99356a5b65d8c38fe65c3a3e5ce", kill_on_drop: false }`
[INFO] running `Command { std: "docker" "rm" "-f" "0ad24c23580599502d3f139a645a77e07324f99356a5b65d8c38fe65c3a3e5ce", kill_on_drop: false }`
[INFO] [stdout] 0ad24c23580599502d3f139a645a77e07324f99356a5b65d8c38fe65c3a3e5ce
