[INFO] fetching crate lnk-thrussh-keys 0.21.0...
[INFO] testing lnk-thrussh-keys-0.21.0 against nightly-2024-10-28 for randomize-layout
[INFO] extracting crate lnk-thrussh-keys 0.21.0 into /workspace/builds/worker-4-tc1/source
[INFO] validating manifest of crates.io crate lnk-thrussh-keys 0.21.0 on toolchain nightly-2024-10-28
[INFO] running `Command { std: CARGO_HOME="/workspace/cargo-home" RUSTUP_HOME="/workspace/rustup-home" "/workspace/cargo-home/bin/cargo" "+nightly-2024-10-28" "metadata" "--manifest-path" "Cargo.toml" "--no-deps", kill_on_drop: false }`
[INFO] started tweaking crates.io crate lnk-thrussh-keys 0.21.0
[INFO] finished tweaking crates.io crate lnk-thrussh-keys 0.21.0
[INFO] tweaked toml for crates.io crate lnk-thrussh-keys 0.21.0 written to /workspace/builds/worker-4-tc1/source/Cargo.toml
[INFO] running `Command { std: CARGO_HOME="/workspace/cargo-home" RUSTUP_HOME="/workspace/rustup-home" "/workspace/cargo-home/bin/cargo" "+nightly-2024-10-28" "generate-lockfile" "--manifest-path" "Cargo.toml", kill_on_drop: false }`
[INFO] [stderr]     Updating crates.io index
[INFO] [stderr]      Locking 131 packages to latest compatible versions
[INFO] [stderr]       Adding aes v0.7.5 (available: v0.8.4)
[INFO] [stderr]       Adding bcrypt-pbkdf v0.6.2 (available: v0.10.0)
[INFO] [stderr]       Adding bit-vec v0.6.3 (available: v0.8.0)
[INFO] [stderr]       Adding block-modes v0.8.1 (available: v0.9.1)
[INFO] [stderr]       Adding dirs v3.0.2 (available: v5.0.1)
[INFO] [stderr]       Adding env_logger v0.8.4 (available: v0.11.5)
[INFO] [stderr]       Adding hmac v0.11.0 (available: v0.12.1)
[INFO] [stderr]       Adding pbkdf2 v0.8.0 (available: v0.12.2)
[INFO] [stderr]       Adding sha2 v0.9.9 (available: v0.10.8)
[INFO] [stderr]       Adding subtle v2.4.1 (available: v2.6.1)
[INFO] [stderr]       Adding yasna v0.4.0 (available: v0.5.2)
[INFO] [stderr]       Adding zeroize v1.3.0 (available: v1.8.1)
[INFO] running `Command { std: CARGO_HOME="/workspace/cargo-home" RUSTUP_HOME="/workspace/rustup-home" "/workspace/cargo-home/bin/cargo" "+nightly-2024-10-28" "fetch" "--manifest-path" "Cargo.toml", kill_on_drop: false }`
[INFO] [stderr]  Downloading crates ...
[INFO] [stderr]   Downloaded lnk-cryptovec v0.6.1
[INFO] [stderr]   Downloaded bcrypt-pbkdf v0.6.2
[INFO] [stderr]   Downloaded lnk-thrussh-libsodium v0.2.1
[INFO] [stderr]   Downloaded yasna v0.4.0
[INFO] [stderr]   Downloaded lnk-thrussh-agent v0.1.0
[INFO] [stderr]   Downloaded block-modes v0.8.1
[INFO] [stderr]   Downloaded lnk-thrussh-encoding v0.1.0
[INFO] [stderr]   Downloaded password-hash v0.2.3
[INFO] running `Command { std: "docker" "create" "-v" "/var/lib/crater-agent-workspace/builds/worker-4-tc1/target:/opt/rustwide/target:rw,Z" "-v" "/var/lib/crater-agent-workspace/builds/worker-4-tc1/source:/opt/rustwide/workdir:ro,Z" "-v" "/var/lib/crater-agent-workspace/cargo-home:/opt/rustwide/cargo-home:ro,Z" "-v" "/var/lib/crater-agent-workspace/rustup-home:/opt/rustwide/rustup-home:ro,Z" "-e" "SOURCE_DIR=/opt/rustwide/workdir" "-e" "CARGO_TARGET_DIR=/opt/rustwide/target" "-e" "CARGO_HOME=/opt/rustwide/cargo-home" "-e" "RUSTUP_HOME=/opt/rustwide/rustup-home" "-w" "/opt/rustwide/workdir" "-m" "1610612736" "--user" "0:0" "--network" "none" "ghcr.io/rust-lang/crates-build-env/linux@sha256:4a844ea9eb2546a2d2c7022eacef16ef2e8229c7fbb2c7d4d55a9ceca922f72d" "/opt/rustwide/cargo-home/bin/cargo" "+nightly-2024-10-28" "metadata" "--no-deps" "--format-version=1", kill_on_drop: false }`
[INFO] [stdout] 1289c7c08d0f5d07e6d7aff2e1df8073f191823f6b8eef5a772d79ace3ab8873
[INFO] running `Command { std: "docker" "start" "-a" "1289c7c08d0f5d07e6d7aff2e1df8073f191823f6b8eef5a772d79ace3ab8873", kill_on_drop: false }`
[INFO] running `Command { std: "docker" "inspect" "1289c7c08d0f5d07e6d7aff2e1df8073f191823f6b8eef5a772d79ace3ab8873", kill_on_drop: false }`
[INFO] running `Command { std: "docker" "rm" "-f" "1289c7c08d0f5d07e6d7aff2e1df8073f191823f6b8eef5a772d79ace3ab8873", kill_on_drop: false }`
[INFO] [stdout] 1289c7c08d0f5d07e6d7aff2e1df8073f191823f6b8eef5a772d79ace3ab8873
[INFO] running `Command { std: "docker" "create" "-v" "/var/lib/crater-agent-workspace/builds/worker-4-tc1/target:/opt/rustwide/target:rw,Z" "-v" "/var/lib/crater-agent-workspace/builds/worker-4-tc1/source:/opt/rustwide/workdir:ro,Z" "-v" "/var/lib/crater-agent-workspace/cargo-home:/opt/rustwide/cargo-home:ro,Z" "-v" "/var/lib/crater-agent-workspace/rustup-home:/opt/rustwide/rustup-home:ro,Z" "-e" "SOURCE_DIR=/opt/rustwide/workdir" "-e" "CARGO_TARGET_DIR=/opt/rustwide/target" "-e" "CARGO_INCREMENTAL=0" "-e" "RUST_BACKTRACE=full" "-e" "RUSTFLAGS=--cap-lints=forbid" "-e" "RUSTDOCFLAGS=--cap-lints=forbid" "-e" "CARGO_HOME=/opt/rustwide/cargo-home" "-e" "RUSTUP_HOME=/opt/rustwide/rustup-home" "-w" "/opt/rustwide/workdir" "-m" "1610612736" "--user" "0:0" "--network" "none" "ghcr.io/rust-lang/crates-build-env/linux@sha256:4a844ea9eb2546a2d2c7022eacef16ef2e8229c7fbb2c7d4d55a9ceca922f72d" "/opt/rustwide/cargo-home/bin/cargo" "+nightly-2024-10-28" "build" "--frozen" "--message-format=json", kill_on_drop: false }`
[INFO] [stdout] d3f3b269f6099bc0c1ea1435b6e06917e81538788d441452db98acf892b337d2
[INFO] running `Command { std: "docker" "start" "-a" "d3f3b269f6099bc0c1ea1435b6e06917e81538788d441452db98acf892b337d2", kill_on_drop: false }`
[INFO] [stderr]    Compiling typenum v1.17.0
[INFO] [stderr]    Compiling version_check v0.9.5
[INFO] [stderr]    Compiling slab v0.4.9
[INFO] [stderr]    Compiling pin-project-lite v0.2.15
[INFO] [stderr]    Compiling futures-core v0.3.31
[INFO] [stderr]    Compiling num-traits v0.2.19
[INFO] [stderr]    Compiling getrandom v0.2.15
[INFO] [stderr]    Compiling syn v2.0.86
[INFO] [stderr]    Compiling same-file v1.0.6
[INFO] [stderr]    Compiling winapi v0.3.9
[INFO] [stderr]    Compiling futures-sink v0.3.31
[INFO] [stderr]    Compiling subtle v2.4.1
[INFO] [stderr]    Compiling opaque-debug v0.3.1
[INFO] [stderr]    Compiling rand_core v0.6.4
[INFO] [stderr]    Compiling futures-channel v0.3.31
[INFO] [stderr]    Compiling walkdir v2.5.0
[INFO] [stderr]    Compiling generic-array v0.14.7
[INFO] [stderr]    Compiling cpufeatures v0.2.14
[INFO] [stderr]    Compiling futures-task v0.3.31
[INFO] [stderr]    Compiling futures-io v0.3.31
[INFO] [stderr]    Compiling pin-utils v0.1.0
[INFO] [stderr]    Compiling mio v1.0.2
[INFO] [stderr]    Compiling socket2 v0.5.7
[INFO] [stderr]    Compiling base64ct v1.6.0
[INFO] [stderr]    Compiling libsodium-sys v0.2.7
[INFO] [stderr]    Compiling bytes v1.8.0
[INFO] [stderr]    Compiling password-hash v0.2.3
[INFO] [stderr]    Compiling tokio v1.41.0
[INFO] [stderr]    Compiling lnk-cryptovec v0.6.1
[INFO] [stderr]    Compiling serde v1.0.214
[INFO] [stderr]    Compiling dirs-sys v0.3.7
[INFO] [stderr]    Compiling num-integer v0.1.46
[INFO] [stderr]    Compiling data-encoding v2.6.0
[INFO] [stderr]    Compiling block-padding v0.2.1
[INFO] [stderr]    Compiling cipher v0.3.0
[INFO] [stderr]    Compiling digest v0.9.0
[INFO] [stderr]    Compiling crypto-mac v0.11.1
[INFO] [stderr]    Compiling block-buffer v0.9.0
[INFO] [stderr]    Compiling hmac v0.11.0
[INFO] [stderr]    Compiling ctr v0.8.0
[INFO] [stderr]    Compiling blowfish v0.8.0
[INFO] [stderr]    Compiling sha2 v0.9.9
[INFO] [stderr]    Compiling num-bigint v0.4.6
[INFO] [stderr]    Compiling zeroize v1.3.0
[INFO] [stderr]    Compiling bit-vec v0.6.3
[INFO] [stderr]    Compiling aes v0.7.5
[INFO] [stderr]    Compiling pbkdf2 v0.8.0
[INFO] [stderr]    Compiling bcrypt-pbkdf v0.6.2
[INFO] [stderr]    Compiling block-modes v0.8.1
[INFO] [stderr]    Compiling dirs v3.0.2
[INFO] [stderr]    Compiling md5 v0.7.0
[INFO] [stderr]    Compiling yasna v0.4.0
[INFO] [stderr]    Compiling zerocopy-derive v0.7.35
[INFO] [stderr]    Compiling futures-macro v0.3.31
[INFO] [stderr]    Compiling thiserror-impl v1.0.66
[INFO] [stderr]    Compiling async-trait v0.1.83
[INFO] [stderr]    Compiling serde_derive v1.0.214
[INFO] [stderr]    Compiling zerocopy v0.7.35
[INFO] [stderr]    Compiling futures-util v0.3.31
[INFO] [stderr]    Compiling thiserror v1.0.66
[INFO] [stderr]    Compiling lnk-thrussh-encoding v0.1.0
[INFO] [stderr]    Compiling tokio-stream v0.1.16
[INFO] [stderr]    Compiling ppv-lite86 v0.2.20
[INFO] [stderr]    Compiling rand_chacha v0.3.1
[INFO] [stderr]    Compiling rand v0.8.5
[INFO] [stderr]    Compiling futures-executor v0.3.31
[INFO] [stderr]    Compiling futures v0.3.31
[INFO] [stderr]    Compiling lnk-thrussh-agent v0.1.0
[INFO] [stderr]    Compiling lnk-thrussh-libsodium v0.2.1
[INFO] [stderr]    Compiling lnk-thrussh-keys v0.21.0 (/opt/rustwide/workdir)
[INFO] [stderr]     Finished `dev` profile [unoptimized + debuginfo] target(s) in 1m 26s
[INFO] running `Command { std: "docker" "inspect" "d3f3b269f6099bc0c1ea1435b6e06917e81538788d441452db98acf892b337d2", kill_on_drop: false }`
[INFO] running `Command { std: "docker" "rm" "-f" "d3f3b269f6099bc0c1ea1435b6e06917e81538788d441452db98acf892b337d2", kill_on_drop: false }`
[INFO] [stdout] d3f3b269f6099bc0c1ea1435b6e06917e81538788d441452db98acf892b337d2
[INFO] running `Command { std: "docker" "create" "-v" "/var/lib/crater-agent-workspace/builds/worker-4-tc1/target:/opt/rustwide/target:rw,Z" "-v" "/var/lib/crater-agent-workspace/builds/worker-4-tc1/source:/opt/rustwide/workdir:ro,Z" "-v" "/var/lib/crater-agent-workspace/cargo-home:/opt/rustwide/cargo-home:ro,Z" "-v" "/var/lib/crater-agent-workspace/rustup-home:/opt/rustwide/rustup-home:ro,Z" "-e" "SOURCE_DIR=/opt/rustwide/workdir" "-e" "CARGO_TARGET_DIR=/opt/rustwide/target" "-e" "CARGO_INCREMENTAL=0" "-e" "RUST_BACKTRACE=full" "-e" "RUSTFLAGS=--cap-lints=forbid" "-e" "RUSTDOCFLAGS=--cap-lints=forbid" "-e" "CARGO_HOME=/opt/rustwide/cargo-home" "-e" "RUSTUP_HOME=/opt/rustwide/rustup-home" "-w" "/opt/rustwide/workdir" "-m" "1610612736" "--user" "0:0" "--network" "none" "ghcr.io/rust-lang/crates-build-env/linux@sha256:4a844ea9eb2546a2d2c7022eacef16ef2e8229c7fbb2c7d4d55a9ceca922f72d" "/opt/rustwide/cargo-home/bin/cargo" "+nightly-2024-10-28" "test" "--frozen" "--no-run" "--message-format=json", kill_on_drop: false }`
[INFO] [stdout] 16cda00f3376b46d921000759782ace6a71c0775768a25d1d9e3a9b23e92cab7
[INFO] running `Command { std: "docker" "start" "-a" "16cda00f3376b46d921000759782ace6a71c0775768a25d1d9e3a9b23e92cab7", kill_on_drop: false }`
[INFO] [stderr]    Compiling regex-automata v0.4.8
[INFO] [stderr]    Compiling rand v0.4.6
[INFO] [stderr]    Compiling atty v0.2.14
[INFO] [stderr]    Compiling humantime v2.1.0
[INFO] [stderr]    Compiling remove_dir_all v0.5.3
[INFO] [stderr]    Compiling termcolor v1.4.1
[INFO] [stderr]    Compiling tempdir v0.3.7
[INFO] [stderr]    Compiling regex v1.11.1
[INFO] [stderr]    Compiling env_logger v0.8.4
[INFO] [stderr]    Compiling lnk-thrussh-keys v0.21.0 (/opt/rustwide/workdir)
[INFO] [stdout] warning: unreachable pattern
[INFO] [stdout]    --> src/lib.rs:775:17
[INFO] [stdout]     |
[INFO] [stdout] 771 |                 key::KeyPair::Ed25519 { .. } => {
[INFO] [stdout]     |                 ---------------------------- matches all the relevant values
[INFO] [stdout] ...
[INFO] [stdout] 775 |                 _ => {}
[INFO] [stdout]     |                 ^ no value can reach this
[INFO] [stdout]     |
[INFO] [stdout]     = note: `#[warn(unreachable_patterns)]` on by default
[INFO] [stdout] 
[INFO] [stdout] 
[INFO] [stderr]     Finished `test` profile [unoptimized + debuginfo] target(s) in 3.65s
[INFO] running `Command { std: "docker" "inspect" "16cda00f3376b46d921000759782ace6a71c0775768a25d1d9e3a9b23e92cab7", kill_on_drop: false }`
[INFO] running `Command { std: "docker" "rm" "-f" "16cda00f3376b46d921000759782ace6a71c0775768a25d1d9e3a9b23e92cab7", kill_on_drop: false }`
[INFO] [stdout] 16cda00f3376b46d921000759782ace6a71c0775768a25d1d9e3a9b23e92cab7
[INFO] running `Command { std: "docker" "create" "-v" "/var/lib/crater-agent-workspace/builds/worker-4-tc1/target:/opt/rustwide/target:rw,Z" "-v" "/var/lib/crater-agent-workspace/builds/worker-4-tc1/source:/opt/rustwide/workdir:ro,Z" "-v" "/var/lib/crater-agent-workspace/cargo-home:/opt/rustwide/cargo-home:ro,Z" "-v" "/var/lib/crater-agent-workspace/rustup-home:/opt/rustwide/rustup-home:ro,Z" "-e" "SOURCE_DIR=/opt/rustwide/workdir" "-e" "CARGO_TARGET_DIR=/opt/rustwide/target" "-e" "CARGO_INCREMENTAL=0" "-e" "RUST_BACKTRACE=full" "-e" "RUSTFLAGS=--cap-lints=forbid" "-e" "RUSTDOCFLAGS=--cap-lints=forbid" "-e" "CARGO_HOME=/opt/rustwide/cargo-home" "-e" "RUSTUP_HOME=/opt/rustwide/rustup-home" "-w" "/opt/rustwide/workdir" "-m" "1610612736" "--user" "0:0" "--network" "none" "ghcr.io/rust-lang/crates-build-env/linux@sha256:4a844ea9eb2546a2d2c7022eacef16ef2e8229c7fbb2c7d4d55a9ceca922f72d" "/opt/rustwide/cargo-home/bin/cargo" "+nightly-2024-10-28" "test" "--frozen", kill_on_drop: false }`
[INFO] [stdout] 1ae882db561ffdbe85969e83235ce54614e0c5e9caec02f7e8c0c3e0d6df858f
[INFO] running `Command { std: "docker" "start" "-a" "1ae882db561ffdbe85969e83235ce54614e0c5e9caec02f7e8c0c3e0d6df858f", kill_on_drop: false }`
[INFO] [stderr] warning: unreachable pattern
[INFO] [stderr]    --> src/lib.rs:775:17
[INFO] [stderr]     |
[INFO] [stderr] 771 |                 key::KeyPair::Ed25519 { .. } => {
[INFO] [stderr]     |                 ---------------------------- matches all the relevant values
[INFO] [stderr] ...
[INFO] [stderr] 775 |                 _ => {}
[INFO] [stderr]     |                 ^ no value can reach this
[INFO] [stderr]     |
[INFO] [stderr]     = note: `#[warn(unreachable_patterns)]` on by default
[INFO] [stderr] 
[INFO] [stderr] warning: `lnk-thrussh-keys` (lib test) generated 1 warning
[INFO] [stderr]     Finished `test` profile [unoptimized + debuginfo] target(s) in 0.06s
[INFO] [stderr]      Running unittests src/lib.rs (/opt/rustwide/target/debug/deps/lnk_thrussh_keys-774c2f974758afd6)
[INFO] [stdout] 
[INFO] [stdout] running 4 tests
[INFO] [stdout] test test::test_check_known_hosts ... ok
[INFO] [stdout] test format::pkcs8::test_read_write_pkcs8 ... ok
[INFO] [stdout] test test::test_client_agent_ed25519 ... ok
[INFO] [stdout] test test::test_decode_ed25519_secret_key ... ok
[INFO] [stdout] 
[INFO] [stdout] test result: ok. 4 passed; 0 failed; 0 ignored; 0 measured; 0 filtered out; finished in 0.62s
[INFO] [stdout] 
[INFO] [stderr]    Doc-tests lnk_thrussh_keys
[INFO] [stdout] 
[INFO] [stdout] running 3 tests
[INFO] [stdout] test src/lib.rs - load_public_key (line 137) - compile ... ok
[INFO] [stdout] test src/lib.rs - parse_public_key_base64 (line 157) ... ok
[INFO] [stdout] test src/lib.rs - (line 13) ... FAILED
[INFO] [stdout] 
[INFO] [stdout] failures:
[INFO] [stdout] 
[INFO] [stdout] ---- src/lib.rs - (line 13) stdout ----
[INFO] [stdout] Test executable failed (exit status: 101).
[INFO] [stdout] 
[INFO] [stdout] stderr:
[INFO] [stdout] thread 'main' panicked at src/lib.rs:33:66:
[INFO] [stdout] called `Result::unwrap()` on an `Err` value: ASN1(ASN1Error { kind: Extra })
[INFO] [stdout] stack backtrace:
[INFO] [stdout]    0:     0x61b1e4f3861a - std::backtrace_rs::backtrace::libunwind::trace::h207520d6e9873551
[INFO] [stdout]                                at /rustc/df4ca44d3fbc9301ee17f30f4d474e6ae4b05252/library/std/src/../../backtrace/src/backtrace/libunwind.rs:116:5
[INFO] [stdout]    1:     0x61b1e4f3861a - std::backtrace_rs::backtrace::trace_unsynchronized::h2ed7433f370e3eca
[INFO] [stdout]                                at /rustc/df4ca44d3fbc9301ee17f30f4d474e6ae4b05252/library/std/src/../../backtrace/src/backtrace/mod.rs:66:5
[INFO] [stdout]    2:     0x61b1e4f3861a - std::sys::backtrace::_print_fmt::h916fac51166b18d7
[INFO] [stdout]                                at /rustc/df4ca44d3fbc9301ee17f30f4d474e6ae4b05252/library/std/src/sys/backtrace.rs:66:9
[INFO] [stdout]    3:     0x61b1e4f3861a - <std::sys::backtrace::BacktraceLock::print::DisplayBacktrace as core::fmt::Display>::fmt::ha0a4c9b8ce3802e6
[INFO] [stdout]                                at /rustc/df4ca44d3fbc9301ee17f30f4d474e6ae4b05252/library/std/src/sys/backtrace.rs:39:26
[INFO] [stdout]    4:     0x61b1e4f58863 - core::fmt::rt::Argument::fmt::h4cfc8587d52b3eb5
[INFO] [stdout]                                at /rustc/df4ca44d3fbc9301ee17f30f4d474e6ae4b05252/library/core/src/fmt/rt.rs:177:76
[INFO] [stdout]    5:     0x61b1e4f58863 - core::fmt::write::h522cc39e5b36ae9f
[INFO] [stdout]                                at /rustc/df4ca44d3fbc9301ee17f30f4d474e6ae4b05252/library/core/src/fmt/mod.rs:1190:21
[INFO] [stdout]    6:     0x61b1e4f353e3 - std::io::Write::write_fmt::hf1c1dcc8cc1287f0
[INFO] [stdout]                                at /rustc/df4ca44d3fbc9301ee17f30f4d474e6ae4b05252/library/std/src/io/mod.rs:1839:15
[INFO] [stdout]    7:     0x61b1e4f38462 - std::sys::backtrace::BacktraceLock::print::h4b9e00b29e9c0942
[INFO] [stdout]                                at /rustc/df4ca44d3fbc9301ee17f30f4d474e6ae4b05252/library/std/src/sys/backtrace.rs:42:9
[INFO] [stdout]    8:     0x61b1e4f3956c - std::panicking::default_hook::{{closure}}::hb59b88280d0324d9
[INFO] [stdout]                                at /rustc/df4ca44d3fbc9301ee17f30f4d474e6ae4b05252/library/std/src/panicking.rs:268:22
[INFO] [stdout]    9:     0x61b1e4f393b2 - std::panicking::default_hook::he1dd496665be4a29
[INFO] [stdout]                                at /rustc/df4ca44d3fbc9301ee17f30f4d474e6ae4b05252/library/std/src/panicking.rs:295:9
[INFO] [stdout]   10:     0x61b1e4f39ba7 - std::panicking::rust_panic_with_hook::h2ff17fe8f26dfcf8
[INFO] [stdout]                                at /rustc/df4ca44d3fbc9301ee17f30f4d474e6ae4b05252/library/std/src/panicking.rs:801:13
[INFO] [stdout]   11:     0x61b1e4f39a3a - std::panicking::begin_panic_handler::{{closure}}::h4fad77951c07e101
[INFO] [stdout]                                at /rustc/df4ca44d3fbc9301ee17f30f4d474e6ae4b05252/library/std/src/panicking.rs:674:13
[INFO] [stdout]   12:     0x61b1e4f38af9 - std::sys::backtrace::__rust_end_short_backtrace::hb1a25b3da5d0ea08
[INFO] [stdout]                                at /rustc/df4ca44d3fbc9301ee17f30f4d474e6ae4b05252/library/std/src/sys/backtrace.rs:170:18
[INFO] [stdout]   13:     0x61b1e4f396cc - rust_begin_unwind
[INFO] [stdout]                                at /rustc/df4ca44d3fbc9301ee17f30f4d474e6ae4b05252/library/std/src/panicking.rs:665:5
[INFO] [stdout]   14:     0x61b1e4f57540 - core::panicking::panic_fmt::ha9db07b529f9b256
[INFO] [stdout]                                at /rustc/df4ca44d3fbc9301ee17f30f4d474e6ae4b05252/library/core/src/panicking.rs:75:14
[INFO] [stdout]   15:     0x61b1e4f579e6 - core::result::unwrap_failed::h5e8218e4d4338b8a
[INFO] [stdout]                                at /rustc/df4ca44d3fbc9301ee17f30f4d474e6ae4b05252/library/core/src/result.rs:1698:5
[INFO] [stdout]   16:     0x61b1e4a5ca41 - rust_out::main::ha213a30daa5df4da
[INFO] [stdout]   17:     0x61b1e4a32543 - core::ops::function::FnOnce::call_once::hf7edf7132571051c
[INFO] [stdout]   18:     0x61b1e4a2af76 - std::sys::backtrace::__rust_begin_short_backtrace::h32fd822fd2ba4079
[INFO] [stdout]   19:     0x61b1e4a2aeb9 - std::rt::lang_start::{{closure}}::h4039a1c394ed4f7c
[INFO] [stdout]   20:     0x61b1e4f2f387 - core::ops::function::impls::<impl core::ops::function::FnOnce<A> for &F>::call_once::hd87d66b906e0ccaf
[INFO] [stdout]                                at /rustc/df4ca44d3fbc9301ee17f30f4d474e6ae4b05252/library/core/src/ops/function.rs:284:13
[INFO] [stdout]   21:     0x61b1e4f2f387 - std::panicking::try::do_call::hae3703de71fc9e3a
[INFO] [stdout]                                at /rustc/df4ca44d3fbc9301ee17f30f4d474e6ae4b05252/library/std/src/panicking.rs:557:40
[INFO] [stdout]   22:     0x61b1e4f2f387 - std::panicking::try::h1178330e9a2b2645
[INFO] [stdout]                                at /rustc/df4ca44d3fbc9301ee17f30f4d474e6ae4b05252/library/std/src/panicking.rs:520:19
[INFO] [stdout]   23:     0x61b1e4f2f387 - std::panic::catch_unwind::h0acf49d2305d32ad
[INFO] [stdout]                                at /rustc/df4ca44d3fbc9301ee17f30f4d474e6ae4b05252/library/std/src/panic.rs:358:14
[INFO] [stdout]   24:     0x61b1e4f2f387 - std::rt::lang_start_internal::{{closure}}::h2d95182d798177be
[INFO] [stdout]                                at /rustc/df4ca44d3fbc9301ee17f30f4d474e6ae4b05252/library/std/src/rt.rs:174:48
[INFO] [stdout]   25:     0x61b1e4f2f387 - std::panicking::try::do_call::hb506f5bfe11fd30c
[INFO] [stdout]                                at /rustc/df4ca44d3fbc9301ee17f30f4d474e6ae4b05252/library/std/src/panicking.rs:557:40
[INFO] [stdout]   26:     0x61b1e4f2f387 - std::panicking::try::h54d825c46bd0fa95
[INFO] [stdout]                                at /rustc/df4ca44d3fbc9301ee17f30f4d474e6ae4b05252/library/std/src/panicking.rs:520:19
[INFO] [stdout]   27:     0x61b1e4f2f387 - std::panic::catch_unwind::hffbb0ad20c4e9fac
[INFO] [stdout]                                at /rustc/df4ca44d3fbc9301ee17f30f4d474e6ae4b05252/library/std/src/panic.rs:358:14
[INFO] [stdout]   28:     0x61b1e4f2f387 - std::rt::lang_start_internal::h52c291ef1962c925
[INFO] [stdout]                                at /rustc/df4ca44d3fbc9301ee17f30f4d474e6ae4b05252/library/std/src/rt.rs:174:20
[INFO] [stdout]   29:     0x61b1e4a2ae97 - std::rt::lang_start::h8c6075cd6f225ba1
[INFO] [stdout]   30:     0x61b1e4a5dda5 - main
[INFO] [stdout]   31:     0x7ca424864d90 - <unknown>
[INFO] [stdout]   32:     0x7ca424864e40 - __libc_start_main
[INFO] [stdout]   33:     0x61b1e4a22105 - _start
[INFO] [stdout]   34:                0x0 - <unknown>
[INFO] [stdout] 
[INFO] [stdout] 
[INFO] [stdout] 
[INFO] [stdout] failures:
[INFO] [stdout]     src/lib.rs - (line 13)
[INFO] [stdout] 
[INFO] [stdout] test result: FAILED. 2 passed; 1 failed; 0 ignored; 0 measured; 0 filtered out; finished in 1.09s
[INFO] [stdout] 
[INFO] [stderr] error: doctest failed, to rerun pass `--doc`
[INFO] running `Command { std: "docker" "inspect" "1ae882db561ffdbe85969e83235ce54614e0c5e9caec02f7e8c0c3e0d6df858f", kill_on_drop: false }`
[INFO] running `Command { std: "docker" "rm" "-f" "1ae882db561ffdbe85969e83235ce54614e0c5e9caec02f7e8c0c3e0d6df858f", kill_on_drop: false }`
[INFO] [stdout] 1ae882db561ffdbe85969e83235ce54614e0c5e9caec02f7e8c0c3e0d6df858f
