[INFO] fetching crate llmservice-flows 0.3.3...
[INFO] testing llmservice-flows-0.3.3 against nightly-2024-10-28 for randomize-layout
[INFO] extracting crate llmservice-flows 0.3.3 into /workspace/builds/worker-6-tc1/source
[INFO] validating manifest of crates.io crate llmservice-flows 0.3.3 on toolchain nightly-2024-10-28
[INFO] running `Command { std: CARGO_HOME="/workspace/cargo-home" RUSTUP_HOME="/workspace/rustup-home" "/workspace/cargo-home/bin/cargo" "+nightly-2024-10-28" "metadata" "--manifest-path" "Cargo.toml" "--no-deps", kill_on_drop: false }`
[INFO] removed /workspace/builds/worker-6-tc1/source/.cargo/config.toml
[INFO] started tweaking crates.io crate llmservice-flows 0.3.3
[INFO] finished tweaking crates.io crate llmservice-flows 0.3.3
[INFO] tweaked toml for crates.io crate llmservice-flows 0.3.3 written to /workspace/builds/worker-6-tc1/source/Cargo.toml
[INFO] running `Command { std: CARGO_HOME="/workspace/cargo-home" RUSTUP_HOME="/workspace/rustup-home" "/workspace/cargo-home/bin/cargo" "+nightly-2024-10-28" "generate-lockfile" "--manifest-path" "Cargo.toml", kill_on_drop: false }`
[INFO] [stderr]     Updating crates.io index
[INFO] [stderr]      Locking 117 packages to latest compatible versions
[INFO] [stderr]       Adding reqwest v0.11.27 (available: v0.12.9)
[INFO] running `Command { std: CARGO_HOME="/workspace/cargo-home" RUSTUP_HOME="/workspace/rustup-home" "/workspace/cargo-home/bin/cargo" "+nightly-2024-10-28" "fetch" "--manifest-path" "Cargo.toml", kill_on_drop: false }`
[INFO] running `Command { std: "docker" "create" "-v" "/var/lib/crater-agent-workspace/builds/worker-6-tc1/target:/opt/rustwide/target:rw,Z" "-v" "/var/lib/crater-agent-workspace/builds/worker-6-tc1/source:/opt/rustwide/workdir:ro,Z" "-v" "/var/lib/crater-agent-workspace/cargo-home:/opt/rustwide/cargo-home:ro,Z" "-v" "/var/lib/crater-agent-workspace/rustup-home:/opt/rustwide/rustup-home:ro,Z" "-e" "SOURCE_DIR=/opt/rustwide/workdir" "-e" "CARGO_TARGET_DIR=/opt/rustwide/target" "-e" "CARGO_HOME=/opt/rustwide/cargo-home" "-e" "RUSTUP_HOME=/opt/rustwide/rustup-home" "-w" "/opt/rustwide/workdir" "-m" "1610612736" "--user" "0:0" "--network" "none" "ghcr.io/rust-lang/crates-build-env/linux@sha256:4a844ea9eb2546a2d2c7022eacef16ef2e8229c7fbb2c7d4d55a9ceca922f72d" "/opt/rustwide/cargo-home/bin/cargo" "+nightly-2024-10-28" "metadata" "--no-deps" "--format-version=1", kill_on_drop: false }`
[INFO] [stdout] f79308487a76ea47a3082d915ce39b3ebc4ada5a6cdec44ffe6aa83c26daf6bc
[INFO] running `Command { std: "docker" "start" "-a" "f79308487a76ea47a3082d915ce39b3ebc4ada5a6cdec44ffe6aa83c26daf6bc", kill_on_drop: false }`
[INFO] running `Command { std: "docker" "inspect" "f79308487a76ea47a3082d915ce39b3ebc4ada5a6cdec44ffe6aa83c26daf6bc", kill_on_drop: false }`
[INFO] running `Command { std: "docker" "rm" "-f" "f79308487a76ea47a3082d915ce39b3ebc4ada5a6cdec44ffe6aa83c26daf6bc", kill_on_drop: false }`
[INFO] [stdout] f79308487a76ea47a3082d915ce39b3ebc4ada5a6cdec44ffe6aa83c26daf6bc
[INFO] running `Command { std: "docker" "create" "-v" "/var/lib/crater-agent-workspace/builds/worker-6-tc1/target:/opt/rustwide/target:rw,Z" "-v" "/var/lib/crater-agent-workspace/builds/worker-6-tc1/source:/opt/rustwide/workdir:ro,Z" "-v" "/var/lib/crater-agent-workspace/cargo-home:/opt/rustwide/cargo-home:ro,Z" "-v" "/var/lib/crater-agent-workspace/rustup-home:/opt/rustwide/rustup-home:ro,Z" "-e" "SOURCE_DIR=/opt/rustwide/workdir" "-e" "CARGO_TARGET_DIR=/opt/rustwide/target" "-e" "CARGO_INCREMENTAL=0" "-e" "RUST_BACKTRACE=full" "-e" "RUSTFLAGS=--cap-lints=forbid" "-e" "RUSTDOCFLAGS=--cap-lints=forbid" "-e" "CARGO_HOME=/opt/rustwide/cargo-home" "-e" "RUSTUP_HOME=/opt/rustwide/rustup-home" "-w" "/opt/rustwide/workdir" "-m" "1610612736" "--user" "0:0" "--network" "none" "ghcr.io/rust-lang/crates-build-env/linux@sha256:4a844ea9eb2546a2d2c7022eacef16ef2e8229c7fbb2c7d4d55a9ceca922f72d" "/opt/rustwide/cargo-home/bin/cargo" "+nightly-2024-10-28" "build" "--frozen" "--message-format=json", kill_on_drop: false }`
[INFO] [stdout] be15f5e4ef569de14b8f3403b35385080bf17e44b04ca3962f52a63b436daa4f
[INFO] running `Command { std: "docker" "start" "-a" "be15f5e4ef569de14b8f3403b35385080bf17e44b04ca3962f52a63b436daa4f", kill_on_drop: false }`
[INFO] [stderr]    Compiling libc v0.2.161
[INFO] [stderr]    Compiling ring v0.17.8
[INFO] [stderr]    Compiling tracing-core v0.1.32
[INFO] [stderr]    Compiling rustls v0.21.12
[INFO] [stderr]    Compiling futures-task v0.3.31
[INFO] [stderr]    Compiling serde_derive v1.0.214
[INFO] [stderr]    Compiling serde v1.0.214
[INFO] [stderr]    Compiling unicode-normalization v0.1.24
[INFO] [stderr]    Compiling futures-channel v0.3.31
[INFO] [stderr]    Compiling futures-util v0.3.31
[INFO] [stderr]    Compiling urlencoding v2.1.3
[INFO] [stderr]    Compiling tracing v0.1.40
[INFO] [stderr]    Compiling getrandom v0.2.15
[INFO] [stderr]    Compiling mio v1.0.2
[INFO] [stderr]    Compiling socket2 v0.5.7
[INFO] [stderr]    Compiling idna v0.5.0
[INFO] [stderr]    Compiling tokio v1.41.0
[INFO] [stderr]    Compiling url v2.5.2
[INFO] [stderr]    Compiling tokio-util v0.7.12
[INFO] [stderr]    Compiling rustls-webpki v0.101.7
[INFO] [stderr]    Compiling sct v0.7.1
[INFO] [stderr]    Compiling h2 v0.3.26
[INFO] [stderr]    Compiling serde_urlencoded v0.7.1
[INFO] [stderr]    Compiling serde_json v1.0.132
[INFO] [stderr]    Compiling tokio-rustls v0.24.1
[INFO] [stderr]    Compiling hyper v0.14.31
[INFO] [stderr]    Compiling hyper-rustls v0.24.2
[INFO] [stderr]    Compiling reqwest v0.11.27
[INFO] [stderr]    Compiling llmservice-flows v0.3.3 (/opt/rustwide/workdir)
[INFO] [stderr]     Finished `dev` profile [unoptimized + debuginfo] target(s) in 16.84s
[INFO] running `Command { std: "docker" "inspect" "be15f5e4ef569de14b8f3403b35385080bf17e44b04ca3962f52a63b436daa4f", kill_on_drop: false }`
[INFO] running `Command { std: "docker" "rm" "-f" "be15f5e4ef569de14b8f3403b35385080bf17e44b04ca3962f52a63b436daa4f", kill_on_drop: false }`
[INFO] [stdout] be15f5e4ef569de14b8f3403b35385080bf17e44b04ca3962f52a63b436daa4f
[INFO] running `Command { std: "docker" "create" "-v" "/var/lib/crater-agent-workspace/builds/worker-6-tc1/target:/opt/rustwide/target:rw,Z" "-v" "/var/lib/crater-agent-workspace/builds/worker-6-tc1/source:/opt/rustwide/workdir:ro,Z" "-v" "/var/lib/crater-agent-workspace/cargo-home:/opt/rustwide/cargo-home:ro,Z" "-v" "/var/lib/crater-agent-workspace/rustup-home:/opt/rustwide/rustup-home:ro,Z" "-e" "SOURCE_DIR=/opt/rustwide/workdir" "-e" "CARGO_TARGET_DIR=/opt/rustwide/target" "-e" "CARGO_INCREMENTAL=0" "-e" "RUST_BACKTRACE=full" "-e" "RUSTFLAGS=--cap-lints=forbid" "-e" "RUSTDOCFLAGS=--cap-lints=forbid" "-e" "CARGO_HOME=/opt/rustwide/cargo-home" "-e" "RUSTUP_HOME=/opt/rustwide/rustup-home" "-w" "/opt/rustwide/workdir" "-m" "1610612736" "--user" "0:0" "--network" "none" "ghcr.io/rust-lang/crates-build-env/linux@sha256:4a844ea9eb2546a2d2c7022eacef16ef2e8229c7fbb2c7d4d55a9ceca922f72d" "/opt/rustwide/cargo-home/bin/cargo" "+nightly-2024-10-28" "test" "--frozen" "--no-run" "--message-format=json", kill_on_drop: false }`
[INFO] [stdout] 6bbc813b339f0181108b4653a05845bffeb56c9b33dcd5f491f658fa71a3a61a
[INFO] running `Command { std: "docker" "start" "-a" "6bbc813b339f0181108b4653a05845bffeb56c9b33dcd5f491f658fa71a3a61a", kill_on_drop: false }`
[INFO] [stderr]    Compiling llmservice-flows v0.3.3 (/opt/rustwide/workdir)
[INFO] [stderr]     Finished `test` profile [unoptimized + debuginfo] target(s) in 0.36s
[INFO] running `Command { std: "docker" "inspect" "6bbc813b339f0181108b4653a05845bffeb56c9b33dcd5f491f658fa71a3a61a", kill_on_drop: false }`
[INFO] running `Command { std: "docker" "rm" "-f" "6bbc813b339f0181108b4653a05845bffeb56c9b33dcd5f491f658fa71a3a61a", kill_on_drop: false }`
[INFO] [stdout] 6bbc813b339f0181108b4653a05845bffeb56c9b33dcd5f491f658fa71a3a61a
[INFO] running `Command { std: "docker" "create" "-v" "/var/lib/crater-agent-workspace/builds/worker-6-tc1/target:/opt/rustwide/target:rw,Z" "-v" "/var/lib/crater-agent-workspace/builds/worker-6-tc1/source:/opt/rustwide/workdir:ro,Z" "-v" "/var/lib/crater-agent-workspace/cargo-home:/opt/rustwide/cargo-home:ro,Z" "-v" "/var/lib/crater-agent-workspace/rustup-home:/opt/rustwide/rustup-home:ro,Z" "-e" "SOURCE_DIR=/opt/rustwide/workdir" "-e" "CARGO_TARGET_DIR=/opt/rustwide/target" "-e" "CARGO_INCREMENTAL=0" "-e" "RUST_BACKTRACE=full" "-e" "RUSTFLAGS=--cap-lints=forbid" "-e" "RUSTDOCFLAGS=--cap-lints=forbid" "-e" "CARGO_HOME=/opt/rustwide/cargo-home" "-e" "RUSTUP_HOME=/opt/rustwide/rustup-home" "-w" "/opt/rustwide/workdir" "-m" "1610612736" "--user" "0:0" "--network" "none" "ghcr.io/rust-lang/crates-build-env/linux@sha256:4a844ea9eb2546a2d2c7022eacef16ef2e8229c7fbb2c7d4d55a9ceca922f72d" "/opt/rustwide/cargo-home/bin/cargo" "+nightly-2024-10-28" "test" "--frozen", kill_on_drop: false }`
[INFO] [stdout] 656dcb52ed188e195032ad11bccc1b0c7d8b20f1312220f6adfa492c50bf82aa
[INFO] running `Command { std: "docker" "start" "-a" "656dcb52ed188e195032ad11bccc1b0c7d8b20f1312220f6adfa492c50bf82aa", kill_on_drop: false }`
[INFO] [stderr]     Finished `test` profile [unoptimized + debuginfo] target(s) in 0.08s
[INFO] [stderr]      Running unittests src/lib.rs (/opt/rustwide/target/debug/deps/llmservice_flows-00cab03e06bab2c5)
[INFO] [stdout] 
[INFO] [stdout] running 0 tests
[INFO] [stdout] 
[INFO] [stdout] test result: ok. 0 passed; 0 failed; 0 ignored; 0 measured; 0 filtered out; finished in 0.00s
[INFO] [stdout] 
[INFO] [stderr]    Doc-tests llmservice_flows
[INFO] [stdout] 
[INFO] [stdout] running 4 tests
[INFO] [stdout] test src/lib.rs - (line 7) ... FAILED
[INFO] [stdout] test src/chat.rs - chat::crate::LLMServiceFlows<'a>::chat_completion (line 92) ... FAILED
[INFO] [stdout] test src/chat.rs - chat::chat_history (line 203) - compile ... FAILED
[INFO] [stdout] test src/embeddings.rs - embeddings::crate::LLMServiceFlows<'a>::create_embeddings (line 30) ... FAILED
[INFO] [stdout] 
[INFO] [stdout] failures:
[INFO] [stdout] 
[INFO] [stdout] ---- src/lib.rs - (line 7) stdout ----
[INFO] [stdout] error[E0432]: unresolved import `lambda_flows`
[INFO] [stdout]  --> src/lib.rs:13:5
[INFO] [stdout]   |
[INFO] [stdout] 9 | use lambda_flows::{request_received, send_response};
[INFO] [stdout]   |     ^^^^^^^^^^^^ use of undeclared crate or module `lambda_flows`
[INFO] [stdout] 
[INFO] [stdout] error: aborting due to 1 previous error
[INFO] [stdout] 
[INFO] [stdout] For more information about this error, try `rustc --explain E0432`.
[INFO] [stdout] Couldn't compile the test.
[INFO] [stdout] ---- src/chat.rs - chat::crate::LLMServiceFlows<'a>::chat_completion (line 92) stdout ----
[INFO] [stdout] error[E0422]: cannot find struct, variant or union type `ChatOptions` in this scope
[INFO] [stdout]   --> src/chat.rs:100:15
[INFO] [stdout]    |
[INFO] [stdout] 10 |      let co = ChatOptions {
[INFO] [stdout]    |               ^^^^^^^^^^^ not found in this scope
[INFO] [stdout]    |
[INFO] [stdout] help: consider importing this struct
[INFO] [stdout]    |
[INFO] [stdout] 4  + use llmservice_flows::chat::ChatOptions;
[INFO] [stdout]    |
[INFO] [stdout] 
[INFO] [stdout] error[E0425]: cannot find value `news_body` in this scope
[INFO] [stdout]   --> src/chat.rs:110:80
[INFO] [stdout]    |
[INFO] [stdout] 20 |      let question = format!("Make a concise summary within 200 words on this: {news_body}.");
[INFO] [stdout]    |                                                                                ^^^^^^^^^ not found in this scope
[INFO] [stdout] 
[INFO] [stdout] error[E0425]: cannot find value `llm` in this scope
[INFO] [stdout]   --> src/chat.rs:113:12
[INFO] [stdout]    |
[INFO] [stdout] 23 |      match llm.chat_completion(&chat_id, &question, &co).await {
[INFO] [stdout]    |            ^^^ not found in this scope
[INFO] [stdout] 
[INFO] [stdout] error[E0728]: `await` is only allowed inside `async` functions and blocks
[INFO] [stdout]   --> src/chat.rs:113:58
[INFO] [stdout]    |
[INFO] [stdout] 4  | fn main() { #[allow(non_snake_case)] fn _doctest_main_src_chat_rs_92_0() {
[INFO] [stdout]    |                                      ----------------------------------- this is not `async`
[INFO] [stdout] ...
[INFO] [stdout] 23 |      match llm.chat_completion(&chat_id, &question, &co).await {
[INFO] [stdout]    |                                                          ^^^^^ only allowed inside `async` functions and blocks
[INFO] [stdout] 
[INFO] [stdout] error: aborting due to 4 previous errors
[INFO] [stdout] 
[INFO] [stdout] Some errors have detailed explanations: E0422, E0425, E0728.
[INFO] [stdout] For more information about an error, try `rustc --explain E0422`.
[INFO] [stdout] Couldn't compile the test.
[INFO] [stdout] ---- src/chat.rs - chat::chat_history (line 203) stdout ----
[INFO] [stdout] error[E0425]: cannot find function `chat_history` in this scope
[INFO] [stdout]  --> src/chat.rs:209:16
[INFO] [stdout]   |
[INFO] [stdout] 8 |  let history = chat_history(conversation_id, limit);
[INFO] [stdout]   |                ^^^^^^^^^^^^ not found in this scope
[INFO] [stdout]   |
[INFO] [stdout] help: consider importing this function
[INFO] [stdout]   |
[INFO] [stdout] 3 + use llmservice_flows::chat::chat_history;
[INFO] [stdout]   |
[INFO] [stdout] 
[INFO] [stdout] error[E0433]: failed to resolve: use of undeclared type `ChatRole`
[INFO] [stdout]   --> src/chat.rs:216:18
[INFO] [stdout]    |
[INFO] [stdout] 15 |                  ChatRole::User => "User",
[INFO] [stdout]    |                  ^^^^^^^^ use of undeclared type `ChatRole`
[INFO] [stdout]    |
[INFO] [stdout] help: consider importing this enum
[INFO] [stdout]    |
[INFO] [stdout] 3  + use llmservice_flows::chat::ChatRole;
[INFO] [stdout]    |
[INFO] [stdout] 
[INFO] [stdout] error[E0433]: failed to resolve: use of undeclared type `ChatRole`
[INFO] [stdout]   --> src/chat.rs:217:18
[INFO] [stdout]    |
[INFO] [stdout] 16 |                  ChatRole::Assistant => "Assistant",
[INFO] [stdout]    |                  ^^^^^^^^ use of undeclared type `ChatRole`
[INFO] [stdout]    |
[INFO] [stdout] help: consider importing this enum
[INFO] [stdout]    |
[INFO] [stdout] 3  + use llmservice_flows::chat::ChatRole;
[INFO] [stdout]    |
[INFO] [stdout] 
[INFO] [stdout] error: aborting due to 3 previous errors
[INFO] [stdout] 
[INFO] [stdout] Some errors have detailed explanations: E0425, E0433.
[INFO] [stdout] For more information about an error, try `rustc --explain E0425`.
[INFO] [stdout] Couldn't compile the test.
[INFO] [stdout] ---- src/embeddings.rs - embeddings::crate::LLMServiceFlows<'a>::create_embeddings (line 30) stdout ----
[INFO] [stdout] error: expected one of `!`, `.`, `::`, `;`, `?`, `{`, `}`, or an operator, found `error`
[INFO] [stdout]  --> src/embeddings.rs:37:24
[INFO] [stdout]   |
[INFO] [stdout] 9 |        Err(e) => {your error handling},
[INFO] [stdout]   |                        ^^^^^ expected one of 8 possible tokens
[INFO] [stdout] 
[INFO] [stdout] error[E0433]: failed to resolve: use of undeclared type `EmbeddingsInput`
[INFO] [stdout]  --> src/embeddings.rs:33:13
[INFO] [stdout]   |
[INFO] [stdout] 5 | let input = EmbeddingsInput::String(text.to_string());
[INFO] [stdout]   |             ^^^^^^^^^^^^^^^ use of undeclared type `EmbeddingsInput`
[INFO] [stdout]   |
[INFO] [stdout] help: consider importing this enum
[INFO] [stdout]   |
[INFO] [stdout] 4 + use llmservice_flows::embeddings::EmbeddingsInput;
[INFO] [stdout]   |
[INFO] [stdout] 
[INFO] [stdout] error[E0425]: cannot find value `text` in this scope
[INFO] [stdout]  --> src/embeddings.rs:33:37
[INFO] [stdout]   |
[INFO] [stdout] 5 | let input = EmbeddingsInput::String(text.to_string());
[INFO] [stdout]   |                                     ^^^^ not found in this scope
[INFO] [stdout] 
[INFO] [stdout] error[E0425]: cannot find value `llm` in this scope
[INFO] [stdout]  --> src/embeddings.rs:35:32
[INFO] [stdout]   |
[INFO] [stdout] 7 |    let question_vector = match llm.create_embeddings(Some("text-embedding-ada-002"), input).await {
[INFO] [stdout]   |                                ^^^ not found in this scope
[INFO] [stdout] 
[INFO] [stdout] error[E0728]: `await` is only allowed inside `async` functions and blocks
[INFO] [stdout]  --> src/embeddings.rs:35:93
[INFO] [stdout]   |
[INFO] [stdout] 4 | fn main() { #[allow(non_snake_case)] fn _doctest_main_src_embeddings_rs_30_0() {
[INFO] [stdout]   |                                      ----------------------------------------- this is not `async`
[INFO] [stdout] ...
[INFO] [stdout] 7 |    let question_vector = match llm.create_embeddings(Some("text-embedding-ada-002"), input).await {
[INFO] [stdout]   |                                                                                             ^^^^^ only allowed inside `async` functions and blocks
[INFO] [stdout] 
[INFO] [stdout] error: aborting due to 5 previous errors
[INFO] [stdout] 
[INFO] [stdout] Some errors have detailed explanations: E0425, E0433, E0728.
[INFO] [stdout] For more information about an error, try `rustc --explain E0425`.
[INFO] [stdout] Couldn't compile the test.
[INFO] [stdout] 
[INFO] [stdout] failures:
[INFO] [stdout]     src/chat.rs - chat::chat_history (line 203)
[INFO] [stdout]     src/chat.rs - chat::crate::LLMServiceFlows<'a>::chat_completion (line 92)
[INFO] [stdout]     src/embeddings.rs - embeddings::crate::LLMServiceFlows<'a>::create_embeddings (line 30)
[INFO] [stdout]     src/lib.rs - (line 7)
[INFO] [stdout] 
[INFO] [stdout] test result: FAILED. 0 passed; 4 failed; 0 ignored; 0 measured; 0 filtered out; finished in 0.12s
[INFO] [stdout] 
[INFO] [stderr] error: doctest failed, to rerun pass `--doc`
[INFO] running `Command { std: "docker" "inspect" "656dcb52ed188e195032ad11bccc1b0c7d8b20f1312220f6adfa492c50bf82aa", kill_on_drop: false }`
[INFO] running `Command { std: "docker" "rm" "-f" "656dcb52ed188e195032ad11bccc1b0c7d8b20f1312220f6adfa492c50bf82aa", kill_on_drop: false }`
[INFO] [stdout] 656dcb52ed188e195032ad11bccc1b0c7d8b20f1312220f6adfa492c50bf82aa
