[INFO] fetching crate llm-samplers 0.0.7...
[INFO] testing llm-samplers-0.0.7 against nightly-2024-10-28 for randomize-layout
[INFO] extracting crate llm-samplers 0.0.7 into /workspace/builds/worker-1-tc1/source
[INFO] validating manifest of crates.io crate llm-samplers 0.0.7 on toolchain nightly-2024-10-28
[INFO] running `Command { std: CARGO_HOME="/workspace/cargo-home" RUSTUP_HOME="/workspace/rustup-home" "/workspace/cargo-home/bin/cargo" "+nightly-2024-10-28" "metadata" "--manifest-path" "Cargo.toml" "--no-deps", kill_on_drop: false }`
[INFO] started tweaking crates.io crate llm-samplers 0.0.7
[INFO] finished tweaking crates.io crate llm-samplers 0.0.7
[INFO] tweaked toml for crates.io crate llm-samplers 0.0.7 written to /workspace/builds/worker-1-tc1/source/Cargo.toml
[INFO] running `Command { std: CARGO_HOME="/workspace/cargo-home" RUSTUP_HOME="/workspace/rustup-home" "/workspace/cargo-home/bin/cargo" "+nightly-2024-10-28" "generate-lockfile" "--manifest-path" "Cargo.toml", kill_on_drop: false }`
[INFO] [stderr]     Updating crates.io index
[INFO] [stderr]      Locking 20 packages to latest compatible versions
[INFO] running `Command { std: CARGO_HOME="/workspace/cargo-home" RUSTUP_HOME="/workspace/rustup-home" "/workspace/cargo-home/bin/cargo" "+nightly-2024-10-28" "fetch" "--manifest-path" "Cargo.toml", kill_on_drop: false }`
[INFO] running `Command { std: "docker" "create" "-v" "/var/lib/crater-agent-workspace/builds/worker-1-tc1/target:/opt/rustwide/target:rw,Z" "-v" "/var/lib/crater-agent-workspace/builds/worker-1-tc1/source:/opt/rustwide/workdir:ro,Z" "-v" "/var/lib/crater-agent-workspace/cargo-home:/opt/rustwide/cargo-home:ro,Z" "-v" "/var/lib/crater-agent-workspace/rustup-home:/opt/rustwide/rustup-home:ro,Z" "-e" "SOURCE_DIR=/opt/rustwide/workdir" "-e" "CARGO_TARGET_DIR=/opt/rustwide/target" "-e" "CARGO_HOME=/opt/rustwide/cargo-home" "-e" "RUSTUP_HOME=/opt/rustwide/rustup-home" "-w" "/opt/rustwide/workdir" "-m" "1610612736" "--user" "0:0" "--network" "none" "ghcr.io/rust-lang/crates-build-env/linux@sha256:4a844ea9eb2546a2d2c7022eacef16ef2e8229c7fbb2c7d4d55a9ceca922f72d" "/opt/rustwide/cargo-home/bin/cargo" "+nightly-2024-10-28" "metadata" "--no-deps" "--format-version=1", kill_on_drop: false }`
[INFO] [stdout] 72d3e34edf6ac261711ff8454dd0ed50ecb0cabad7e70413fe22afae06a19bc0
[INFO] running `Command { std: "docker" "start" "-a" "72d3e34edf6ac261711ff8454dd0ed50ecb0cabad7e70413fe22afae06a19bc0", kill_on_drop: false }`
[INFO] running `Command { std: "docker" "inspect" "72d3e34edf6ac261711ff8454dd0ed50ecb0cabad7e70413fe22afae06a19bc0", kill_on_drop: false }`
[INFO] running `Command { std: "docker" "rm" "-f" "72d3e34edf6ac261711ff8454dd0ed50ecb0cabad7e70413fe22afae06a19bc0", kill_on_drop: false }`
[INFO] [stdout] 72d3e34edf6ac261711ff8454dd0ed50ecb0cabad7e70413fe22afae06a19bc0
[INFO] running `Command { std: "docker" "create" "-v" "/var/lib/crater-agent-workspace/builds/worker-1-tc1/target:/opt/rustwide/target:rw,Z" "-v" "/var/lib/crater-agent-workspace/builds/worker-1-tc1/source:/opt/rustwide/workdir:ro,Z" "-v" "/var/lib/crater-agent-workspace/cargo-home:/opt/rustwide/cargo-home:ro,Z" "-v" "/var/lib/crater-agent-workspace/rustup-home:/opt/rustwide/rustup-home:ro,Z" "-e" "SOURCE_DIR=/opt/rustwide/workdir" "-e" "CARGO_TARGET_DIR=/opt/rustwide/target" "-e" "CARGO_INCREMENTAL=0" "-e" "RUST_BACKTRACE=full" "-e" "RUSTFLAGS=--cap-lints=forbid" "-e" "RUSTDOCFLAGS=--cap-lints=forbid" "-e" "CARGO_HOME=/opt/rustwide/cargo-home" "-e" "RUSTUP_HOME=/opt/rustwide/rustup-home" "-w" "/opt/rustwide/workdir" "-m" "1610612736" "--user" "0:0" "--network" "none" "ghcr.io/rust-lang/crates-build-env/linux@sha256:4a844ea9eb2546a2d2c7022eacef16ef2e8229c7fbb2c7d4d55a9ceca922f72d" "/opt/rustwide/cargo-home/bin/cargo" "+nightly-2024-10-28" "build" "--frozen" "--message-format=json", kill_on_drop: false }`
[INFO] [stdout] 6ae4a2a0861cbc7d11e7d15250ca16e4437719392c8a19510aeae90afd6e4f15
[INFO] running `Command { std: "docker" "start" "-a" "6ae4a2a0861cbc7d11e7d15250ca16e4437719392c8a19510aeae90afd6e4f15", kill_on_drop: false }`
[INFO] [stderr]    Compiling anyhow v1.0.92
[INFO] [stderr]    Compiling llm-samplers v0.0.7 (/opt/rustwide/workdir)
[INFO] [stdout] warning: lint `implied_bounds_entailment` has been removed: converted into hard error, see PR #117984 <https://github.com/rust-lang/rust/pull/117984> for more information
[INFO] [stdout]  --> src/samplers/mirostat.rs:1:9
[INFO] [stdout]   |
[INFO] [stdout] 1 | #![deny(implied_bounds_entailment)]
[INFO] [stdout]   |         ^^^^^^^^^^^^^^^^^^^^^^^^^
[INFO] [stdout]   |
[INFO] [stdout]   = note: `#[warn(renamed_and_removed_lints)]` on by default
[INFO] [stdout] 
[INFO] [stdout] 
[INFO] [stdout] warning: unused import: `chain::*`
[INFO] [stdout]    --> src/lib.rs:150:9
[INFO] [stdout]     |
[INFO] [stdout] 150 |         chain::*,
[INFO] [stdout]     |         ^^^^^^^^
[INFO] [stdout]     |
[INFO] [stdout]     = note: `#[warn(unused_imports)]` on by default
[INFO] [stdout] 
[INFO] [stdout] 
[INFO] [stderr]     Finished `dev` profile [unoptimized + debuginfo] target(s) in 1.12s
[INFO] running `Command { std: "docker" "inspect" "6ae4a2a0861cbc7d11e7d15250ca16e4437719392c8a19510aeae90afd6e4f15", kill_on_drop: false }`
[INFO] running `Command { std: "docker" "rm" "-f" "6ae4a2a0861cbc7d11e7d15250ca16e4437719392c8a19510aeae90afd6e4f15", kill_on_drop: false }`
[INFO] [stdout] 6ae4a2a0861cbc7d11e7d15250ca16e4437719392c8a19510aeae90afd6e4f15
[INFO] running `Command { std: "docker" "create" "-v" "/var/lib/crater-agent-workspace/builds/worker-1-tc1/target:/opt/rustwide/target:rw,Z" "-v" "/var/lib/crater-agent-workspace/builds/worker-1-tc1/source:/opt/rustwide/workdir:ro,Z" "-v" "/var/lib/crater-agent-workspace/cargo-home:/opt/rustwide/cargo-home:ro,Z" "-v" "/var/lib/crater-agent-workspace/rustup-home:/opt/rustwide/rustup-home:ro,Z" "-e" "SOURCE_DIR=/opt/rustwide/workdir" "-e" "CARGO_TARGET_DIR=/opt/rustwide/target" "-e" "CARGO_INCREMENTAL=0" "-e" "RUST_BACKTRACE=full" "-e" "RUSTFLAGS=--cap-lints=forbid" "-e" "RUSTDOCFLAGS=--cap-lints=forbid" "-e" "CARGO_HOME=/opt/rustwide/cargo-home" "-e" "RUSTUP_HOME=/opt/rustwide/rustup-home" "-w" "/opt/rustwide/workdir" "-m" "1610612736" "--user" "0:0" "--network" "none" "ghcr.io/rust-lang/crates-build-env/linux@sha256:4a844ea9eb2546a2d2c7022eacef16ef2e8229c7fbb2c7d4d55a9ceca922f72d" "/opt/rustwide/cargo-home/bin/cargo" "+nightly-2024-10-28" "test" "--frozen" "--no-run" "--message-format=json", kill_on_drop: false }`
[INFO] [stdout] 3ebf01d9798f55cd2aef1ffa8b046428d635f5d13040812c34b597934c02bd05
[INFO] running `Command { std: "docker" "start" "-a" "3ebf01d9798f55cd2aef1ffa8b046428d635f5d13040812c34b597934c02bd05", kill_on_drop: false }`
[INFO] [stderr]    Compiling llm-samplers v0.0.7 (/opt/rustwide/workdir)
[INFO] [stdout] warning: lint `implied_bounds_entailment` has been removed: converted into hard error, see PR #117984 <https://github.com/rust-lang/rust/pull/117984> for more information
[INFO] [stdout]  --> src/samplers/mirostat.rs:1:9
[INFO] [stdout]   |
[INFO] [stdout] 1 | #![deny(implied_bounds_entailment)]
[INFO] [stdout]   |         ^^^^^^^^^^^^^^^^^^^^^^^^^
[INFO] [stdout]   |
[INFO] [stdout]   = note: `#[warn(renamed_and_removed_lints)]` on by default
[INFO] [stdout] 
[INFO] [stdout] 
[INFO] [stdout] warning: unused import: `chain::*`
[INFO] [stdout]    --> src/lib.rs:150:9
[INFO] [stdout]     |
[INFO] [stdout] 150 |         chain::*,
[INFO] [stdout]     |         ^^^^^^^^
[INFO] [stdout]     |
[INFO] [stdout]     = note: `#[warn(unused_imports)]` on by default
[INFO] [stdout] 
[INFO] [stdout] 
[INFO] [stdout] warning: lint `implied_bounds_entailment` has been removed: converted into hard error, see PR #117984 <https://github.com/rust-lang/rust/pull/117984> for more information
[INFO] [stdout]  --> src/samplers/mirostat.rs:1:9
[INFO] [stdout]   |
[INFO] [stdout] 1 | #![deny(implied_bounds_entailment)]
[INFO] [stdout]   |         ^^^^^^^^^^^^^^^^^^^^^^^^^
[INFO] [stdout]   |
[INFO] [stdout]   = note: `#[warn(renamed_and_removed_lints)]` on by default
[INFO] [stdout] 
[INFO] [stdout] 
[INFO] [stdout] warning: unused import: `chain::*`
[INFO] [stdout]    --> src/lib.rs:150:9
[INFO] [stdout]     |
[INFO] [stdout] 150 |         chain::*,
[INFO] [stdout]     |         ^^^^^^^^
[INFO] [stdout]     |
[INFO] [stdout]     = note: `#[warn(unused_imports)]` on by default
[INFO] [stdout] 
[INFO] [stdout] 
[INFO] [stderr]     Finished `test` profile [unoptimized + debuginfo] target(s) in 1.65s
[INFO] running `Command { std: "docker" "inspect" "3ebf01d9798f55cd2aef1ffa8b046428d635f5d13040812c34b597934c02bd05", kill_on_drop: false }`
[INFO] running `Command { std: "docker" "rm" "-f" "3ebf01d9798f55cd2aef1ffa8b046428d635f5d13040812c34b597934c02bd05", kill_on_drop: false }`
[INFO] [stdout] 3ebf01d9798f55cd2aef1ffa8b046428d635f5d13040812c34b597934c02bd05
[INFO] running `Command { std: "docker" "create" "-v" "/var/lib/crater-agent-workspace/builds/worker-1-tc1/target:/opt/rustwide/target:rw,Z" "-v" "/var/lib/crater-agent-workspace/builds/worker-1-tc1/source:/opt/rustwide/workdir:ro,Z" "-v" "/var/lib/crater-agent-workspace/cargo-home:/opt/rustwide/cargo-home:ro,Z" "-v" "/var/lib/crater-agent-workspace/rustup-home:/opt/rustwide/rustup-home:ro,Z" "-e" "SOURCE_DIR=/opt/rustwide/workdir" "-e" "CARGO_TARGET_DIR=/opt/rustwide/target" "-e" "CARGO_INCREMENTAL=0" "-e" "RUST_BACKTRACE=full" "-e" "RUSTFLAGS=--cap-lints=forbid" "-e" "RUSTDOCFLAGS=--cap-lints=forbid" "-e" "CARGO_HOME=/opt/rustwide/cargo-home" "-e" "RUSTUP_HOME=/opt/rustwide/rustup-home" "-w" "/opt/rustwide/workdir" "-m" "1610612736" "--user" "0:0" "--network" "none" "ghcr.io/rust-lang/crates-build-env/linux@sha256:4a844ea9eb2546a2d2c7022eacef16ef2e8229c7fbb2c7d4d55a9ceca922f72d" "/opt/rustwide/cargo-home/bin/cargo" "+nightly-2024-10-28" "test" "--frozen", kill_on_drop: false }`
[INFO] [stdout] 217926662eb79f53c492a07eda80b2c933551e9fe7d924dd2ed3e70a3b990fa0
[INFO] running `Command { std: "docker" "start" "-a" "217926662eb79f53c492a07eda80b2c933551e9fe7d924dd2ed3e70a3b990fa0", kill_on_drop: false }`
[INFO] [stderr] warning: lint `implied_bounds_entailment` has been removed: converted into hard error, see PR #117984 <https://github.com/rust-lang/rust/pull/117984> for more information
[INFO] [stderr]  --> src/samplers/mirostat.rs:1:9
[INFO] [stderr]   |
[INFO] [stderr] 1 | #![deny(implied_bounds_entailment)]
[INFO] [stderr]   |         ^^^^^^^^^^^^^^^^^^^^^^^^^
[INFO] [stderr]   |
[INFO] [stderr]   = note: `#[warn(renamed_and_removed_lints)]` on by default
[INFO] [stderr] 
[INFO] [stderr] warning: unused import: `chain::*`
[INFO] [stderr]    --> src/lib.rs:150:9
[INFO] [stderr]     |
[INFO] [stderr] 150 |         chain::*,
[INFO] [stderr]     |         ^^^^^^^^
[INFO] [stderr]     |
[INFO] [stderr]     = note: `#[warn(unused_imports)]` on by default
[INFO] [stderr] 
[INFO] [stderr] warning: `llm-samplers` (lib) generated 2 warnings (run `cargo fix --lib -p llm-samplers` to apply 1 suggestion)
[INFO] [stderr] warning: `llm-samplers` (lib test) generated 2 warnings (2 duplicates)
[INFO] [stderr]     Finished `test` profile [unoptimized + debuginfo] target(s) in 0.06s
[INFO] [stderr]      Running unittests src/lib.rs (/opt/rustwide/target/debug/deps/llm_samplers-3f38a5da6e67a325)
[INFO] [stdout] 
[INFO] [stdout] running 24 tests
[INFO] [stdout] test tests::build::test_build1 ... ok
[INFO] [stdout] test tests::configure::test_config_from_str1 ... ok
[INFO] [stdout] test tests::configure::test_parse_float ... ok
[INFO] [stdout] test tests::configure::test_config_from_str2 ... ok
[INFO] [stdout] test tests::configure::test_set_get_options ... ok
[INFO] [stdout] test tests::sampler::test_greedy ... ok
[INFO] [stdout] test tests::sampler::test_freq_presence ... ok
[INFO] [stdout] test tests::configure::test_parse_uint ... ok
[INFO] [stdout] test tests::sampler::test_locally_typical ... ok
[INFO] [stdout] test tests::sampler::test_min_p ... ok
[INFO] [stdout] test tests::sampler::test_flat_bias ... ok
[INFO] [stdout] test tests::sampler::test_mirostat1 ... ok
[INFO] [stdout] test tests::sampler::test_mirostat2 ... ok
[INFO] [stdout] test tests::sampler::test_rand_distrib ... ok
[INFO] [stdout] test tests::sampler::test_repetition ... ok
[INFO] [stdout] test tests::sampler::test_top_a ... ok
[INFO] [stdout] test tests::sampler::test_top_k ... ok
[INFO] [stdout] test tests::test_chain1 ... ok
[INFO] [stdout] test tests::test_chain2 ... ok
[INFO] [stdout] test tests::sampler::test_tail_free ... ok
[INFO] [stdout] test tests::sampler::test_top_p ... ok
[INFO] [stdout] test tests::test_logits_with_top_k ... ok
[INFO] [stdout] test tests::test_resources ... ok
[INFO] [stdout] test tests::sampler::test_sequence_repetition ... FAILED
[INFO] [stdout] 
[INFO] [stdout] failures:
[INFO] [stdout] 
[INFO] [stdout] ---- tests::sampler::test_sequence_repetition stdout ----
[INFO] [stdout] thread 'tests::sampler::test_sequence_repetition' panicked at src/tests.rs:70:5:
[INFO] [stdout] result [6.109476e-7, 6.109476e-7, 6.109476e-7, 0.24789861, 0.24789734] not within tolerance: [0.24957961, 0.24957961, 0.24957961, 0.24957961, 0.0016816541] vs expected [0.249579, 0.249579, 0.249579, 0.001681, 0.249579]
[INFO] [stdout] stack backtrace:
[INFO] [stdout]    0:     0x5bbef9f28a9a - std::backtrace_rs::backtrace::libunwind::trace::h207520d6e9873551
[INFO] [stdout]                                at /rustc/df4ca44d3fbc9301ee17f30f4d474e6ae4b05252/library/std/src/../../backtrace/src/backtrace/libunwind.rs:116:5
[INFO] [stdout]    1:     0x5bbef9f28a9a - std::backtrace_rs::backtrace::trace_unsynchronized::h2ed7433f370e3eca
[INFO] [stdout]                                at /rustc/df4ca44d3fbc9301ee17f30f4d474e6ae4b05252/library/std/src/../../backtrace/src/backtrace/mod.rs:66:5
[INFO] [stdout]    2:     0x5bbef9f28a9a - std::sys::backtrace::_print_fmt::h916fac51166b18d7
[INFO] [stdout]                                at /rustc/df4ca44d3fbc9301ee17f30f4d474e6ae4b05252/library/std/src/sys/backtrace.rs:66:9
[INFO] [stdout]    3:     0x5bbef9f28a9a - <std::sys::backtrace::BacktraceLock::print::DisplayBacktrace as core::fmt::Display>::fmt::ha0a4c9b8ce3802e6
[INFO] [stdout]                                at /rustc/df4ca44d3fbc9301ee17f30f4d474e6ae4b05252/library/std/src/sys/backtrace.rs:39:26
[INFO] [stdout]    4:     0x5bbef9f51403 - core::fmt::rt::Argument::fmt::h4cfc8587d52b3eb5
[INFO] [stdout]                                at /rustc/df4ca44d3fbc9301ee17f30f4d474e6ae4b05252/library/core/src/fmt/rt.rs:177:76
[INFO] [stdout]    5:     0x5bbef9f51403 - core::fmt::write::h522cc39e5b36ae9f
[INFO] [stdout]                                at /rustc/df4ca44d3fbc9301ee17f30f4d474e6ae4b05252/library/core/src/fmt/mod.rs:1190:21
[INFO] [stdout]    6:     0x5bbef9f25533 - std::io::Write::write_fmt::h7d3c26752da97734
[INFO] [stdout]                                at /rustc/df4ca44d3fbc9301ee17f30f4d474e6ae4b05252/library/std/src/io/mod.rs:1839:15
[INFO] [stdout]    7:     0x5bbef9f288e2 - std::sys::backtrace::BacktraceLock::print::h4b9e00b29e9c0942
[INFO] [stdout]                                at /rustc/df4ca44d3fbc9301ee17f30f4d474e6ae4b05252/library/std/src/sys/backtrace.rs:42:9
[INFO] [stdout]    8:     0x5bbef9f29f2a - std::panicking::default_hook::{{closure}}::hb59b88280d0324d9
[INFO] [stdout]                                at /rustc/df4ca44d3fbc9301ee17f30f4d474e6ae4b05252/library/std/src/panicking.rs:268:22
[INFO] [stdout]    9:     0x5bbef9f29d34 - std::panicking::default_hook::he1dd496665be4a29
[INFO] [stdout]                                at /rustc/df4ca44d3fbc9301ee17f30f4d474e6ae4b05252/library/std/src/panicking.rs:292:9
[INFO] [stdout]   10:     0x5bbef9eb5269 - <alloc::boxed::Box<F,A> as core::ops::function::Fn<Args>>::call::h4ff71de18744e1dc
[INFO] [stdout]                                at /rustc/df4ca44d3fbc9301ee17f30f4d474e6ae4b05252/library/alloc/src/boxed.rs:2468:9
[INFO] [stdout]   11:     0x5bbef9eb5269 - test::test_main::{{closure}}::hcf7c055ce117aa81
[INFO] [stdout]                                at /rustc/df4ca44d3fbc9301ee17f30f4d474e6ae4b05252/library/test/src/lib.rs:133:21
[INFO] [stdout]   12:     0x5bbef9f2a628 - <alloc::boxed::Box<F,A> as core::ops::function::Fn<Args>>::call::h1d66c6bbd60c9692
[INFO] [stdout]                                at /rustc/df4ca44d3fbc9301ee17f30f4d474e6ae4b05252/library/alloc/src/boxed.rs:2468:9
[INFO] [stdout]   13:     0x5bbef9f2a628 - std::panicking::rust_panic_with_hook::h2ff17fe8f26dfcf8
[INFO] [stdout]                                at /rustc/df4ca44d3fbc9301ee17f30f4d474e6ae4b05252/library/std/src/panicking.rs:809:13
[INFO] [stdout]   14:     0x5bbef9f2a3ea - std::panicking::begin_panic_handler::{{closure}}::h4fad77951c07e101
[INFO] [stdout]                                at /rustc/df4ca44d3fbc9301ee17f30f4d474e6ae4b05252/library/std/src/panicking.rs:674:13
[INFO] [stdout]   15:     0x5bbef9f28f79 - std::sys::backtrace::__rust_end_short_backtrace::hb1a25b3da5d0ea08
[INFO] [stdout]                                at /rustc/df4ca44d3fbc9301ee17f30f4d474e6ae4b05252/library/std/src/sys/backtrace.rs:170:18
[INFO] [stdout]   16:     0x5bbef9f2a07c - rust_begin_unwind
[INFO] [stdout]                                at /rustc/df4ca44d3fbc9301ee17f30f4d474e6ae4b05252/library/std/src/panicking.rs:665:5
[INFO] [stdout]   17:     0x5bbef9f4f190 - core::panicking::panic_fmt::ha9db07b529f9b256
[INFO] [stdout]                                at /rustc/df4ca44d3fbc9301ee17f30f4d474e6ae4b05252/library/core/src/panicking.rs:75:14
[INFO] [stdout]   18:     0x5bbef9e4b340 - llm_samplers::tests::validate::hd1f4a6b4d2427e72
[INFO] [stdout]                                at /opt/rustwide/workdir/src/tests.rs:70:5
[INFO] [stdout]   19:     0x5bbef9e4bd9e - llm_samplers::tests::validate_sm::h67966d7ee0f9ef68
[INFO] [stdout]                                at /opt/rustwide/workdir/src/tests.rs:77:5
[INFO] [stdout]   20:     0x5bbef9e46a30 - llm_samplers::tests::test_sampler_ll::h3ac58ff8ac0e6481
[INFO] [stdout]                                at /opt/rustwide/workdir/src/tests.rs:25:5
[INFO] [stdout]   21:     0x5bbef9e48233 - llm_samplers::tests::test_sampler::h8dff749edcf80051
[INFO] [stdout]                                at /opt/rustwide/workdir/src/tests.rs:35:5
[INFO] [stdout]   22:     0x5bbef9e4f6fa - llm_samplers::tests::sampler::test_sequence_repetition::h999276eb6e723aab
[INFO] [stdout]                                at /opt/rustwide/workdir/src/tests.rs:370:9
[INFO] [stdout]   23:     0x5bbef9e4f4a7 - llm_samplers::tests::sampler::test_sequence_repetition::{{closure}}::he9223917d82716d1
[INFO] [stdout]                                at /opt/rustwide/workdir/src/tests.rs:358:38
[INFO] [stdout]   24:     0x5bbef9e5a0f6 - core::ops::function::FnOnce::call_once::h1bf99696de8f9035
[INFO] [stdout]                                at /rustc/df4ca44d3fbc9301ee17f30f4d474e6ae4b05252/library/core/src/ops/function.rs:250:5
[INFO] [stdout]   25:     0x5bbef9eb9b3b - core::ops::function::FnOnce::call_once::h22c3ba5715e93f05
[INFO] [stdout]                                at /rustc/df4ca44d3fbc9301ee17f30f4d474e6ae4b05252/library/core/src/ops/function.rs:250:5
[INFO] [stdout]   26:     0x5bbef9eb9b3b - test::__rust_begin_short_backtrace::h8e82d8113d0da17f
[INFO] [stdout]                                at /rustc/df4ca44d3fbc9301ee17f30f4d474e6ae4b05252/library/test/src/lib.rs:621:18
[INFO] [stdout]   27:     0x5bbef9eb94b7 - test::run_test_in_process::{{closure}}::h33235f4f20b7b7c7
[INFO] [stdout]                                at /rustc/df4ca44d3fbc9301ee17f30f4d474e6ae4b05252/library/test/src/lib.rs:644:60
[INFO] [stdout]   28:     0x5bbef9eb94b7 - <core::panic::unwind_safe::AssertUnwindSafe<F> as core::ops::function::FnOnce<()>>::call_once::hb5043206310c586f
[INFO] [stdout]                                at /rustc/df4ca44d3fbc9301ee17f30f4d474e6ae4b05252/library/core/src/panic/unwind_safe.rs:272:9
[INFO] [stdout]   29:     0x5bbef9eb94b7 - std::panicking::try::do_call::h9ad4731a60ab23e2
[INFO] [stdout]                                at /rustc/df4ca44d3fbc9301ee17f30f4d474e6ae4b05252/library/std/src/panicking.rs:557:40
[INFO] [stdout]   30:     0x5bbef9eb94b7 - std::panicking::try::h3824d23db772a716
[INFO] [stdout]                                at /rustc/df4ca44d3fbc9301ee17f30f4d474e6ae4b05252/library/std/src/panicking.rs:520:19
[INFO] [stdout]   31:     0x5bbef9eb94b7 - std::panic::catch_unwind::h5afd514605fde46b
[INFO] [stdout]                                at /rustc/df4ca44d3fbc9301ee17f30f4d474e6ae4b05252/library/std/src/panic.rs:358:14
[INFO] [stdout]   32:     0x5bbef9eb94b7 - test::run_test_in_process::h0d5cbfa7067d1720
[INFO] [stdout]                                at /rustc/df4ca44d3fbc9301ee17f30f4d474e6ae4b05252/library/test/src/lib.rs:644:27
[INFO] [stdout]   33:     0x5bbef9eb94b7 - test::run_test::{{closure}}::h708eb8872708115d
[INFO] [stdout]                                at /rustc/df4ca44d3fbc9301ee17f30f4d474e6ae4b05252/library/test/src/lib.rs:565:43
[INFO] [stdout]   34:     0x5bbef9e7cbd4 - test::run_test::{{closure}}::h392c51cee94713ab
[INFO] [stdout]                                at /rustc/df4ca44d3fbc9301ee17f30f4d474e6ae4b05252/library/test/src/lib.rs:595:41
[INFO] [stdout]   35:     0x5bbef9e7cbd4 - std::sys::backtrace::__rust_begin_short_backtrace::h2f40290710935a8b
[INFO] [stdout]                                at /rustc/df4ca44d3fbc9301ee17f30f4d474e6ae4b05252/library/std/src/sys/backtrace.rs:154:18
[INFO] [stdout]   36:     0x5bbef9e8037e - std::thread::Builder::spawn_unchecked_::{{closure}}::{{closure}}::h3fd968d89053a903
[INFO] [stdout]                                at /rustc/df4ca44d3fbc9301ee17f30f4d474e6ae4b05252/library/std/src/thread/mod.rs:541:17
[INFO] [stdout]   37:     0x5bbef9e8037e - <core::panic::unwind_safe::AssertUnwindSafe<F> as core::ops::function::FnOnce<()>>::call_once::h743f637ba4229880
[INFO] [stdout]                                at /rustc/df4ca44d3fbc9301ee17f30f4d474e6ae4b05252/library/core/src/panic/unwind_safe.rs:272:9
[INFO] [stdout]   38:     0x5bbef9e8037e - std::panicking::try::do_call::h07440897322525a6
[INFO] [stdout]                                at /rustc/df4ca44d3fbc9301ee17f30f4d474e6ae4b05252/library/std/src/panicking.rs:557:40
[INFO] [stdout]   39:     0x5bbef9e8037e - std::panicking::try::he5a2e00188156637
[INFO] [stdout]                                at /rustc/df4ca44d3fbc9301ee17f30f4d474e6ae4b05252/library/std/src/panicking.rs:520:19
[INFO] [stdout]   40:     0x5bbef9e8037e - std::panic::catch_unwind::hbaf3cae49b3c6433
[INFO] [stdout]                                at /rustc/df4ca44d3fbc9301ee17f30f4d474e6ae4b05252/library/std/src/panic.rs:358:14
[INFO] [stdout]   41:     0x5bbef9e8037e - std::thread::Builder::spawn_unchecked_::{{closure}}::h8e141ea224820bce
[INFO] [stdout]                                at /rustc/df4ca44d3fbc9301ee17f30f4d474e6ae4b05252/library/std/src/thread/mod.rs:540:30
[INFO] [stdout]   42:     0x5bbef9e8037e - core::ops::function::FnOnce::call_once{{vtable.shim}}::h90d312fedd7b8ea8
[INFO] [stdout]                                at /rustc/df4ca44d3fbc9301ee17f30f4d474e6ae4b05252/library/core/src/ops/function.rs:250:5
[INFO] [stdout]   43:     0x5bbef9f2e41b - <alloc::boxed::Box<F,A> as core::ops::function::FnOnce<Args>>::call_once::h69aa08ddb6adb8b6
[INFO] [stdout]                                at /rustc/df4ca44d3fbc9301ee17f30f4d474e6ae4b05252/library/alloc/src/boxed.rs:2454:9
[INFO] [stdout]   44:     0x5bbef9f2e41b - <alloc::boxed::Box<F,A> as core::ops::function::FnOnce<Args>>::call_once::h5aa36efdb79c806f
[INFO] [stdout]                                at /rustc/df4ca44d3fbc9301ee17f30f4d474e6ae4b05252/library/alloc/src/boxed.rs:2454:9
[INFO] [stdout]   45:     0x5bbef9f2e41b - std::sys::pal::unix::thread::Thread::new::thread_start::h6cd80a1b4be5158d
[INFO] [stdout]                                at /rustc/df4ca44d3fbc9301ee17f30f4d474e6ae4b05252/library/std/src/sys/pal/unix/thread.rs:105:17
[INFO] [stdout]   46:     0x7ad787cf8ac3 - <unknown>
[INFO] [stdout]   47:     0x7ad787d89a04 - clone
[INFO] [stdout]   48:                0x0 - <unknown>
[INFO] [stdout] 
[INFO] [stdout] 
[INFO] [stdout] failures:
[INFO] [stdout]     tests::sampler::test_sequence_repetition
[INFO] [stdout] 
[INFO] [stdout] test result: FAILED. 23 passed; 1 failed; 0 ignored; 0 measured; 0 filtered out; finished in 0.02s
[INFO] [stdout] 
[INFO] [stderr] error: test failed, to rerun pass `--lib`
[INFO] running `Command { std: "docker" "inspect" "217926662eb79f53c492a07eda80b2c933551e9fe7d924dd2ed3e70a3b990fa0", kill_on_drop: false }`
[INFO] running `Command { std: "docker" "rm" "-f" "217926662eb79f53c492a07eda80b2c933551e9fe7d924dd2ed3e70a3b990fa0", kill_on_drop: false }`
[INFO] [stdout] 217926662eb79f53c492a07eda80b2c933551e9fe7d924dd2ed3e70a3b990fa0
