[INFO] fetching crate livemod 0.5.0...
[INFO] testing livemod-0.5.0 against nightly-2024-10-28 for randomize-layout
[INFO] extracting crate livemod 0.5.0 into /workspace/builds/worker-3-tc1/source
[INFO] validating manifest of crates.io crate livemod 0.5.0 on toolchain nightly-2024-10-28
[INFO] running `Command { std: CARGO_HOME="/workspace/cargo-home" RUSTUP_HOME="/workspace/rustup-home" "/workspace/cargo-home/bin/cargo" "+nightly-2024-10-28" "metadata" "--manifest-path" "Cargo.toml" "--no-deps", kill_on_drop: false }`
[INFO] started tweaking crates.io crate livemod 0.5.0
[INFO] finished tweaking crates.io crate livemod 0.5.0
[INFO] tweaked toml for crates.io crate livemod 0.5.0 written to /workspace/builds/worker-3-tc1/source/Cargo.toml
[INFO] running `Command { std: CARGO_HOME="/workspace/cargo-home" RUSTUP_HOME="/workspace/rustup-home" "/workspace/cargo-home/bin/cargo" "+nightly-2024-10-28" "generate-lockfile" "--manifest-path" "Cargo.toml", kill_on_drop: false }`
[INFO] [stderr]     Updating crates.io index
[INFO] [stderr]      Locking 26 packages to latest compatible versions
[INFO] [stderr]       Adding hashlink v0.7.0 (available: v0.9.1)
[INFO] [stderr]       Adding parking_lot v0.11.2 (available: v0.12.3)
[INFO] running `Command { std: CARGO_HOME="/workspace/cargo-home" RUSTUP_HOME="/workspace/rustup-home" "/workspace/cargo-home/bin/cargo" "+nightly-2024-10-28" "fetch" "--manifest-path" "Cargo.toml", kill_on_drop: false }`
[INFO] [stderr]  Downloading crates ...
[INFO] [stderr]   Downloaded livemod-derive v0.5.0
[INFO] running `Command { std: "docker" "create" "-v" "/var/lib/crater-agent-workspace/builds/worker-3-tc1/target:/opt/rustwide/target:rw,Z" "-v" "/var/lib/crater-agent-workspace/builds/worker-3-tc1/source:/opt/rustwide/workdir:ro,Z" "-v" "/var/lib/crater-agent-workspace/cargo-home:/opt/rustwide/cargo-home:ro,Z" "-v" "/var/lib/crater-agent-workspace/rustup-home:/opt/rustwide/rustup-home:ro,Z" "-e" "SOURCE_DIR=/opt/rustwide/workdir" "-e" "CARGO_TARGET_DIR=/opt/rustwide/target" "-e" "CARGO_HOME=/opt/rustwide/cargo-home" "-e" "RUSTUP_HOME=/opt/rustwide/rustup-home" "-w" "/opt/rustwide/workdir" "-m" "1610612736" "--user" "0:0" "--network" "none" "ghcr.io/rust-lang/crates-build-env/linux@sha256:4a844ea9eb2546a2d2c7022eacef16ef2e8229c7fbb2c7d4d55a9ceca922f72d" "/opt/rustwide/cargo-home/bin/cargo" "+nightly-2024-10-28" "metadata" "--no-deps" "--format-version=1", kill_on_drop: false }`
[INFO] [stdout] 07724ac0c078f99b1b1bfd9777f7e4c002fbcc3001457bb81d176ef4ac40a9e0
[INFO] running `Command { std: "docker" "start" "-a" "07724ac0c078f99b1b1bfd9777f7e4c002fbcc3001457bb81d176ef4ac40a9e0", kill_on_drop: false }`
[INFO] running `Command { std: "docker" "inspect" "07724ac0c078f99b1b1bfd9777f7e4c002fbcc3001457bb81d176ef4ac40a9e0", kill_on_drop: false }`
[INFO] running `Command { std: "docker" "rm" "-f" "07724ac0c078f99b1b1bfd9777f7e4c002fbcc3001457bb81d176ef4ac40a9e0", kill_on_drop: false }`
[INFO] [stdout] 07724ac0c078f99b1b1bfd9777f7e4c002fbcc3001457bb81d176ef4ac40a9e0
[INFO] running `Command { std: "docker" "create" "-v" "/var/lib/crater-agent-workspace/builds/worker-3-tc1/target:/opt/rustwide/target:rw,Z" "-v" "/var/lib/crater-agent-workspace/builds/worker-3-tc1/source:/opt/rustwide/workdir:ro,Z" "-v" "/var/lib/crater-agent-workspace/cargo-home:/opt/rustwide/cargo-home:ro,Z" "-v" "/var/lib/crater-agent-workspace/rustup-home:/opt/rustwide/rustup-home:ro,Z" "-e" "SOURCE_DIR=/opt/rustwide/workdir" "-e" "CARGO_TARGET_DIR=/opt/rustwide/target" "-e" "CARGO_INCREMENTAL=0" "-e" "RUST_BACKTRACE=full" "-e" "RUSTFLAGS=--cap-lints=forbid" "-e" "RUSTDOCFLAGS=--cap-lints=forbid" "-e" "CARGO_HOME=/opt/rustwide/cargo-home" "-e" "RUSTUP_HOME=/opt/rustwide/rustup-home" "-w" "/opt/rustwide/workdir" "-m" "1610612736" "--user" "0:0" "--network" "none" "ghcr.io/rust-lang/crates-build-env/linux@sha256:4a844ea9eb2546a2d2c7022eacef16ef2e8229c7fbb2c7d4d55a9ceca922f72d" "/opt/rustwide/cargo-home/bin/cargo" "+nightly-2024-10-28" "build" "--frozen" "--message-format=json", kill_on_drop: false }`
[INFO] [stdout] 4dfa8f26edc05d3783734b474d1e7123210bb7222638aee0e682e700d7b2707e
[INFO] running `Command { std: "docker" "start" "-a" "4dfa8f26edc05d3783734b474d1e7123210bb7222638aee0e682e700d7b2707e", kill_on_drop: false }`
[INFO] [stderr]    Compiling once_cell v1.20.2
[INFO] [stderr]    Compiling parking_lot_core v0.8.6
[INFO] [stderr]    Compiling ahash v0.7.8
[INFO] [stderr]    Compiling getrandom v0.2.15
[INFO] [stderr]    Compiling instant v0.1.13
[INFO] [stderr]    Compiling hashbrown v0.11.2
[INFO] [stderr]    Compiling parking_lot v0.11.2
[INFO] [stderr]    Compiling hashlink v0.7.0
[INFO] [stderr]    Compiling livemod v0.5.0 (/opt/rustwide/workdir)
[INFO] [stdout] warning: use of deprecated associated function `std::array::IntoIter::<T, N>::new`: use `IntoIterator::into_iter` instead
[INFO] [stdout]    --> src/lib.rs:365:60
[INFO] [stdout]     |
[INFO] [stdout] 365 |             parameters: LinkedHashMap::from_iter(IntoIter::new([
[INFO] [stdout]     |                                                            ^^^
[INFO] [stdout]     |
[INFO] [stdout]     = note: `#[warn(deprecated)]` on by default
[INFO] [stdout] 
[INFO] [stdout] 
[INFO] [stdout] warning: use of deprecated associated function `std::array::IntoIter::<T, N>::new`: use `IntoIterator::into_iter` instead
[INFO] [stdout]    --> src/lib.rs:431:64
[INFO] [stdout]     |
[INFO] [stdout] 431 |                 parameters: LinkedHashMap::from_iter(IntoIter::new([(
[INFO] [stdout]     |                                                                ^^^
[INFO] [stdout] 
[INFO] [stdout] 
[INFO] [stdout] warning: use of deprecated associated function `std::array::IntoIter::<T, N>::new`: use `IntoIterator::into_iter` instead
[INFO] [stdout]    --> src/lib.rs:439:64
[INFO] [stdout]     |
[INFO] [stdout] 439 |                 parameters: LinkedHashMap::from_iter(IntoIter::new([
[INFO] [stdout]     |                                                                ^^^
[INFO] [stdout] 
[INFO] [stdout] 
[INFO] [stdout] warning: use of deprecated associated function `std::array::IntoIter::<T, N>::new`: use `IntoIterator::into_iter` instead
[INFO] [stdout]    --> src/lib.rs:447:64
[INFO] [stdout]     |
[INFO] [stdout] 447 |                 parameters: LinkedHashMap::from_iter(IntoIter::new([
[INFO] [stdout]     |                                                                ^^^
[INFO] [stdout] 
[INFO] [stdout] 
[INFO] [stdout] warning: use of deprecated associated function `std::array::IntoIter::<T, N>::new`: use `IntoIterator::into_iter` instead
[INFO] [stdout]    --> src/lib.rs:455:64
[INFO] [stdout]     |
[INFO] [stdout] 455 |                 parameters: LinkedHashMap::from_iter(IntoIter::new([
[INFO] [stdout]     |                                                                ^^^
[INFO] [stdout] 
[INFO] [stdout] 
[INFO] [stdout] warning: use of deprecated associated function `std::array::IntoIter::<T, N>::new`: use `IntoIterator::into_iter` instead
[INFO] [stdout]    --> src/lib.rs:468:64
[INFO] [stdout]     |
[INFO] [stdout] 468 |                 parameters: LinkedHashMap::from_iter(IntoIter::new([
[INFO] [stdout]     |                                                                ^^^
[INFO] [stdout] 
[INFO] [stdout] 
[INFO] [stdout] warning: use of deprecated associated function `std::array::IntoIter::<T, N>::new`: use `IntoIterator::into_iter` instead
[INFO] [stdout]    --> src/lib.rs:489:64
[INFO] [stdout]     |
[INFO] [stdout] 489 |                 parameters: LinkedHashMap::from_iter(IntoIter::new([
[INFO] [stdout]     |                                                                ^^^
[INFO] [stdout] 
[INFO] [stdout] 
[INFO] [stdout] warning: use of deprecated associated function `std::array::IntoIter::<T, N>::new`: use `IntoIterator::into_iter` instead
[INFO] [stdout]    --> src/lib.rs:510:64
[INFO] [stdout]     |
[INFO] [stdout] 510 |                 parameters: LinkedHashMap::from_iter(IntoIter::new([
[INFO] [stdout]     |                                                                ^^^
[INFO] [stdout] 
[INFO] [stdout] 
[INFO] [stdout] warning: use of deprecated associated function `std::array::IntoIter::<T, N>::new`: use `IntoIterator::into_iter` instead
[INFO] [stdout]    --> src/lib.rs:983:39
[INFO] [stdout]     |
[INFO] [stdout] 983 |                 parameters: IntoIter::new([
[INFO] [stdout]     |                                       ^^^
[INFO] [stdout] 
[INFO] [stdout] 
[INFO] [stdout] warning: use of deprecated associated function `std::array::IntoIter::<T, N>::new`: use `IntoIterator::into_iter` instead
[INFO] [stdout]     --> src/lib.rs:1076:39
[INFO] [stdout]      |
[INFO] [stdout] 1076 |                 parameters: IntoIter::new([
[INFO] [stdout]      |                                       ^^^
[INFO] [stdout] 
[INFO] [stdout] 
[INFO] [stdout] warning: struct `ChildDropper` is never constructed
[INFO] [stdout]    --> src/enabled.rs:278:8
[INFO] [stdout]     |
[INFO] [stdout] 278 | struct ChildDropper {
[INFO] [stdout]     |        ^^^^^^^^^^^^
[INFO] [stdout]     |
[INFO] [stdout]     = note: `#[warn(dead_code)]` on by default
[INFO] [stdout] 
[INFO] [stdout] 
[INFO] [stderr]     Finished `dev` profile [unoptimized + debuginfo] target(s) in 1.12s
[INFO] running `Command { std: "docker" "inspect" "4dfa8f26edc05d3783734b474d1e7123210bb7222638aee0e682e700d7b2707e", kill_on_drop: false }`
[INFO] running `Command { std: "docker" "rm" "-f" "4dfa8f26edc05d3783734b474d1e7123210bb7222638aee0e682e700d7b2707e", kill_on_drop: false }`
[INFO] [stdout] 4dfa8f26edc05d3783734b474d1e7123210bb7222638aee0e682e700d7b2707e
[INFO] running `Command { std: "docker" "create" "-v" "/var/lib/crater-agent-workspace/builds/worker-3-tc1/target:/opt/rustwide/target:rw,Z" "-v" "/var/lib/crater-agent-workspace/builds/worker-3-tc1/source:/opt/rustwide/workdir:ro,Z" "-v" "/var/lib/crater-agent-workspace/cargo-home:/opt/rustwide/cargo-home:ro,Z" "-v" "/var/lib/crater-agent-workspace/rustup-home:/opt/rustwide/rustup-home:ro,Z" "-e" "SOURCE_DIR=/opt/rustwide/workdir" "-e" "CARGO_TARGET_DIR=/opt/rustwide/target" "-e" "CARGO_INCREMENTAL=0" "-e" "RUST_BACKTRACE=full" "-e" "RUSTFLAGS=--cap-lints=forbid" "-e" "RUSTDOCFLAGS=--cap-lints=forbid" "-e" "CARGO_HOME=/opt/rustwide/cargo-home" "-e" "RUSTUP_HOME=/opt/rustwide/rustup-home" "-w" "/opt/rustwide/workdir" "-m" "1610612736" "--user" "0:0" "--network" "none" "ghcr.io/rust-lang/crates-build-env/linux@sha256:4a844ea9eb2546a2d2c7022eacef16ef2e8229c7fbb2c7d4d55a9ceca922f72d" "/opt/rustwide/cargo-home/bin/cargo" "+nightly-2024-10-28" "test" "--frozen" "--no-run" "--message-format=json", kill_on_drop: false }`
[INFO] [stdout] 08b60c54e49a5f0a7a50c3ca25be2b197dfe90c70e818e8951a32fc9dbfdf66f
[INFO] running `Command { std: "docker" "start" "-a" "08b60c54e49a5f0a7a50c3ca25be2b197dfe90c70e818e8951a32fc9dbfdf66f", kill_on_drop: false }`
[INFO] [stdout] warning: use of deprecated associated function `std::array::IntoIter::<T, N>::new`: use `IntoIterator::into_iter` instead
[INFO] [stdout]    --> src/lib.rs:365:60
[INFO] [stdout]     |
[INFO] [stdout] 365 |             parameters: LinkedHashMap::from_iter(IntoIter::new([
[INFO] [stdout]     |                                                            ^^^
[INFO] [stdout]     |
[INFO] [stdout]     = note: `#[warn(deprecated)]` on by default
[INFO] [stdout] 
[INFO] [stdout] 
[INFO] [stdout] warning: use of deprecated associated function `std::array::IntoIter::<T, N>::new`: use `IntoIterator::into_iter` instead
[INFO] [stdout]    --> src/lib.rs:431:64
[INFO] [stdout]     |
[INFO] [stdout] 431 |                 parameters: LinkedHashMap::from_iter(IntoIter::new([(
[INFO] [stdout]     |                                                                ^^^
[INFO] [stdout] 
[INFO] [stdout] 
[INFO] [stdout] warning: use of deprecated associated function `std::array::IntoIter::<T, N>::new`: use `IntoIterator::into_iter` instead
[INFO] [stdout]    --> src/lib.rs:439:64
[INFO] [stdout]     |
[INFO] [stdout] 439 |                 parameters: LinkedHashMap::from_iter(IntoIter::new([
[INFO] [stdout]     |                                                                ^^^
[INFO] [stdout] 
[INFO] [stdout] 
[INFO] [stdout] warning: use of deprecated associated function `std::array::IntoIter::<T, N>::new`: use `IntoIterator::into_iter` instead
[INFO] [stdout]    --> src/lib.rs:447:64
[INFO] [stdout]     |
[INFO] [stdout] 447 |                 parameters: LinkedHashMap::from_iter(IntoIter::new([
[INFO] [stdout]     |                                                                ^^^
[INFO] [stdout] 
[INFO] [stdout] 
[INFO] [stdout] warning: use of deprecated associated function `std::array::IntoIter::<T, N>::new`: use `IntoIterator::into_iter` instead
[INFO] [stdout]    --> src/lib.rs:455:64
[INFO] [stdout]     |
[INFO] [stdout] 455 |                 parameters: LinkedHashMap::from_iter(IntoIter::new([
[INFO] [stdout]     |                                                                ^^^
[INFO] [stdout] 
[INFO] [stdout] 
[INFO] [stdout] warning: use of deprecated associated function `std::array::IntoIter::<T, N>::new`: use `IntoIterator::into_iter` instead
[INFO] [stdout]    --> src/lib.rs:468:64
[INFO] [stdout]     |
[INFO] [stdout] 468 |                 parameters: LinkedHashMap::from_iter(IntoIter::new([
[INFO] [stdout]     |                                                                ^^^
[INFO] [stdout] 
[INFO] [stdout] 
[INFO] [stdout] warning: use of deprecated associated function `std::array::IntoIter::<T, N>::new`: use `IntoIterator::into_iter` instead
[INFO] [stdout]    --> src/lib.rs:489:64
[INFO] [stdout]     |
[INFO] [stdout] 489 |                 parameters: LinkedHashMap::from_iter(IntoIter::new([
[INFO] [stdout]     |                                                                ^^^
[INFO] [stdout] 
[INFO] [stdout] 
[INFO] [stdout] warning: use of deprecated associated function `std::array::IntoIter::<T, N>::new`: use `IntoIterator::into_iter` instead
[INFO] [stdout]    --> src/lib.rs:510:64
[INFO] [stdout]     |
[INFO] [stdout] 510 |                 parameters: LinkedHashMap::from_iter(IntoIter::new([
[INFO] [stdout]     |                                                                ^^^
[INFO] [stdout] 
[INFO] [stdout] 
[INFO] [stdout] warning: use of deprecated associated function `std::array::IntoIter::<T, N>::new`: use `IntoIterator::into_iter` instead
[INFO] [stdout]    --> src/lib.rs:983:39
[INFO] [stdout]     |
[INFO] [stdout] 983 |                 parameters: IntoIter::new([
[INFO] [stdout]     |                                       ^^^
[INFO] [stdout] 
[INFO] [stdout] 
[INFO] [stdout] warning: use of deprecated associated function `std::array::IntoIter::<T, N>::new`: use `IntoIterator::into_iter` instead
[INFO] [stdout]     --> src/lib.rs:1076:39
[INFO] [stdout]      |
[INFO] [stdout] 1076 |                 parameters: IntoIter::new([
[INFO] [stdout]      |                                       ^^^
[INFO] [stdout] 
[INFO] [stdout] 
[INFO] [stdout] warning: struct `ChildDropper` is never constructed
[INFO] [stdout]    --> src/enabled.rs:278:8
[INFO] [stdout]     |
[INFO] [stdout] 278 | struct ChildDropper {
[INFO] [stdout]     |        ^^^^^^^^^^^^
[INFO] [stdout]     |
[INFO] [stdout]     = note: `#[warn(dead_code)]` on by default
[INFO] [stdout] 
[INFO] [stdout] 
[INFO] [stderr]    Compiling livemod v0.5.0 (/opt/rustwide/workdir)
[INFO] [stdout] warning: use of deprecated associated function `std::array::IntoIter::<T, N>::new`: use `IntoIterator::into_iter` instead
[INFO] [stdout]    --> src/lib.rs:365:60
[INFO] [stdout]     |
[INFO] [stdout] 365 |             parameters: LinkedHashMap::from_iter(IntoIter::new([
[INFO] [stdout]     |                                                            ^^^
[INFO] [stdout]     |
[INFO] [stdout]     = note: `#[warn(deprecated)]` on by default
[INFO] [stdout] 
[INFO] [stdout] 
[INFO] [stdout] warning: use of deprecated associated function `std::array::IntoIter::<T, N>::new`: use `IntoIterator::into_iter` instead
[INFO] [stdout]    --> src/lib.rs:431:64
[INFO] [stdout]     |
[INFO] [stdout] 431 |                 parameters: LinkedHashMap::from_iter(IntoIter::new([(
[INFO] [stdout]     |                                                                ^^^
[INFO] [stdout] 
[INFO] [stdout] 
[INFO] [stdout] warning: use of deprecated associated function `std::array::IntoIter::<T, N>::new`: use `IntoIterator::into_iter` instead
[INFO] [stdout]    --> src/lib.rs:439:64
[INFO] [stdout]     |
[INFO] [stdout] 439 |                 parameters: LinkedHashMap::from_iter(IntoIter::new([
[INFO] [stdout]     |                                                                ^^^
[INFO] [stdout] 
[INFO] [stdout] 
[INFO] [stdout] warning: use of deprecated associated function `std::array::IntoIter::<T, N>::new`: use `IntoIterator::into_iter` instead
[INFO] [stdout]    --> src/lib.rs:447:64
[INFO] [stdout]     |
[INFO] [stdout] 447 |                 parameters: LinkedHashMap::from_iter(IntoIter::new([
[INFO] [stdout]     |                                                                ^^^
[INFO] [stdout] 
[INFO] [stdout] 
[INFO] [stdout] warning: use of deprecated associated function `std::array::IntoIter::<T, N>::new`: use `IntoIterator::into_iter` instead
[INFO] [stdout]    --> src/lib.rs:455:64
[INFO] [stdout]     |
[INFO] [stdout] 455 |                 parameters: LinkedHashMap::from_iter(IntoIter::new([
[INFO] [stdout]     |                                                                ^^^
[INFO] [stdout] 
[INFO] [stdout] 
[INFO] [stdout] warning: use of deprecated associated function `std::array::IntoIter::<T, N>::new`: use `IntoIterator::into_iter` instead
[INFO] [stdout]    --> src/lib.rs:468:64
[INFO] [stdout]     |
[INFO] [stdout] 468 |                 parameters: LinkedHashMap::from_iter(IntoIter::new([
[INFO] [stdout]     |                                                                ^^^
[INFO] [stdout] 
[INFO] [stdout] 
[INFO] [stdout] warning: use of deprecated associated function `std::array::IntoIter::<T, N>::new`: use `IntoIterator::into_iter` instead
[INFO] [stdout]    --> src/lib.rs:489:64
[INFO] [stdout]     |
[INFO] [stdout] 489 |                 parameters: LinkedHashMap::from_iter(IntoIter::new([
[INFO] [stdout]     |                                                                ^^^
[INFO] [stdout] 
[INFO] [stdout] 
[INFO] [stdout] warning: use of deprecated associated function `std::array::IntoIter::<T, N>::new`: use `IntoIterator::into_iter` instead
[INFO] [stdout]    --> src/lib.rs:510:64
[INFO] [stdout]     |
[INFO] [stdout] 510 |                 parameters: LinkedHashMap::from_iter(IntoIter::new([
[INFO] [stdout]     |                                                                ^^^
[INFO] [stdout] 
[INFO] [stdout] 
[INFO] [stdout] warning: use of deprecated associated function `std::array::IntoIter::<T, N>::new`: use `IntoIterator::into_iter` instead
[INFO] [stdout]    --> src/lib.rs:983:39
[INFO] [stdout]     |
[INFO] [stdout] 983 |                 parameters: IntoIter::new([
[INFO] [stdout]     |                                       ^^^
[INFO] [stdout] 
[INFO] [stdout] 
[INFO] [stdout] warning: use of deprecated associated function `std::array::IntoIter::<T, N>::new`: use `IntoIterator::into_iter` instead
[INFO] [stdout]     --> src/lib.rs:1076:39
[INFO] [stdout]      |
[INFO] [stdout] 1076 |                 parameters: IntoIter::new([
[INFO] [stdout]      |                                       ^^^
[INFO] [stdout] 
[INFO] [stdout] 
[INFO] [stdout] warning: struct `ChildDropper` is never constructed
[INFO] [stdout]    --> src/enabled.rs:278:8
[INFO] [stdout]     |
[INFO] [stdout] 278 | struct ChildDropper {
[INFO] [stdout]     |        ^^^^^^^^^^^^
[INFO] [stdout]     |
[INFO] [stdout]     = note: `#[warn(dead_code)]` on by default
[INFO] [stdout] 
[INFO] [stdout] 
[INFO] [stderr]     Finished `test` profile [unoptimized + debuginfo] target(s) in 0.25s
[INFO] running `Command { std: "docker" "inspect" "08b60c54e49a5f0a7a50c3ca25be2b197dfe90c70e818e8951a32fc9dbfdf66f", kill_on_drop: false }`
[INFO] running `Command { std: "docker" "rm" "-f" "08b60c54e49a5f0a7a50c3ca25be2b197dfe90c70e818e8951a32fc9dbfdf66f", kill_on_drop: false }`
[INFO] [stdout] 08b60c54e49a5f0a7a50c3ca25be2b197dfe90c70e818e8951a32fc9dbfdf66f
[INFO] running `Command { std: "docker" "create" "-v" "/var/lib/crater-agent-workspace/builds/worker-3-tc1/target:/opt/rustwide/target:rw,Z" "-v" "/var/lib/crater-agent-workspace/builds/worker-3-tc1/source:/opt/rustwide/workdir:ro,Z" "-v" "/var/lib/crater-agent-workspace/cargo-home:/opt/rustwide/cargo-home:ro,Z" "-v" "/var/lib/crater-agent-workspace/rustup-home:/opt/rustwide/rustup-home:ro,Z" "-e" "SOURCE_DIR=/opt/rustwide/workdir" "-e" "CARGO_TARGET_DIR=/opt/rustwide/target" "-e" "CARGO_INCREMENTAL=0" "-e" "RUST_BACKTRACE=full" "-e" "RUSTFLAGS=--cap-lints=forbid" "-e" "RUSTDOCFLAGS=--cap-lints=forbid" "-e" "CARGO_HOME=/opt/rustwide/cargo-home" "-e" "RUSTUP_HOME=/opt/rustwide/rustup-home" "-w" "/opt/rustwide/workdir" "-m" "1610612736" "--user" "0:0" "--network" "none" "ghcr.io/rust-lang/crates-build-env/linux@sha256:4a844ea9eb2546a2d2c7022eacef16ef2e8229c7fbb2c7d4d55a9ceca922f72d" "/opt/rustwide/cargo-home/bin/cargo" "+nightly-2024-10-28" "test" "--frozen", kill_on_drop: false }`
[INFO] [stdout] b1a01f5651d29f872e4eb676f5d24c3b78c8c0fcff7db63d8a104ae2c2d147be
[INFO] running `Command { std: "docker" "start" "-a" "b1a01f5651d29f872e4eb676f5d24c3b78c8c0fcff7db63d8a104ae2c2d147be", kill_on_drop: false }`
[INFO] [stderr] warning: use of deprecated associated function `std::array::IntoIter::<T, N>::new`: use `IntoIterator::into_iter` instead
[INFO] [stderr]    --> src/lib.rs:365:60
[INFO] [stderr]     |
[INFO] [stderr] 365 |             parameters: LinkedHashMap::from_iter(IntoIter::new([
[INFO] [stderr]     |                                                            ^^^
[INFO] [stderr]     |
[INFO] [stderr]     = note: `#[warn(deprecated)]` on by default
[INFO] [stderr] 
[INFO] [stderr] warning: use of deprecated associated function `std::array::IntoIter::<T, N>::new`: use `IntoIterator::into_iter` instead
[INFO] [stderr]    --> src/lib.rs:431:64
[INFO] [stderr]     |
[INFO] [stderr] 431 |                 parameters: LinkedHashMap::from_iter(IntoIter::new([(
[INFO] [stderr]     |                                                                ^^^
[INFO] [stderr] 
[INFO] [stderr] warning: use of deprecated associated function `std::array::IntoIter::<T, N>::new`: use `IntoIterator::into_iter` instead
[INFO] [stderr]    --> src/lib.rs:439:64
[INFO] [stderr]     |
[INFO] [stderr] 439 |                 parameters: LinkedHashMap::from_iter(IntoIter::new([
[INFO] [stderr]     |                                                                ^^^
[INFO] [stderr] 
[INFO] [stderr] warning: use of deprecated associated function `std::array::IntoIter::<T, N>::new`: use `IntoIterator::into_iter` instead
[INFO] [stderr]    --> src/lib.rs:447:64
[INFO] [stderr]     |
[INFO] [stderr] 447 |                 parameters: LinkedHashMap::from_iter(IntoIter::new([
[INFO] [stderr]     |                                                                ^^^
[INFO] [stderr] 
[INFO] [stderr] warning: use of deprecated associated function `std::array::IntoIter::<T, N>::new`: use `IntoIterator::into_iter` instead
[INFO] [stderr]    --> src/lib.rs:455:64
[INFO] [stderr]     |
[INFO] [stderr] 455 |                 parameters: LinkedHashMap::from_iter(IntoIter::new([
[INFO] [stderr]     |                                                                ^^^
[INFO] [stderr] 
[INFO] [stderr] warning: use of deprecated associated function `std::array::IntoIter::<T, N>::new`: use `IntoIterator::into_iter` instead
[INFO] [stderr]    --> src/lib.rs:468:64
[INFO] [stderr]     |
[INFO] [stderr] 468 |                 parameters: LinkedHashMap::from_iter(IntoIter::new([
[INFO] [stderr]     |                                                                ^^^
[INFO] [stderr] 
[INFO] [stderr] warning: use of deprecated associated function `std::array::IntoIter::<T, N>::new`: use `IntoIterator::into_iter` instead
[INFO] [stderr]    --> src/lib.rs:489:64
[INFO] [stderr]     |
[INFO] [stderr] 489 |                 parameters: LinkedHashMap::from_iter(IntoIter::new([
[INFO] [stderr]     |                                                                ^^^
[INFO] [stderr] 
[INFO] [stderr] warning: use of deprecated associated function `std::array::IntoIter::<T, N>::new`: use `IntoIterator::into_iter` instead
[INFO] [stderr]    --> src/lib.rs:510:64
[INFO] [stderr]     |
[INFO] [stderr] 510 |                 parameters: LinkedHashMap::from_iter(IntoIter::new([
[INFO] [stderr]     |                                                                ^^^
[INFO] [stderr] 
[INFO] [stderr] warning: use of deprecated associated function `std::array::IntoIter::<T, N>::new`: use `IntoIterator::into_iter` instead
[INFO] [stderr]    --> src/lib.rs:983:39
[INFO] [stderr]     |
[INFO] [stderr] 983 |                 parameters: IntoIter::new([
[INFO] [stderr]     |                                       ^^^
[INFO] [stderr] 
[INFO] [stderr] warning: use of deprecated associated function `std::array::IntoIter::<T, N>::new`: use `IntoIterator::into_iter` instead
[INFO] [stderr]     --> src/lib.rs:1076:39
[INFO] [stderr]      |
[INFO] [stderr] 1076 |                 parameters: IntoIter::new([
[INFO] [stderr]      |                                       ^^^
[INFO] [stderr] 
[INFO] [stderr] warning: struct `ChildDropper` is never constructed
[INFO] [stderr]    --> src/enabled.rs:278:8
[INFO] [stderr]     |
[INFO] [stderr] 278 | struct ChildDropper {
[INFO] [stderr]     |        ^^^^^^^^^^^^
[INFO] [stderr]     |
[INFO] [stderr]     = note: `#[warn(dead_code)]` on by default
[INFO] [stderr] 
[INFO] [stderr] warning: `livemod` (lib) generated 11 warnings
[INFO] [stderr] warning: `livemod` (lib test) generated 11 warnings (11 duplicates)
[INFO] [stderr]     Finished `test` profile [unoptimized + debuginfo] target(s) in 0.02s
[INFO] [stderr]      Running unittests src/lib.rs (/opt/rustwide/target/debug/deps/livemod-ec1c667e768cb5c0)
[INFO] [stdout] 
[INFO] [stdout] running 0 tests
[INFO] [stdout] 
[INFO] [stdout] test result: ok. 0 passed; 0 failed; 0 ignored; 0 measured; 0 filtered out; finished in 0.00s
[INFO] [stdout] 
[INFO] [stderr]    Doc-tests livemod
[INFO] [stdout] 
[INFO] [stdout] running 2 tests
[INFO] [stdout] test src/lib.rs - ActionTarget<'_,'_>::from_name_and_fields (line 538) ... FAILED
[INFO] [stdout] test src/lib.rs - ActionTarget<'_,'_>::strip_one_field (line 553) ... FAILED
[INFO] [stdout] 
[INFO] [stdout] failures:
[INFO] [stdout] 
[INFO] [stdout] ---- src/lib.rs - ActionTarget<'_,'_>::from_name_and_fields (line 538) stdout ----
[INFO] [stdout] error[E0433]: failed to resolve: use of undeclared type `ActionTarget`
[INFO] [stdout]  --> src/lib.rs:539:12
[INFO] [stdout]   |
[INFO] [stdout] 3 | assert_eq!(ActionTarget::from_name_and_fields(["foo"]), ActionTarget::This);
[INFO] [stdout]   |            ^^^^^^^^^^^^ use of undeclared type `ActionTarget`
[INFO] [stdout]   |
[INFO] [stdout] help: consider importing this enum
[INFO] [stdout]   |
[INFO] [stdout] 2 + use livemod::ActionTarget;
[INFO] [stdout]   |
[INFO] [stdout] 
[INFO] [stdout] error[E0433]: failed to resolve: use of undeclared type `ActionTarget`
[INFO] [stdout]  --> src/lib.rs:539:57
[INFO] [stdout]   |
[INFO] [stdout] 3 | assert_eq!(ActionTarget::from_name_and_fields(["foo"]), ActionTarget::This);
[INFO] [stdout]   |                                                         ^^^^^^^^^^^^ use of undeclared type `ActionTarget`
[INFO] [stdout]   |
[INFO] [stdout] help: consider importing this enum
[INFO] [stdout]   |
[INFO] [stdout] 2 + use livemod::ActionTarget;
[INFO] [stdout]   |
[INFO] [stdout] 
[INFO] [stdout] error[E0433]: failed to resolve: use of undeclared type `ActionTarget`
[INFO] [stdout]  --> src/lib.rs:540:12
[INFO] [stdout]   |
[INFO] [stdout] 4 | assert_eq!(ActionTarget::from_name_and_fields(["foo", "bar"]), ActionTarget::Field(&["bar"]));
[INFO] [stdout]   |            ^^^^^^^^^^^^ use of undeclared type `ActionTarget`
[INFO] [stdout]   |
[INFO] [stdout] help: consider importing this enum
[INFO] [stdout]   |
[INFO] [stdout] 2 + use livemod::ActionTarget;
[INFO] [stdout]   |
[INFO] [stdout] 
[INFO] [stdout] error[E0433]: failed to resolve: use of undeclared type `ActionTarget`
[INFO] [stdout]  --> src/lib.rs:540:64
[INFO] [stdout]   |
[INFO] [stdout] 4 | assert_eq!(ActionTarget::from_name_and_fields(["foo", "bar"]), ActionTarget::Field(&["bar"]));
[INFO] [stdout]   |                                                                ^^^^^^^^^^^^ use of undeclared type `ActionTarget`
[INFO] [stdout]   |
[INFO] [stdout] help: consider importing this enum
[INFO] [stdout]   |
[INFO] [stdout] 2 + use livemod::ActionTarget;
[INFO] [stdout]   |
[INFO] [stdout] 
[INFO] [stdout] error: aborting due to 4 previous errors
[INFO] [stdout] 
[INFO] [stdout] For more information about this error, try `rustc --explain E0433`.
[INFO] [stdout] Couldn't compile the test.
[INFO] [stdout] ---- src/lib.rs - ActionTarget<'_,'_>::strip_one_field (line 553) stdout ----
[INFO] [stdout] error[E0433]: failed to resolve: use of undeclared type `ActionTarget`
[INFO] [stdout]  --> src/lib.rs:554:12
[INFO] [stdout]   |
[INFO] [stdout] 3 | assert_eq!(ActionTarget::This.strip_one_field(), None);
[INFO] [stdout]   |            ^^^^^^^^^^^^ use of undeclared type `ActionTarget`
[INFO] [stdout]   |
[INFO] [stdout] help: consider importing this enum
[INFO] [stdout]   |
[INFO] [stdout] 2 + use livemod::ActionTarget;
[INFO] [stdout]   |
[INFO] [stdout] 
[INFO] [stdout] error[E0433]: failed to resolve: use of undeclared type `ActionTarget`
[INFO] [stdout]  --> src/lib.rs:555:12
[INFO] [stdout]   |
[INFO] [stdout] 4 | assert_eq!(ActionTarget::Field(&["foo"]).strip_one_field(), Some(("foo", ActionTarget::This)));
[INFO] [stdout]   |            ^^^^^^^^^^^^ use of undeclared type `ActionTarget`
[INFO] [stdout]   |
[INFO] [stdout] help: consider importing this enum
[INFO] [stdout]   |
[INFO] [stdout] 2 + use livemod::ActionTarget;
[INFO] [stdout]   |
[INFO] [stdout] 
[INFO] [stdout] error[E0433]: failed to resolve: use of undeclared type `ActionTarget`
[INFO] [stdout]  --> src/lib.rs:555:74
[INFO] [stdout]   |
[INFO] [stdout] 4 | assert_eq!(ActionTarget::Field(&["foo"]).strip_one_field(), Some(("foo", ActionTarget::This)));
[INFO] [stdout]   |                                                                          ^^^^^^^^^^^^ use of undeclared type `ActionTarget`
[INFO] [stdout]   |
[INFO] [stdout] help: consider importing this enum
[INFO] [stdout]   |
[INFO] [stdout] 2 + use livemod::ActionTarget;
[INFO] [stdout]   |
[INFO] [stdout] 
[INFO] [stdout] error[E0433]: failed to resolve: use of undeclared type `ActionTarget`
[INFO] [stdout]  --> src/lib.rs:556:12
[INFO] [stdout]   |
[INFO] [stdout] 5 | assert_eq!(ActionTarget::Field(&["foo", "bar"]).strip_one_field(), Some(("foo", ActionTarget::Field(&["bar"]))));
[INFO] [stdout]   |            ^^^^^^^^^^^^ use of undeclared type `ActionTarget`
[INFO] [stdout]   |
[INFO] [stdout] help: consider importing this enum
[INFO] [stdout]   |
[INFO] [stdout] 2 + use livemod::ActionTarget;
[INFO] [stdout]   |
[INFO] [stdout] 
[INFO] [stdout] error[E0433]: failed to resolve: use of undeclared type `ActionTarget`
[INFO] [stdout]  --> src/lib.rs:556:81
[INFO] [stdout]   |
[INFO] [stdout] 5 | assert_eq!(ActionTarget::Field(&["foo", "bar"]).strip_one_field(), Some(("foo", ActionTarget::Field(&["bar"]))));
[INFO] [stdout]   |                                                                                 ^^^^^^^^^^^^ use of undeclared type `ActionTarget`
[INFO] [stdout]   |
[INFO] [stdout] help: consider importing this enum
[INFO] [stdout]   |
[INFO] [stdout] 2 + use livemod::ActionTarget;
[INFO] [stdout]   |
[INFO] [stdout] 
[INFO] [stdout] error: aborting due to 5 previous errors
[INFO] [stdout] 
[INFO] [stdout] For more information about this error, try `rustc --explain E0433`.
[INFO] [stdout] Couldn't compile the test.
[INFO] [stdout] 
[INFO] [stdout] failures:
[INFO] [stdout]     src/lib.rs - ActionTarget<'_,'_>::from_name_and_fields (line 538)
[INFO] [stdout]     src/lib.rs - ActionTarget<'_,'_>::strip_one_field (line 553)
[INFO] [stdout] 
[INFO] [stdout] test result: FAILED. 0 passed; 2 failed; 0 ignored; 0 measured; 0 filtered out; finished in 0.04s
[INFO] [stdout] 
[INFO] [stderr] error: doctest failed, to rerun pass `--doc`
[INFO] running `Command { std: "docker" "inspect" "b1a01f5651d29f872e4eb676f5d24c3b78c8c0fcff7db63d8a104ae2c2d147be", kill_on_drop: false }`
[INFO] running `Command { std: "docker" "rm" "-f" "b1a01f5651d29f872e4eb676f5d24c3b78c8c0fcff7db63d8a104ae2c2d147be", kill_on_drop: false }`
[INFO] [stdout] b1a01f5651d29f872e4eb676f5d24c3b78c8c0fcff7db63d8a104ae2c2d147be
