[INFO] fetching crate listenbrainz_rs_nova 0.7.2...
[INFO] testing listenbrainz_rs_nova-0.7.2 against nightly-2024-10-28+rustflags=-Zrandomize-layout for randomize-layout
[INFO] extracting crate listenbrainz_rs_nova 0.7.2 into /workspace/builds/worker-2-tc2/source
[INFO] validating manifest of crates.io crate listenbrainz_rs_nova 0.7.2 on toolchain nightly-2024-10-28
[INFO] running `Command { std: CARGO_HOME="/workspace/cargo-home" RUSTUP_HOME="/workspace/rustup-home" "/workspace/cargo-home/bin/cargo" "+nightly-2024-10-28" "metadata" "--manifest-path" "Cargo.toml" "--no-deps", kill_on_drop: false }`
[INFO] started tweaking crates.io crate listenbrainz_rs_nova 0.7.2
[INFO] finished tweaking crates.io crate listenbrainz_rs_nova 0.7.2
[INFO] tweaked toml for crates.io crate listenbrainz_rs_nova 0.7.2 written to /workspace/builds/worker-2-tc2/source/Cargo.toml
[INFO] crate crates.io crate listenbrainz_rs_nova 0.7.2 already has a lockfile, it will not be regenerated
[INFO] running `Command { std: CARGO_HOME="/workspace/cargo-home" RUSTUP_HOME="/workspace/rustup-home" "/workspace/cargo-home/bin/cargo" "+nightly-2024-10-28" "fetch" "--manifest-path" "Cargo.toml", kill_on_drop: false }`
[INFO] running `Command { std: "docker" "create" "-v" "/var/lib/crater-agent-workspace/builds/worker-2-tc2/target:/opt/rustwide/target:rw,Z" "-v" "/var/lib/crater-agent-workspace/builds/worker-2-tc2/source:/opt/rustwide/workdir:ro,Z" "-v" "/var/lib/crater-agent-workspace/cargo-home:/opt/rustwide/cargo-home:ro,Z" "-v" "/var/lib/crater-agent-workspace/rustup-home:/opt/rustwide/rustup-home:ro,Z" "-e" "SOURCE_DIR=/opt/rustwide/workdir" "-e" "CARGO_TARGET_DIR=/opt/rustwide/target" "-e" "CARGO_HOME=/opt/rustwide/cargo-home" "-e" "RUSTUP_HOME=/opt/rustwide/rustup-home" "-w" "/opt/rustwide/workdir" "-m" "1610612736" "--user" "0:0" "--network" "none" "ghcr.io/rust-lang/crates-build-env/linux@sha256:4a844ea9eb2546a2d2c7022eacef16ef2e8229c7fbb2c7d4d55a9ceca922f72d" "/opt/rustwide/cargo-home/bin/cargo" "+nightly-2024-10-28" "metadata" "--no-deps" "--format-version=1", kill_on_drop: false }`
[INFO] [stdout] fb9050da57991a6d75624621ccf9a1a3add4685e0a26fef974028e45d1c68e52
[INFO] running `Command { std: "docker" "start" "-a" "fb9050da57991a6d75624621ccf9a1a3add4685e0a26fef974028e45d1c68e52", kill_on_drop: false }`
[INFO] running `Command { std: "docker" "inspect" "fb9050da57991a6d75624621ccf9a1a3add4685e0a26fef974028e45d1c68e52", kill_on_drop: false }`
[INFO] running `Command { std: "docker" "rm" "-f" "fb9050da57991a6d75624621ccf9a1a3add4685e0a26fef974028e45d1c68e52", kill_on_drop: false }`
[INFO] [stdout] fb9050da57991a6d75624621ccf9a1a3add4685e0a26fef974028e45d1c68e52
[INFO] running `Command { std: "docker" "create" "-v" "/var/lib/crater-agent-workspace/builds/worker-2-tc2/target:/opt/rustwide/target:rw,Z" "-v" "/var/lib/crater-agent-workspace/builds/worker-2-tc2/source:/opt/rustwide/workdir:ro,Z" "-v" "/var/lib/crater-agent-workspace/cargo-home:/opt/rustwide/cargo-home:ro,Z" "-v" "/var/lib/crater-agent-workspace/rustup-home:/opt/rustwide/rustup-home:ro,Z" "-e" "SOURCE_DIR=/opt/rustwide/workdir" "-e" "CARGO_TARGET_DIR=/opt/rustwide/target" "-e" "CARGO_INCREMENTAL=0" "-e" "RUST_BACKTRACE=full" "-e" "RUSTFLAGS=--cap-lints=forbid -Zrandomize-layout" "-e" "RUSTDOCFLAGS=--cap-lints=forbid" "-e" "CARGO_HOME=/opt/rustwide/cargo-home" "-e" "RUSTUP_HOME=/opt/rustwide/rustup-home" "-w" "/opt/rustwide/workdir" "-m" "1610612736" "--user" "0:0" "--network" "none" "ghcr.io/rust-lang/crates-build-env/linux@sha256:4a844ea9eb2546a2d2c7022eacef16ef2e8229c7fbb2c7d4d55a9ceca922f72d" "/opt/rustwide/cargo-home/bin/cargo" "+nightly-2024-10-28" "build" "--frozen" "--message-format=json", kill_on_drop: false }`
[INFO] [stdout] e13692317326af95dffe03ea8af543c9817cdaac32076b02a422bb733c485782
[INFO] running `Command { std: "docker" "start" "-a" "e13692317326af95dffe03ea8af543c9817cdaac32076b02a422bb733c485782", kill_on_drop: false }`
[INFO] [stderr]    Compiling cc v1.0.86
[INFO] [stderr]    Compiling crc32fast v1.4.0
[INFO] [stderr]    Compiling syn v2.0.50
[INFO] [stderr]    Compiling log v0.4.20
[INFO] [stderr]    Compiling miniz_oxide v0.7.2
[INFO] [stderr]    Compiling thiserror v1.0.57
[INFO] [stderr]    Compiling http v1.0.0
[INFO] [stderr]    Compiling flate2 v1.0.28
[INFO] [stderr]    Compiling openssl-sys v0.9.101
[INFO] [stderr]    Compiling openssl v0.10.64
[INFO] [stderr]    Compiling native-tls v0.2.11
[INFO] [stderr]    Compiling openssl-macros v0.1.1
[INFO] [stderr]    Compiling serde_derive v1.0.197
[INFO] [stderr]    Compiling thiserror-impl v1.0.57
[INFO] [stderr]    Compiling serde v1.0.197
[INFO] [stderr]    Compiling serde_json v1.0.114
[INFO] [stderr]    Compiling attohttpc v0.28.0
[INFO] [stderr]    Compiling listenbrainz_rs_nova v0.7.2 (/opt/rustwide/workdir)
[INFO] [stderr]     Finished `dev` profile [unoptimized + debuginfo] target(s) in 7.63s
[INFO] running `Command { std: "docker" "inspect" "e13692317326af95dffe03ea8af543c9817cdaac32076b02a422bb733c485782", kill_on_drop: false }`
[INFO] running `Command { std: "docker" "rm" "-f" "e13692317326af95dffe03ea8af543c9817cdaac32076b02a422bb733c485782", kill_on_drop: false }`
[INFO] [stdout] e13692317326af95dffe03ea8af543c9817cdaac32076b02a422bb733c485782
[INFO] running `Command { std: "docker" "create" "-v" "/var/lib/crater-agent-workspace/builds/worker-2-tc2/target:/opt/rustwide/target:rw,Z" "-v" "/var/lib/crater-agent-workspace/builds/worker-2-tc2/source:/opt/rustwide/workdir:ro,Z" "-v" "/var/lib/crater-agent-workspace/cargo-home:/opt/rustwide/cargo-home:ro,Z" "-v" "/var/lib/crater-agent-workspace/rustup-home:/opt/rustwide/rustup-home:ro,Z" "-e" "SOURCE_DIR=/opt/rustwide/workdir" "-e" "CARGO_TARGET_DIR=/opt/rustwide/target" "-e" "CARGO_INCREMENTAL=0" "-e" "RUST_BACKTRACE=full" "-e" "RUSTFLAGS=--cap-lints=forbid -Zrandomize-layout" "-e" "RUSTDOCFLAGS=--cap-lints=forbid" "-e" "CARGO_HOME=/opt/rustwide/cargo-home" "-e" "RUSTUP_HOME=/opt/rustwide/rustup-home" "-w" "/opt/rustwide/workdir" "-m" "1610612736" "--user" "0:0" "--network" "none" "ghcr.io/rust-lang/crates-build-env/linux@sha256:4a844ea9eb2546a2d2c7022eacef16ef2e8229c7fbb2c7d4d55a9ceca922f72d" "/opt/rustwide/cargo-home/bin/cargo" "+nightly-2024-10-28" "test" "--frozen" "--no-run" "--message-format=json", kill_on_drop: false }`
[INFO] [stdout] 56f287f002bd6e95f21e53fd56d72726f938916cb0756d03913277ea0609da4a
[INFO] running `Command { std: "docker" "start" "-a" "56f287f002bd6e95f21e53fd56d72726f938916cb0756d03913277ea0609da4a", kill_on_drop: false }`
[INFO] [stderr]    Compiling listenbrainz_rs_nova v0.7.2 (/opt/rustwide/workdir)
[INFO] [stderr]     Finished `test` profile [unoptimized + debuginfo] target(s) in 1.27s
[INFO] running `Command { std: "docker" "inspect" "56f287f002bd6e95f21e53fd56d72726f938916cb0756d03913277ea0609da4a", kill_on_drop: false }`
[INFO] running `Command { std: "docker" "rm" "-f" "56f287f002bd6e95f21e53fd56d72726f938916cb0756d03913277ea0609da4a", kill_on_drop: false }`
[INFO] [stdout] 56f287f002bd6e95f21e53fd56d72726f938916cb0756d03913277ea0609da4a
[INFO] running `Command { std: "docker" "create" "-v" "/var/lib/crater-agent-workspace/builds/worker-2-tc2/target:/opt/rustwide/target:rw,Z" "-v" "/var/lib/crater-agent-workspace/builds/worker-2-tc2/source:/opt/rustwide/workdir:ro,Z" "-v" "/var/lib/crater-agent-workspace/cargo-home:/opt/rustwide/cargo-home:ro,Z" "-v" "/var/lib/crater-agent-workspace/rustup-home:/opt/rustwide/rustup-home:ro,Z" "-e" "SOURCE_DIR=/opt/rustwide/workdir" "-e" "CARGO_TARGET_DIR=/opt/rustwide/target" "-e" "CARGO_INCREMENTAL=0" "-e" "RUST_BACKTRACE=full" "-e" "RUSTFLAGS=--cap-lints=forbid -Zrandomize-layout" "-e" "RUSTDOCFLAGS=--cap-lints=forbid" "-e" "CARGO_HOME=/opt/rustwide/cargo-home" "-e" "RUSTUP_HOME=/opt/rustwide/rustup-home" "-w" "/opt/rustwide/workdir" "-m" "1610612736" "--user" "0:0" "--network" "none" "ghcr.io/rust-lang/crates-build-env/linux@sha256:4a844ea9eb2546a2d2c7022eacef16ef2e8229c7fbb2c7d4d55a9ceca922f72d" "/opt/rustwide/cargo-home/bin/cargo" "+nightly-2024-10-28" "test" "--frozen", kill_on_drop: false }`
[INFO] [stdout] aa5560a686304cc55456494d4fa9851121490a372c88bf971132b414747bf6fc
[INFO] running `Command { std: "docker" "start" "-a" "aa5560a686304cc55456494d4fa9851121490a372c88bf971132b414747bf6fc", kill_on_drop: false }`
[INFO] [stderr]     Finished `test` profile [unoptimized + debuginfo] target(s) in 0.03s
[INFO] [stderr]      Running unittests src/lib.rs (/opt/rustwide/target/debug/deps/listenbrainz_rs_nova-a4f6d3813cdc2edf)
[INFO] [stdout] 
[INFO] [stdout] running 0 tests
[INFO] [stdout] 
[INFO] [stdout] test result: ok. 0 passed; 0 failed; 0 ignored; 0 measured; 0 filtered out; finished in 0.00s
[INFO] [stdout] 
[INFO] [stderr]    Doc-tests listenbrainz_rs_nova
[INFO] [stdout] 
[INFO] [stdout] running 5 tests
[INFO] [stdout] test src/raw/request.rs - raw::request::Empty (line 150) ... ignored
[INFO] [stdout] test src/raw/request.rs - raw::request::Empty (line 157) ... ignored
[INFO] [stdout] test src/raw/request.rs - raw::request::PlaylistCreatePlaylistTrack (line 109) ... FAILED
[INFO] [stdout] test src/lib.rs - (line 16) - compile ... FAILED
[INFO] [stdout] test src/lib.rs - (line 29) - compile ... FAILED
[INFO] [stdout] 
[INFO] [stdout] failures:
[INFO] [stdout] 
[INFO] [stdout] ---- src/raw/request.rs - raw::request::PlaylistCreatePlaylistTrack (line 109) stdout ----
[INFO] [stdout] error[E0433]: failed to resolve: use of undeclared crate or module `listenbrainz`
[INFO] [stdout]  --> src/raw/request.rs:110:5
[INFO] [stdout]   |
[INFO] [stdout] 3 | use listenbrainz::raw::request::PlaylistCreatePlaylistTrack;
[INFO] [stdout]   |     ^^^^^^^^^^^^ use of undeclared crate or module `listenbrainz`
[INFO] [stdout] 
[INFO] [stdout] error: aborting due to 1 previous error
[INFO] [stdout] 
[INFO] [stdout] For more information about this error, try `rustc --explain E0433`.
[INFO] [stdout] Couldn't compile the test.
[INFO] [stdout] ---- src/lib.rs - (line 16) stdout ----
[INFO] [stdout] error[E0432]: unresolved import `listenbrainz`
[INFO] [stdout]  --> src/lib.rs:17:5
[INFO] [stdout]   |
[INFO] [stdout] 3 | use listenbrainz::ListenBrainz;
[INFO] [stdout]   |     ^^^^^^^^^^^^ use of undeclared crate or module `listenbrainz`
[INFO] [stdout] 
[INFO] [stdout] error: aborting due to 1 previous error
[INFO] [stdout] 
[INFO] [stdout] For more information about this error, try `rustc --explain E0432`.
[INFO] [stdout] Couldn't compile the test.
[INFO] [stdout] ---- src/lib.rs - (line 29) stdout ----
[INFO] [stdout] error[E0432]: unresolved import `listenbrainz`
[INFO] [stdout]  --> src/lib.rs:30:5
[INFO] [stdout]   |
[INFO] [stdout] 3 | use listenbrainz::ListenBrainz;
[INFO] [stdout]   |     ^^^^^^^^^^^^ use of undeclared crate or module `listenbrainz`
[INFO] [stdout] 
[INFO] [stdout] error: aborting due to 1 previous error
[INFO] [stdout] 
[INFO] [stdout] For more information about this error, try `rustc --explain E0432`.
[INFO] [stdout] Couldn't compile the test.
[INFO] [stdout] 
[INFO] [stdout] failures:
[INFO] [stdout]     src/lib.rs - (line 16)
[INFO] [stdout]     src/lib.rs - (line 29)
[INFO] [stdout]     src/raw/request.rs - raw::request::PlaylistCreatePlaylistTrack (line 109)
[INFO] [stdout] 
[INFO] [stdout] test result: FAILED. 0 passed; 3 failed; 2 ignored; 0 measured; 0 filtered out; finished in 0.03s
[INFO] [stdout] 
[INFO] [stderr] error: doctest failed, to rerun pass `--doc`
[INFO] running `Command { std: "docker" "inspect" "aa5560a686304cc55456494d4fa9851121490a372c88bf971132b414747bf6fc", kill_on_drop: false }`
[INFO] running `Command { std: "docker" "rm" "-f" "aa5560a686304cc55456494d4fa9851121490a372c88bf971132b414747bf6fc", kill_on_drop: false }`
[INFO] [stdout] aa5560a686304cc55456494d4fa9851121490a372c88bf971132b414747bf6fc
