[INFO] fetching crate list_files_macro 0.1.0...
[INFO] testing list_files_macro-0.1.0 against nightly-2024-10-28+rustflags=-Zrandomize-layout for randomize-layout
[INFO] extracting crate list_files_macro 0.1.0 into /workspace/builds/worker-4-tc2/source
[INFO] validating manifest of crates.io crate list_files_macro 0.1.0 on toolchain nightly-2024-10-28
[INFO] running `Command { std: CARGO_HOME="/workspace/cargo-home" RUSTUP_HOME="/workspace/rustup-home" "/workspace/cargo-home/bin/cargo" "+nightly-2024-10-28" "metadata" "--manifest-path" "Cargo.toml" "--no-deps", kill_on_drop: false }`
[INFO] started tweaking crates.io crate list_files_macro 0.1.0
[INFO] finished tweaking crates.io crate list_files_macro 0.1.0
[INFO] tweaked toml for crates.io crate list_files_macro 0.1.0 written to /workspace/builds/worker-4-tc2/source/Cargo.toml
[INFO] running `Command { std: CARGO_HOME="/workspace/cargo-home" RUSTUP_HOME="/workspace/rustup-home" "/workspace/cargo-home/bin/cargo" "+nightly-2024-10-28" "generate-lockfile" "--manifest-path" "Cargo.toml", kill_on_drop: false }`
[INFO] [stderr]     Updating crates.io index
[INFO] [stderr]      Locking 34 packages to latest compatible versions
[INFO] [stderr]       Adding syn v1.0.109 (available: v2.0.86)
[INFO] running `Command { std: CARGO_HOME="/workspace/cargo-home" RUSTUP_HOME="/workspace/rustup-home" "/workspace/cargo-home/bin/cargo" "+nightly-2024-10-28" "fetch" "--manifest-path" "Cargo.toml", kill_on_drop: false }`
[INFO] running `Command { std: "docker" "create" "-v" "/var/lib/crater-agent-workspace/builds/worker-4-tc2/target:/opt/rustwide/target:rw,Z" "-v" "/var/lib/crater-agent-workspace/builds/worker-4-tc2/source:/opt/rustwide/workdir:ro,Z" "-v" "/var/lib/crater-agent-workspace/cargo-home:/opt/rustwide/cargo-home:ro,Z" "-v" "/var/lib/crater-agent-workspace/rustup-home:/opt/rustwide/rustup-home:ro,Z" "-e" "SOURCE_DIR=/opt/rustwide/workdir" "-e" "CARGO_TARGET_DIR=/opt/rustwide/target" "-e" "CARGO_HOME=/opt/rustwide/cargo-home" "-e" "RUSTUP_HOME=/opt/rustwide/rustup-home" "-w" "/opt/rustwide/workdir" "-m" "1610612736" "--user" "0:0" "--network" "none" "ghcr.io/rust-lang/crates-build-env/linux@sha256:4a844ea9eb2546a2d2c7022eacef16ef2e8229c7fbb2c7d4d55a9ceca922f72d" "/opt/rustwide/cargo-home/bin/cargo" "+nightly-2024-10-28" "metadata" "--no-deps" "--format-version=1", kill_on_drop: false }`
[INFO] [stdout] 07367108cc7bb832e8eac52b8672ff7669daeca76f32ea953bc34f7c31312568
[INFO] running `Command { std: "docker" "start" "-a" "07367108cc7bb832e8eac52b8672ff7669daeca76f32ea953bc34f7c31312568", kill_on_drop: false }`
[INFO] running `Command { std: "docker" "inspect" "07367108cc7bb832e8eac52b8672ff7669daeca76f32ea953bc34f7c31312568", kill_on_drop: false }`
[INFO] running `Command { std: "docker" "rm" "-f" "07367108cc7bb832e8eac52b8672ff7669daeca76f32ea953bc34f7c31312568", kill_on_drop: false }`
[INFO] [stdout] 07367108cc7bb832e8eac52b8672ff7669daeca76f32ea953bc34f7c31312568
[INFO] running `Command { std: "docker" "create" "-v" "/var/lib/crater-agent-workspace/builds/worker-4-tc2/target:/opt/rustwide/target:rw,Z" "-v" "/var/lib/crater-agent-workspace/builds/worker-4-tc2/source:/opt/rustwide/workdir:ro,Z" "-v" "/var/lib/crater-agent-workspace/cargo-home:/opt/rustwide/cargo-home:ro,Z" "-v" "/var/lib/crater-agent-workspace/rustup-home:/opt/rustwide/rustup-home:ro,Z" "-e" "SOURCE_DIR=/opt/rustwide/workdir" "-e" "CARGO_TARGET_DIR=/opt/rustwide/target" "-e" "CARGO_INCREMENTAL=0" "-e" "RUST_BACKTRACE=full" "-e" "RUSTFLAGS=--cap-lints=forbid -Zrandomize-layout" "-e" "RUSTDOCFLAGS=--cap-lints=forbid" "-e" "CARGO_HOME=/opt/rustwide/cargo-home" "-e" "RUSTUP_HOME=/opt/rustwide/rustup-home" "-w" "/opt/rustwide/workdir" "-m" "1610612736" "--user" "0:0" "--network" "none" "ghcr.io/rust-lang/crates-build-env/linux@sha256:4a844ea9eb2546a2d2c7022eacef16ef2e8229c7fbb2c7d4d55a9ceca922f72d" "/opt/rustwide/cargo-home/bin/cargo" "+nightly-2024-10-28" "build" "--frozen" "--message-format=json", kill_on_drop: false }`
[INFO] [stdout] dc83416a3e3f7db3a6c8346bac698a79da556dd8930c402b1c21e4ae5779dc8b
[INFO] running `Command { std: "docker" "start" "-a" "dc83416a3e3f7db3a6c8346bac698a79da556dd8930c402b1c21e4ae5779dc8b", kill_on_drop: false }`
[INFO] [stderr]    Compiling syn v1.0.109
[INFO] [stderr]    Compiling list_files_macro v0.1.0 (/opt/rustwide/workdir)
[INFO] [stdout] warning: the feature `let_else` has been stable since 1.65.0 and no longer requires an attribute to enable
[INFO] [stdout]   --> src/lib.rs:53:12
[INFO] [stdout]    |
[INFO] [stdout] 53 | #![feature(let_else)]
[INFO] [stdout]    |            ^^^^^^^^
[INFO] [stdout]    |
[INFO] [stdout]    = note: `#[warn(stable_features)]` on by default
[INFO] [stdout] 
[INFO] [stdout] 
[INFO] [stderr]     Finished `dev` profile [unoptimized + debuginfo] target(s) in 1.46s
[INFO] running `Command { std: "docker" "inspect" "dc83416a3e3f7db3a6c8346bac698a79da556dd8930c402b1c21e4ae5779dc8b", kill_on_drop: false }`
[INFO] running `Command { std: "docker" "rm" "-f" "dc83416a3e3f7db3a6c8346bac698a79da556dd8930c402b1c21e4ae5779dc8b", kill_on_drop: false }`
[INFO] [stdout] dc83416a3e3f7db3a6c8346bac698a79da556dd8930c402b1c21e4ae5779dc8b
[INFO] running `Command { std: "docker" "create" "-v" "/var/lib/crater-agent-workspace/builds/worker-4-tc2/target:/opt/rustwide/target:rw,Z" "-v" "/var/lib/crater-agent-workspace/builds/worker-4-tc2/source:/opt/rustwide/workdir:ro,Z" "-v" "/var/lib/crater-agent-workspace/cargo-home:/opt/rustwide/cargo-home:ro,Z" "-v" "/var/lib/crater-agent-workspace/rustup-home:/opt/rustwide/rustup-home:ro,Z" "-e" "SOURCE_DIR=/opt/rustwide/workdir" "-e" "CARGO_TARGET_DIR=/opt/rustwide/target" "-e" "CARGO_INCREMENTAL=0" "-e" "RUST_BACKTRACE=full" "-e" "RUSTFLAGS=--cap-lints=forbid -Zrandomize-layout" "-e" "RUSTDOCFLAGS=--cap-lints=forbid" "-e" "CARGO_HOME=/opt/rustwide/cargo-home" "-e" "RUSTUP_HOME=/opt/rustwide/rustup-home" "-w" "/opt/rustwide/workdir" "-m" "1610612736" "--user" "0:0" "--network" "none" "ghcr.io/rust-lang/crates-build-env/linux@sha256:4a844ea9eb2546a2d2c7022eacef16ef2e8229c7fbb2c7d4d55a9ceca922f72d" "/opt/rustwide/cargo-home/bin/cargo" "+nightly-2024-10-28" "test" "--frozen" "--no-run" "--message-format=json", kill_on_drop: false }`
[INFO] [stdout] 429bfbbab213fe3968d2e1550b425ae95ed1c0c305d3a67ab12787e8396dbf8c
[INFO] running `Command { std: "docker" "start" "-a" "429bfbbab213fe3968d2e1550b425ae95ed1c0c305d3a67ab12787e8396dbf8c", kill_on_drop: false }`
[INFO] [stderr]    Compiling proc-macro2 v1.0.89
[INFO] [stderr]    Compiling syn v1.0.109
[INFO] [stderr]    Compiling glob v0.3.1
[INFO] [stderr]    Compiling quote v1.0.37
[INFO] [stderr]    Compiling syn v2.0.86
[INFO] [stderr]    Compiling list_files_macro v0.1.0 (/opt/rustwide/workdir)
[INFO] [stdout] warning: the feature `let_else` has been stable since 1.65.0 and no longer requires an attribute to enable
[INFO] [stdout]   --> src/lib.rs:53:12
[INFO] [stdout]    |
[INFO] [stdout] 53 | #![feature(let_else)]
[INFO] [stdout]    |            ^^^^^^^^
[INFO] [stdout]    |
[INFO] [stdout]    = note: `#[warn(stable_features)]` on by default
[INFO] [stdout] 
[INFO] [stdout] 
[INFO] [stderr]    Compiling version-sync v0.9.5
[INFO] [stdout] warning: the feature `let_else` has been stable since 1.65.0 and no longer requires an attribute to enable
[INFO] [stdout]   --> src/lib.rs:53:12
[INFO] [stdout]    |
[INFO] [stdout] 53 | #![feature(let_else)]
[INFO] [stdout]    |            ^^^^^^^^
[INFO] [stdout]    |
[INFO] [stdout]    = note: `#[warn(stable_features)]` on by default
[INFO] [stdout] 
[INFO] [stdout] 
[INFO] [stderr]     Finished `test` profile [unoptimized + debuginfo] target(s) in 3.14s
[INFO] running `Command { std: "docker" "inspect" "429bfbbab213fe3968d2e1550b425ae95ed1c0c305d3a67ab12787e8396dbf8c", kill_on_drop: false }`
[INFO] running `Command { std: "docker" "rm" "-f" "429bfbbab213fe3968d2e1550b425ae95ed1c0c305d3a67ab12787e8396dbf8c", kill_on_drop: false }`
[INFO] [stdout] 429bfbbab213fe3968d2e1550b425ae95ed1c0c305d3a67ab12787e8396dbf8c
[INFO] running `Command { std: "docker" "create" "-v" "/var/lib/crater-agent-workspace/builds/worker-4-tc2/target:/opt/rustwide/target:rw,Z" "-v" "/var/lib/crater-agent-workspace/builds/worker-4-tc2/source:/opt/rustwide/workdir:ro,Z" "-v" "/var/lib/crater-agent-workspace/cargo-home:/opt/rustwide/cargo-home:ro,Z" "-v" "/var/lib/crater-agent-workspace/rustup-home:/opt/rustwide/rustup-home:ro,Z" "-e" "SOURCE_DIR=/opt/rustwide/workdir" "-e" "CARGO_TARGET_DIR=/opt/rustwide/target" "-e" "CARGO_INCREMENTAL=0" "-e" "RUST_BACKTRACE=full" "-e" "RUSTFLAGS=--cap-lints=forbid -Zrandomize-layout" "-e" "RUSTDOCFLAGS=--cap-lints=forbid" "-e" "CARGO_HOME=/opt/rustwide/cargo-home" "-e" "RUSTUP_HOME=/opt/rustwide/rustup-home" "-w" "/opt/rustwide/workdir" "-m" "1610612736" "--user" "0:0" "--network" "none" "ghcr.io/rust-lang/crates-build-env/linux@sha256:4a844ea9eb2546a2d2c7022eacef16ef2e8229c7fbb2c7d4d55a9ceca922f72d" "/opt/rustwide/cargo-home/bin/cargo" "+nightly-2024-10-28" "test" "--frozen", kill_on_drop: false }`
[INFO] [stdout] 5c138035713840bee8bb80bec684183994e0e92b3be28c77dd8853753345f821
[INFO] running `Command { std: "docker" "start" "-a" "5c138035713840bee8bb80bec684183994e0e92b3be28c77dd8853753345f821", kill_on_drop: false }`
[INFO] [stderr] warning: the feature `let_else` has been stable since 1.65.0 and no longer requires an attribute to enable
[INFO] [stderr]   --> src/lib.rs:53:12
[INFO] [stderr]    |
[INFO] [stderr] 53 | #![feature(let_else)]
[INFO] [stderr]    |            ^^^^^^^^
[INFO] [stderr]    |
[INFO] [stderr]    = note: `#[warn(stable_features)]` on by default
[INFO] [stderr] 
[INFO] [stderr] warning: `list_files_macro` (lib) generated 1 warning
[INFO] [stderr] warning: `list_files_macro` (lib test) generated 1 warning (1 duplicate)
[INFO] [stderr]     Finished `test` profile [unoptimized + debuginfo] target(s) in 0.03s
[INFO] [stderr]      Running unittests src/lib.rs (/opt/rustwide/target/debug/deps/list_files_macro-e394ba8138ffb009)
[INFO] [stdout] 
[INFO] [stdout] running 0 tests
[INFO] [stdout] 
[INFO] [stdout] test result: ok. 0 passed; 0 failed; 0 ignored; 0 measured; 0 filtered out; finished in 0.00s
[INFO] [stdout] 
[INFO] [stderr]      Running tests/list_files.rs (/opt/rustwide/target/debug/deps/list_files-fe6993e7a7fcd7be)
[INFO] [stdout] 
[INFO] [stdout] running 3 tests
[INFO] [stdout] test list_files ... ok
[INFO] [stdout] test load_files ... ok
[INFO] [stdout] test run_files ... ok
[INFO] [stdout] 
[INFO] [stdout] test result: ok. 3 passed; 0 failed; 0 ignored; 0 measured; 0 filtered out; finished in 0.00s
[INFO] [stdout] 
[INFO] [stderr]      Running tests/version-numbers.rs (/opt/rustwide/target/debug/deps/version_numbers-7d9c6e2b61289515)
[INFO] [stdout] 
[INFO] [stdout] running 3 tests
[INFO] [stdout] test test_changelog_deps ... ok
[INFO] [stdout] test test_readme_deps ... ok
[INFO] [stdout] test test_html_root_url ... ok
[INFO] [stdout] 
[INFO] [stdout] test result: ok. 3 passed; 0 failed; 0 ignored; 0 measured; 0 filtered out; finished in 0.00s
[INFO] [stdout] 
[INFO] [stderr]    Doc-tests list_files_macro
[INFO] [stdout] 
[INFO] [stdout] running 2 tests
[INFO] [stdout] test src/../README.md - _Doctest (line 13) ... FAILED
[INFO] [stdout] test src/lib.rs - (line 3) ... ok
[INFO] [stdout] 
[INFO] [stdout] failures:
[INFO] [stdout] 
[INFO] [stdout] ---- src/../README.md - _Doctest (line 13) stdout ----
[INFO] [stdout] error[E0308]: mismatched types
[INFO] [stdout]   --> src/../README.md:23:38
[INFO] [stdout]    |
[INFO] [stdout] 13 | const FILENAMES: [&'static str; 3] = list_files!("../tests/files/*.rs");
[INFO] [stdout]    |                                 -    ^^^^^^^^^^^^^^^^^^^^^^^^^^^^^^^^^^ expected an array with a fixed size of 3 elements, found one with 0 elements
[INFO] [stdout]    |                                 |
[INFO] [stdout]    |                                 help: consider specifying the actual array length: `0`
[INFO] [stdout]    |
[INFO] [stdout]    = note: expected array `[&'static str; 3]`
[INFO] [stdout]               found array `[_; 0]`
[INFO] [stdout]    = note: this error originates in the macro `list_files` (in Nightly builds, run with -Z macro-backtrace for more info)
[INFO] [stdout] 
[INFO] [stdout] error[E0308]: mismatched types
[INFO] [stdout]   --> src/../README.md:31:37
[INFO] [stdout]    |
[INFO] [stdout] 21 | const CONTENTS: [&'static str; 3] = list_files!(include_str, "../tests/files/*.rs");
[INFO] [stdout]    |                                -    ^^^^^^^^^^^^^^^^^^^^^^^^^^^^^^^^^^^^^^^^^^^^^^^ expected an array with a fixed size of 3 elements, found one with 0 elements
[INFO] [stdout]    |                                |
[INFO] [stdout]    |                                help: consider specifying the actual array length: `0`
[INFO] [stdout]    |
[INFO] [stdout]    = note: expected array `[&'static str; 3]`
[INFO] [stdout]               found array `[_; 0]`
[INFO] [stdout]    = note: this error originates in the macro `list_files` (in Nightly builds, run with -Z macro-backtrace for more info)
[INFO] [stdout] 
[INFO] [stdout] error[E0277]: can't compare `[_; 0]` with `[&str; 3]`
[INFO] [stdout]   --> src/../README.md:51:1
[INFO] [stdout]    |
[INFO] [stdout] 41 | / assert_eq!(results, [
[INFO] [stdout] 42 | |     "A",
[INFO] [stdout] 43 | |     "B",
[INFO] [stdout] 44 | |     "C",
[INFO] [stdout] 45 | | ]);
[INFO] [stdout]    | |__^ no implementation for `[_; 0] == [&str; 3]`
[INFO] [stdout]    |
[INFO] [stdout]    = help: the trait `PartialEq<[&str; 3]>` is not implemented for `[_; 0]`
[INFO] [stdout]    = help: the following other types implement trait `PartialEq<Rhs>`:
[INFO] [stdout]              `&[T]` implements `PartialEq<Vec<U, A>>`
[INFO] [stdout]              `&[T]` implements `PartialEq<[U; N]>`
[INFO] [stdout]              `&mut [T]` implements `PartialEq<Vec<U, A>>`
[INFO] [stdout]              `&mut [T]` implements `PartialEq<[U; N]>`
[INFO] [stdout]              `[T; N]` implements `PartialEq<&[U]>`
[INFO] [stdout]              `[T; N]` implements `PartialEq<&mut [U]>`
[INFO] [stdout]              `[T; N]` implements `PartialEq<[U; N]>`
[INFO] [stdout]              `[T; N]` implements `PartialEq<[U]>`
[INFO] [stdout]            and 3 others
[INFO] [stdout]    = note: this error originates in the macro `assert_eq` (in Nightly builds, run with -Z macro-backtrace for more info)
[INFO] [stdout] 
[INFO] [stdout] error: aborting due to 3 previous errors
[INFO] [stdout] 
[INFO] [stdout] Some errors have detailed explanations: E0277, E0308.
[INFO] [stdout] For more information about an error, try `rustc --explain E0277`.
[INFO] [stdout] Couldn't compile the test.
[INFO] [stdout] 
[INFO] [stdout] failures:
[INFO] [stdout]     src/../README.md - _Doctest (line 13)
[INFO] [stdout] 
[INFO] [stdout] test result: FAILED. 1 passed; 1 failed; 0 ignored; 0 measured; 0 filtered out; finished in 0.10s
[INFO] [stdout] 
[INFO] [stderr] error: doctest failed, to rerun pass `--doc`
[INFO] running `Command { std: "docker" "inspect" "5c138035713840bee8bb80bec684183994e0e92b3be28c77dd8853753345f821", kill_on_drop: false }`
[INFO] running `Command { std: "docker" "rm" "-f" "5c138035713840bee8bb80bec684183994e0e92b3be28c77dd8853753345f821", kill_on_drop: false }`
[INFO] [stdout] 5c138035713840bee8bb80bec684183994e0e92b3be28c77dd8853753345f821
