[INFO] fetching crate linera-alloy-primitives 0.7.4...
[INFO] testing linera-alloy-primitives-0.7.4 against nightly-2024-10-28+rustflags=-Zrandomize-layout for randomize-layout
[INFO] extracting crate linera-alloy-primitives 0.7.4 into /workspace/builds/worker-4-tc2/source
[INFO] validating manifest of crates.io crate linera-alloy-primitives 0.7.4 on toolchain nightly-2024-10-28
[INFO] running `Command { std: CARGO_HOME="/workspace/cargo-home" RUSTUP_HOME="/workspace/rustup-home" "/workspace/cargo-home/bin/cargo" "+nightly-2024-10-28" "metadata" "--manifest-path" "Cargo.toml" "--no-deps", kill_on_drop: false }`
[INFO] started tweaking crates.io crate linera-alloy-primitives 0.7.4
[INFO] finished tweaking crates.io crate linera-alloy-primitives 0.7.4
[INFO] tweaked toml for crates.io crate linera-alloy-primitives 0.7.4 written to /workspace/builds/worker-4-tc2/source/Cargo.toml
[INFO] running `Command { std: CARGO_HOME="/workspace/cargo-home" RUSTUP_HOME="/workspace/rustup-home" "/workspace/cargo-home/bin/cargo" "+nightly-2024-10-28" "generate-lockfile" "--manifest-path" "Cargo.toml", kill_on_drop: false }`
[INFO] [stderr]     Updating crates.io index
[INFO] [stderr]      Locking 212 packages to latest compatible versions
[INFO] [stderr]       Adding derive_more v0.99.18 (available: v1.0.0)
[INFO] [stderr]       Adding ethereum_ssz v0.5.4 (available: v0.8.0)
[INFO] [stderr]       Adding proptest-derive v0.4.0 (available: v0.5.0)
[INFO] running `Command { std: CARGO_HOME="/workspace/cargo-home" RUSTUP_HOME="/workspace/rustup-home" "/workspace/cargo-home/bin/cargo" "+nightly-2024-10-28" "fetch" "--manifest-path" "Cargo.toml", kill_on_drop: false }`
[INFO] running `Command { std: "docker" "create" "-v" "/var/lib/crater-agent-workspace/builds/worker-4-tc2/target:/opt/rustwide/target:rw,Z" "-v" "/var/lib/crater-agent-workspace/builds/worker-4-tc2/source:/opt/rustwide/workdir:ro,Z" "-v" "/var/lib/crater-agent-workspace/cargo-home:/opt/rustwide/cargo-home:ro,Z" "-v" "/var/lib/crater-agent-workspace/rustup-home:/opt/rustwide/rustup-home:ro,Z" "-e" "SOURCE_DIR=/opt/rustwide/workdir" "-e" "CARGO_TARGET_DIR=/opt/rustwide/target" "-e" "CARGO_HOME=/opt/rustwide/cargo-home" "-e" "RUSTUP_HOME=/opt/rustwide/rustup-home" "-w" "/opt/rustwide/workdir" "-m" "1610612736" "--user" "0:0" "--network" "none" "ghcr.io/rust-lang/crates-build-env/linux@sha256:4a844ea9eb2546a2d2c7022eacef16ef2e8229c7fbb2c7d4d55a9ceca922f72d" "/opt/rustwide/cargo-home/bin/cargo" "+nightly-2024-10-28" "metadata" "--no-deps" "--format-version=1", kill_on_drop: false }`
[INFO] [stdout] 6e0c3b32e8c110e095aceb830aa414324262bdbd07594781e5269b49604f491f
[INFO] running `Command { std: "docker" "start" "-a" "6e0c3b32e8c110e095aceb830aa414324262bdbd07594781e5269b49604f491f", kill_on_drop: false }`
[INFO] running `Command { std: "docker" "inspect" "6e0c3b32e8c110e095aceb830aa414324262bdbd07594781e5269b49604f491f", kill_on_drop: false }`
[INFO] running `Command { std: "docker" "rm" "-f" "6e0c3b32e8c110e095aceb830aa414324262bdbd07594781e5269b49604f491f", kill_on_drop: false }`
[INFO] [stdout] 6e0c3b32e8c110e095aceb830aa414324262bdbd07594781e5269b49604f491f
[INFO] running `Command { std: "docker" "create" "-v" "/var/lib/crater-agent-workspace/builds/worker-4-tc2/target:/opt/rustwide/target:rw,Z" "-v" "/var/lib/crater-agent-workspace/builds/worker-4-tc2/source:/opt/rustwide/workdir:ro,Z" "-v" "/var/lib/crater-agent-workspace/cargo-home:/opt/rustwide/cargo-home:ro,Z" "-v" "/var/lib/crater-agent-workspace/rustup-home:/opt/rustwide/rustup-home:ro,Z" "-e" "SOURCE_DIR=/opt/rustwide/workdir" "-e" "CARGO_TARGET_DIR=/opt/rustwide/target" "-e" "CARGO_INCREMENTAL=0" "-e" "RUST_BACKTRACE=full" "-e" "RUSTFLAGS=--cap-lints=forbid -Zrandomize-layout" "-e" "RUSTDOCFLAGS=--cap-lints=forbid" "-e" "CARGO_HOME=/opt/rustwide/cargo-home" "-e" "RUSTUP_HOME=/opt/rustwide/rustup-home" "-w" "/opt/rustwide/workdir" "-m" "1610612736" "--user" "0:0" "--network" "none" "ghcr.io/rust-lang/crates-build-env/linux@sha256:4a844ea9eb2546a2d2c7022eacef16ef2e8229c7fbb2c7d4d55a9ceca922f72d" "/opt/rustwide/cargo-home/bin/cargo" "+nightly-2024-10-28" "build" "--frozen" "--message-format=json", kill_on_drop: false }`
[INFO] [stdout] 0a6ef657f13c48ad1a28a79f3fd9e86e2fd80698321ce8655dd2637d4df0fbaf
[INFO] running `Command { std: "docker" "start" "-a" "0a6ef657f13c48ad1a28a79f3fd9e86e2fd80698321ce8655dd2637d4df0fbaf", kill_on_drop: false }`
[INFO] [stderr]    Compiling proc-macro2 v1.0.89
[INFO] [stderr]    Compiling unicode-ident v1.0.13
[INFO] [stderr]    Compiling crunchy v0.2.2
[INFO] [stderr]    Compiling tiny-keccak v2.0.2
[INFO] [stderr]    Compiling convert_case v0.4.0
[INFO] [stderr]    Compiling cpufeatures v0.2.14
[INFO] [stderr]    Compiling ruint-macro v1.2.1
[INFO] [stderr]    Compiling hex-literal v0.4.1
[INFO] [stderr]    Compiling bytes v1.8.0
[INFO] [stderr]    Compiling itoa v1.0.11
[INFO] [stderr]    Compiling const-hex v1.13.1
[INFO] [stderr]    Compiling ruint v1.12.3
[INFO] [stderr]    Compiling quote v1.0.37
[INFO] [stderr]    Compiling syn v2.0.86
[INFO] [stderr]    Compiling derive_more v0.99.18
[INFO] [stderr]    Compiling linera-alloy-primitives v0.7.4 (/opt/rustwide/workdir)
[INFO] [stderr]     Finished `dev` profile [unoptimized + debuginfo] target(s) in 4.25s
[INFO] running `Command { std: "docker" "inspect" "0a6ef657f13c48ad1a28a79f3fd9e86e2fd80698321ce8655dd2637d4df0fbaf", kill_on_drop: false }`
[INFO] running `Command { std: "docker" "rm" "-f" "0a6ef657f13c48ad1a28a79f3fd9e86e2fd80698321ce8655dd2637d4df0fbaf", kill_on_drop: false }`
[INFO] [stdout] 0a6ef657f13c48ad1a28a79f3fd9e86e2fd80698321ce8655dd2637d4df0fbaf
[INFO] running `Command { std: "docker" "create" "-v" "/var/lib/crater-agent-workspace/builds/worker-4-tc2/target:/opt/rustwide/target:rw,Z" "-v" "/var/lib/crater-agent-workspace/builds/worker-4-tc2/source:/opt/rustwide/workdir:ro,Z" "-v" "/var/lib/crater-agent-workspace/cargo-home:/opt/rustwide/cargo-home:ro,Z" "-v" "/var/lib/crater-agent-workspace/rustup-home:/opt/rustwide/rustup-home:ro,Z" "-e" "SOURCE_DIR=/opt/rustwide/workdir" "-e" "CARGO_TARGET_DIR=/opt/rustwide/target" "-e" "CARGO_INCREMENTAL=0" "-e" "RUST_BACKTRACE=full" "-e" "RUSTFLAGS=--cap-lints=forbid -Zrandomize-layout" "-e" "RUSTDOCFLAGS=--cap-lints=forbid" "-e" "CARGO_HOME=/opt/rustwide/cargo-home" "-e" "RUSTUP_HOME=/opt/rustwide/rustup-home" "-w" "/opt/rustwide/workdir" "-m" "1610612736" "--user" "0:0" "--network" "none" "ghcr.io/rust-lang/crates-build-env/linux@sha256:4a844ea9eb2546a2d2c7022eacef16ef2e8229c7fbb2c7d4d55a9ceca922f72d" "/opt/rustwide/cargo-home/bin/cargo" "+nightly-2024-10-28" "test" "--frozen" "--no-run" "--message-format=json", kill_on_drop: false }`
[INFO] [stdout] 1d25eb975f8fd49f88aaeb443ca405feba727e65183ce077bd61e046f058dc92
[INFO] running `Command { std: "docker" "start" "-a" "1d25eb975f8fd49f88aaeb443ca405feba727e65183ce077bd61e046f058dc92", kill_on_drop: false }`
[INFO] [stderr]    Compiling crossbeam-utils v0.8.20
[INFO] [stderr]    Compiling serde v1.0.214
[INFO] [stderr]    Compiling autocfg v1.4.0
[INFO] [stderr]    Compiling libc v0.2.161
[INFO] [stderr]    Compiling rayon-core v1.12.1
[INFO] [stderr]    Compiling either v1.13.0
[INFO] [stderr]    Compiling serde_json v1.0.132
[INFO] [stderr]    Compiling half v2.4.1
[INFO] [stderr]    Compiling regex-syntax v0.8.5
[INFO] [stderr]    Compiling anstyle v1.0.9
[INFO] [stderr]    Compiling clap_lex v0.7.2
[INFO] [stderr]    Compiling memchr v2.7.4
[INFO] [stderr]    Compiling ryu v1.0.18
[INFO] [stderr]    Compiling ciborium-io v0.2.2
[INFO] [stderr]    Compiling plotters-backend v0.3.7
[INFO] [stderr]    Compiling serde_derive v1.0.214
[INFO] [stderr]    Compiling cast v0.3.0
[INFO] [stderr]    Compiling same-file v1.0.6
[INFO] [stderr]    Compiling oorandom v11.1.4
[INFO] [stderr]    Compiling itertools v0.10.5
[INFO] [stderr]    Compiling clap_builder v4.5.20
[INFO] [stderr]    Compiling ciborium-ll v0.2.2
[INFO] [stderr]    Compiling plotters-svg v0.3.7
[INFO] [stderr]    Compiling walkdir v2.5.0
[INFO] [stderr]    Compiling once_cell v1.20.2
[INFO] [stderr]    Compiling anes v0.1.6
[INFO] [stderr]    Compiling num-traits v0.2.19
[INFO] [stderr]    Compiling crossbeam-epoch v0.9.18
[INFO] [stderr]    Compiling crossbeam-deque v0.8.5
[INFO] [stderr]    Compiling is-terminal v0.4.13
[INFO] [stderr]    Compiling regex-automata v0.4.8
[INFO] [stderr]    Compiling plotters v0.3.7
[INFO] [stderr]    Compiling rayon v1.10.0
[INFO] [stderr]    Compiling criterion-plot v0.5.0
[INFO] [stderr]    Compiling clap v4.5.20
[INFO] [stderr]    Compiling regex v1.11.1
[INFO] [stderr]    Compiling ciborium v0.2.2
[INFO] [stderr]    Compiling bincode v1.3.3
[INFO] [stderr]    Compiling tinytemplate v1.2.1
[INFO] [stderr]    Compiling criterion v0.5.1
[INFO] [stderr]    Compiling linera-alloy-primitives v0.7.4 (/opt/rustwide/workdir)
[INFO] [stderr]     Finished `test` profile [unoptimized + debuginfo] target(s) in 11.01s
[INFO] running `Command { std: "docker" "inspect" "1d25eb975f8fd49f88aaeb443ca405feba727e65183ce077bd61e046f058dc92", kill_on_drop: false }`
[INFO] running `Command { std: "docker" "rm" "-f" "1d25eb975f8fd49f88aaeb443ca405feba727e65183ce077bd61e046f058dc92", kill_on_drop: false }`
[INFO] [stdout] 1d25eb975f8fd49f88aaeb443ca405feba727e65183ce077bd61e046f058dc92
[INFO] running `Command { std: "docker" "create" "-v" "/var/lib/crater-agent-workspace/builds/worker-4-tc2/target:/opt/rustwide/target:rw,Z" "-v" "/var/lib/crater-agent-workspace/builds/worker-4-tc2/source:/opt/rustwide/workdir:ro,Z" "-v" "/var/lib/crater-agent-workspace/cargo-home:/opt/rustwide/cargo-home:ro,Z" "-v" "/var/lib/crater-agent-workspace/rustup-home:/opt/rustwide/rustup-home:ro,Z" "-e" "SOURCE_DIR=/opt/rustwide/workdir" "-e" "CARGO_TARGET_DIR=/opt/rustwide/target" "-e" "CARGO_INCREMENTAL=0" "-e" "RUST_BACKTRACE=full" "-e" "RUSTFLAGS=--cap-lints=forbid -Zrandomize-layout" "-e" "RUSTDOCFLAGS=--cap-lints=forbid" "-e" "CARGO_HOME=/opt/rustwide/cargo-home" "-e" "RUSTUP_HOME=/opt/rustwide/rustup-home" "-w" "/opt/rustwide/workdir" "-m" "1610612736" "--user" "0:0" "--network" "none" "ghcr.io/rust-lang/crates-build-env/linux@sha256:4a844ea9eb2546a2d2c7022eacef16ef2e8229c7fbb2c7d4d55a9ceca922f72d" "/opt/rustwide/cargo-home/bin/cargo" "+nightly-2024-10-28" "test" "--frozen", kill_on_drop: false }`
[INFO] [stdout] 595e879e69b2c261a15d81f106f55b9a92e96075221f51cebeadd784f79411a2
[INFO] running `Command { std: "docker" "start" "-a" "595e879e69b2c261a15d81f106f55b9a92e96075221f51cebeadd784f79411a2", kill_on_drop: false }`
[INFO] [stderr]     Finished `test` profile [unoptimized + debuginfo] target(s) in 0.12s
[INFO] [stderr]      Running unittests src/lib.rs (/opt/rustwide/target/debug/deps/linera_alloy_primitives-e52187efe1b12fad)
[INFO] [stdout] 
[INFO] [stdout] running 65 tests
[INFO] [stdout] test bits::address::tests::parse ... ok
[INFO] [stdout] test bits::fixed::tests::concat_const ... ok
[INFO] [stdout] test bits::fixed::tests::debug ... ok
[INFO] [stdout] test bits::address::tests::test_raw_public_key_to_address ... ok
[INFO] [stdout] test bits::fixed::tests::left_padding_from ... ok
[INFO] [stdout] test bits::bloom::tests::works ... ok
[INFO] [stdout] test bits::fixed::tests::display ... ok
[INFO] [stdout] test bits::address::tests::checksum ... ok
[INFO] [stdout] test bits::fixed::tests::lower_hex ... ok
[INFO] [stdout] test bits::fixed::tests::right_padding_from ... ok
[INFO] [stdout] test bits::fixed::tests::upper_hex ... ok
[INFO] [stdout] test bits::function::tests::function_parts ... ok
[INFO] [stdout] test bits::macros::tests::bytes_macros ... ok
[INFO] [stdout] test bits::address::tests::create2 ... ok
[INFO] [stdout] test bits::macros::tests::fixed_byte_macros ... ok
[INFO] [stdout] test signature::parity::test::round_trip ... ok
[INFO] [stdout] test bytes_::tests::parse ... ok
[INFO] [stdout] test signature::parity::test::invert_parity ... ok
[INFO] [stdout] test bytes_::tests::format ... ok
[INFO] [stdout] test signature::parity::test::u64_round_trip ... ok
[INFO] [stdout] test signed::int::tests::addition ... ok
[INFO] [stdout] test signed::int::tests::abs ... ok
[INFO] [stdout] test signed::int::tests::bit_shift ... ok
[INFO] [stdout] test signed::int::tests::arithmetic_shift_right ... ok
[INFO] [stdout] test signed::int::tests::bits ... ok
[INFO] [stdout] test signature::sig::tests::signature_from_str ... ok
[INFO] [stdout] test signed::int::tests::div_euclid ... ok
[INFO] [stdout] test signed::int::tests::arithmetic_shift_left ... ok
[INFO] [stdout] test signed::int::tests::division ... ok
[INFO] [stdout] test signed::int::tests::exponentiation ... ok
[INFO] [stdout] test signed::int::tests::identities ... ok
[INFO] [stdout] test signed::int::tests::from_hex_str ... ok
[INFO] [stdout] test signed::int::tests::iterators ... ok
[INFO] [stdout] test signed::int::tests::from_dec_str ... ok
[INFO] [stdout] test signed::int::tests::multiplication ... ok
[INFO] [stdout] test signed::int::tests::neg ... ok
[INFO] [stdout] test signed::int::tests::parse ... ok
[INFO] [stdout] test signed::int::tests::signs ... ok
[INFO] [stdout] test signed::int::tests::remainder ... ok
[INFO] [stdout] test signed::int::tests::rem_euclid ... ok
[INFO] [stdout] test utils::units::tests::parse ... ok
[INFO] [stdout] test utils::units::tests::parse_large_units ... ok
[INFO] [stdout] test utils::units::tests::test_format_ether_signed ... ok
[INFO] [stdout] test signed::int::tests::std_num_conversion ... ok
[INFO] [stdout] test bits::address::tests::checksum_chain_id ... ok
[INFO] [stdout] test utils::units::tests::test_format_ether_unsigned ... ok
[INFO] [stdout] test signed::int::tests::twos_complement ... ok
[INFO] [stdout] test utils::tests::test_try_boxing ... ok
[INFO] [stdout] test utils::tests::test_hash_message ... ok
[INFO] [stdout] test signed::int::tests::subtraction ... ok
[INFO] [stdout] test utils::units::tests::test_format_units_signed ... ok
[INFO] [stdout] test utils::units::tests::test_format_units_unsigned ... ok
[INFO] [stdout] test utils::tests::keccak256_hasher ... ok
[INFO] [stdout] test utils::units::tests::unit_wei ... ok
[INFO] [stdout] test utils::units::tests::wei_in_ether ... ok
[INFO] [stdout] test utils::units::tests::test_parse_units ... ok
[INFO] [stdout] test utils::units::tests::test_signed_parse_units ... ok
[INFO] [stdout] test utils::units::tests::unit_values ... ok
[INFO] [stdout] test bits::fixed::tests::left_padding_from_too_large - should panic ... ok
[INFO] [stdout] test bits::fixed::tests::right_padding_from_too_large - should panic ... ok
[INFO] [stdout] test signed::int::tests::div_euclid_overflow ... ok
[INFO] [stdout] test signed::int::tests::formatting ... FAILED
[INFO] [stdout] test signed::int::tests::division_by_zero ... ok
[INFO] [stdout] test signed::int::tests::mod_by_zero ... ok
[INFO] [stdout] test signed::int::tests::div_euclid_by_zero ... ok
[INFO] [stdout] 
[INFO] [stdout] failures:
[INFO] [stdout] 
[INFO] [stdout] ---- signed::int::tests::formatting stdout ----
[INFO] [stdout] thread 'signed::int::tests::formatting' panicked at src/signed/int.rs:774:9:
[INFO] [stdout] assertion `left == right` failed
[INFO] [stdout]   left: "++3141592653589793"
[INFO] [stdout]  right: "+3141592653589793"
[INFO] [stdout] stack backtrace:
[INFO] [stdout]    0:     0x5c62598b7a9a - std::backtrace_rs::backtrace::libunwind::trace::h207520d6e9873551
[INFO] [stdout]                                at /rustc/df4ca44d3fbc9301ee17f30f4d474e6ae4b05252/library/std/src/../../backtrace/src/backtrace/libunwind.rs:116:5
[INFO] [stdout]    1:     0x5c62598b7a9a - std::backtrace_rs::backtrace::trace_unsynchronized::h2ed7433f370e3eca
[INFO] [stdout]                                at /rustc/df4ca44d3fbc9301ee17f30f4d474e6ae4b05252/library/std/src/../../backtrace/src/backtrace/mod.rs:66:5
[INFO] [stdout]    2:     0x5c62598b7a9a - std::sys::backtrace::_print_fmt::h916fac51166b18d7
[INFO] [stdout]                                at /rustc/df4ca44d3fbc9301ee17f30f4d474e6ae4b05252/library/std/src/sys/backtrace.rs:66:9
[INFO] [stdout]    3:     0x5c62598b7a9a - <std::sys::backtrace::BacktraceLock::print::DisplayBacktrace as core::fmt::Display>::fmt::ha0a4c9b8ce3802e6
[INFO] [stdout]                                at /rustc/df4ca44d3fbc9301ee17f30f4d474e6ae4b05252/library/std/src/sys/backtrace.rs:39:26
[INFO] [stdout]    4:     0x5c62598e0803 - core::fmt::rt::Argument::fmt::h4cfc8587d52b3eb5
[INFO] [stdout]                                at /rustc/df4ca44d3fbc9301ee17f30f4d474e6ae4b05252/library/core/src/fmt/rt.rs:177:76
[INFO] [stdout]    5:     0x5c62598e0803 - core::fmt::write::h522cc39e5b36ae9f
[INFO] [stdout]                                at /rustc/df4ca44d3fbc9301ee17f30f4d474e6ae4b05252/library/core/src/fmt/mod.rs:1190:21
[INFO] [stdout]    6:     0x5c62598b4703 - std::io::Write::write_fmt::h7d3c26752da97734
[INFO] [stdout]                                at /rustc/df4ca44d3fbc9301ee17f30f4d474e6ae4b05252/library/std/src/io/mod.rs:1839:15
[INFO] [stdout]    7:     0x5c62598b78e2 - std::sys::backtrace::BacktraceLock::print::h4b9e00b29e9c0942
[INFO] [stdout]                                at /rustc/df4ca44d3fbc9301ee17f30f4d474e6ae4b05252/library/std/src/sys/backtrace.rs:42:9
[INFO] [stdout]    8:     0x5c62598b8f2a - std::panicking::default_hook::{{closure}}::hb59b88280d0324d9
[INFO] [stdout]                                at /rustc/df4ca44d3fbc9301ee17f30f4d474e6ae4b05252/library/std/src/panicking.rs:268:22
[INFO] [stdout]    9:     0x5c62598b8d34 - std::panicking::default_hook::he1dd496665be4a29
[INFO] [stdout]                                at /rustc/df4ca44d3fbc9301ee17f30f4d474e6ae4b05252/library/std/src/panicking.rs:292:9
[INFO] [stdout]   10:     0x5c625986b299 - <alloc::boxed::Box<F,A> as core::ops::function::Fn<Args>>::call::h4ff71de18744e1dc
[INFO] [stdout]                                at /rustc/df4ca44d3fbc9301ee17f30f4d474e6ae4b05252/library/alloc/src/boxed.rs:2468:9
[INFO] [stdout]   11:     0x5c625986b299 - test::test_main::{{closure}}::hcf7c055ce117aa81
[INFO] [stdout]                                at /rustc/df4ca44d3fbc9301ee17f30f4d474e6ae4b05252/library/test/src/lib.rs:133:21
[INFO] [stdout]   12:     0x5c62598b9628 - <alloc::boxed::Box<F,A> as core::ops::function::Fn<Args>>::call::h1d66c6bbd60c9692
[INFO] [stdout]                                at /rustc/df4ca44d3fbc9301ee17f30f4d474e6ae4b05252/library/alloc/src/boxed.rs:2468:9
[INFO] [stdout]   13:     0x5c62598b9628 - std::panicking::rust_panic_with_hook::h2ff17fe8f26dfcf8
[INFO] [stdout]                                at /rustc/df4ca44d3fbc9301ee17f30f4d474e6ae4b05252/library/std/src/panicking.rs:809:13
[INFO] [stdout]   14:     0x5c62598b93ea - std::panicking::begin_panic_handler::{{closure}}::h4fad77951c07e101
[INFO] [stdout]                                at /rustc/df4ca44d3fbc9301ee17f30f4d474e6ae4b05252/library/std/src/panicking.rs:674:13
[INFO] [stdout]   15:     0x5c62598b7f79 - std::sys::backtrace::__rust_end_short_backtrace::hb1a25b3da5d0ea08
[INFO] [stdout]                                at /rustc/df4ca44d3fbc9301ee17f30f4d474e6ae4b05252/library/std/src/sys/backtrace.rs:170:18
[INFO] [stdout]   16:     0x5c62598b907c - rust_begin_unwind
[INFO] [stdout]                                at /rustc/df4ca44d3fbc9301ee17f30f4d474e6ae4b05252/library/std/src/panicking.rs:665:5
[INFO] [stdout]   17:     0x5c62598de9d0 - core::panicking::panic_fmt::ha9db07b529f9b256
[INFO] [stdout]                                at /rustc/df4ca44d3fbc9301ee17f30f4d474e6ae4b05252/library/core/src/panicking.rs:75:14
[INFO] [stdout]   18:     0x5c62598ded9b - core::panicking::assert_failed_inner::h04f38944d74a80a8
[INFO] [stdout]   19:     0x5c6259803680 - core::panicking::assert_failed::h3bb0db1fefd104c1
[INFO] [stdout]                                at /rustc/df4ca44d3fbc9301ee17f30f4d474e6ae4b05252/library/core/src/panicking.rs:377:5
[INFO] [stdout]   20:     0x5c625973abf0 - linera_alloy_primitives::signed::int::tests::formatting::h874f21f658b6f340
[INFO] [stdout]                                at /opt/rustwide/workdir/src/signed/int.rs:748:17
[INFO] [stdout]   21:     0x5c6259739da7 - linera_alloy_primitives::signed::int::tests::formatting::{{closure}}::ha6676c7dd719842d
[INFO] [stdout]                                at /opt/rustwide/workdir/src/signed/int.rs:738:20
[INFO] [stdout]   22:     0x5c62598021f6 - core::ops::function::FnOnce::call_once::h9e61d11365e46808
[INFO] [stdout]                                at /rustc/df4ca44d3fbc9301ee17f30f4d474e6ae4b05252/library/core/src/ops/function.rs:250:5
[INFO] [stdout]   23:     0x5c625986fb6b - core::ops::function::FnOnce::call_once::h22c3ba5715e93f05
[INFO] [stdout]                                at /rustc/df4ca44d3fbc9301ee17f30f4d474e6ae4b05252/library/core/src/ops/function.rs:250:5
[INFO] [stdout]   24:     0x5c625986fb6b - test::__rust_begin_short_backtrace::h8e82d8113d0da17f
[INFO] [stdout]                                at /rustc/df4ca44d3fbc9301ee17f30f4d474e6ae4b05252/library/test/src/lib.rs:621:18
[INFO] [stdout]   25:     0x5c625986f4e7 - test::run_test_in_process::{{closure}}::h33235f4f20b7b7c7
[INFO] [stdout]                                at /rustc/df4ca44d3fbc9301ee17f30f4d474e6ae4b05252/library/test/src/lib.rs:644:60
[INFO] [stdout]   26:     0x5c625986f4e7 - <core::panic::unwind_safe::AssertUnwindSafe<F> as core::ops::function::FnOnce<()>>::call_once::hb5043206310c586f
[INFO] [stdout]                                at /rustc/df4ca44d3fbc9301ee17f30f4d474e6ae4b05252/library/core/src/panic/unwind_safe.rs:272:9
[INFO] [stdout]   27:     0x5c625986f4e7 - std::panicking::try::do_call::h9ad4731a60ab23e2
[INFO] [stdout]                                at /rustc/df4ca44d3fbc9301ee17f30f4d474e6ae4b05252/library/std/src/panicking.rs:557:40
[INFO] [stdout]   28:     0x5c625986f4e7 - std::panicking::try::h3824d23db772a716
[INFO] [stdout]                                at /rustc/df4ca44d3fbc9301ee17f30f4d474e6ae4b05252/library/std/src/panicking.rs:520:19
[INFO] [stdout]   29:     0x5c625986f4e7 - std::panic::catch_unwind::h5afd514605fde46b
[INFO] [stdout]                                at /rustc/df4ca44d3fbc9301ee17f30f4d474e6ae4b05252/library/std/src/panic.rs:358:14
[INFO] [stdout]   30:     0x5c625986f4e7 - test::run_test_in_process::h0d5cbfa7067d1720
[INFO] [stdout]                                at /rustc/df4ca44d3fbc9301ee17f30f4d474e6ae4b05252/library/test/src/lib.rs:644:27
[INFO] [stdout]   31:     0x5c625986f4e7 - test::run_test::{{closure}}::h708eb8872708115d
[INFO] [stdout]                                at /rustc/df4ca44d3fbc9301ee17f30f4d474e6ae4b05252/library/test/src/lib.rs:565:43
[INFO] [stdout]   32:     0x5c6259832c04 - test::run_test::{{closure}}::h392c51cee94713ab
[INFO] [stdout]                                at /rustc/df4ca44d3fbc9301ee17f30f4d474e6ae4b05252/library/test/src/lib.rs:595:41
[INFO] [stdout]   33:     0x5c6259832c04 - std::sys::backtrace::__rust_begin_short_backtrace::h2f40290710935a8b
[INFO] [stdout]                                at /rustc/df4ca44d3fbc9301ee17f30f4d474e6ae4b05252/library/std/src/sys/backtrace.rs:154:18
[INFO] [stdout]   34:     0x5c62598363ae - std::thread::Builder::spawn_unchecked_::{{closure}}::{{closure}}::h3fd968d89053a903
[INFO] [stdout]                                at /rustc/df4ca44d3fbc9301ee17f30f4d474e6ae4b05252/library/std/src/thread/mod.rs:541:17
[INFO] [stdout]   35:     0x5c62598363ae - <core::panic::unwind_safe::AssertUnwindSafe<F> as core::ops::function::FnOnce<()>>::call_once::h743f637ba4229880
[INFO] [stdout]                                at /rustc/df4ca44d3fbc9301ee17f30f4d474e6ae4b05252/library/core/src/panic/unwind_safe.rs:272:9
[INFO] [stdout]   36:     0x5c62598363ae - std::panicking::try::do_call::h07440897322525a6
[INFO] [stdout]                                at /rustc/df4ca44d3fbc9301ee17f30f4d474e6ae4b05252/library/std/src/panicking.rs:557:40
[INFO] [stdout]   37:     0x5c62598363ae - std::panicking::try::he5a2e00188156637
[INFO] [stdout]                                at /rustc/df4ca44d3fbc9301ee17f30f4d474e6ae4b05252/library/std/src/panicking.rs:520:19
[INFO] [stdout]   38:     0x5c62598363ae - std::panic::catch_unwind::hbaf3cae49b3c6433
[INFO] [stdout]                                at /rustc/df4ca44d3fbc9301ee17f30f4d474e6ae4b05252/library/std/src/panic.rs:358:14
[INFO] [stdout]   39:     0x5c62598363ae - std::thread::Builder::spawn_unchecked_::{{closure}}::h8e141ea224820bce
[INFO] [stdout]                                at /rustc/df4ca44d3fbc9301ee17f30f4d474e6ae4b05252/library/std/src/thread/mod.rs:540:30
[INFO] [stdout]   40:     0x5c62598363ae - core::ops::function::FnOnce::call_once{{vtable.shim}}::h90d312fedd7b8ea8
[INFO] [stdout]                                at /rustc/df4ca44d3fbc9301ee17f30f4d474e6ae4b05252/library/core/src/ops/function.rs:250:5
[INFO] [stdout]   41:     0x5c62598bd41b - <alloc::boxed::Box<F,A> as core::ops::function::FnOnce<Args>>::call_once::h69aa08ddb6adb8b6
[INFO] [stdout]                                at /rustc/df4ca44d3fbc9301ee17f30f4d474e6ae4b05252/library/alloc/src/boxed.rs:2454:9
[INFO] [stdout]   42:     0x5c62598bd41b - <alloc::boxed::Box<F,A> as core::ops::function::FnOnce<Args>>::call_once::h5aa36efdb79c806f
[INFO] [stdout]                                at /rustc/df4ca44d3fbc9301ee17f30f4d474e6ae4b05252/library/alloc/src/boxed.rs:2454:9
[INFO] [stdout]   43:     0x5c62598bd41b - std::sys::pal::unix::thread::Thread::new::thread_start::h6cd80a1b4be5158d
[INFO] [stdout]                                at /rustc/df4ca44d3fbc9301ee17f30f4d474e6ae4b05252/library/std/src/sys/pal/unix/thread.rs:105:17
[INFO] [stdout]   44:     0x761ca4796ac3 - <unknown>
[INFO] [stdout]   45:     0x761ca4827a04 - clone
[INFO] [stdout]   46:                0x0 - <unknown>
[INFO] [stdout] 
[INFO] [stdout] 
[INFO] [stdout] failures:
[INFO] [stdout]     signed::int::tests::formatting
[INFO] [stdout] 
[INFO] [stdout] test result: FAILED. 64 passed; 1 failed; 0 ignored; 0 measured; 0 filtered out; finished in 0.03s
[INFO] [stdout] 
[INFO] [stderr] error: test failed, to rerun pass `--lib`
[INFO] running `Command { std: "docker" "inspect" "595e879e69b2c261a15d81f106f55b9a92e96075221f51cebeadd784f79411a2", kill_on_drop: false }`
[INFO] running `Command { std: "docker" "rm" "-f" "595e879e69b2c261a15d81f106f55b9a92e96075221f51cebeadd784f79411a2", kill_on_drop: false }`
[INFO] [stdout] 595e879e69b2c261a15d81f106f55b9a92e96075221f51cebeadd784f79411a2
