[INFO] fetching crate linear_isomorphic 0.2.4...
[INFO] testing linear_isomorphic-0.2.4 against nightly-2024-10-28 for randomize-layout
[INFO] extracting crate linear_isomorphic 0.2.4 into /workspace/builds/worker-3-tc1/source
[INFO] validating manifest of crates.io crate linear_isomorphic 0.2.4 on toolchain nightly-2024-10-28
[INFO] running `Command { std: CARGO_HOME="/workspace/cargo-home" RUSTUP_HOME="/workspace/rustup-home" "/workspace/cargo-home/bin/cargo" "+nightly-2024-10-28" "metadata" "--manifest-path" "Cargo.toml" "--no-deps", kill_on_drop: false }`
[INFO] started tweaking crates.io crate linear_isomorphic 0.2.4
[INFO] finished tweaking crates.io crate linear_isomorphic 0.2.4
[INFO] tweaked toml for crates.io crate linear_isomorphic 0.2.4 written to /workspace/builds/worker-3-tc1/source/Cargo.toml
[INFO] running `Command { std: CARGO_HOME="/workspace/cargo-home" RUSTUP_HOME="/workspace/rustup-home" "/workspace/cargo-home/bin/cargo" "+nightly-2024-10-28" "generate-lockfile" "--manifest-path" "Cargo.toml", kill_on_drop: false }`
[INFO] [stderr]     Updating crates.io index
[INFO] [stderr]      Locking 8 packages to latest compatible versions
[INFO] running `Command { std: CARGO_HOME="/workspace/cargo-home" RUSTUP_HOME="/workspace/rustup-home" "/workspace/cargo-home/bin/cargo" "+nightly-2024-10-28" "fetch" "--manifest-path" "Cargo.toml", kill_on_drop: false }`
[INFO] running `Command { std: "docker" "create" "-v" "/var/lib/crater-agent-workspace/builds/worker-3-tc1/target:/opt/rustwide/target:rw,Z" "-v" "/var/lib/crater-agent-workspace/builds/worker-3-tc1/source:/opt/rustwide/workdir:ro,Z" "-v" "/var/lib/crater-agent-workspace/cargo-home:/opt/rustwide/cargo-home:ro,Z" "-v" "/var/lib/crater-agent-workspace/rustup-home:/opt/rustwide/rustup-home:ro,Z" "-e" "SOURCE_DIR=/opt/rustwide/workdir" "-e" "CARGO_TARGET_DIR=/opt/rustwide/target" "-e" "CARGO_HOME=/opt/rustwide/cargo-home" "-e" "RUSTUP_HOME=/opt/rustwide/rustup-home" "-w" "/opt/rustwide/workdir" "-m" "1610612736" "--user" "0:0" "--network" "none" "ghcr.io/rust-lang/crates-build-env/linux@sha256:4a844ea9eb2546a2d2c7022eacef16ef2e8229c7fbb2c7d4d55a9ceca922f72d" "/opt/rustwide/cargo-home/bin/cargo" "+nightly-2024-10-28" "metadata" "--no-deps" "--format-version=1", kill_on_drop: false }`
[INFO] [stdout] 4ca2ac7b0806de6a45f68b1001e0656c441da6220493e505da2a179b6030a2e0
[INFO] running `Command { std: "docker" "start" "-a" "4ca2ac7b0806de6a45f68b1001e0656c441da6220493e505da2a179b6030a2e0", kill_on_drop: false }`
[INFO] running `Command { std: "docker" "inspect" "4ca2ac7b0806de6a45f68b1001e0656c441da6220493e505da2a179b6030a2e0", kill_on_drop: false }`
[INFO] running `Command { std: "docker" "rm" "-f" "4ca2ac7b0806de6a45f68b1001e0656c441da6220493e505da2a179b6030a2e0", kill_on_drop: false }`
[INFO] [stdout] 4ca2ac7b0806de6a45f68b1001e0656c441da6220493e505da2a179b6030a2e0
[INFO] running `Command { std: "docker" "create" "-v" "/var/lib/crater-agent-workspace/builds/worker-3-tc1/target:/opt/rustwide/target:rw,Z" "-v" "/var/lib/crater-agent-workspace/builds/worker-3-tc1/source:/opt/rustwide/workdir:ro,Z" "-v" "/var/lib/crater-agent-workspace/cargo-home:/opt/rustwide/cargo-home:ro,Z" "-v" "/var/lib/crater-agent-workspace/rustup-home:/opt/rustwide/rustup-home:ro,Z" "-e" "SOURCE_DIR=/opt/rustwide/workdir" "-e" "CARGO_TARGET_DIR=/opt/rustwide/target" "-e" "CARGO_INCREMENTAL=0" "-e" "RUST_BACKTRACE=full" "-e" "RUSTFLAGS=--cap-lints=forbid" "-e" "RUSTDOCFLAGS=--cap-lints=forbid" "-e" "CARGO_HOME=/opt/rustwide/cargo-home" "-e" "RUSTUP_HOME=/opt/rustwide/rustup-home" "-w" "/opt/rustwide/workdir" "-m" "1610612736" "--user" "0:0" "--network" "none" "ghcr.io/rust-lang/crates-build-env/linux@sha256:4a844ea9eb2546a2d2c7022eacef16ef2e8229c7fbb2c7d4d55a9ceca922f72d" "/opt/rustwide/cargo-home/bin/cargo" "+nightly-2024-10-28" "build" "--frozen" "--message-format=json", kill_on_drop: false }`
[INFO] [stdout] e775f924d71323cfad50e6dd649f15a57d6ba92c797a23ed06f050db06016e83
[INFO] running `Command { std: "docker" "start" "-a" "e775f924d71323cfad50e6dd649f15a57d6ba92c797a23ed06f050db06016e83", kill_on_drop: false }`
[INFO] [stderr]    Compiling num-traits v0.2.19
[INFO] [stderr]    Compiling num-integer v0.1.46
[INFO] [stderr]    Compiling num-complex v0.4.6
[INFO] [stderr]    Compiling num-bigint v0.4.6
[INFO] [stderr]    Compiling num-iter v0.1.45
[INFO] [stderr]    Compiling num-rational v0.4.2
[INFO] [stderr]    Compiling num v0.4.3
[INFO] [stderr]    Compiling linear_isomorphic v0.2.4 (/opt/rustwide/workdir)
[INFO] [stderr]     Finished `dev` profile [unoptimized + debuginfo] target(s) in 3.99s
[INFO] running `Command { std: "docker" "inspect" "e775f924d71323cfad50e6dd649f15a57d6ba92c797a23ed06f050db06016e83", kill_on_drop: false }`
[INFO] running `Command { std: "docker" "rm" "-f" "e775f924d71323cfad50e6dd649f15a57d6ba92c797a23ed06f050db06016e83", kill_on_drop: false }`
[INFO] [stdout] e775f924d71323cfad50e6dd649f15a57d6ba92c797a23ed06f050db06016e83
[INFO] running `Command { std: "docker" "create" "-v" "/var/lib/crater-agent-workspace/builds/worker-3-tc1/target:/opt/rustwide/target:rw,Z" "-v" "/var/lib/crater-agent-workspace/builds/worker-3-tc1/source:/opt/rustwide/workdir:ro,Z" "-v" "/var/lib/crater-agent-workspace/cargo-home:/opt/rustwide/cargo-home:ro,Z" "-v" "/var/lib/crater-agent-workspace/rustup-home:/opt/rustwide/rustup-home:ro,Z" "-e" "SOURCE_DIR=/opt/rustwide/workdir" "-e" "CARGO_TARGET_DIR=/opt/rustwide/target" "-e" "CARGO_INCREMENTAL=0" "-e" "RUST_BACKTRACE=full" "-e" "RUSTFLAGS=--cap-lints=forbid" "-e" "RUSTDOCFLAGS=--cap-lints=forbid" "-e" "CARGO_HOME=/opt/rustwide/cargo-home" "-e" "RUSTUP_HOME=/opt/rustwide/rustup-home" "-w" "/opt/rustwide/workdir" "-m" "1610612736" "--user" "0:0" "--network" "none" "ghcr.io/rust-lang/crates-build-env/linux@sha256:4a844ea9eb2546a2d2c7022eacef16ef2e8229c7fbb2c7d4d55a9ceca922f72d" "/opt/rustwide/cargo-home/bin/cargo" "+nightly-2024-10-28" "test" "--frozen" "--no-run" "--message-format=json", kill_on_drop: false }`
[INFO] [stdout] 538489239dbd6ee0bdb17103bace16543870765e10acb75b85819191296e9b82
[INFO] running `Command { std: "docker" "start" "-a" "538489239dbd6ee0bdb17103bace16543870765e10acb75b85819191296e9b82", kill_on_drop: false }`
[INFO] [stderr]    Compiling linear_isomorphic v0.2.4 (/opt/rustwide/workdir)
[INFO] [stderr]     Finished `test` profile [unoptimized + debuginfo] target(s) in 0.26s
[INFO] running `Command { std: "docker" "inspect" "538489239dbd6ee0bdb17103bace16543870765e10acb75b85819191296e9b82", kill_on_drop: false }`
[INFO] running `Command { std: "docker" "rm" "-f" "538489239dbd6ee0bdb17103bace16543870765e10acb75b85819191296e9b82", kill_on_drop: false }`
[INFO] [stdout] 538489239dbd6ee0bdb17103bace16543870765e10acb75b85819191296e9b82
[INFO] running `Command { std: "docker" "create" "-v" "/var/lib/crater-agent-workspace/builds/worker-3-tc1/target:/opt/rustwide/target:rw,Z" "-v" "/var/lib/crater-agent-workspace/builds/worker-3-tc1/source:/opt/rustwide/workdir:ro,Z" "-v" "/var/lib/crater-agent-workspace/cargo-home:/opt/rustwide/cargo-home:ro,Z" "-v" "/var/lib/crater-agent-workspace/rustup-home:/opt/rustwide/rustup-home:ro,Z" "-e" "SOURCE_DIR=/opt/rustwide/workdir" "-e" "CARGO_TARGET_DIR=/opt/rustwide/target" "-e" "CARGO_INCREMENTAL=0" "-e" "RUST_BACKTRACE=full" "-e" "RUSTFLAGS=--cap-lints=forbid" "-e" "RUSTDOCFLAGS=--cap-lints=forbid" "-e" "CARGO_HOME=/opt/rustwide/cargo-home" "-e" "RUSTUP_HOME=/opt/rustwide/rustup-home" "-w" "/opt/rustwide/workdir" "-m" "1610612736" "--user" "0:0" "--network" "none" "ghcr.io/rust-lang/crates-build-env/linux@sha256:4a844ea9eb2546a2d2c7022eacef16ef2e8229c7fbb2c7d4d55a9ceca922f72d" "/opt/rustwide/cargo-home/bin/cargo" "+nightly-2024-10-28" "test" "--frozen", kill_on_drop: false }`
[INFO] [stdout] 51349f81e8ea20a5d258297f04dedbdc227e3d1ec80e928183cd11bbbb459a9a
[INFO] running `Command { std: "docker" "start" "-a" "51349f81e8ea20a5d258297f04dedbdc227e3d1ec80e928183cd11bbbb459a9a", kill_on_drop: false }`
[INFO] [stderr]     Finished `test` profile [unoptimized + debuginfo] target(s) in 0.02s
[INFO] [stderr]      Running unittests src/lib.rs (/opt/rustwide/target/debug/deps/linear_isomorphic-0e6bc4ed55422bbe)
[INFO] [stdout] 
[INFO] [stdout] running 0 tests
[INFO] [stdout] 
[INFO] [stdout] test result: ok. 0 passed; 0 failed; 0 ignored; 0 measured; 0 filtered out; finished in 0.00s
[INFO] [stdout] 
[INFO] [stderr]    Doc-tests linear_isomorphic
[INFO] [stdout] 
[INFO] [stdout] running 1 test
[INFO] [stdout] test src/lib.rs - (line 7) ... FAILED
[INFO] [stdout] 
[INFO] [stdout] failures:
[INFO] [stdout] 
[INFO] [stdout] ---- src/lib.rs - (line 7) stdout ----
[INFO] [stdout] error[E0599]: no method named `dot` found for type parameter `Vec` in the current scope
[INFO] [stdout]   --> src/lib.rs:16:31
[INFO] [stdout]    |
[INFO] [stdout] 7  | pub fn point_segment_distance<Vec>(start: &Vec, end: &Vec, point: &Vec) -> f32
[INFO] [stdout]    |                               --- method `dot` not found for this type parameter
[INFO] [stdout] ...
[INFO] [stdout] 12 |     let t = (*point - *start).dot(&dir) / dir.norm_squared();
[INFO] [stdout]    |                               ^^^ method cannot be called on `Vec` due to unsatisfied trait bounds
[INFO] [stdout]    |
[INFO] [stdout]    = help: items from traits can only be used if the type parameter is bounded by the trait
[INFO] [stdout] help: the following trait defines an item `dot`, perhaps you need to restrict type parameter `Vec` with it:
[INFO] [stdout]    |
[INFO] [stdout] 9  |     Vec: VectorSpace<Scalar = f32> + linear_isomorphic::InnerSpace,
[INFO] [stdout]    |                                    +++++++++++++++++++++++++++++++
[INFO] [stdout] 
[INFO] [stdout] error[E0599]: no method named `norm_squared` found for type parameter `Vec` in the current scope
[INFO] [stdout]   --> src/lib.rs:16:47
[INFO] [stdout]    |
[INFO] [stdout] 7  | pub fn point_segment_distance<Vec>(start: &Vec, end: &Vec, point: &Vec) -> f32
[INFO] [stdout]    |                               --- method `norm_squared` not found for this type parameter
[INFO] [stdout] ...
[INFO] [stdout] 12 |     let t = (*point - *start).dot(&dir) / dir.norm_squared();
[INFO] [stdout]    |                                               ^^^^^^^^^^^^ method cannot be called on `Vec` due to unsatisfied trait bounds
[INFO] [stdout]    |
[INFO] [stdout]    = help: items from traits can only be used if the type parameter is bounded by the trait
[INFO] [stdout] help: the following trait defines an item `norm_squared`, perhaps you need to restrict type parameter `Vec` with it:
[INFO] [stdout]    |
[INFO] [stdout] 9  |     Vec: VectorSpace<Scalar = f32> + linear_isomorphic::InnerSpace,
[INFO] [stdout]    |                                    +++++++++++++++++++++++++++++++
[INFO] [stdout] 
[INFO] [stdout] error[E0599]: no method named `norm` found for type parameter `Vec` in the current scope
[INFO] [stdout]   --> src/lib.rs:22:24
[INFO] [stdout]    |
[INFO] [stdout] 7  | pub fn point_segment_distance<Vec>(start: &Vec, end: &Vec, point: &Vec) -> f32
[INFO] [stdout]    |                               --- method `norm` not found for this type parameter
[INFO] [stdout] ...
[INFO] [stdout] 18 |     (closest - *point).norm()
[INFO] [stdout]    |                        ^^^^ method cannot be called on `Vec` due to unsatisfied trait bounds
[INFO] [stdout]    |
[INFO] [stdout]    = help: items from traits can only be used if the type parameter is bounded by the trait
[INFO] [stdout] help: the following trait defines an item `norm`, perhaps you need to restrict type parameter `Vec` with it:
[INFO] [stdout]    |
[INFO] [stdout] 9  |     Vec: VectorSpace<Scalar = f32> + linear_isomorphic::InnerSpace,
[INFO] [stdout]    |                                    +++++++++++++++++++++++++++++++
[INFO] [stdout] 
[INFO] [stdout] error: aborting due to 3 previous errors
[INFO] [stdout] 
[INFO] [stdout] For more information about this error, try `rustc --explain E0599`.
[INFO] [stdout] Couldn't compile the test.
[INFO] [stdout] 
[INFO] [stdout] failures:
[INFO] [stdout]     src/lib.rs - (line 7)
[INFO] [stdout] 
[INFO] [stdout] test result: FAILED. 0 passed; 1 failed; 0 ignored; 0 measured; 0 filtered out; finished in 0.16s
[INFO] [stdout] 
[INFO] [stderr] error: doctest failed, to rerun pass `--doc`
[INFO] running `Command { std: "docker" "inspect" "51349f81e8ea20a5d258297f04dedbdc227e3d1ec80e928183cd11bbbb459a9a", kill_on_drop: false }`
[INFO] running `Command { std: "docker" "rm" "-f" "51349f81e8ea20a5d258297f04dedbdc227e3d1ec80e928183cd11bbbb459a9a", kill_on_drop: false }`
[INFO] [stdout] 51349f81e8ea20a5d258297f04dedbdc227e3d1ec80e928183cd11bbbb459a9a
