[INFO] fetching crate line-bot-sdk-rust 1.0.2...
[INFO] testing line-bot-sdk-rust-1.0.2 against nightly-2024-10-28 for randomize-layout
[INFO] extracting crate line-bot-sdk-rust 1.0.2 into /workspace/builds/worker-1-tc1/source
[INFO] validating manifest of crates.io crate line-bot-sdk-rust 1.0.2 on toolchain nightly-2024-10-28
[INFO] running `Command { std: CARGO_HOME="/workspace/cargo-home" RUSTUP_HOME="/workspace/rustup-home" "/workspace/cargo-home/bin/cargo" "+nightly-2024-10-28" "metadata" "--manifest-path" "Cargo.toml" "--no-deps", kill_on_drop: false }`
[INFO] started tweaking crates.io crate line-bot-sdk-rust 1.0.2
[INFO] finished tweaking crates.io crate line-bot-sdk-rust 1.0.2
[INFO] tweaked toml for crates.io crate line-bot-sdk-rust 1.0.2 written to /workspace/builds/worker-1-tc1/source/Cargo.toml
[INFO] running `Command { std: CARGO_HOME="/workspace/cargo-home" RUSTUP_HOME="/workspace/rustup-home" "/workspace/cargo-home/bin/cargo" "+nightly-2024-10-28" "generate-lockfile" "--manifest-path" "Cargo.toml", kill_on_drop: false }`
[INFO] [stderr]     Updating crates.io index
[INFO] [stderr]      Locking 276 packages to latest compatible versions
[INFO] [stderr]       Adding base64 v0.21.7 (available: v0.22.1)
[INFO] [stderr]       Adding hyper v0.14.31 (available: v1.5.0)
[INFO] [stderr]       Adding hyper-rustls v0.24.2 (available: v0.27.3)
[INFO] running `Command { std: CARGO_HOME="/workspace/cargo-home" RUSTUP_HOME="/workspace/rustup-home" "/workspace/cargo-home/bin/cargo" "+nightly-2024-10-28" "fetch" "--manifest-path" "Cargo.toml", kill_on_drop: false }`
[INFO] [stderr]  Downloading crates ...
[INFO] [stderr]   Downloaded line_shop v0.0.1
[INFO] [stderr]   Downloaded line_module_attach v0.0.1
[INFO] [stderr]   Downloaded line_messaging_api v0.0.3
[INFO] [stderr]   Downloaded line_channel_access_token v0.0.1
[INFO] [stderr]   Downloaded line_module v0.0.1
[INFO] [stderr]   Downloaded base64 v0.7.0
[INFO] [stderr]   Downloaded line_webhook v1.0.1
[INFO] [stderr]   Downloaded line_insight v0.0.1
[INFO] [stderr]   Downloaded line_liff v1.0.0
[INFO] [stderr]   Downloaded line_manage_audience v0.0.1
[INFO] running `Command { std: "docker" "create" "-v" "/var/lib/crater-agent-workspace/builds/worker-1-tc1/target:/opt/rustwide/target:rw,Z" "-v" "/var/lib/crater-agent-workspace/builds/worker-1-tc1/source:/opt/rustwide/workdir:ro,Z" "-v" "/var/lib/crater-agent-workspace/cargo-home:/opt/rustwide/cargo-home:ro,Z" "-v" "/var/lib/crater-agent-workspace/rustup-home:/opt/rustwide/rustup-home:ro,Z" "-e" "SOURCE_DIR=/opt/rustwide/workdir" "-e" "CARGO_TARGET_DIR=/opt/rustwide/target" "-e" "CARGO_HOME=/opt/rustwide/cargo-home" "-e" "RUSTUP_HOME=/opt/rustwide/rustup-home" "-w" "/opt/rustwide/workdir" "-m" "1610612736" "--user" "0:0" "--network" "none" "ghcr.io/rust-lang/crates-build-env/linux@sha256:4a844ea9eb2546a2d2c7022eacef16ef2e8229c7fbb2c7d4d55a9ceca922f72d" "/opt/rustwide/cargo-home/bin/cargo" "+nightly-2024-10-28" "metadata" "--no-deps" "--format-version=1", kill_on_drop: false }`
[INFO] [stdout] b17c1a4b8f635ec7f56f588304553b0229b738a8e9e2021d2dd88933f4904dfb
[INFO] running `Command { std: "docker" "start" "-a" "b17c1a4b8f635ec7f56f588304553b0229b738a8e9e2021d2dd88933f4904dfb", kill_on_drop: false }`
[INFO] running `Command { std: "docker" "inspect" "b17c1a4b8f635ec7f56f588304553b0229b738a8e9e2021d2dd88933f4904dfb", kill_on_drop: false }`
[INFO] running `Command { std: "docker" "rm" "-f" "b17c1a4b8f635ec7f56f588304553b0229b738a8e9e2021d2dd88933f4904dfb", kill_on_drop: false }`
[INFO] [stdout] b17c1a4b8f635ec7f56f588304553b0229b738a8e9e2021d2dd88933f4904dfb
[INFO] running `Command { std: "docker" "create" "-v" "/var/lib/crater-agent-workspace/builds/worker-1-tc1/target:/opt/rustwide/target:rw,Z" "-v" "/var/lib/crater-agent-workspace/builds/worker-1-tc1/source:/opt/rustwide/workdir:ro,Z" "-v" "/var/lib/crater-agent-workspace/cargo-home:/opt/rustwide/cargo-home:ro,Z" "-v" "/var/lib/crater-agent-workspace/rustup-home:/opt/rustwide/rustup-home:ro,Z" "-e" "SOURCE_DIR=/opt/rustwide/workdir" "-e" "CARGO_TARGET_DIR=/opt/rustwide/target" "-e" "CARGO_INCREMENTAL=0" "-e" "RUST_BACKTRACE=full" "-e" "RUSTFLAGS=--cap-lints=forbid" "-e" "RUSTDOCFLAGS=--cap-lints=forbid" "-e" "CARGO_HOME=/opt/rustwide/cargo-home" "-e" "RUSTUP_HOME=/opt/rustwide/rustup-home" "-w" "/opt/rustwide/workdir" "-m" "1610612736" "--user" "0:0" "--network" "none" "ghcr.io/rust-lang/crates-build-env/linux@sha256:4a844ea9eb2546a2d2c7022eacef16ef2e8229c7fbb2c7d4d55a9ceca922f72d" "/opt/rustwide/cargo-home/bin/cargo" "+nightly-2024-10-28" "build" "--frozen" "--message-format=json", kill_on_drop: false }`
[INFO] [stdout] 7be97adbddbed69647897d95f7c7040055e5136d98575baa10ff116e8d28d6d3
[INFO] running `Command { std: "docker" "start" "-a" "7be97adbddbed69647897d95f7c7040055e5136d98575baa10ff116e8d28d6d3", kill_on_drop: false }`
[INFO] [stderr]    Compiling proc-macro2 v1.0.89
[INFO] [stderr]    Compiling libc v0.2.161
[INFO] [stderr]    Compiling bytes v1.8.0
[INFO] [stderr]    Compiling vcpkg v0.2.15
[INFO] [stderr]    Compiling futures-sink v0.3.31
[INFO] [stderr]    Compiling futures-io v0.3.31
[INFO] [stderr]    Compiling tracing-core v0.1.32
[INFO] [stderr]    Compiling foreign-types-shared v0.1.1
[INFO] [stderr]    Compiling hashbrown v0.15.0
[INFO] [stderr]    Compiling futures-channel v0.3.31
[INFO] [stderr]    Compiling serde v1.0.214
[INFO] [stderr]    Compiling openssl v0.10.68
[INFO] [stderr]    Compiling openssl-probe v0.1.5
[INFO] [stderr]    Compiling foreign-types v0.3.2
[INFO] [stderr]    Compiling tracing v0.1.40
[INFO] [stderr]    Compiling try-lock v0.2.5
[INFO] [stderr]    Compiling http v0.2.12
[INFO] [stderr]    Compiling indexmap v2.6.0
[INFO] [stderr]    Compiling openssl-sys v0.9.104
[INFO] [stderr]    Compiling native-tls v0.2.12
[INFO] [stderr]    Compiling quote v1.0.37
[INFO] [stderr]    Compiling bitflags v2.6.0
[INFO] [stderr]    Compiling want v0.3.1
[INFO] [stderr]    Compiling syn v2.0.86
[INFO] [stderr]    Compiling socket2 v0.5.7
[INFO] [stderr]    Compiling mio v1.0.2
[INFO] [stderr]    Compiling getrandom v0.2.15
[INFO] [stderr]    Compiling httpdate v1.0.3
[INFO] [stderr]    Compiling tower-service v0.3.3
[INFO] [stderr]    Compiling safemem v0.2.0
[INFO] [stderr]    Compiling base64 v0.7.0
[INFO] [stderr]    Compiling url v2.5.2
[INFO] [stderr]    Compiling tokio v1.41.0
[INFO] [stderr]    Compiling http-body v0.4.6
[INFO] [stderr]    Compiling ring v0.17.8
[INFO] [stderr]    Compiling generic-array v0.14.7
[INFO] [stderr]    Compiling ident_case v1.0.1
[INFO] [stderr]    Compiling untrusted v0.9.0
[INFO] [stderr]    Compiling spin v0.9.8
[INFO] [stderr]    Compiling rustls v0.21.12
[INFO] [stderr]    Compiling subtle v2.6.1
[INFO] [stderr]    Compiling base64 v0.21.7
[INFO] [stderr]    Compiling rustls-pemfile v1.0.4
[INFO] [stderr]    Compiling crypto-common v0.1.6
[INFO] [stderr]    Compiling block-buffer v0.10.4
[INFO] [stderr]    Compiling rustls-native-certs v0.6.3
[INFO] [stderr]    Compiling digest v0.10.7
[INFO] [stderr]    Compiling sha2 v0.10.8
[INFO] [stderr]    Compiling hmac v0.12.1
[INFO] [stderr]    Compiling darling_core v0.20.10
[INFO] [stderr]    Compiling futures-macro v0.3.31
[INFO] [stderr]    Compiling serde_derive v1.0.214
[INFO] [stderr]    Compiling openssl-macros v0.1.1
[INFO] [stderr]    Compiling tokio-util v0.7.12
[INFO] [stderr]    Compiling futures-util v0.3.31
[INFO] [stderr]    Compiling sct v0.7.1
[INFO] [stderr]    Compiling rustls-webpki v0.101.7
[INFO] [stderr]    Compiling darling_macro v0.20.10
[INFO] [stderr]    Compiling darling v0.20.10
[INFO] [stderr]    Compiling serde_with_macros v2.3.3
[INFO] [stderr]    Compiling h2 v0.3.26
[INFO] [stderr]    Compiling futures-executor v0.3.31
[INFO] [stderr]    Compiling futures v0.3.31
[INFO] [stderr]    Compiling tokio-native-tls v0.3.1
[INFO] [stderr]    Compiling tokio-rustls v0.24.1
[INFO] [stderr]    Compiling uuid v1.11.0
[INFO] [stderr]    Compiling serde_json v1.0.132
[INFO] [stderr]    Compiling serde_with v2.3.3
[INFO] [stderr]    Compiling hyper v0.14.31
[INFO] [stderr]    Compiling hyper-tls v0.5.0
[INFO] [stderr]    Compiling hyper-rustls v0.24.2
[INFO] [stderr]    Compiling line_manage_audience v0.0.1
[INFO] [stderr]    Compiling line_module v0.0.1
[INFO] [stderr]    Compiling line_webhook v1.0.1
[INFO] [stderr]    Compiling line_channel_access_token v0.0.1
[INFO] [stderr]    Compiling line_messaging_api v0.0.3
[INFO] [stderr]    Compiling line_insight v0.0.1
[INFO] [stderr]    Compiling line_shop v0.0.1
[INFO] [stderr]    Compiling line_liff v1.0.0
[INFO] [stderr]    Compiling line_module_attach v0.0.1
[INFO] [stderr]    Compiling line-bot-sdk-rust v1.0.2 (/opt/rustwide/workdir)
[INFO] [stderr]     Finished `dev` profile [unoptimized + debuginfo] target(s) in 58.08s
[INFO] running `Command { std: "docker" "inspect" "7be97adbddbed69647897d95f7c7040055e5136d98575baa10ff116e8d28d6d3", kill_on_drop: false }`
[INFO] running `Command { std: "docker" "rm" "-f" "7be97adbddbed69647897d95f7c7040055e5136d98575baa10ff116e8d28d6d3", kill_on_drop: false }`
[INFO] [stdout] 7be97adbddbed69647897d95f7c7040055e5136d98575baa10ff116e8d28d6d3
[INFO] running `Command { std: "docker" "create" "-v" "/var/lib/crater-agent-workspace/builds/worker-1-tc1/target:/opt/rustwide/target:rw,Z" "-v" "/var/lib/crater-agent-workspace/builds/worker-1-tc1/source:/opt/rustwide/workdir:ro,Z" "-v" "/var/lib/crater-agent-workspace/cargo-home:/opt/rustwide/cargo-home:ro,Z" "-v" "/var/lib/crater-agent-workspace/rustup-home:/opt/rustwide/rustup-home:ro,Z" "-e" "SOURCE_DIR=/opt/rustwide/workdir" "-e" "CARGO_TARGET_DIR=/opt/rustwide/target" "-e" "CARGO_INCREMENTAL=0" "-e" "RUST_BACKTRACE=full" "-e" "RUSTFLAGS=--cap-lints=forbid" "-e" "RUSTDOCFLAGS=--cap-lints=forbid" "-e" "CARGO_HOME=/opt/rustwide/cargo-home" "-e" "RUSTUP_HOME=/opt/rustwide/rustup-home" "-w" "/opt/rustwide/workdir" "-m" "1610612736" "--user" "0:0" "--network" "none" "ghcr.io/rust-lang/crates-build-env/linux@sha256:4a844ea9eb2546a2d2c7022eacef16ef2e8229c7fbb2c7d4d55a9ceca922f72d" "/opt/rustwide/cargo-home/bin/cargo" "+nightly-2024-10-28" "test" "--frozen" "--no-run" "--message-format=json", kill_on_drop: false }`
[INFO] [stdout] e0faef0f8511eb5b51b317993fc37629b4bce5f192e737d0cbb5e311a747f1ca
[INFO] running `Command { std: "docker" "start" "-a" "e0faef0f8511eb5b51b317993fc37629b4bce5f192e737d0cbb5e311a747f1ca", kill_on_drop: false }`
[INFO] [stderr]    Compiling line-bot-sdk-rust v1.0.2 (/opt/rustwide/workdir)
[INFO] [stderr]     Finished `test` profile [unoptimized + debuginfo] target(s) in 0.57s
[INFO] running `Command { std: "docker" "inspect" "e0faef0f8511eb5b51b317993fc37629b4bce5f192e737d0cbb5e311a747f1ca", kill_on_drop: false }`
[INFO] running `Command { std: "docker" "rm" "-f" "e0faef0f8511eb5b51b317993fc37629b4bce5f192e737d0cbb5e311a747f1ca", kill_on_drop: false }`
[INFO] [stdout] e0faef0f8511eb5b51b317993fc37629b4bce5f192e737d0cbb5e311a747f1ca
[INFO] running `Command { std: "docker" "create" "-v" "/var/lib/crater-agent-workspace/builds/worker-1-tc1/target:/opt/rustwide/target:rw,Z" "-v" "/var/lib/crater-agent-workspace/builds/worker-1-tc1/source:/opt/rustwide/workdir:ro,Z" "-v" "/var/lib/crater-agent-workspace/cargo-home:/opt/rustwide/cargo-home:ro,Z" "-v" "/var/lib/crater-agent-workspace/rustup-home:/opt/rustwide/rustup-home:ro,Z" "-e" "SOURCE_DIR=/opt/rustwide/workdir" "-e" "CARGO_TARGET_DIR=/opt/rustwide/target" "-e" "CARGO_INCREMENTAL=0" "-e" "RUST_BACKTRACE=full" "-e" "RUSTFLAGS=--cap-lints=forbid" "-e" "RUSTDOCFLAGS=--cap-lints=forbid" "-e" "CARGO_HOME=/opt/rustwide/cargo-home" "-e" "RUSTUP_HOME=/opt/rustwide/rustup-home" "-w" "/opt/rustwide/workdir" "-m" "1610612736" "--user" "0:0" "--network" "none" "ghcr.io/rust-lang/crates-build-env/linux@sha256:4a844ea9eb2546a2d2c7022eacef16ef2e8229c7fbb2c7d4d55a9ceca922f72d" "/opt/rustwide/cargo-home/bin/cargo" "+nightly-2024-10-28" "test" "--frozen", kill_on_drop: false }`
[INFO] [stdout] 78d88ab5f45dece05193ddc4250b81a9a14dc34c4d83d548b56449c852f21281
[INFO] running `Command { std: "docker" "start" "-a" "78d88ab5f45dece05193ddc4250b81a9a14dc34c4d83d548b56449c852f21281", kill_on_drop: false }`
[INFO] [stderr]     Finished `test` profile [unoptimized + debuginfo] target(s) in 0.17s
[INFO] [stderr]      Running unittests src/lib.rs (/opt/rustwide/target/debug/deps/line_bot_sdk_rust-de1ef1f20d17f5da)
[INFO] [stdout] 
[INFO] [stdout] running 0 tests
[INFO] [stdout] 
[INFO] [stdout] test result: ok. 0 passed; 0 failed; 0 ignored; 0 measured; 0 filtered out; finished in 0.00s
[INFO] [stdout] 
[INFO] [stderr]    Doc-tests line_bot_sdk_rust
[INFO] [stdout] 
[INFO] [stdout] running 1 test
[INFO] [stdout] test src/parser/signature.rs - parser::signature::validate_signature (line 27) ... FAILED
[INFO] [stdout] 
[INFO] [stdout] failures:
[INFO] [stdout] 
[INFO] [stdout] ---- src/parser/signature.rs - parser::signature::validate_signature (line 27) stdout ----
[INFO] [stdout] error[E0425]: cannot find function `validate_signature` in this scope
[INFO] [stdout]  --> src/parser/signature.rs:28:4
[INFO] [stdout]   |
[INFO] [stdout] 3 | if validate_signature(channel_secret, signature, body) {
[INFO] [stdout]   |    ^^^^^^^^^^^^^^^^^^ not found in this scope
[INFO] [stdout]   |
[INFO] [stdout] help: consider importing this function
[INFO] [stdout]   |
[INFO] [stdout] 2 + use line_bot_sdk_rust::parser::signature::validate_signature;
[INFO] [stdout]   |
[INFO] [stdout] 
[INFO] [stdout] error[E0425]: cannot find value `channel_secret` in this scope
[INFO] [stdout]  --> src/parser/signature.rs:28:23
[INFO] [stdout]   |
[INFO] [stdout] 3 | if validate_signature(channel_secret, signature, body) {
[INFO] [stdout]   |                       ^^^^^^^^^^^^^^ not found in this scope
[INFO] [stdout] 
[INFO] [stdout] error[E0425]: cannot find value `signature` in this scope
[INFO] [stdout]  --> src/parser/signature.rs:28:39
[INFO] [stdout]   |
[INFO] [stdout] 3 | if validate_signature(channel_secret, signature, body) {
[INFO] [stdout]   |                                       ^^^^^^^^^ not found in this scope
[INFO] [stdout] 
[INFO] [stdout] error[E0425]: cannot find value `body` in this scope
[INFO] [stdout]  --> src/parser/signature.rs:28:50
[INFO] [stdout]   |
[INFO] [stdout] 3 | if validate_signature(channel_secret, signature, body) {
[INFO] [stdout]   |                                                  ^^^^ not found in this scope
[INFO] [stdout] 
[INFO] [stdout] error: aborting due to 4 previous errors
[INFO] [stdout] 
[INFO] [stdout] For more information about this error, try `rustc --explain E0425`.
[INFO] [stdout] Couldn't compile the test.
[INFO] [stdout] 
[INFO] [stdout] failures:
[INFO] [stdout]     src/parser/signature.rs - parser::signature::validate_signature (line 27)
[INFO] [stdout] 
[INFO] [stdout] test result: FAILED. 0 passed; 1 failed; 0 ignored; 0 measured; 0 filtered out; finished in 0.13s
[INFO] [stdout] 
[INFO] [stderr] error: doctest failed, to rerun pass `--doc`
[INFO] running `Command { std: "docker" "inspect" "78d88ab5f45dece05193ddc4250b81a9a14dc34c4d83d548b56449c852f21281", kill_on_drop: false }`
[INFO] running `Command { std: "docker" "rm" "-f" "78d88ab5f45dece05193ddc4250b81a9a14dc34c4d83d548b56449c852f21281", kill_on_drop: false }`
[INFO] [stdout] 78d88ab5f45dece05193ddc4250b81a9a14dc34c4d83d548b56449c852f21281
