[INFO] fetching crate limtr 0.2.0...
[INFO] testing limtr-0.2.0 against nightly-2024-10-28 for randomize-layout
[INFO] extracting crate limtr 0.2.0 into /workspace/builds/worker-4-tc1/source
[INFO] validating manifest of crates.io crate limtr 0.2.0 on toolchain nightly-2024-10-28
[INFO] running `Command { std: CARGO_HOME="/workspace/cargo-home" RUSTUP_HOME="/workspace/rustup-home" "/workspace/cargo-home/bin/cargo" "+nightly-2024-10-28" "metadata" "--manifest-path" "Cargo.toml" "--no-deps", kill_on_drop: false }`
[INFO] started tweaking crates.io crate limtr 0.2.0
[INFO] finished tweaking crates.io crate limtr 0.2.0
[INFO] tweaked toml for crates.io crate limtr 0.2.0 written to /workspace/builds/worker-4-tc1/source/Cargo.toml
[INFO] running `Command { std: CARGO_HOME="/workspace/cargo-home" RUSTUP_HOME="/workspace/rustup-home" "/workspace/cargo-home/bin/cargo" "+nightly-2024-10-28" "generate-lockfile" "--manifest-path" "Cargo.toml", kill_on_drop: false }`
[INFO] [stderr]     Updating crates.io index
[INFO] [stderr]      Locking 99 packages to latest compatible versions
[INFO] running `Command { std: CARGO_HOME="/workspace/cargo-home" RUSTUP_HOME="/workspace/rustup-home" "/workspace/cargo-home/bin/cargo" "+nightly-2024-10-28" "fetch" "--manifest-path" "Cargo.toml", kill_on_drop: false }`
[INFO] running `Command { std: "docker" "create" "-v" "/var/lib/crater-agent-workspace/builds/worker-4-tc1/target:/opt/rustwide/target:rw,Z" "-v" "/var/lib/crater-agent-workspace/builds/worker-4-tc1/source:/opt/rustwide/workdir:ro,Z" "-v" "/var/lib/crater-agent-workspace/cargo-home:/opt/rustwide/cargo-home:ro,Z" "-v" "/var/lib/crater-agent-workspace/rustup-home:/opt/rustwide/rustup-home:ro,Z" "-e" "SOURCE_DIR=/opt/rustwide/workdir" "-e" "CARGO_TARGET_DIR=/opt/rustwide/target" "-e" "CARGO_HOME=/opt/rustwide/cargo-home" "-e" "RUSTUP_HOME=/opt/rustwide/rustup-home" "-w" "/opt/rustwide/workdir" "-m" "1610612736" "--user" "0:0" "--network" "none" "ghcr.io/rust-lang/crates-build-env/linux@sha256:4a844ea9eb2546a2d2c7022eacef16ef2e8229c7fbb2c7d4d55a9ceca922f72d" "/opt/rustwide/cargo-home/bin/cargo" "+nightly-2024-10-28" "metadata" "--no-deps" "--format-version=1", kill_on_drop: false }`
[INFO] [stdout] 95e051de78254f683789763605724f5b137be8ed32aa10778d5287eb876ae380
[INFO] running `Command { std: "docker" "start" "-a" "95e051de78254f683789763605724f5b137be8ed32aa10778d5287eb876ae380", kill_on_drop: false }`
[INFO] running `Command { std: "docker" "inspect" "95e051de78254f683789763605724f5b137be8ed32aa10778d5287eb876ae380", kill_on_drop: false }`
[INFO] running `Command { std: "docker" "rm" "-f" "95e051de78254f683789763605724f5b137be8ed32aa10778d5287eb876ae380", kill_on_drop: false }`
[INFO] [stdout] 95e051de78254f683789763605724f5b137be8ed32aa10778d5287eb876ae380
[INFO] running `Command { std: "docker" "create" "-v" "/var/lib/crater-agent-workspace/builds/worker-4-tc1/target:/opt/rustwide/target:rw,Z" "-v" "/var/lib/crater-agent-workspace/builds/worker-4-tc1/source:/opt/rustwide/workdir:ro,Z" "-v" "/var/lib/crater-agent-workspace/cargo-home:/opt/rustwide/cargo-home:ro,Z" "-v" "/var/lib/crater-agent-workspace/rustup-home:/opt/rustwide/rustup-home:ro,Z" "-e" "SOURCE_DIR=/opt/rustwide/workdir" "-e" "CARGO_TARGET_DIR=/opt/rustwide/target" "-e" "CARGO_INCREMENTAL=0" "-e" "RUST_BACKTRACE=full" "-e" "RUSTFLAGS=--cap-lints=forbid" "-e" "RUSTDOCFLAGS=--cap-lints=forbid" "-e" "CARGO_HOME=/opt/rustwide/cargo-home" "-e" "RUSTUP_HOME=/opt/rustwide/rustup-home" "-w" "/opt/rustwide/workdir" "-m" "1610612736" "--user" "0:0" "--network" "none" "ghcr.io/rust-lang/crates-build-env/linux@sha256:4a844ea9eb2546a2d2c7022eacef16ef2e8229c7fbb2c7d4d55a9ceca922f72d" "/opt/rustwide/cargo-home/bin/cargo" "+nightly-2024-10-28" "build" "--frozen" "--message-format=json", kill_on_drop: false }`
[INFO] [stdout] 5b24512b530f35950ff9e0a30eb99bd3c5a213c1862577e8c81e5649df0bdf27
[INFO] running `Command { std: "docker" "start" "-a" "5b24512b530f35950ff9e0a30eb99bd3c5a213c1862577e8c81e5649df0bdf27", kill_on_drop: false }`
[INFO] [stderr]    Compiling iana-time-zone v0.1.61
[INFO] [stderr]    Compiling num-traits v0.2.19
[INFO] [stderr]    Compiling hashbrown v0.15.0
[INFO] [stderr]    Compiling equivalent v1.0.1
[INFO] [stderr]    Compiling tokio-macros v2.4.0
[INFO] [stderr]    Compiling indexmap v2.6.0
[INFO] [stderr]    Compiling tokio v1.41.0
[INFO] [stderr]    Compiling chrono v0.4.38
[INFO] [stderr]    Compiling limtr v0.2.0 (/opt/rustwide/workdir)
[INFO] [stderr]     Finished `dev` profile [unoptimized + debuginfo] target(s) in 3.81s
[INFO] running `Command { std: "docker" "inspect" "5b24512b530f35950ff9e0a30eb99bd3c5a213c1862577e8c81e5649df0bdf27", kill_on_drop: false }`
[INFO] running `Command { std: "docker" "rm" "-f" "5b24512b530f35950ff9e0a30eb99bd3c5a213c1862577e8c81e5649df0bdf27", kill_on_drop: false }`
[INFO] [stdout] 5b24512b530f35950ff9e0a30eb99bd3c5a213c1862577e8c81e5649df0bdf27
[INFO] running `Command { std: "docker" "create" "-v" "/var/lib/crater-agent-workspace/builds/worker-4-tc1/target:/opt/rustwide/target:rw,Z" "-v" "/var/lib/crater-agent-workspace/builds/worker-4-tc1/source:/opt/rustwide/workdir:ro,Z" "-v" "/var/lib/crater-agent-workspace/cargo-home:/opt/rustwide/cargo-home:ro,Z" "-v" "/var/lib/crater-agent-workspace/rustup-home:/opt/rustwide/rustup-home:ro,Z" "-e" "SOURCE_DIR=/opt/rustwide/workdir" "-e" "CARGO_TARGET_DIR=/opt/rustwide/target" "-e" "CARGO_INCREMENTAL=0" "-e" "RUST_BACKTRACE=full" "-e" "RUSTFLAGS=--cap-lints=forbid" "-e" "RUSTDOCFLAGS=--cap-lints=forbid" "-e" "CARGO_HOME=/opt/rustwide/cargo-home" "-e" "RUSTUP_HOME=/opt/rustwide/rustup-home" "-w" "/opt/rustwide/workdir" "-m" "1610612736" "--user" "0:0" "--network" "none" "ghcr.io/rust-lang/crates-build-env/linux@sha256:4a844ea9eb2546a2d2c7022eacef16ef2e8229c7fbb2c7d4d55a9ceca922f72d" "/opt/rustwide/cargo-home/bin/cargo" "+nightly-2024-10-28" "test" "--frozen" "--no-run" "--message-format=json", kill_on_drop: false }`
[INFO] [stdout] 50b10a7eca5589f57f6f9494dd66b969fabe2871188807797827e154adbbcbfc
[INFO] running `Command { std: "docker" "start" "-a" "50b10a7eca5589f57f6f9494dd66b969fabe2871188807797827e154adbbcbfc", kill_on_drop: false }`
[INFO] [stderr]    Compiling serde v1.0.214
[INFO] [stderr]    Compiling futures-core v0.3.31
[INFO] [stderr]    Compiling futures-sink v0.3.31
[INFO] [stderr]    Compiling half v2.4.1
[INFO] [stderr]    Compiling serde_derive v1.0.214
[INFO] [stderr]    Compiling futures-task v0.3.31
[INFO] [stderr]    Compiling ciborium-io v0.2.2
[INFO] [stderr]    Compiling clap_lex v0.7.2
[INFO] [stderr]    Compiling anstyle v1.0.9
[INFO] [stderr]    Compiling futures-io v0.3.31
[INFO] [stderr]    Compiling futures-util v0.3.31
[INFO] [stderr]    Compiling futures-channel v0.3.31
[INFO] [stderr]    Compiling chrono v0.4.38
[INFO] [stderr]    Compiling indexmap v2.6.0
[INFO] [stderr]    Compiling clap_builder v4.5.20
[INFO] [stderr]    Compiling ciborium-ll v0.2.2
[INFO] [stderr]    Compiling criterion-plot v0.5.0
[INFO] [stderr]    Compiling is-terminal v0.4.13
[INFO] [stderr]    Compiling anes v0.1.6
[INFO] [stderr]    Compiling limtr v0.2.0 (/opt/rustwide/workdir)
[INFO] [stderr]    Compiling futures v0.3.31
[INFO] [stderr]    Compiling clap v4.5.20
[INFO] [stderr]    Compiling serde_json v1.0.132
[INFO] [stderr]    Compiling ciborium v0.2.2
[INFO] [stderr]    Compiling tinytemplate v1.2.1
[INFO] [stderr]    Compiling criterion v0.5.1
[INFO] [stderr]     Finished `test` profile [unoptimized + debuginfo] target(s) in 13.00s
[INFO] running `Command { std: "docker" "inspect" "50b10a7eca5589f57f6f9494dd66b969fabe2871188807797827e154adbbcbfc", kill_on_drop: false }`
[INFO] running `Command { std: "docker" "rm" "-f" "50b10a7eca5589f57f6f9494dd66b969fabe2871188807797827e154adbbcbfc", kill_on_drop: false }`
[INFO] [stdout] 50b10a7eca5589f57f6f9494dd66b969fabe2871188807797827e154adbbcbfc
[INFO] running `Command { std: "docker" "create" "-v" "/var/lib/crater-agent-workspace/builds/worker-4-tc1/target:/opt/rustwide/target:rw,Z" "-v" "/var/lib/crater-agent-workspace/builds/worker-4-tc1/source:/opt/rustwide/workdir:ro,Z" "-v" "/var/lib/crater-agent-workspace/cargo-home:/opt/rustwide/cargo-home:ro,Z" "-v" "/var/lib/crater-agent-workspace/rustup-home:/opt/rustwide/rustup-home:ro,Z" "-e" "SOURCE_DIR=/opt/rustwide/workdir" "-e" "CARGO_TARGET_DIR=/opt/rustwide/target" "-e" "CARGO_INCREMENTAL=0" "-e" "RUST_BACKTRACE=full" "-e" "RUSTFLAGS=--cap-lints=forbid" "-e" "RUSTDOCFLAGS=--cap-lints=forbid" "-e" "CARGO_HOME=/opt/rustwide/cargo-home" "-e" "RUSTUP_HOME=/opt/rustwide/rustup-home" "-w" "/opt/rustwide/workdir" "-m" "1610612736" "--user" "0:0" "--network" "none" "ghcr.io/rust-lang/crates-build-env/linux@sha256:4a844ea9eb2546a2d2c7022eacef16ef2e8229c7fbb2c7d4d55a9ceca922f72d" "/opt/rustwide/cargo-home/bin/cargo" "+nightly-2024-10-28" "test" "--frozen", kill_on_drop: false }`
[INFO] [stdout] 5eead003b4655964df7c886dc38dee4f7068c5f2413b855ac8f31f0b0c170349
[INFO] running `Command { std: "docker" "start" "-a" "5eead003b4655964df7c886dc38dee4f7068c5f2413b855ac8f31f0b0c170349", kill_on_drop: false }`
[INFO] [stderr]     Finished `test` profile [unoptimized + debuginfo] target(s) in 0.06s
[INFO] [stderr]      Running unittests src/lib.rs (/opt/rustwide/target/debug/deps/limtr-4af73b5a31af6ae6)
[INFO] [stdout] 
[INFO] [stdout] running 4 tests
[INFO] [stdout] test tests::single_call ... ok
[INFO] [stdout] test tests::multiple_calls ... ok
[INFO] [stdout] test tests::block_check ... ok
[INFO] [stdout] test tests::clear_calls ... ok
[INFO] [stdout] 
[INFO] [stdout] test result: ok. 4 passed; 0 failed; 0 ignored; 0 measured; 0 filtered out; finished in 3.01s
[INFO] [stdout] 
[INFO] [stderr]    Doc-tests limtr
[INFO] [stdout] 
[INFO] [stdout] running 1 test
[INFO] [stdout] test src/core/lim_async.rs - core::lim_async::Limtr::init (line 27) ... FAILED
[INFO] [stdout] 
[INFO] [stdout] failures:
[INFO] [stdout] 
[INFO] [stdout] ---- src/core/lim_async.rs - core::lim_async::Limtr::init (line 27) stdout ----
[INFO] [stdout] error[E0277]: the `?` operator can only be applied to values that implement `Try`
[INFO] [stdout]   --> src/core/lim_async.rs:41:5
[INFO] [stdout]    |
[INFO] [stdout] 16 |     Limtr::init(16)?;
[INFO] [stdout]    |     ^^^^^^^^^^^^^^^^ the `?` operator cannot be applied to type `impl Future<Output = Result<(), limtr::Error>>`
[INFO] [stdout]    |
[INFO] [stdout]    = help: the trait `Try` is not implemented for `impl Future<Output = Result<(), limtr::Error>>`
[INFO] [stdout] note: this implements `Future` and its output type supports `?`, but the future cannot be awaited in a synchronous function
[INFO] [stdout]   --> src/core/lim_async.rs:41:20
[INFO] [stdout]    |
[INFO] [stdout] 15 | fn warmup() -> Result<(), Box<dyn std::error::Error>> {
[INFO] [stdout]    | ----------------------------------------------------- this is not `async`
[INFO] [stdout] 16 |     Limtr::init(16)?;
[INFO] [stdout]    |                    ^
[INFO] [stdout] 
[INFO] [stdout] error[E0308]: mismatched types
[INFO] [stdout]   --> src/core/lim_async.rs:40:16
[INFO] [stdout]    |
[INFO] [stdout] 15 | fn warmup() -> Result<(), Box<dyn std::error::Error>> {
[INFO] [stdout]    |    ------      ^^^^^^^^^^^^^^^^^^^^^^^^^^^^^^^^^^^^^^ expected `Result<(), Box<dyn Error>>`, found `()`
[INFO] [stdout]    |    |
[INFO] [stdout]    |    implicitly returns `()` as its body has no tail or `return` expression
[INFO] [stdout] 16 |     Limtr::init(16)?;
[INFO] [stdout]    |                     - help: remove this semicolon to return this value
[INFO] [stdout]    |
[INFO] [stdout]    = note:   expected enum `Result<(), Box<(dyn std::error::Error + 'static)>>`
[INFO] [stdout]            found unit type `()`
[INFO] [stdout] 
[INFO] [stdout] error: aborting due to 2 previous errors
[INFO] [stdout] 
[INFO] [stdout] Some errors have detailed explanations: E0277, E0308.
[INFO] [stdout] For more information about an error, try `rustc --explain E0277`.
[INFO] [stdout] Couldn't compile the test.
[INFO] [stdout] 
[INFO] [stdout] failures:
[INFO] [stdout]     src/core/lim_async.rs - core::lim_async::Limtr::init (line 27)
[INFO] [stdout] 
[INFO] [stdout] test result: FAILED. 0 passed; 1 failed; 0 ignored; 0 measured; 0 filtered out; finished in 0.04s
[INFO] [stdout] 
[INFO] [stderr] error: doctest failed, to rerun pass `--doc`
[INFO] running `Command { std: "docker" "inspect" "5eead003b4655964df7c886dc38dee4f7068c5f2413b855ac8f31f0b0c170349", kill_on_drop: false }`
[INFO] running `Command { std: "docker" "rm" "-f" "5eead003b4655964df7c886dc38dee4f7068c5f2413b855ac8f31f0b0c170349", kill_on_drop: false }`
[INFO] [stdout] 5eead003b4655964df7c886dc38dee4f7068c5f2413b855ac8f31f0b0c170349
