[INFO] fetching crate lilt 0.7.0...
[INFO] testing lilt-0.7.0 against nightly-2024-10-28 for randomize-layout
[INFO] extracting crate lilt 0.7.0 into /workspace/builds/worker-3-tc1/source
[INFO] validating manifest of crates.io crate lilt 0.7.0 on toolchain nightly-2024-10-28
[INFO] running `Command { std: CARGO_HOME="/workspace/cargo-home" RUSTUP_HOME="/workspace/rustup-home" "/workspace/cargo-home/bin/cargo" "+nightly-2024-10-28" "metadata" "--manifest-path" "Cargo.toml" "--no-deps", kill_on_drop: false }`
[INFO] started tweaking crates.io crate lilt 0.7.0
[INFO] finished tweaking crates.io crate lilt 0.7.0
[INFO] tweaked toml for crates.io crate lilt 0.7.0 written to /workspace/builds/worker-3-tc1/source/Cargo.toml
[INFO] crate crates.io crate lilt 0.7.0 already has a lockfile, it will not be regenerated
[INFO] running `Command { std: CARGO_HOME="/workspace/cargo-home" RUSTUP_HOME="/workspace/rustup-home" "/workspace/cargo-home/bin/cargo" "+nightly-2024-10-28" "fetch" "--manifest-path" "Cargo.toml", kill_on_drop: false }`
[INFO] running `Command { std: "docker" "create" "-v" "/var/lib/crater-agent-workspace/builds/worker-3-tc1/target:/opt/rustwide/target:rw,Z" "-v" "/var/lib/crater-agent-workspace/builds/worker-3-tc1/source:/opt/rustwide/workdir:ro,Z" "-v" "/var/lib/crater-agent-workspace/cargo-home:/opt/rustwide/cargo-home:ro,Z" "-v" "/var/lib/crater-agent-workspace/rustup-home:/opt/rustwide/rustup-home:ro,Z" "-e" "SOURCE_DIR=/opt/rustwide/workdir" "-e" "CARGO_TARGET_DIR=/opt/rustwide/target" "-e" "CARGO_HOME=/opt/rustwide/cargo-home" "-e" "RUSTUP_HOME=/opt/rustwide/rustup-home" "-w" "/opt/rustwide/workdir" "-m" "1610612736" "--user" "0:0" "--network" "none" "ghcr.io/rust-lang/crates-build-env/linux@sha256:4a844ea9eb2546a2d2c7022eacef16ef2e8229c7fbb2c7d4d55a9ceca922f72d" "/opt/rustwide/cargo-home/bin/cargo" "+nightly-2024-10-28" "metadata" "--no-deps" "--format-version=1", kill_on_drop: false }`
[INFO] [stdout] d835aded03cca7913eeb072fe916773ca233462ecfde4038ef42fa84fd8701d1
[INFO] running `Command { std: "docker" "start" "-a" "d835aded03cca7913eeb072fe916773ca233462ecfde4038ef42fa84fd8701d1", kill_on_drop: false }`
[INFO] running `Command { std: "docker" "inspect" "d835aded03cca7913eeb072fe916773ca233462ecfde4038ef42fa84fd8701d1", kill_on_drop: false }`
[INFO] running `Command { std: "docker" "rm" "-f" "d835aded03cca7913eeb072fe916773ca233462ecfde4038ef42fa84fd8701d1", kill_on_drop: false }`
[INFO] [stdout] d835aded03cca7913eeb072fe916773ca233462ecfde4038ef42fa84fd8701d1
[INFO] running `Command { std: "docker" "create" "-v" "/var/lib/crater-agent-workspace/builds/worker-3-tc1/target:/opt/rustwide/target:rw,Z" "-v" "/var/lib/crater-agent-workspace/builds/worker-3-tc1/source:/opt/rustwide/workdir:ro,Z" "-v" "/var/lib/crater-agent-workspace/cargo-home:/opt/rustwide/cargo-home:ro,Z" "-v" "/var/lib/crater-agent-workspace/rustup-home:/opt/rustwide/rustup-home:ro,Z" "-e" "SOURCE_DIR=/opt/rustwide/workdir" "-e" "CARGO_TARGET_DIR=/opt/rustwide/target" "-e" "CARGO_INCREMENTAL=0" "-e" "RUST_BACKTRACE=full" "-e" "RUSTFLAGS=--cap-lints=forbid" "-e" "RUSTDOCFLAGS=--cap-lints=forbid" "-e" "CARGO_HOME=/opt/rustwide/cargo-home" "-e" "RUSTUP_HOME=/opt/rustwide/rustup-home" "-w" "/opt/rustwide/workdir" "-m" "1610612736" "--user" "0:0" "--network" "none" "ghcr.io/rust-lang/crates-build-env/linux@sha256:4a844ea9eb2546a2d2c7022eacef16ef2e8229c7fbb2c7d4d55a9ceca922f72d" "/opt/rustwide/cargo-home/bin/cargo" "+nightly-2024-10-28" "build" "--frozen" "--message-format=json", kill_on_drop: false }`
[INFO] [stdout] ab73656b6600dbb858dfa2f47b6adf49af5fc38ec3b7c94cc098cce5d5f8e23c
[INFO] running `Command { std: "docker" "start" "-a" "ab73656b6600dbb858dfa2f47b6adf49af5fc38ec3b7c94cc098cce5d5f8e23c", kill_on_drop: false }`
[INFO] [stderr]    Compiling lilt v0.7.0 (/opt/rustwide/workdir)
[INFO] [stderr]     Finished `dev` profile [unoptimized + debuginfo] target(s) in 0.13s
[INFO] running `Command { std: "docker" "inspect" "ab73656b6600dbb858dfa2f47b6adf49af5fc38ec3b7c94cc098cce5d5f8e23c", kill_on_drop: false }`
[INFO] running `Command { std: "docker" "rm" "-f" "ab73656b6600dbb858dfa2f47b6adf49af5fc38ec3b7c94cc098cce5d5f8e23c", kill_on_drop: false }`
[INFO] [stdout] ab73656b6600dbb858dfa2f47b6adf49af5fc38ec3b7c94cc098cce5d5f8e23c
[INFO] running `Command { std: "docker" "create" "-v" "/var/lib/crater-agent-workspace/builds/worker-3-tc1/target:/opt/rustwide/target:rw,Z" "-v" "/var/lib/crater-agent-workspace/builds/worker-3-tc1/source:/opt/rustwide/workdir:ro,Z" "-v" "/var/lib/crater-agent-workspace/cargo-home:/opt/rustwide/cargo-home:ro,Z" "-v" "/var/lib/crater-agent-workspace/rustup-home:/opt/rustwide/rustup-home:ro,Z" "-e" "SOURCE_DIR=/opt/rustwide/workdir" "-e" "CARGO_TARGET_DIR=/opt/rustwide/target" "-e" "CARGO_INCREMENTAL=0" "-e" "RUST_BACKTRACE=full" "-e" "RUSTFLAGS=--cap-lints=forbid" "-e" "RUSTDOCFLAGS=--cap-lints=forbid" "-e" "CARGO_HOME=/opt/rustwide/cargo-home" "-e" "RUSTUP_HOME=/opt/rustwide/rustup-home" "-w" "/opt/rustwide/workdir" "-m" "1610612736" "--user" "0:0" "--network" "none" "ghcr.io/rust-lang/crates-build-env/linux@sha256:4a844ea9eb2546a2d2c7022eacef16ef2e8229c7fbb2c7d4d55a9ceca922f72d" "/opt/rustwide/cargo-home/bin/cargo" "+nightly-2024-10-28" "test" "--frozen" "--no-run" "--message-format=json", kill_on_drop: false }`
[INFO] [stdout] 4d6eb6369a5dd9eb13579c5c8ab049b88145371c2b53c2b466249366b3202617
[INFO] running `Command { std: "docker" "start" "-a" "4d6eb6369a5dd9eb13579c5c8ab049b88145371c2b53c2b466249366b3202617", kill_on_drop: false }`
[INFO] [stderr]    Compiling lilt v0.7.0 (/opt/rustwide/workdir)
[INFO] [stderr]     Finished `test` profile [unoptimized + debuginfo] target(s) in 0.29s
[INFO] running `Command { std: "docker" "inspect" "4d6eb6369a5dd9eb13579c5c8ab049b88145371c2b53c2b466249366b3202617", kill_on_drop: false }`
[INFO] running `Command { std: "docker" "rm" "-f" "4d6eb6369a5dd9eb13579c5c8ab049b88145371c2b53c2b466249366b3202617", kill_on_drop: false }`
[INFO] [stdout] 4d6eb6369a5dd9eb13579c5c8ab049b88145371c2b53c2b466249366b3202617
[INFO] running `Command { std: "docker" "create" "-v" "/var/lib/crater-agent-workspace/builds/worker-3-tc1/target:/opt/rustwide/target:rw,Z" "-v" "/var/lib/crater-agent-workspace/builds/worker-3-tc1/source:/opt/rustwide/workdir:ro,Z" "-v" "/var/lib/crater-agent-workspace/cargo-home:/opt/rustwide/cargo-home:ro,Z" "-v" "/var/lib/crater-agent-workspace/rustup-home:/opt/rustwide/rustup-home:ro,Z" "-e" "SOURCE_DIR=/opt/rustwide/workdir" "-e" "CARGO_TARGET_DIR=/opt/rustwide/target" "-e" "CARGO_INCREMENTAL=0" "-e" "RUST_BACKTRACE=full" "-e" "RUSTFLAGS=--cap-lints=forbid" "-e" "RUSTDOCFLAGS=--cap-lints=forbid" "-e" "CARGO_HOME=/opt/rustwide/cargo-home" "-e" "RUSTUP_HOME=/opt/rustwide/rustup-home" "-w" "/opt/rustwide/workdir" "-m" "1610612736" "--user" "0:0" "--network" "none" "ghcr.io/rust-lang/crates-build-env/linux@sha256:4a844ea9eb2546a2d2c7022eacef16ef2e8229c7fbb2c7d4d55a9ceca922f72d" "/opt/rustwide/cargo-home/bin/cargo" "+nightly-2024-10-28" "test" "--frozen", kill_on_drop: false }`
[INFO] [stdout] 5f754498459e7118c99a0b63358d32a2e67ab6256a650f1888c64036b5d2a9a4
[INFO] running `Command { std: "docker" "start" "-a" "5f754498459e7118c99a0b63358d32a2e67ab6256a650f1888c64036b5d2a9a4", kill_on_drop: false }`
[INFO] [stderr]     Finished `test` profile [unoptimized + debuginfo] target(s) in 0.00s
[INFO] [stderr]      Running unittests src/lib.rs (/opt/rustwide/target/debug/deps/lilt-06337f5d8c947621)
[INFO] [stdout] 
[INFO] [stdout] running 35 tests
[INFO] [stdout] test animated::tests::test_animate_bool ... ok
[INFO] [stdout] test animated::tests::test_animate ... ok
[INFO] [stdout] test animated::tests::test_animate_if_eq ... ok
[INFO] [stdout] test animated::tests::test_animate_with_custom_easing ... ok
[INFO] [stdout] test animated::tests::test_animate_with_interruption ... ok
[INFO] [stdout] test animated::tests::test_asymmetric ... ok
[INFO] [stdout] test animated::tests::test_asymmetric_auto_reversal ... ok
[INFO] [stdout] test animated::tests::test_auto_reversal ... ok
[INFO] [stdout] test animated::tests::test_auto_reverse_repetitions ... ok
[INFO] [stdout] test animated::tests::test_auto_reverse_repetitions_bool ... ok
[INFO] [stdout] test animated::tests::test_custom_easing ... ok
[INFO] [stdout] test animated::tests::test_delay ... ok
[INFO] [stdout] test animated::tests::test_eased_progress_with_easing ... ok
[INFO] [stdout] test animated::tests::test_in_progress ... ok
[INFO] [stdout] test animated::tests::test_instant_animation ... ok
[INFO] [stdout] test animated::tests::test_interrupt_unchanged_destination ... ok
[INFO] [stdout] test animated::tests::test_interruption ... ok
[INFO] [stdout] test animated::tests::test_interruption_at_completion ... ok
[INFO] [stdout] test animated::tests::test_interruption_with_direction_change ... ok
[INFO] [stdout] test animated::tests::test_linear_progress ... ok
[INFO] [stdout] test animated::tests::test_multiple_interrupts_start_forward ... ok
[INFO] [stdout] test animated::tests::test_multiple_interruptions ... ok
[INFO] [stdout] test animated::tests::test_negative_to_positive_transition ... ok
[INFO] [stdout] test animated::tests::test_negative_values ... ok
[INFO] [stdout] test animated::tests::test_no_change_after_completion ... ok
[INFO] [stdout] test animated::tests::test_progression ... ok
[INFO] [stdout] test animated::tests::test_progression_negative ... ok
[INFO] [stdout] test animated::tests::test_repeat_forever ... ok
[INFO] [stdout] test animated::tests::test_repetitions ... ok
[INFO] [stdout] test animated::tests::test_interruption_with_negative_values ... ok
[INFO] [stdout] test animated::tests::test_zero_duration_transition ... ok
[INFO] [stdout] test traits::tests::test_f32_interpolation ... ok
[INFO] [stdout] test traits::tests::test_option_f32_interpolation ... ok
[INFO] [stdout] test traits::tests::test_option_f32_interpolation_with_none ... ok
[INFO] [stdout] test animated::tests::visualize_all_easings ... ok
[INFO] [stdout] 
[INFO] [stdout] test result: ok. 35 passed; 0 failed; 0 ignored; 0 measured; 0 filtered out; finished in 0.00s
[INFO] [stdout] 
[INFO] [stderr]    Doc-tests lilt
[INFO] [stdout] 
[INFO] [stdout] running 2 tests
[INFO] [stdout] test src/animated.rs - animated::Animated (line 6) ... FAILED
[INFO] [stdout] test src/animated.rs - animated::Animated (line 34) ... ok
[INFO] [stdout] 
[INFO] [stdout] failures:
[INFO] [stdout] 
[INFO] [stdout] ---- src/animated.rs - animated::Animated (line 6) stdout ----
[INFO] [stdout] error[E0433]: failed to resolve: use of undeclared crate or module `iced`
[INFO] [stdout]  --> src/animated.rs:9:5
[INFO] [stdout]   |
[INFO] [stdout] 6 | use iced::time::Instant;
[INFO] [stdout]   |     ^^^^ use of undeclared crate or module `iced`
[INFO] [stdout] 
[INFO] [stdout] error: aborting due to 1 previous error
[INFO] [stdout] 
[INFO] [stdout] For more information about this error, try `rustc --explain E0433`.
[INFO] [stdout] Couldn't compile the test.
[INFO] [stdout] 
[INFO] [stdout] failures:
[INFO] [stdout]     src/animated.rs - animated::Animated (line 6)
[INFO] [stdout] 
[INFO] [stdout] test result: FAILED. 1 passed; 1 failed; 0 ignored; 0 measured; 0 filtered out; finished in 0.08s
[INFO] [stdout] 
[INFO] [stderr] error: doctest failed, to rerun pass `--doc`
[INFO] running `Command { std: "docker" "inspect" "5f754498459e7118c99a0b63358d32a2e67ab6256a650f1888c64036b5d2a9a4", kill_on_drop: false }`
[INFO] running `Command { std: "docker" "rm" "-f" "5f754498459e7118c99a0b63358d32a2e67ab6256a650f1888c64036b5d2a9a4", kill_on_drop: false }`
[INFO] [stdout] 5f754498459e7118c99a0b63358d32a2e67ab6256a650f1888c64036b5d2a9a4
