[INFO] fetching crate lightstatic 1.0.1...
[INFO] testing lightstatic-1.0.1 against nightly-2024-10-28 for randomize-layout
[INFO] extracting crate lightstatic 1.0.1 into /workspace/builds/worker-5-tc1/source
[INFO] validating manifest of crates.io crate lightstatic 1.0.1 on toolchain nightly-2024-10-28
[INFO] running `Command { std: CARGO_HOME="/workspace/cargo-home" RUSTUP_HOME="/workspace/rustup-home" "/workspace/cargo-home/bin/cargo" "+nightly-2024-10-28" "metadata" "--manifest-path" "Cargo.toml" "--no-deps", kill_on_drop: false }`
[INFO] started tweaking crates.io crate lightstatic 1.0.1
[INFO] finished tweaking crates.io crate lightstatic 1.0.1
[INFO] tweaked toml for crates.io crate lightstatic 1.0.1 written to /workspace/builds/worker-5-tc1/source/Cargo.toml
[INFO] crate crates.io crate lightstatic 1.0.1 already has a lockfile, it will not be regenerated
[INFO] running `Command { std: CARGO_HOME="/workspace/cargo-home" RUSTUP_HOME="/workspace/rustup-home" "/workspace/cargo-home/bin/cargo" "+nightly-2024-10-28" "fetch" "--manifest-path" "Cargo.toml", kill_on_drop: false }`
[INFO] [stderr]     Updating crates.io index
[INFO] [stderr]  Downloading crates ...
[INFO] [stderr]   Downloaded sval_serde v2.13.0
[INFO] [stderr]   Downloaded sval_buffer v2.13.0
[INFO] [stderr]   Downloaded route-recognizer v0.2.0
[INFO] [stderr]   Downloaded sval_nested v2.13.0
[INFO] [stderr]   Downloaded value-bag-sval2 v1.9.0
[INFO] [stderr]   Downloaded sval_ref v2.13.0
[INFO] [stderr]   Downloaded port-selector v0.1.6
[INFO] [stderr]   Downloaded value-bag-serde1 v1.9.0
[INFO] [stderr]   Downloaded tide v0.16.0
[INFO] [stderr]   Downloaded async-sse v4.1.0
[INFO] [stderr]   Downloaded neli v0.5.3
[INFO] [stderr]   Downloaded local-ip-address v0.4.9
[INFO] [stderr]   Downloaded async-h1 v2.3.4
[INFO] [stderr]   Downloaded http-client v6.5.3
[INFO] [stderr]   Downloaded sval_fmt v2.13.0
[INFO] [stderr]   Downloaded async-dup v1.2.4
[INFO] [stderr]   Downloaded sval_dynamic v2.13.0
[INFO] [stderr]   Downloaded sval v2.13.0
[INFO] [stderr]   Downloaded sval_json v2.13.0
[INFO] [stderr]   Downloaded libz-ng-sys v1.1.16
[INFO] running `Command { std: "docker" "create" "-v" "/var/lib/crater-agent-workspace/builds/worker-5-tc1/target:/opt/rustwide/target:rw,Z" "-v" "/var/lib/crater-agent-workspace/builds/worker-5-tc1/source:/opt/rustwide/workdir:ro,Z" "-v" "/var/lib/crater-agent-workspace/cargo-home:/opt/rustwide/cargo-home:ro,Z" "-v" "/var/lib/crater-agent-workspace/rustup-home:/opt/rustwide/rustup-home:ro,Z" "-e" "SOURCE_DIR=/opt/rustwide/workdir" "-e" "CARGO_TARGET_DIR=/opt/rustwide/target" "-e" "CARGO_HOME=/opt/rustwide/cargo-home" "-e" "RUSTUP_HOME=/opt/rustwide/rustup-home" "-w" "/opt/rustwide/workdir" "-m" "1610612736" "--user" "0:0" "--network" "none" "ghcr.io/rust-lang/crates-build-env/linux@sha256:4a844ea9eb2546a2d2c7022eacef16ef2e8229c7fbb2c7d4d55a9ceca922f72d" "/opt/rustwide/cargo-home/bin/cargo" "+nightly-2024-10-28" "metadata" "--no-deps" "--format-version=1", kill_on_drop: false }`
[INFO] [stdout] 95154a0bd311dd8f74041106dc4a70b9c48785cd027d13777f19d2176fd0defb
[INFO] running `Command { std: "docker" "start" "-a" "95154a0bd311dd8f74041106dc4a70b9c48785cd027d13777f19d2176fd0defb", kill_on_drop: false }`
[INFO] running `Command { std: "docker" "inspect" "95154a0bd311dd8f74041106dc4a70b9c48785cd027d13777f19d2176fd0defb", kill_on_drop: false }`
[INFO] running `Command { std: "docker" "rm" "-f" "95154a0bd311dd8f74041106dc4a70b9c48785cd027d13777f19d2176fd0defb", kill_on_drop: false }`
[INFO] [stdout] 95154a0bd311dd8f74041106dc4a70b9c48785cd027d13777f19d2176fd0defb
[INFO] running `Command { std: "docker" "create" "-v" "/var/lib/crater-agent-workspace/builds/worker-5-tc1/target:/opt/rustwide/target:rw,Z" "-v" "/var/lib/crater-agent-workspace/builds/worker-5-tc1/source:/opt/rustwide/workdir:ro,Z" "-v" "/var/lib/crater-agent-workspace/cargo-home:/opt/rustwide/cargo-home:ro,Z" "-v" "/var/lib/crater-agent-workspace/rustup-home:/opt/rustwide/rustup-home:ro,Z" "-e" "SOURCE_DIR=/opt/rustwide/workdir" "-e" "CARGO_TARGET_DIR=/opt/rustwide/target" "-e" "CARGO_INCREMENTAL=0" "-e" "RUST_BACKTRACE=full" "-e" "RUSTFLAGS=--cap-lints=forbid" "-e" "RUSTDOCFLAGS=--cap-lints=forbid" "-e" "CARGO_HOME=/opt/rustwide/cargo-home" "-e" "RUSTUP_HOME=/opt/rustwide/rustup-home" "-w" "/opt/rustwide/workdir" "-m" "1610612736" "--user" "0:0" "--network" "none" "ghcr.io/rust-lang/crates-build-env/linux@sha256:4a844ea9eb2546a2d2c7022eacef16ef2e8229c7fbb2c7d4d55a9ceca922f72d" "/opt/rustwide/cargo-home/bin/cargo" "+nightly-2024-10-28" "build" "--frozen" "--message-format=json", kill_on_drop: false }`
[INFO] [stdout] 884d057fe7a7fabfce7fd9b6b18bf8761617c044b13134a664e31b7e629143a5
[INFO] running `Command { std: "docker" "start" "-a" "884d057fe7a7fabfce7fd9b6b18bf8761617c044b13134a664e31b7e629143a5", kill_on_drop: false }`
[INFO] [stderr]    Compiling proc-macro2 v1.0.86
[INFO] [stderr]    Compiling unicode-ident v1.0.12
[INFO] [stderr]    Compiling libc v0.2.158
[INFO] [stderr]    Compiling autocfg v1.3.0
[INFO] [stderr]    Compiling pin-project-lite v0.2.14
[INFO] [stderr]    Compiling futures-core v0.3.30
[INFO] [stderr]    Compiling parking v2.2.0
[INFO] [stderr]    Compiling futures-io v0.3.30
[INFO] [stderr]    Compiling fastrand v2.1.1
[INFO] [stderr]    Compiling once_cell v1.19.0
[INFO] [stderr]    Compiling generic-array v0.14.7
[INFO] [stderr]    Compiling value-bag v1.9.0
[INFO] [stderr]    Compiling subtle v2.4.1
[INFO] [stderr]    Compiling syn v1.0.109
[INFO] [stderr]    Compiling concurrent-queue v2.5.0
[INFO] [stderr]    Compiling rustix v0.38.34
[INFO] [stderr]    Compiling linux-raw-sys v0.4.14
[INFO] [stderr]    Compiling tracing-core v0.1.32
[INFO] [stderr]    Compiling opaque-debug v0.3.1
[INFO] [stderr]    Compiling io-lifetimes v1.0.11
[INFO] [stderr]    Compiling standback v0.2.17
[INFO] [stderr]    Compiling event-listener v2.5.3
[INFO] [stderr]    Compiling rustix v0.37.27
[INFO] [stderr]    Compiling proc-macro-hack v0.5.20+deprecated
[INFO] [stderr]    Compiling event-listener v5.3.1
[INFO] [stderr]    Compiling log v0.4.22
[INFO] [stderr]    Compiling futures-lite v2.3.0
[INFO] [stderr]    Compiling serde v1.0.209
[INFO] [stderr]    Compiling fastrand v1.9.0
[INFO] [stderr]    Compiling slab v0.4.9
[INFO] [stderr]    Compiling polling v2.8.0
[INFO] [stderr]    Compiling tracing v0.1.40
[INFO] [stderr]    Compiling event-listener-strategy v0.5.2
[INFO] [stderr]    Compiling cipher v0.2.5
[INFO] [stderr]    Compiling async-io v1.13.0
[INFO] [stderr]    Compiling async-lock v3.4.0
[INFO] [stderr]    Compiling linux-raw-sys v0.3.8
[INFO] [stderr]    Compiling waker-fn v1.2.0
[INFO] [stderr]    Compiling universal-hash v0.4.1
[INFO] [stderr]    Compiling futures-lite v1.13.0
[INFO] [stderr]    Compiling digest v0.9.0
[INFO] [stderr]    Compiling quote v1.0.37
[INFO] [stderr]    Compiling async-lock v2.8.0
[INFO] [stderr]    Compiling const_fn v0.4.10
[INFO] [stderr]    Compiling cpuid-bool v0.2.0
[INFO] [stderr]    Compiling async-task v4.7.1
[INFO] [stderr]    Compiling atomic-waker v1.1.2
[INFO] [stderr]    Compiling thiserror v1.0.63
[INFO] [stderr]    Compiling polyval v0.4.5
[INFO] [stderr]    Compiling piper v0.2.4
[INFO] [stderr]    Compiling syn v2.0.76
[INFO] [stderr]    Compiling aes-soft v0.6.4
[INFO] [stderr]    Compiling async-channel v2.3.1
[INFO] [stderr]    Compiling crypto-mac v0.10.1
[INFO] [stderr]    Compiling getrandom v0.2.15
[INFO] [stderr]    Compiling signal-hook-registry v1.4.2
[INFO] [stderr]    Compiling socket2 v0.4.10
[INFO] [stderr]    Compiling getrandom v0.1.16
[INFO] [stderr]    Compiling time v0.2.27
[INFO] [stderr]    Compiling hmac v0.10.1
[INFO] [stderr]    Compiling rand_core v0.6.4
[INFO] [stderr]    Compiling blocking v1.6.1
[INFO] [stderr]    Compiling async-executor v1.13.0
[INFO] [stderr]    Compiling aes v0.6.0
[INFO] [stderr]    Compiling rand_core v0.5.1
[INFO] [stderr]    Compiling unicode-normalization v0.1.23
[INFO] [stderr]    Compiling ghash v0.3.1
[INFO] [stderr]    Compiling ctr v0.6.0
[INFO] [stderr]    Compiling aead v0.3.2
[INFO] [stderr]    Compiling block-buffer v0.9.0
[INFO] [stderr]    Compiling event-listener v3.1.0
[INFO] [stderr]    Compiling cookie v0.14.4
[INFO] [stderr]    Compiling serde_json v1.0.127
[INFO] [stderr]    Compiling cpufeatures v0.2.13
[INFO] [stderr]    Compiling anyhow v1.0.86
[INFO] [stderr]    Compiling unicode-bidi v0.3.15
[INFO] [stderr]    Compiling sha2 v0.9.9
[INFO] [stderr]    Compiling cc v1.1.15
[INFO] [stderr]    Compiling aes-gcm v0.8.0
[INFO] [stderr]    Compiling hkdf v0.10.0
[INFO] [stderr]    Compiling kv-log-macro v1.0.7
[INFO] [stderr]    Compiling async-channel v1.9.0
[INFO] [stderr]    Compiling http-types v2.12.0
[INFO] [stderr]    Compiling infer v0.2.3
[INFO] [stderr]    Compiling futures-sink v0.3.30
[INFO] [stderr]    Compiling num-traits v0.2.19
[INFO] [stderr]    Compiling futures-task v0.3.30
[INFO] [stderr]    Compiling utf8parse v0.2.2
[INFO] [stderr]    Compiling futures-channel v0.3.30
[INFO] [stderr]    Compiling httparse v1.9.4
[INFO] [stderr]    Compiling anstyle-parse v0.2.5
[INFO] [stderr]    Compiling anstyle-query v1.1.1
[INFO] [stderr]    Compiling anstyle v1.0.8
[INFO] [stderr]    Compiling colorchoice v1.0.2
[INFO] [stderr]    Compiling is_terminal_polyfill v1.70.1
[INFO] [stderr]    Compiling idna v0.5.0
[INFO] [stderr]    Compiling signal-hook v0.3.17
[INFO] [stderr]    Compiling miniz_oxide v0.8.0
[INFO] [stderr]    Compiling async-dup v1.2.4
[INFO] [stderr]    Compiling is-docker v0.2.0
[INFO] [stderr]    Compiling anstream v0.6.15
[INFO] [stderr]    Compiling crc32fast v1.4.2
[INFO] [stderr]    Compiling iana-time-zone v0.1.60
[INFO] [stderr]    Compiling heck v0.5.0
[INFO] [stderr]    Compiling cmake v0.1.51
[INFO] [stderr]    Compiling clap_lex v0.7.2
[INFO] [stderr]    Compiling pin-project-lite v0.1.12
[INFO] [stderr]    Compiling strsim v0.11.1
[INFO] [stderr]    Compiling regex-syntax v0.8.4
[INFO] [stderr]    Compiling is-wsl v0.4.0
[INFO] [stderr]    Compiling neli v0.5.3
[INFO] [stderr]    Compiling dirs-sys v0.3.7
[INFO] [stderr]    Compiling path-dedot v3.1.1
[INFO] [stderr]    Compiling pathdiff v0.2.1
[INFO] [stderr]    Compiling clap_builder v4.5.15
[INFO] [stderr]    Compiling route-recognizer v0.2.0
[INFO] [stderr]    Compiling chrono v0.4.38
[INFO] [stderr]    Compiling colored v2.1.0
[INFO] [stderr]    Compiling path-absolutize v3.1.1
[INFO] [stderr]    Compiling dirs v4.0.0
[INFO] [stderr]    Compiling open v5.3.0
[INFO] [stderr]    Compiling libz-ng-sys v1.1.16
[INFO] [stderr]    Compiling signal-hook-async-std v0.2.2
[INFO] [stderr]    Compiling time-macros-impl v0.1.2
[INFO] [stderr]    Compiling async-attributes v1.1.2
[INFO] [stderr]    Compiling fern v0.6.2
[INFO] [stderr]    Compiling zerocopy-derive v0.7.35
[INFO] [stderr]    Compiling serde_derive v1.0.209
[INFO] [stderr]    Compiling thiserror-impl v1.0.63
[INFO] [stderr]    Compiling futures-macro v0.3.30
[INFO] [stderr]    Compiling pin-project-internal v1.1.5
[INFO] [stderr]    Compiling async-trait v0.1.81
[INFO] [stderr]    Compiling clap_derive v4.5.13
[INFO] [stderr]    Compiling time-macros v0.1.1
[INFO] [stderr]    Compiling regex-automata v0.4.7
[INFO] [stderr]    Compiling polling v3.7.3
[INFO] [stderr]    Compiling async-io v2.3.4
[INFO] [stderr]    Compiling futures-util v0.3.30
[INFO] [stderr]    Compiling zerocopy v0.7.35
[INFO] [stderr]    Compiling pin-project v1.1.5
[INFO] [stderr]    Compiling local-ip-address v0.4.9
[INFO] [stderr]    Compiling ppv-lite86 v0.2.20
[INFO] [stderr]    Compiling ahash v0.8.11
[INFO] [stderr]    Compiling clap v4.5.16
[INFO] [stderr]    Compiling async-signal v0.2.10
[INFO] [stderr]    Compiling async-global-executor v2.4.1
[INFO] [stderr]    Compiling rand_chacha v0.3.1
[INFO] [stderr]    Compiling rand_chacha v0.2.2
[INFO] [stderr]    Compiling async-process v1.8.1
[INFO] [stderr]    Compiling rand v0.8.5
[INFO] [stderr]    Compiling rand v0.7.3
[INFO] [stderr]    Compiling async-std v1.12.0
[INFO] [stderr]    Compiling port-selector v0.1.6
[INFO] [stderr]    Compiling regex v1.10.6
[INFO] [stderr]    Compiling futures-executor v0.3.30
[INFO] [stderr]    Compiling futures v0.3.30
[INFO] [stderr]    Compiling serde_urlencoded v0.7.1
[INFO] [stderr]    Compiling serde_qs v0.8.5
[INFO] [stderr]    Compiling url v2.5.2
[INFO] [stderr]    Compiling http-client v6.5.3
[INFO] [stderr]    Compiling async-sse v4.1.0
[INFO] [stderr]    Compiling async-h1 v2.3.4
[INFO] [stderr]    Compiling tide v0.16.0
[INFO] [stderr]    Compiling flate2 v1.0.33
[INFO] [stderr]    Compiling async-compression v0.3.15
[INFO] [stderr]    Compiling lightstatic v1.0.1 (/opt/rustwide/workdir)
[INFO] [stdout] warning: field `index` is never read
[INFO] [stdout]   --> src/config.rs:12:7
[INFO] [stdout]    |
[INFO] [stdout] 6  | pub struct Config {
[INFO] [stdout]    |            ------ field in this struct
[INFO] [stdout] ...
[INFO] [stdout] 12 |   pub index: String,
[INFO] [stdout]    |       ^^^^^
[INFO] [stdout]    |
[INFO] [stdout]    = note: `#[warn(dead_code)]` on by default
[INFO] [stdout] 
[INFO] [stdout] 
[INFO] [stderr]     Finished `dev` profile [unoptimized + debuginfo] target(s) in 25.39s
[INFO] running `Command { std: "docker" "inspect" "884d057fe7a7fabfce7fd9b6b18bf8761617c044b13134a664e31b7e629143a5", kill_on_drop: false }`
[INFO] running `Command { std: "docker" "rm" "-f" "884d057fe7a7fabfce7fd9b6b18bf8761617c044b13134a664e31b7e629143a5", kill_on_drop: false }`
[INFO] [stdout] 884d057fe7a7fabfce7fd9b6b18bf8761617c044b13134a664e31b7e629143a5
[INFO] running `Command { std: "docker" "create" "-v" "/var/lib/crater-agent-workspace/builds/worker-5-tc1/target:/opt/rustwide/target:rw,Z" "-v" "/var/lib/crater-agent-workspace/builds/worker-5-tc1/source:/opt/rustwide/workdir:ro,Z" "-v" "/var/lib/crater-agent-workspace/cargo-home:/opt/rustwide/cargo-home:ro,Z" "-v" "/var/lib/crater-agent-workspace/rustup-home:/opt/rustwide/rustup-home:ro,Z" "-e" "SOURCE_DIR=/opt/rustwide/workdir" "-e" "CARGO_TARGET_DIR=/opt/rustwide/target" "-e" "CARGO_INCREMENTAL=0" "-e" "RUST_BACKTRACE=full" "-e" "RUSTFLAGS=--cap-lints=forbid" "-e" "RUSTDOCFLAGS=--cap-lints=forbid" "-e" "CARGO_HOME=/opt/rustwide/cargo-home" "-e" "RUSTUP_HOME=/opt/rustwide/rustup-home" "-w" "/opt/rustwide/workdir" "-m" "1610612736" "--user" "0:0" "--network" "none" "ghcr.io/rust-lang/crates-build-env/linux@sha256:4a844ea9eb2546a2d2c7022eacef16ef2e8229c7fbb2c7d4d55a9ceca922f72d" "/opt/rustwide/cargo-home/bin/cargo" "+nightly-2024-10-28" "test" "--frozen" "--no-run" "--message-format=json", kill_on_drop: false }`
[INFO] [stdout] 351df3626567edca8b241a722d281896b9d62de50ec9fa61c808e40a8d511b5b
[INFO] running `Command { std: "docker" "start" "-a" "351df3626567edca8b241a722d281896b9d62de50ec9fa61c808e40a8d511b5b", kill_on_drop: false }`
[INFO] [stderr]    Compiling lightstatic v1.0.1 (/opt/rustwide/workdir)
[INFO] [stdout] warning: field `index` is never read
[INFO] [stdout]   --> src/config.rs:12:7
[INFO] [stdout]    |
[INFO] [stdout] 6  | pub struct Config {
[INFO] [stdout]    |            ------ field in this struct
[INFO] [stdout] ...
[INFO] [stdout] 12 |   pub index: String,
[INFO] [stdout]    |       ^^^^^
[INFO] [stdout]    |
[INFO] [stdout]    = note: `#[warn(dead_code)]` on by default
[INFO] [stdout] 
[INFO] [stdout] 
[INFO] [stderr]     Finished `test` profile [unoptimized + debuginfo] target(s) in 1.24s
[INFO] running `Command { std: "docker" "inspect" "351df3626567edca8b241a722d281896b9d62de50ec9fa61c808e40a8d511b5b", kill_on_drop: false }`
[INFO] running `Command { std: "docker" "rm" "-f" "351df3626567edca8b241a722d281896b9d62de50ec9fa61c808e40a8d511b5b", kill_on_drop: false }`
[INFO] [stdout] 351df3626567edca8b241a722d281896b9d62de50ec9fa61c808e40a8d511b5b
[INFO] running `Command { std: "docker" "create" "-v" "/var/lib/crater-agent-workspace/builds/worker-5-tc1/target:/opt/rustwide/target:rw,Z" "-v" "/var/lib/crater-agent-workspace/builds/worker-5-tc1/source:/opt/rustwide/workdir:ro,Z" "-v" "/var/lib/crater-agent-workspace/cargo-home:/opt/rustwide/cargo-home:ro,Z" "-v" "/var/lib/crater-agent-workspace/rustup-home:/opt/rustwide/rustup-home:ro,Z" "-e" "SOURCE_DIR=/opt/rustwide/workdir" "-e" "CARGO_TARGET_DIR=/opt/rustwide/target" "-e" "CARGO_INCREMENTAL=0" "-e" "RUST_BACKTRACE=full" "-e" "RUSTFLAGS=--cap-lints=forbid" "-e" "RUSTDOCFLAGS=--cap-lints=forbid" "-e" "CARGO_HOME=/opt/rustwide/cargo-home" "-e" "RUSTUP_HOME=/opt/rustwide/rustup-home" "-w" "/opt/rustwide/workdir" "-m" "1610612736" "--user" "0:0" "--network" "none" "ghcr.io/rust-lang/crates-build-env/linux@sha256:4a844ea9eb2546a2d2c7022eacef16ef2e8229c7fbb2c7d4d55a9ceca922f72d" "/opt/rustwide/cargo-home/bin/cargo" "+nightly-2024-10-28" "test" "--frozen", kill_on_drop: false }`
[INFO] [stdout] 285d6f0f3a0cbde7ccf0b35acd252876cc2057b2f11bdce442cae28706613422
[INFO] running `Command { std: "docker" "start" "-a" "285d6f0f3a0cbde7ccf0b35acd252876cc2057b2f11bdce442cae28706613422", kill_on_drop: false }`
[INFO] [stderr] warning: field `index` is never read
[INFO] [stderr]   --> src/config.rs:12:7
[INFO] [stderr]    |
[INFO] [stderr] 6  | pub struct Config {
[INFO] [stderr]    |            ------ field in this struct
[INFO] [stderr] ...
[INFO] [stderr] 12 |   pub index: String,
[INFO] [stderr]    |       ^^^^^
[INFO] [stderr]    |
[INFO] [stderr]    = note: `#[warn(dead_code)]` on by default
[INFO] [stderr] 
[INFO] [stderr] warning: `lightstatic` (bin "lightstatic" test) generated 1 warning
[INFO] [stderr]     Finished `test` profile [unoptimized + debuginfo] target(s) in 0.15s
[INFO] [stderr]      Running unittests src/main.rs (/opt/rustwide/target/debug/deps/lightstatic-d2b322033e7549f9)
[INFO] [stdout] 
[INFO] [stdout] running 2 tests
[INFO] [stdout] test util::test_resolve_path ... ok
[INFO] [stdout] test store::test_cache ... FAILED
[INFO] [stdout] 
[INFO] [stdout] failures:
[INFO] [stdout] 
[INFO] [stdout] ---- store::test_cache stdout ----
[INFO] [stdout] thread 'store::test_cache' panicked at src/store.rs:296:3:
[INFO] [stdout] 
[INFO] [stdout] stack backtrace:
[INFO] [stdout]    0:     0x5e1173d9b40a - std::backtrace_rs::backtrace::libunwind::trace::h207520d6e9873551
[INFO] [stdout]                                at /rustc/df4ca44d3fbc9301ee17f30f4d474e6ae4b05252/library/std/src/../../backtrace/src/backtrace/libunwind.rs:116:5
[INFO] [stdout]    1:     0x5e1173d9b40a - std::backtrace_rs::backtrace::trace_unsynchronized::h2ed7433f370e3eca
[INFO] [stdout]                                at /rustc/df4ca44d3fbc9301ee17f30f4d474e6ae4b05252/library/std/src/../../backtrace/src/backtrace/mod.rs:66:5
[INFO] [stdout]    2:     0x5e1173d9b40a - std::sys::backtrace::_print_fmt::h916fac51166b18d7
[INFO] [stdout]                                at /rustc/df4ca44d3fbc9301ee17f30f4d474e6ae4b05252/library/std/src/sys/backtrace.rs:66:9
[INFO] [stdout]    3:     0x5e1173d9b40a - <std::sys::backtrace::BacktraceLock::print::DisplayBacktrace as core::fmt::Display>::fmt::ha0a4c9b8ce3802e6
[INFO] [stdout]                                at /rustc/df4ca44d3fbc9301ee17f30f4d474e6ae4b05252/library/std/src/sys/backtrace.rs:39:26
[INFO] [stdout]    4:     0x5e1173dc1cb3 - core::fmt::rt::Argument::fmt::h4cfc8587d52b3eb5
[INFO] [stdout]                                at /rustc/df4ca44d3fbc9301ee17f30f4d474e6ae4b05252/library/core/src/fmt/rt.rs:177:76
[INFO] [stdout]    5:     0x5e1173dc1cb3 - core::fmt::write::h522cc39e5b36ae9f
[INFO] [stdout]                                at /rustc/df4ca44d3fbc9301ee17f30f4d474e6ae4b05252/library/core/src/fmt/mod.rs:1190:21
[INFO] [stdout]    6:     0x5e1173d97cf3 - std::io::Write::write_fmt::h7d3c26752da97734
[INFO] [stdout]                                at /rustc/df4ca44d3fbc9301ee17f30f4d474e6ae4b05252/library/std/src/io/mod.rs:1839:15
[INFO] [stdout]    7:     0x5e1173d9b252 - std::sys::backtrace::BacktraceLock::print::h4b9e00b29e9c0942
[INFO] [stdout]                                at /rustc/df4ca44d3fbc9301ee17f30f4d474e6ae4b05252/library/std/src/sys/backtrace.rs:42:9
[INFO] [stdout]    8:     0x5e1173d9c89a - std::panicking::default_hook::{{closure}}::hb59b88280d0324d9
[INFO] [stdout]                                at /rustc/df4ca44d3fbc9301ee17f30f4d474e6ae4b05252/library/std/src/panicking.rs:268:22
[INFO] [stdout]    9:     0x5e1173d9c6a4 - std::panicking::default_hook::he1dd496665be4a29
[INFO] [stdout]                                at /rustc/df4ca44d3fbc9301ee17f30f4d474e6ae4b05252/library/std/src/panicking.rs:292:9
[INFO] [stdout]   10:     0x5e1173ccad09 - <alloc::boxed::Box<F,A> as core::ops::function::Fn<Args>>::call::h4ff71de18744e1dc
[INFO] [stdout]                                at /rustc/df4ca44d3fbc9301ee17f30f4d474e6ae4b05252/library/alloc/src/boxed.rs:2468:9
[INFO] [stdout]   11:     0x5e1173ccad09 - test::test_main::{{closure}}::hcf7c055ce117aa81
[INFO] [stdout]                                at /rustc/df4ca44d3fbc9301ee17f30f4d474e6ae4b05252/library/test/src/lib.rs:133:21
[INFO] [stdout]   12:     0x5e1173d9cf98 - <alloc::boxed::Box<F,A> as core::ops::function::Fn<Args>>::call::h1d66c6bbd60c9692
[INFO] [stdout]                                at /rustc/df4ca44d3fbc9301ee17f30f4d474e6ae4b05252/library/alloc/src/boxed.rs:2468:9
[INFO] [stdout]   13:     0x5e1173d9cf98 - std::panicking::rust_panic_with_hook::h2ff17fe8f26dfcf8
[INFO] [stdout]                                at /rustc/df4ca44d3fbc9301ee17f30f4d474e6ae4b05252/library/std/src/panicking.rs:809:13
[INFO] [stdout]   14:     0x5e1173d9cd26 - std::panicking::begin_panic_handler::{{closure}}::h4fad77951c07e101
[INFO] [stdout]                                at /rustc/df4ca44d3fbc9301ee17f30f4d474e6ae4b05252/library/std/src/panicking.rs:667:13
[INFO] [stdout]   15:     0x5e1173d9b8e9 - std::sys::backtrace::__rust_end_short_backtrace::hb1a25b3da5d0ea08
[INFO] [stdout]                                at /rustc/df4ca44d3fbc9301ee17f30f4d474e6ae4b05252/library/std/src/sys/backtrace.rs:170:18
[INFO] [stdout]   16:     0x5e1173d9c9ec - rust_begin_unwind
[INFO] [stdout]                                at /rustc/df4ca44d3fbc9301ee17f30f4d474e6ae4b05252/library/std/src/panicking.rs:665:5
[INFO] [stdout]   17:     0x5e1173dc0690 - core::panicking::panic_fmt::ha9db07b529f9b256
[INFO] [stdout]                                at /rustc/df4ca44d3fbc9301ee17f30f4d474e6ae4b05252/library/core/src/panicking.rs:75:14
[INFO] [stdout]   18:     0x5e1173c8944f - lightstatic::store::test_cache::{{closure}}::hb56bab8c904d3bc5
[INFO] [stdout]                                at /opt/rustwide/workdir/src/store.rs:296:3
[INFO] [stdout]   19:     0x5e1173c81602 - <async_std::task::builder::SupportTaskLocals<F> as core::future::future::Future>::poll::{{closure}}::h12095b0bba48ce2c
[INFO] [stdout]                                at /opt/rustwide/cargo-home/registry/src/index.crates.io-6f17d22bba15001f/async-std-1.12.0/src/task/builder.rs:199:17
[INFO] [stdout]   20:     0x5e1173c8843c - async_std::task::task_locals_wrapper::TaskLocalsWrapper::set_current::{{closure}}::h0c40f7385ef7fbd2
[INFO] [stdout]                                at /opt/rustwide/cargo-home/registry/src/index.crates.io-6f17d22bba15001f/async-std-1.12.0/src/task/task_locals_wrapper.rs:60:13
[INFO] [stdout]   21:     0x5e1173c82624 - std::thread::local::LocalKey<T>::try_with::h48639a1e2ddc6d37
[INFO] [stdout]                                at /rustc/df4ca44d3fbc9301ee17f30f4d474e6ae4b05252/library/std/src/thread/local.rs:283:12
[INFO] [stdout]   22:     0x5e1173c8211a - std::thread::local::LocalKey<T>::with::h2fe379f87fd5beff
[INFO] [stdout]                                at /rustc/df4ca44d3fbc9301ee17f30f4d474e6ae4b05252/library/std/src/thread/local.rs:260:9
[INFO] [stdout]   23:     0x5e1173c88358 - async_std::task::task_locals_wrapper::TaskLocalsWrapper::set_current::h0a10321bfb5b1959
[INFO] [stdout]                                at /opt/rustwide/cargo-home/registry/src/index.crates.io-6f17d22bba15001f/async-std-1.12.0/src/task/task_locals_wrapper.rs:55:9
[INFO] [stdout]   24:     0x5e1173c815ca - <async_std::task::builder::SupportTaskLocals<F> as core::future::future::Future>::poll::h807fdfa65afa20f9
[INFO] [stdout]                                at /opt/rustwide/cargo-home/registry/src/index.crates.io-6f17d22bba15001f/async-std-1.12.0/src/task/builder.rs:197:13
[INFO] [stdout]   25:     0x5e1173c84404 - <futures_lite::future::Or<F1,F2> as core::future::future::Future>::poll::h99cb92fe61a72743
[INFO] [stdout]                                at /opt/rustwide/cargo-home/registry/src/index.crates.io-6f17d22bba15001f/futures-lite-2.3.0/src/future.rs:446:33
[INFO] [stdout]   26:     0x5e1173c89b0c - async_executor::State::run::{{closure}}::h3862ca105c56f3e1
[INFO] [stdout]                                at /opt/rustwide/cargo-home/registry/src/index.crates.io-6f17d22bba15001f/async-executor-1.13.0/src/lib.rs:748:32
[INFO] [stdout]   27:     0x5e1173c8a19e - async_executor::Executor::run::{{closure}}::hc9d2a74e4af57216
[INFO] [stdout]                                at /opt/rustwide/cargo-home/registry/src/index.crates.io-6f17d22bba15001f/async-executor-1.13.0/src/lib.rs:344:34
[INFO] [stdout]   28:     0x5e1173c896f2 - async_executor::LocalExecutor::run::{{closure}}::h522bb7c6f93401fc
[INFO] [stdout]                                at /opt/rustwide/cargo-home/registry/src/index.crates.io-6f17d22bba15001f/async-executor-1.13.0/src/lib.rs:648:34
[INFO] [stdout]   29:     0x5e1173c84e32 - async_io::driver::block_on::{{closure}}::h90478a72020ebe3f
[INFO] [stdout]                                at /opt/rustwide/cargo-home/registry/src/index.crates.io-6f17d22bba15001f/async-io-2.3.4/src/driver.rs:199:37
[INFO] [stdout]   30:     0x5e1173c82c8b - std::thread::local::LocalKey<T>::try_with::hc7c33662c3b4c06f
[INFO] [stdout]                                at /rustc/df4ca44d3fbc9301ee17f30f4d474e6ae4b05252/library/std/src/thread/local.rs:283:12
[INFO] [stdout]   31:     0x5e1173c8202a - std::thread::local::LocalKey<T>::with::h00aa24efd4816a5a
[INFO] [stdout]                                at /rustc/df4ca44d3fbc9301ee17f30f4d474e6ae4b05252/library/std/src/thread/local.rs:260:9
[INFO] [stdout]   32:     0x5e1173c84a68 - async_io::driver::block_on::ha0e9258b6d319b4d
[INFO] [stdout]                                at /opt/rustwide/cargo-home/registry/src/index.crates.io-6f17d22bba15001f/async-io-2.3.4/src/driver.rs:175:5
[INFO] [stdout]   33:     0x5e1173c8b693 - async_global_executor::reactor::block_on::{{closure}}::h23e971f5f248d34d
[INFO] [stdout]                                at /opt/rustwide/cargo-home/registry/src/index.crates.io-6f17d22bba15001f/async-global-executor-2.4.1/src/reactor.rs:3:18
[INFO] [stdout]   34:     0x5e1173c8b663 - async_global_executor::reactor::block_on::h8e01e069d98b032c
[INFO] [stdout]                                at /opt/rustwide/cargo-home/registry/src/index.crates.io-6f17d22bba15001f/async-global-executor-2.4.1/src/reactor.rs:12:5
[INFO] [stdout]   35:     0x5e1173c8b71d - async_global_executor::executor::block_on::{{closure}}::h6a46aa30544028d8
[INFO] [stdout]                                at /opt/rustwide/cargo-home/registry/src/index.crates.io-6f17d22bba15001f/async-global-executor-2.4.1/src/executor.rs:26:36
[INFO] [stdout]   36:     0x5e1173c82dda - std::thread::local::LocalKey<T>::try_with::hd9d12126b75ffde4
[INFO] [stdout]                                at /rustc/df4ca44d3fbc9301ee17f30f4d474e6ae4b05252/library/std/src/thread/local.rs:283:12
[INFO] [stdout]   37:     0x5e1173c8222a - std::thread::local::LocalKey<T>::with::hd49a89bce40c280c
[INFO] [stdout]                                at /rustc/df4ca44d3fbc9301ee17f30f4d474e6ae4b05252/library/std/src/thread/local.rs:260:9
[INFO] [stdout]   38:     0x5e1173c8b6c7 - async_global_executor::executor::block_on::h6ffc498d55f1b007
[INFO] [stdout]                                at /opt/rustwide/cargo-home/registry/src/index.crates.io-6f17d22bba15001f/async-global-executor-2.4.1/src/executor.rs:26:5
[INFO] [stdout]   39:     0x5e1173c88d9f - async_std::task::builder::Builder::blocking::{{closure}}::{{closure}}::h09727bd0cdd423c8
[INFO] [stdout]                                at /opt/rustwide/cargo-home/registry/src/index.crates.io-6f17d22bba15001f/async-std-1.12.0/src/task/builder.rs:171:25
[INFO] [stdout]   40:     0x5e1173c88585 - async_std::task::task_locals_wrapper::TaskLocalsWrapper::set_current::{{closure}}::h430d0a3bc5f6a1c0
[INFO] [stdout]                                at /opt/rustwide/cargo-home/registry/src/index.crates.io-6f17d22bba15001f/async-std-1.12.0/src/task/task_locals_wrapper.rs:60:13
[INFO] [stdout]   41:     0x5e1173c8292b - std::thread::local::LocalKey<T>::try_with::hadee769408c2100e
[INFO] [stdout]                                at /rustc/df4ca44d3fbc9301ee17f30f4d474e6ae4b05252/library/std/src/thread/local.rs:283:12
[INFO] [stdout]   42:     0x5e1173c821fa - std::thread::local::LocalKey<T>::with::hae43a1520ed051dc
[INFO] [stdout]                                at /rustc/df4ca44d3fbc9301ee17f30f4d474e6ae4b05252/library/std/src/thread/local.rs:260:9
[INFO] [stdout]   43:     0x5e1173c88397 - async_std::task::task_locals_wrapper::TaskLocalsWrapper::set_current::ha7aa777581b6be22
[INFO] [stdout]                                at /opt/rustwide/cargo-home/registry/src/index.crates.io-6f17d22bba15001f/async-std-1.12.0/src/task/task_locals_wrapper.rs:55:9
[INFO] [stdout]   44:     0x5e1173c88ce6 - async_std::task::builder::Builder::blocking::{{closure}}::hcdddfcfe2d2d0fcf
[INFO] [stdout]                                at /opt/rustwide/cargo-home/registry/src/index.crates.io-6f17d22bba15001f/async-std-1.12.0/src/task/builder.rs:168:17
[INFO] [stdout]   45:     0x5e1173c8234a - std::thread::local::LocalKey<T>::try_with::h007f05f1e7b69fee
[INFO] [stdout]                                at /rustc/df4ca44d3fbc9301ee17f30f4d474e6ae4b05252/library/std/src/thread/local.rs:283:12
[INFO] [stdout]   46:     0x5e1173c821ca - std::thread::local::LocalKey<T>::with::h51e86565673727d4
[INFO] [stdout]                                at /rustc/df4ca44d3fbc9301ee17f30f4d474e6ae4b05252/library/std/src/thread/local.rs:260:9
[INFO] [stdout]   47:     0x5e1173c889f4 - async_std::task::builder::Builder::blocking::h2afcbe6de8946725
[INFO] [stdout]                                at /opt/rustwide/cargo-home/registry/src/index.crates.io-6f17d22bba15001f/async-std-1.12.0/src/task/builder.rs:161:9
[INFO] [stdout]   48:     0x5e1173c8dc06 - async_std::task::block_on::block_on::h5b3a82d89112e9ad
[INFO] [stdout]                                at /opt/rustwide/cargo-home/registry/src/index.crates.io-6f17d22bba15001f/async-std-1.12.0/src/task/block_on.rs:33:5
[INFO] [stdout]   49:     0x5e1173c893d8 - lightstatic::store::test_cache::hf1e3e5a3393f6dbf
[INFO] [stdout]                                at /opt/rustwide/workdir/src/store.rs:294:1
[INFO] [stdout]   50:     0x5e1173c893a7 - lightstatic::store::test_cache::{{closure}}::hd5698f9c85e15763
[INFO] [stdout]                                at /opt/rustwide/workdir/src/store.rs:295:26
[INFO] [stdout]   51:     0x5e1173c8bf66 - core::ops::function::FnOnce::call_once::heca55f7e785ebc01
[INFO] [stdout]                                at /rustc/df4ca44d3fbc9301ee17f30f4d474e6ae4b05252/library/core/src/ops/function.rs:250:5
[INFO] [stdout]   52:     0x5e1173ccf5db - core::ops::function::FnOnce::call_once::h22c3ba5715e93f05
[INFO] [stdout]                                at /rustc/df4ca44d3fbc9301ee17f30f4d474e6ae4b05252/library/core/src/ops/function.rs:250:5
[INFO] [stdout]   53:     0x5e1173ccf5db - test::__rust_begin_short_backtrace::h8e82d8113d0da17f
[INFO] [stdout]                                at /rustc/df4ca44d3fbc9301ee17f30f4d474e6ae4b05252/library/test/src/lib.rs:621:18
[INFO] [stdout]   54:     0x5e1173ccef57 - test::run_test_in_process::{{closure}}::h33235f4f20b7b7c7
[INFO] [stdout]                                at /rustc/df4ca44d3fbc9301ee17f30f4d474e6ae4b05252/library/test/src/lib.rs:644:60
[INFO] [stdout]   55:     0x5e1173ccef57 - <core::panic::unwind_safe::AssertUnwindSafe<F> as core::ops::function::FnOnce<()>>::call_once::hb5043206310c586f
[INFO] [stdout]                                at /rustc/df4ca44d3fbc9301ee17f30f4d474e6ae4b05252/library/core/src/panic/unwind_safe.rs:272:9
[INFO] [stdout]   56:     0x5e1173ccef57 - std::panicking::try::do_call::h9ad4731a60ab23e2
[INFO] [stdout]                                at /rustc/df4ca44d3fbc9301ee17f30f4d474e6ae4b05252/library/std/src/panicking.rs:557:40
[INFO] [stdout]   57:     0x5e1173ccef57 - std::panicking::try::h3824d23db772a716
[INFO] [stdout]                                at /rustc/df4ca44d3fbc9301ee17f30f4d474e6ae4b05252/library/std/src/panicking.rs:520:19
[INFO] [stdout]   58:     0x5e1173ccef57 - std::panic::catch_unwind::h5afd514605fde46b
[INFO] [stdout]                                at /rustc/df4ca44d3fbc9301ee17f30f4d474e6ae4b05252/library/std/src/panic.rs:358:14
[INFO] [stdout]   59:     0x5e1173ccef57 - test::run_test_in_process::h0d5cbfa7067d1720
[INFO] [stdout]                                at /rustc/df4ca44d3fbc9301ee17f30f4d474e6ae4b05252/library/test/src/lib.rs:644:27
[INFO] [stdout]   60:     0x5e1173ccef57 - test::run_test::{{closure}}::h708eb8872708115d
[INFO] [stdout]                                at /rustc/df4ca44d3fbc9301ee17f30f4d474e6ae4b05252/library/test/src/lib.rs:565:43
[INFO] [stdout]   61:     0x5e1173c92674 - test::run_test::{{closure}}::h392c51cee94713ab
[INFO] [stdout]                                at /rustc/df4ca44d3fbc9301ee17f30f4d474e6ae4b05252/library/test/src/lib.rs:595:41
[INFO] [stdout]   62:     0x5e1173c92674 - std::sys::backtrace::__rust_begin_short_backtrace::h2f40290710935a8b
[INFO] [stdout]                                at /rustc/df4ca44d3fbc9301ee17f30f4d474e6ae4b05252/library/std/src/sys/backtrace.rs:154:18
[INFO] [stdout]   63:     0x5e1173c95e1e - std::thread::Builder::spawn_unchecked_::{{closure}}::{{closure}}::h3fd968d89053a903
[INFO] [stdout]                                at /rustc/df4ca44d3fbc9301ee17f30f4d474e6ae4b05252/library/std/src/thread/mod.rs:541:17
[INFO] [stdout]   64:     0x5e1173c95e1e - <core::panic::unwind_safe::AssertUnwindSafe<F> as core::ops::function::FnOnce<()>>::call_once::h743f637ba4229880
[INFO] [stdout]                                at /rustc/df4ca44d3fbc9301ee17f30f4d474e6ae4b05252/library/core/src/panic/unwind_safe.rs:272:9
[INFO] [stdout]   65:     0x5e1173c95e1e - std::panicking::try::do_call::h07440897322525a6
[INFO] [stdout]                                at /rustc/df4ca44d3fbc9301ee17f30f4d474e6ae4b05252/library/std/src/panicking.rs:557:40
[INFO] [stdout]   66:     0x5e1173c95e1e - std::panicking::try::he5a2e00188156637
[INFO] [stdout]                                at /rustc/df4ca44d3fbc9301ee17f30f4d474e6ae4b05252/library/std/src/panicking.rs:520:19
[INFO] [stdout]   67:     0x5e1173c95e1e - std::panic::catch_unwind::hbaf3cae49b3c6433
[INFO] [stdout]                                at /rustc/df4ca44d3fbc9301ee17f30f4d474e6ae4b05252/library/std/src/panic.rs:358:14
[INFO] [stdout]   68:     0x5e1173c95e1e - std::thread::Builder::spawn_unchecked_::{{closure}}::h8e141ea224820bce
[INFO] [stdout]                                at /rustc/df4ca44d3fbc9301ee17f30f4d474e6ae4b05252/library/std/src/thread/mod.rs:540:30
[INFO] [stdout]   69:     0x5e1173c95e1e - core::ops::function::FnOnce::call_once{{vtable.shim}}::h90d312fedd7b8ea8
[INFO] [stdout]                                at /rustc/df4ca44d3fbc9301ee17f30f4d474e6ae4b05252/library/core/src/ops/function.rs:250:5
[INFO] [stdout]   70:     0x5e1173da0e2b - <alloc::boxed::Box<F,A> as core::ops::function::FnOnce<Args>>::call_once::h69aa08ddb6adb8b6
[INFO] [stdout]                                at /rustc/df4ca44d3fbc9301ee17f30f4d474e6ae4b05252/library/alloc/src/boxed.rs:2454:9
[INFO] [stdout]   71:     0x5e1173da0e2b - <alloc::boxed::Box<F,A> as core::ops::function::FnOnce<Args>>::call_once::h5aa36efdb79c806f
[INFO] [stdout]                                at /rustc/df4ca44d3fbc9301ee17f30f4d474e6ae4b05252/library/alloc/src/boxed.rs:2454:9
[INFO] [stdout]   72:     0x5e1173da0e2b - std::sys::pal::unix::thread::Thread::new::thread_start::h6cd80a1b4be5158d
[INFO] [stdout]                                at /rustc/df4ca44d3fbc9301ee17f30f4d474e6ae4b05252/library/std/src/sys/pal/unix/thread.rs:105:17
[INFO] [stdout]   73:     0x7cc0e36a6ac3 - <unknown>
[INFO] [stdout]   74:     0x7cc0e3737a04 - clone
[INFO] [stdout]   75:                0x0 - <unknown>
[INFO] [stdout] 
[INFO] [stdout] 
[INFO] [stdout] failures:
[INFO] [stdout]     store::test_cache
[INFO] [stdout] 
[INFO] [stdout] test result: FAILED. 1 passed; 1 failed; 0 ignored; 0 measured; 0 filtered out; finished in 0.04s
[INFO] [stdout] 
[INFO] [stderr] error: test failed, to rerun pass `--bin lightstatic`
[INFO] running `Command { std: "docker" "inspect" "285d6f0f3a0cbde7ccf0b35acd252876cc2057b2f11bdce442cae28706613422", kill_on_drop: false }`
[INFO] running `Command { std: "docker" "rm" "-f" "285d6f0f3a0cbde7ccf0b35acd252876cc2057b2f11bdce442cae28706613422", kill_on_drop: false }`
[INFO] [stdout] 285d6f0f3a0cbde7ccf0b35acd252876cc2057b2f11bdce442cae28706613422
