[INFO] fetching crate lig 0.1.0...
[INFO] testing lig-0.1.0 against nightly-2024-10-28 for randomize-layout
[INFO] extracting crate lig 0.1.0 into /workspace/builds/worker-7-tc1/source
[INFO] validating manifest of crates.io crate lig 0.1.0 on toolchain nightly-2024-10-28
[INFO] running `Command { std: CARGO_HOME="/workspace/cargo-home" RUSTUP_HOME="/workspace/rustup-home" "/workspace/cargo-home/bin/cargo" "+nightly-2024-10-28" "metadata" "--manifest-path" "Cargo.toml" "--no-deps", kill_on_drop: false }`
[INFO] started tweaking crates.io crate lig 0.1.0
[INFO] finished tweaking crates.io crate lig 0.1.0
[INFO] tweaked toml for crates.io crate lig 0.1.0 written to /workspace/builds/worker-7-tc1/source/Cargo.toml
[INFO] running `Command { std: CARGO_HOME="/workspace/cargo-home" RUSTUP_HOME="/workspace/rustup-home" "/workspace/cargo-home/bin/cargo" "+nightly-2024-10-28" "generate-lockfile" "--manifest-path" "Cargo.toml", kill_on_drop: false }`
[INFO] [stderr]     Updating crates.io index
[INFO] [stderr]      Locking 21 packages to latest compatible versions
[INFO] [stderr]       Adding gaze v0.3.0 (available: v0.5.0)
[INFO] [stderr]       Adding ligature v0.5.0 (available: v0.7.0)
[INFO] running `Command { std: CARGO_HOME="/workspace/cargo-home" RUSTUP_HOME="/workspace/rustup-home" "/workspace/cargo-home/bin/cargo" "+nightly-2024-10-28" "fetch" "--manifest-path" "Cargo.toml", kill_on_drop: false }`
[INFO] [stderr]  Downloading crates ...
[INFO] [stderr]   Downloaded gaze v0.3.0
[INFO] [stderr]   Downloaded ligature v0.5.0
[INFO] running `Command { std: "docker" "create" "-v" "/var/lib/crater-agent-workspace/builds/worker-7-tc1/target:/opt/rustwide/target:rw,Z" "-v" "/var/lib/crater-agent-workspace/builds/worker-7-tc1/source:/opt/rustwide/workdir:ro,Z" "-v" "/var/lib/crater-agent-workspace/cargo-home:/opt/rustwide/cargo-home:ro,Z" "-v" "/var/lib/crater-agent-workspace/rustup-home:/opt/rustwide/rustup-home:ro,Z" "-e" "SOURCE_DIR=/opt/rustwide/workdir" "-e" "CARGO_TARGET_DIR=/opt/rustwide/target" "-e" "CARGO_HOME=/opt/rustwide/cargo-home" "-e" "RUSTUP_HOME=/opt/rustwide/rustup-home" "-w" "/opt/rustwide/workdir" "-m" "1610612736" "--user" "0:0" "--network" "none" "ghcr.io/rust-lang/crates-build-env/linux@sha256:4a844ea9eb2546a2d2c7022eacef16ef2e8229c7fbb2c7d4d55a9ceca922f72d" "/opt/rustwide/cargo-home/bin/cargo" "+nightly-2024-10-28" "metadata" "--no-deps" "--format-version=1", kill_on_drop: false }`
[INFO] [stdout] fa5910e8a4efc398fe3f15e81c7c8fe8329e867a44f449caed5a1a920defa04d
[INFO] running `Command { std: "docker" "start" "-a" "fa5910e8a4efc398fe3f15e81c7c8fe8329e867a44f449caed5a1a920defa04d", kill_on_drop: false }`
[INFO] running `Command { std: "docker" "inspect" "fa5910e8a4efc398fe3f15e81c7c8fe8329e867a44f449caed5a1a920defa04d", kill_on_drop: false }`
[INFO] running `Command { std: "docker" "rm" "-f" "fa5910e8a4efc398fe3f15e81c7c8fe8329e867a44f449caed5a1a920defa04d", kill_on_drop: false }`
[INFO] [stdout] fa5910e8a4efc398fe3f15e81c7c8fe8329e867a44f449caed5a1a920defa04d
[INFO] running `Command { std: "docker" "create" "-v" "/var/lib/crater-agent-workspace/builds/worker-7-tc1/target:/opt/rustwide/target:rw,Z" "-v" "/var/lib/crater-agent-workspace/builds/worker-7-tc1/source:/opt/rustwide/workdir:ro,Z" "-v" "/var/lib/crater-agent-workspace/cargo-home:/opt/rustwide/cargo-home:ro,Z" "-v" "/var/lib/crater-agent-workspace/rustup-home:/opt/rustwide/rustup-home:ro,Z" "-e" "SOURCE_DIR=/opt/rustwide/workdir" "-e" "CARGO_TARGET_DIR=/opt/rustwide/target" "-e" "CARGO_INCREMENTAL=0" "-e" "RUST_BACKTRACE=full" "-e" "RUSTFLAGS=--cap-lints=forbid" "-e" "RUSTDOCFLAGS=--cap-lints=forbid" "-e" "CARGO_HOME=/opt/rustwide/cargo-home" "-e" "RUSTUP_HOME=/opt/rustwide/rustup-home" "-w" "/opt/rustwide/workdir" "-m" "1610612736" "--user" "0:0" "--network" "none" "ghcr.io/rust-lang/crates-build-env/linux@sha256:4a844ea9eb2546a2d2c7022eacef16ef2e8229c7fbb2c7d4d55a9ceca922f72d" "/opt/rustwide/cargo-home/bin/cargo" "+nightly-2024-10-28" "build" "--frozen" "--message-format=json", kill_on_drop: false }`
[INFO] [stdout] 6981126efeef5851875cb233151c007972964f4d15969456d53e6c3cc510cbe7
[INFO] running `Command { std: "docker" "start" "-a" "6981126efeef5851875cb233151c007972964f4d15969456d53e6c3cc510cbe7", kill_on_drop: false }`
[INFO] [stderr]    Compiling lazy_static v1.5.0
[INFO] [stderr]    Compiling hex v0.4.3
[INFO] [stderr]    Compiling gaze v0.3.0
[INFO] [stderr]    Compiling getrandom v0.2.15
[INFO] [stderr]    Compiling uuid v0.8.2
[INFO] [stderr]    Compiling ligature v0.5.0
[INFO] [stderr]    Compiling lig v0.1.0 (/opt/rustwide/workdir)
[INFO] [stdout] warning: unused variable: `input`
[INFO] [stdout]   --> src/read.rs:45:13
[INFO] [stdout]    |
[INFO] [stdout] 45 | pub fn read(input: &str) -> Result<Vec<Statement>, LigError> {
[INFO] [stdout]    |             ^^^^^ help: if this is intentional, prefix it with an underscore: `_input`
[INFO] [stdout]    |
[INFO] [stdout]    = note: `#[warn(unused_variables)]` on by default
[INFO] [stdout] 
[INFO] [stdout] 
[INFO] [stdout] warning: unused variable: `integer`
[INFO] [stdout]    --> src/read.rs:109:17
[INFO] [stdout]     |
[INFO] [stdout] 109 |             let integer = gaze.attempt(&integer_step)?;
[INFO] [stdout]     |                 ^^^^^^^ help: if this is intentional, prefix it with an underscore: `_integer`
[INFO] [stdout] 
[INFO] [stdout] 
[INFO] [stdout] warning: unused variable: `gaze`
[INFO] [stdout]    --> src/read.rs:122:13
[INFO] [stdout]     |
[INFO] [stdout] 122 | fn hex_step(gaze: &mut Gaze<&str>) -> Result<Value, NoMatch> {
[INFO] [stdout]     |             ^^^^ help: if this is intentional, prefix it with an underscore: `_gaze`
[INFO] [stdout] 
[INFO] [stdout] 
[INFO] [stdout] warning: unused variable: `gaze`
[INFO] [stdout]    --> src/read.rs:126:17
[INFO] [stdout]     |
[INFO] [stdout] 126 | fn integer_step(gaze: &mut Gaze<&str>) -> Result<Value, NoMatch> {
[INFO] [stdout]     |                 ^^^^ help: if this is intentional, prefix it with an underscore: `_gaze`
[INFO] [stdout] 
[INFO] [stdout] 
[INFO] [stdout] warning: unused variable: `gaze`
[INFO] [stdout]    --> src/read.rs:130:15
[INFO] [stdout]     |
[INFO] [stdout] 130 | fn bytes_step(gaze: &mut Gaze<&str>) -> Result<Value, NoMatch> {
[INFO] [stdout]     |               ^^^^ help: if this is intentional, prefix it with an underscore: `_gaze`
[INFO] [stdout] 
[INFO] [stdout] 
[INFO] [stdout] warning: unused variable: `gaze`
[INFO] [stdout]    --> src/read.rs:134:16
[INFO] [stdout]     |
[INFO] [stdout] 134 | fn string_step(gaze: &mut Gaze<&str>) -> Result<Value, NoMatch> {
[INFO] [stdout]     |                ^^^^ help: if this is intentional, prefix it with an underscore: `_gaze`
[INFO] [stdout] 
[INFO] [stdout] 
[INFO] [stdout] warning: unused variable: `gaze`
[INFO] [stdout]    --> src/read.rs:138:19
[INFO] [stdout]     |
[INFO] [stdout] 138 | fn statement_step(gaze: &mut Gaze<&str>) -> Result<Statement, NoMatch> {
[INFO] [stdout]     |                   ^^^^ help: if this is intentional, prefix it with an underscore: `_gaze`
[INFO] [stdout] 
[INFO] [stdout] 
[INFO] [stdout] warning: function `bytes_step` is never used
[INFO] [stdout]    --> src/read.rs:130:4
[INFO] [stdout]     |
[INFO] [stdout] 130 | fn bytes_step(gaze: &mut Gaze<&str>) -> Result<Value, NoMatch> {
[INFO] [stdout]     |    ^^^^^^^^^^
[INFO] [stdout]     |
[INFO] [stdout]     = note: `#[warn(dead_code)]` on by default
[INFO] [stdout] 
[INFO] [stdout] 
[INFO] [stdout] warning: function `statement_step` is never used
[INFO] [stdout]    --> src/read.rs:138:4
[INFO] [stdout]     |
[INFO] [stdout] 138 | fn statement_step(gaze: &mut Gaze<&str>) -> Result<Statement, NoMatch> {
[INFO] [stdout]     |    ^^^^^^^^^^^^^^
[INFO] [stdout] 
[INFO] [stdout] 
[INFO] [stderr]     Finished `dev` profile [unoptimized + debuginfo] target(s) in 0.47s
[INFO] running `Command { std: "docker" "inspect" "6981126efeef5851875cb233151c007972964f4d15969456d53e6c3cc510cbe7", kill_on_drop: false }`
[INFO] running `Command { std: "docker" "rm" "-f" "6981126efeef5851875cb233151c007972964f4d15969456d53e6c3cc510cbe7", kill_on_drop: false }`
[INFO] [stdout] 6981126efeef5851875cb233151c007972964f4d15969456d53e6c3cc510cbe7
[INFO] running `Command { std: "docker" "create" "-v" "/var/lib/crater-agent-workspace/builds/worker-7-tc1/target:/opt/rustwide/target:rw,Z" "-v" "/var/lib/crater-agent-workspace/builds/worker-7-tc1/source:/opt/rustwide/workdir:ro,Z" "-v" "/var/lib/crater-agent-workspace/cargo-home:/opt/rustwide/cargo-home:ro,Z" "-v" "/var/lib/crater-agent-workspace/rustup-home:/opt/rustwide/rustup-home:ro,Z" "-e" "SOURCE_DIR=/opt/rustwide/workdir" "-e" "CARGO_TARGET_DIR=/opt/rustwide/target" "-e" "CARGO_INCREMENTAL=0" "-e" "RUST_BACKTRACE=full" "-e" "RUSTFLAGS=--cap-lints=forbid" "-e" "RUSTDOCFLAGS=--cap-lints=forbid" "-e" "CARGO_HOME=/opt/rustwide/cargo-home" "-e" "RUSTUP_HOME=/opt/rustwide/rustup-home" "-w" "/opt/rustwide/workdir" "-m" "1610612736" "--user" "0:0" "--network" "none" "ghcr.io/rust-lang/crates-build-env/linux@sha256:4a844ea9eb2546a2d2c7022eacef16ef2e8229c7fbb2c7d4d55a9ceca922f72d" "/opt/rustwide/cargo-home/bin/cargo" "+nightly-2024-10-28" "test" "--frozen" "--no-run" "--message-format=json", kill_on_drop: false }`
[INFO] [stdout] 247887ec9b27f3128235680b8ee942ac59a7068b9deba08673bf734e18e5974d
[INFO] running `Command { std: "docker" "start" "-a" "247887ec9b27f3128235680b8ee942ac59a7068b9deba08673bf734e18e5974d", kill_on_drop: false }`
[INFO] [stdout] warning: unused variable: `input`
[INFO] [stdout]   --> src/read.rs:45:13
[INFO] [stdout]    |
[INFO] [stdout] 45 | pub fn read(input: &str) -> Result<Vec<Statement>, LigError> {
[INFO] [stdout]    |             ^^^^^ help: if this is intentional, prefix it with an underscore: `_input`
[INFO] [stdout]    |
[INFO] [stdout]    = note: `#[warn(unused_variables)]` on by default
[INFO] [stdout] 
[INFO] [stdout] 
[INFO] [stdout] warning: unused variable: `integer`
[INFO] [stdout]    --> src/read.rs:109:17
[INFO] [stdout]     |
[INFO] [stdout] 109 |             let integer = gaze.attempt(&integer_step)?;
[INFO] [stdout]     |                 ^^^^^^^ help: if this is intentional, prefix it with an underscore: `_integer`
[INFO] [stdout] 
[INFO] [stdout] 
[INFO] [stdout] warning: unused variable: `gaze`
[INFO] [stdout]    --> src/read.rs:122:13
[INFO] [stdout]     |
[INFO] [stdout] 122 | fn hex_step(gaze: &mut Gaze<&str>) -> Result<Value, NoMatch> {
[INFO] [stdout]     |             ^^^^ help: if this is intentional, prefix it with an underscore: `_gaze`
[INFO] [stdout] 
[INFO] [stdout] 
[INFO] [stdout] warning: unused variable: `gaze`
[INFO] [stdout]    --> src/read.rs:126:17
[INFO] [stdout]     |
[INFO] [stdout] 126 | fn integer_step(gaze: &mut Gaze<&str>) -> Result<Value, NoMatch> {
[INFO] [stdout]     |                 ^^^^ help: if this is intentional, prefix it with an underscore: `_gaze`
[INFO] [stdout] 
[INFO] [stdout] 
[INFO] [stdout] warning: unused variable: `gaze`
[INFO] [stdout]    --> src/read.rs:130:15
[INFO] [stdout]     |
[INFO] [stdout] 130 | fn bytes_step(gaze: &mut Gaze<&str>) -> Result<Value, NoMatch> {
[INFO] [stdout]     |               ^^^^ help: if this is intentional, prefix it with an underscore: `_gaze`
[INFO] [stdout] 
[INFO] [stdout] 
[INFO] [stdout] warning: unused variable: `gaze`
[INFO] [stdout]    --> src/read.rs:134:16
[INFO] [stdout]     |
[INFO] [stdout] 134 | fn string_step(gaze: &mut Gaze<&str>) -> Result<Value, NoMatch> {
[INFO] [stdout]     |                ^^^^ help: if this is intentional, prefix it with an underscore: `_gaze`
[INFO] [stdout] 
[INFO] [stdout] 
[INFO] [stderr]    Compiling lig v0.1.0 (/opt/rustwide/workdir)
[INFO] [stdout] warning: unused variable: `gaze`
[INFO] [stdout]    --> src/read.rs:138:19
[INFO] [stdout]     |
[INFO] [stdout] 138 | fn statement_step(gaze: &mut Gaze<&str>) -> Result<Statement, NoMatch> {
[INFO] [stdout]     |                   ^^^^ help: if this is intentional, prefix it with an underscore: `_gaze`
[INFO] [stdout] 
[INFO] [stdout] 
[INFO] [stdout] warning: function `bytes_step` is never used
[INFO] [stdout]    --> src/read.rs:130:4
[INFO] [stdout]     |
[INFO] [stdout] 130 | fn bytes_step(gaze: &mut Gaze<&str>) -> Result<Value, NoMatch> {
[INFO] [stdout]     |    ^^^^^^^^^^
[INFO] [stdout]     |
[INFO] [stdout]     = note: `#[warn(dead_code)]` on by default
[INFO] [stdout] 
[INFO] [stdout] 
[INFO] [stdout] warning: function `statement_step` is never used
[INFO] [stdout]    --> src/read.rs:138:4
[INFO] [stdout]     |
[INFO] [stdout] 138 | fn statement_step(gaze: &mut Gaze<&str>) -> Result<Statement, NoMatch> {
[INFO] [stdout]     |    ^^^^^^^^^^^^^^
[INFO] [stdout] 
[INFO] [stdout] 
[INFO] [stdout] warning: unused import: `read`
[INFO] [stdout]  --> tests/read_spec.rs:5:17
[INFO] [stdout]   |
[INFO] [stdout] 5 | use lig::read::{read, read_attribute, read_entity, read_value};
[INFO] [stdout]   |                 ^^^^
[INFO] [stdout]   |
[INFO] [stdout]   = note: `#[warn(unused_imports)]` on by default
[INFO] [stdout] 
[INFO] [stdout] 
[INFO] [stdout] warning: unused imports: `Bytes` and `Statement`
[INFO] [stdout]  --> tests/read_spec.rs:7:27
[INFO] [stdout]   |
[INFO] [stdout] 7 | use ligature::{Attribute, Bytes, Entity, Statement, Value};
[INFO] [stdout]   |                           ^^^^^          ^^^^^^^^^
[INFO] [stdout] 
[INFO] [stdout] 
[INFO] [stdout] warning: unused variable: `input`
[INFO] [stdout]   --> src/read.rs:45:13
[INFO] [stdout]    |
[INFO] [stdout] 45 | pub fn read(input: &str) -> Result<Vec<Statement>, LigError> {
[INFO] [stdout]    |             ^^^^^ help: if this is intentional, prefix it with an underscore: `_input`
[INFO] [stdout]    |
[INFO] [stdout]    = note: `#[warn(unused_variables)]` on by default
[INFO] [stdout] 
[INFO] [stdout] 
[INFO] [stdout] warning: unused variable: `integer`
[INFO] [stdout]    --> src/read.rs:109:17
[INFO] [stdout]     |
[INFO] [stdout] 109 |             let integer = gaze.attempt(&integer_step)?;
[INFO] [stdout]     |                 ^^^^^^^ help: if this is intentional, prefix it with an underscore: `_integer`
[INFO] [stdout] 
[INFO] [stdout] 
[INFO] [stdout] warning: unused variable: `gaze`
[INFO] [stdout]    --> src/read.rs:122:13
[INFO] [stdout]     |
[INFO] [stdout] 122 | fn hex_step(gaze: &mut Gaze<&str>) -> Result<Value, NoMatch> {
[INFO] [stdout]     |             ^^^^ help: if this is intentional, prefix it with an underscore: `_gaze`
[INFO] [stdout] 
[INFO] [stdout] 
[INFO] [stdout] warning: unused variable: `gaze`
[INFO] [stdout]    --> src/read.rs:126:17
[INFO] [stdout]     |
[INFO] [stdout] 126 | fn integer_step(gaze: &mut Gaze<&str>) -> Result<Value, NoMatch> {
[INFO] [stdout]     |                 ^^^^ help: if this is intentional, prefix it with an underscore: `_gaze`
[INFO] [stdout] 
[INFO] [stdout] 
[INFO] [stdout] warning: unused variable: `gaze`
[INFO] [stdout]    --> src/read.rs:130:15
[INFO] [stdout]     |
[INFO] [stdout] 130 | fn bytes_step(gaze: &mut Gaze<&str>) -> Result<Value, NoMatch> {
[INFO] [stdout]     |               ^^^^ help: if this is intentional, prefix it with an underscore: `_gaze`
[INFO] [stdout] 
[INFO] [stdout] 
[INFO] [stdout] warning: unused variable: `gaze`
[INFO] [stdout]    --> src/read.rs:134:16
[INFO] [stdout]     |
[INFO] [stdout] 134 | fn string_step(gaze: &mut Gaze<&str>) -> Result<Value, NoMatch> {
[INFO] [stdout]     |                ^^^^ help: if this is intentional, prefix it with an underscore: `_gaze`
[INFO] [stdout] 
[INFO] [stdout] 
[INFO] [stdout] warning: unused variable: `gaze`
[INFO] [stdout]    --> src/read.rs:138:19
[INFO] [stdout]     |
[INFO] [stdout] 138 | fn statement_step(gaze: &mut Gaze<&str>) -> Result<Statement, NoMatch> {
[INFO] [stdout]     |                   ^^^^ help: if this is intentional, prefix it with an underscore: `_gaze`
[INFO] [stdout] 
[INFO] [stdout] 
[INFO] [stdout] warning: function `bytes_step` is never used
[INFO] [stdout]    --> src/read.rs:130:4
[INFO] [stdout]     |
[INFO] [stdout] 130 | fn bytes_step(gaze: &mut Gaze<&str>) -> Result<Value, NoMatch> {
[INFO] [stdout]     |    ^^^^^^^^^^
[INFO] [stdout]     |
[INFO] [stdout]     = note: `#[warn(dead_code)]` on by default
[INFO] [stdout] 
[INFO] [stdout] 
[INFO] [stdout] warning: function `statement_step` is never used
[INFO] [stdout]    --> src/read.rs:138:4
[INFO] [stdout]     |
[INFO] [stdout] 138 | fn statement_step(gaze: &mut Gaze<&str>) -> Result<Statement, NoMatch> {
[INFO] [stdout]     |    ^^^^^^^^^^^^^^
[INFO] [stdout] 
[INFO] [stdout] 
[INFO] [stderr]     Finished `test` profile [unoptimized + debuginfo] target(s) in 0.22s
[INFO] running `Command { std: "docker" "inspect" "247887ec9b27f3128235680b8ee942ac59a7068b9deba08673bf734e18e5974d", kill_on_drop: false }`
[INFO] running `Command { std: "docker" "rm" "-f" "247887ec9b27f3128235680b8ee942ac59a7068b9deba08673bf734e18e5974d", kill_on_drop: false }`
[INFO] [stdout] 247887ec9b27f3128235680b8ee942ac59a7068b9deba08673bf734e18e5974d
[INFO] running `Command { std: "docker" "create" "-v" "/var/lib/crater-agent-workspace/builds/worker-7-tc1/target:/opt/rustwide/target:rw,Z" "-v" "/var/lib/crater-agent-workspace/builds/worker-7-tc1/source:/opt/rustwide/workdir:ro,Z" "-v" "/var/lib/crater-agent-workspace/cargo-home:/opt/rustwide/cargo-home:ro,Z" "-v" "/var/lib/crater-agent-workspace/rustup-home:/opt/rustwide/rustup-home:ro,Z" "-e" "SOURCE_DIR=/opt/rustwide/workdir" "-e" "CARGO_TARGET_DIR=/opt/rustwide/target" "-e" "CARGO_INCREMENTAL=0" "-e" "RUST_BACKTRACE=full" "-e" "RUSTFLAGS=--cap-lints=forbid" "-e" "RUSTDOCFLAGS=--cap-lints=forbid" "-e" "CARGO_HOME=/opt/rustwide/cargo-home" "-e" "RUSTUP_HOME=/opt/rustwide/rustup-home" "-w" "/opt/rustwide/workdir" "-m" "1610612736" "--user" "0:0" "--network" "none" "ghcr.io/rust-lang/crates-build-env/linux@sha256:4a844ea9eb2546a2d2c7022eacef16ef2e8229c7fbb2c7d4d55a9ceca922f72d" "/opt/rustwide/cargo-home/bin/cargo" "+nightly-2024-10-28" "test" "--frozen", kill_on_drop: false }`
[INFO] [stdout] 83f60493cf2168c2774018d5e28fc470bdf5e8a481bcf0ba3d688023e41f1f5a
[INFO] running `Command { std: "docker" "start" "-a" "83f60493cf2168c2774018d5e28fc470bdf5e8a481bcf0ba3d688023e41f1f5a", kill_on_drop: false }`
[INFO] [stderr] warning: unused variable: `input`
[INFO] [stderr]   --> src/read.rs:45:13
[INFO] [stderr]    |
[INFO] [stderr] 45 | pub fn read(input: &str) -> Result<Vec<Statement>, LigError> {
[INFO] [stderr]    |             ^^^^^ help: if this is intentional, prefix it with an underscore: `_input`
[INFO] [stderr]    |
[INFO] [stderr]    = note: `#[warn(unused_variables)]` on by default
[INFO] [stderr] 
[INFO] [stderr] warning: unused variable: `integer`
[INFO] [stderr]    --> src/read.rs:109:17
[INFO] [stderr]     |
[INFO] [stderr] 109 |             let integer = gaze.attempt(&integer_step)?;
[INFO] [stderr]     |                 ^^^^^^^ help: if this is intentional, prefix it with an underscore: `_integer`
[INFO] [stderr] 
[INFO] [stderr] warning: unused variable: `gaze`
[INFO] [stderr]    --> src/read.rs:122:13
[INFO] [stderr]     |
[INFO] [stderr] 122 | fn hex_step(gaze: &mut Gaze<&str>) -> Result<Value, NoMatch> {
[INFO] [stderr]     |             ^^^^ help: if this is intentional, prefix it with an underscore: `_gaze`
[INFO] [stderr] 
[INFO] [stderr] warning: unused variable: `gaze`
[INFO] [stderr]    --> src/read.rs:126:17
[INFO] [stderr]     |
[INFO] [stderr] 126 | fn integer_step(gaze: &mut Gaze<&str>) -> Result<Value, NoMatch> {
[INFO] [stderr]     |                 ^^^^ help: if this is intentional, prefix it with an underscore: `_gaze`
[INFO] [stderr] 
[INFO] [stderr] warning: unused variable: `gaze`
[INFO] [stderr]    --> src/read.rs:130:15
[INFO] [stderr]     |
[INFO] [stderr] 130 | fn bytes_step(gaze: &mut Gaze<&str>) -> Result<Value, NoMatch> {
[INFO] [stderr]     |               ^^^^ help: if this is intentional, prefix it with an underscore: `_gaze`
[INFO] [stderr] 
[INFO] [stderr] warning: unused variable: `gaze`
[INFO] [stderr]    --> src/read.rs:134:16
[INFO] [stderr]     |
[INFO] [stderr] 134 | fn string_step(gaze: &mut Gaze<&str>) -> Result<Value, NoMatch> {
[INFO] [stderr]     |                ^^^^ help: if this is intentional, prefix it with an underscore: `_gaze`
[INFO] [stderr] 
[INFO] [stderr] warning: unused variable: `gaze`
[INFO] [stderr]    --> src/read.rs:138:19
[INFO] [stderr]     |
[INFO] [stderr] 138 | fn statement_step(gaze: &mut Gaze<&str>) -> Result<Statement, NoMatch> {
[INFO] [stderr]     |                   ^^^^ help: if this is intentional, prefix it with an underscore: `_gaze`
[INFO] [stderr] 
[INFO] [stderr] warning: function `bytes_step` is never used
[INFO] [stderr]    --> src/read.rs:130:4
[INFO] [stderr]     |
[INFO] [stderr] 130 | fn bytes_step(gaze: &mut Gaze<&str>) -> Result<Value, NoMatch> {
[INFO] [stderr]     |    ^^^^^^^^^^
[INFO] [stderr]     |
[INFO] [stderr]     = note: `#[warn(dead_code)]` on by default
[INFO] [stderr] 
[INFO] [stderr] warning: function `statement_step` is never used
[INFO] [stderr]    --> src/read.rs:138:4
[INFO] [stderr]     |
[INFO] [stderr] 138 | fn statement_step(gaze: &mut Gaze<&str>) -> Result<Statement, NoMatch> {
[INFO] [stderr]     |    ^^^^^^^^^^^^^^
[INFO] [stderr] 
[INFO] [stderr] warning: `lig` (lib) generated 9 warnings
[INFO] [stderr] warning: `lig` (lib test) generated 9 warnings (9 duplicates)
[INFO] [stderr] warning: unused import: `read`
[INFO] [stderr]  --> tests/read_spec.rs:5:17
[INFO] [stderr]   |
[INFO] [stderr] 5 | use lig::read::{read, read_attribute, read_entity, read_value};
[INFO] [stderr]   |                 ^^^^
[INFO] [stderr]   |
[INFO] [stderr]   = note: `#[warn(unused_imports)]` on by default
[INFO] [stderr] 
[INFO] [stderr] warning: unused imports: `Bytes` and `Statement`
[INFO] [stderr]  --> tests/read_spec.rs:7:27
[INFO] [stderr]   |
[INFO] [stderr] 7 | use ligature::{Attribute, Bytes, Entity, Statement, Value};
[INFO] [stderr]   |                           ^^^^^          ^^^^^^^^^
[INFO] [stderr] 
[INFO] [stderr] warning: `lig` (test "read_spec") generated 2 warnings (run `cargo fix --test "read_spec"` to apply 2 suggestions)
[INFO] [stderr]     Finished `test` profile [unoptimized + debuginfo] target(s) in 0.02s
[INFO] [stderr]      Running unittests src/lib.rs (/opt/rustwide/target/debug/deps/lig-c828dba894452f3a)
[INFO] [stdout] 
[INFO] [stdout] running 0 tests
[INFO] [stdout] 
[INFO] [stdout] test result: ok. 0 passed; 0 failed; 0 ignored; 0 measured; 0 filtered out; finished in 0.00s
[INFO] [stdout] 
[INFO] [stderr]      Running tests/read_spec.rs (/opt/rustwide/target/debug/deps/read_spec-5d626df4d80c550e)
[INFO] [stdout] 
[INFO] [stdout] running 3 tests
[INFO] [stdout] test read_attributes ... ok
[INFO] [stdout] test read_entities ... ok
[INFO] [stdout] test read_string_literals ... FAILED
[INFO] [stdout] 
[INFO] [stdout] failures:
[INFO] [stdout] 
[INFO] [stdout] ---- read_string_literals stdout ----
[INFO] [stdout] thread 'read_string_literals' panicked at src/read.rs:135:5:
[INFO] [stdout] not yet implemented
[INFO] [stdout] stack backtrace:
[INFO] [stdout]    0:     0x606e0409227a - std::backtrace_rs::backtrace::libunwind::trace::h207520d6e9873551
[INFO] [stdout]                                at /rustc/df4ca44d3fbc9301ee17f30f4d474e6ae4b05252/library/std/src/../../backtrace/src/backtrace/libunwind.rs:116:5
[INFO] [stdout]    1:     0x606e0409227a - std::backtrace_rs::backtrace::trace_unsynchronized::h2ed7433f370e3eca
[INFO] [stdout]                                at /rustc/df4ca44d3fbc9301ee17f30f4d474e6ae4b05252/library/std/src/../../backtrace/src/backtrace/mod.rs:66:5
[INFO] [stdout]    2:     0x606e0409227a - std::sys::backtrace::_print_fmt::h916fac51166b18d7
[INFO] [stdout]                                at /rustc/df4ca44d3fbc9301ee17f30f4d474e6ae4b05252/library/std/src/sys/backtrace.rs:66:9
[INFO] [stdout]    3:     0x606e0409227a - <std::sys::backtrace::BacktraceLock::print::DisplayBacktrace as core::fmt::Display>::fmt::ha0a4c9b8ce3802e6
[INFO] [stdout]                                at /rustc/df4ca44d3fbc9301ee17f30f4d474e6ae4b05252/library/std/src/sys/backtrace.rs:39:26
[INFO] [stdout]    4:     0x606e040b9853 - core::fmt::rt::Argument::fmt::h4cfc8587d52b3eb5
[INFO] [stdout]                                at /rustc/df4ca44d3fbc9301ee17f30f4d474e6ae4b05252/library/core/src/fmt/rt.rs:177:76
[INFO] [stdout]    5:     0x606e040b9853 - core::fmt::write::h522cc39e5b36ae9f
[INFO] [stdout]                                at /rustc/df4ca44d3fbc9301ee17f30f4d474e6ae4b05252/library/core/src/fmt/mod.rs:1190:21
[INFO] [stdout]    6:     0x606e0408eee3 - std::io::Write::write_fmt::h7d3c26752da97734
[INFO] [stdout]                                at /rustc/df4ca44d3fbc9301ee17f30f4d474e6ae4b05252/library/std/src/io/mod.rs:1839:15
[INFO] [stdout]    7:     0x606e040920c2 - std::sys::backtrace::BacktraceLock::print::h4b9e00b29e9c0942
[INFO] [stdout]                                at /rustc/df4ca44d3fbc9301ee17f30f4d474e6ae4b05252/library/std/src/sys/backtrace.rs:42:9
[INFO] [stdout]    8:     0x606e0409370a - std::panicking::default_hook::{{closure}}::hb59b88280d0324d9
[INFO] [stdout]                                at /rustc/df4ca44d3fbc9301ee17f30f4d474e6ae4b05252/library/std/src/panicking.rs:268:22
[INFO] [stdout]    9:     0x606e04093514 - std::panicking::default_hook::he1dd496665be4a29
[INFO] [stdout]                                at /rustc/df4ca44d3fbc9301ee17f30f4d474e6ae4b05252/library/std/src/panicking.rs:292:9
[INFO] [stdout]   10:     0x606e03dc7a59 - <alloc::boxed::Box<F,A> as core::ops::function::Fn<Args>>::call::h4ff71de18744e1dc
[INFO] [stdout]                                at /rustc/df4ca44d3fbc9301ee17f30f4d474e6ae4b05252/library/alloc/src/boxed.rs:2468:9
[INFO] [stdout]   11:     0x606e03dc7a59 - test::test_main::{{closure}}::hcf7c055ce117aa81
[INFO] [stdout]                                at /rustc/df4ca44d3fbc9301ee17f30f4d474e6ae4b05252/library/test/src/lib.rs:133:21
[INFO] [stdout]   12:     0x606e04093e08 - <alloc::boxed::Box<F,A> as core::ops::function::Fn<Args>>::call::h1d66c6bbd60c9692
[INFO] [stdout]                                at /rustc/df4ca44d3fbc9301ee17f30f4d474e6ae4b05252/library/alloc/src/boxed.rs:2468:9
[INFO] [stdout]   13:     0x606e04093e08 - std::panicking::rust_panic_with_hook::h2ff17fe8f26dfcf8
[INFO] [stdout]                                at /rustc/df4ca44d3fbc9301ee17f30f4d474e6ae4b05252/library/std/src/panicking.rs:809:13
[INFO] [stdout]   14:     0x606e04093b96 - std::panicking::begin_panic_handler::{{closure}}::h4fad77951c07e101
[INFO] [stdout]                                at /rustc/df4ca44d3fbc9301ee17f30f4d474e6ae4b05252/library/std/src/panicking.rs:667:13
[INFO] [stdout]   15:     0x606e04092759 - std::sys::backtrace::__rust_end_short_backtrace::hb1a25b3da5d0ea08
[INFO] [stdout]                                at /rustc/df4ca44d3fbc9301ee17f30f4d474e6ae4b05252/library/std/src/sys/backtrace.rs:170:18
[INFO] [stdout]   16:     0x606e0409385c - rust_begin_unwind
[INFO] [stdout]                                at /rustc/df4ca44d3fbc9301ee17f30f4d474e6ae4b05252/library/std/src/panicking.rs:665:5
[INFO] [stdout]   17:     0x606e040b7bc0 - core::panicking::panic_fmt::ha9db07b529f9b256
[INFO] [stdout]                                at /rustc/df4ca44d3fbc9301ee17f30f4d474e6ae4b05252/library/core/src/panicking.rs:75:14
[INFO] [stdout]   18:     0x606e040b7c4c - core::panicking::panic::h993086813d94accc
[INFO] [stdout]                                at /rustc/df4ca44d3fbc9301ee17f30f4d474e6ae4b05252/library/core/src/panicking.rs:152:5
[INFO] [stdout]   19:     0x606e03dd64d1 - lig::read::string_step::hbb248f7ca492075d
[INFO] [stdout]                                at /opt/rustwide/workdir/src/read.rs:135:5
[INFO] [stdout]   20:     0x606e03dd252f - core::ops::function::Fn::call::h1cfb27a89c22952f
[INFO] [stdout]                                at /rustc/df4ca44d3fbc9301ee17f30f4d474e6ae4b05252/library/core/src/ops/function.rs:79:5
[INFO] [stdout]   21:     0x606e03dd3b3d - gaze::Gaze<I>::attempt::h0a1198cd187073a3
[INFO] [stdout]                                at /opt/rustwide/cargo-home/registry/src/index.crates.io-6f17d22bba15001f/gaze-0.3.0/src/lib.rs:58:19
[INFO] [stdout]   22:     0x606e03dd5fd3 - lig::read::value_step::hdfd9d98ec1df0333
[INFO] [stdout]                                at /opt/rustwide/workdir/src/read.rs:81:17
[INFO] [stdout]   23:     0x606e03dd264f - core::ops::function::Fn::call::hee3540cadce09cb3
[INFO] [stdout]                                at /rustc/df4ca44d3fbc9301ee17f30f4d474e6ae4b05252/library/core/src/ops/function.rs:79:5
[INFO] [stdout]   24:     0x606e03dd3b3d - gaze::Gaze<I>::attempt::h0a1198cd187073a3
[INFO] [stdout]                                at /opt/rustwide/cargo-home/registry/src/index.crates.io-6f17d22bba15001f/gaze-0.3.0/src/lib.rs:58:19
[INFO] [stdout]   25:     0x606e03dd527d - lig::read::read_value::h7e17ceec5f8090a8
[INFO] [stdout]                                at /opt/rustwide/workdir/src/read.rs:41:5
[INFO] [stdout]   26:     0x606e03d8d8f3 - read_spec::read_string_literals::h07cbaa2da1dfee45
[INFO] [stdout]                                at /opt/rustwide/workdir/tests/read_spec.rs:25:16
[INFO] [stdout]   27:     0x606e03d8d88d - read_spec::read_string_literals::{{closure}}::h8751d0d1858e15ed
[INFO] [stdout]                                at /opt/rustwide/workdir/tests/read_spec.rs:23:30
[INFO] [stdout]   28:     0x606e03d8c3f6 - core::ops::function::FnOnce::call_once::hd10fd20d433cdc87
[INFO] [stdout]                                at /rustc/df4ca44d3fbc9301ee17f30f4d474e6ae4b05252/library/core/src/ops/function.rs:250:5
[INFO] [stdout]   29:     0x606e03dcc32b - core::ops::function::FnOnce::call_once::h22c3ba5715e93f05
[INFO] [stdout]                                at /rustc/df4ca44d3fbc9301ee17f30f4d474e6ae4b05252/library/core/src/ops/function.rs:250:5
[INFO] [stdout]   30:     0x606e03dcc32b - test::__rust_begin_short_backtrace::h8e82d8113d0da17f
[INFO] [stdout]                                at /rustc/df4ca44d3fbc9301ee17f30f4d474e6ae4b05252/library/test/src/lib.rs:621:18
[INFO] [stdout]   31:     0x606e03dcbca7 - test::run_test_in_process::{{closure}}::h33235f4f20b7b7c7
[INFO] [stdout]                                at /rustc/df4ca44d3fbc9301ee17f30f4d474e6ae4b05252/library/test/src/lib.rs:644:60
[INFO] [stdout]   32:     0x606e03dcbca7 - <core::panic::unwind_safe::AssertUnwindSafe<F> as core::ops::function::FnOnce<()>>::call_once::hb5043206310c586f
[INFO] [stdout]                                at /rustc/df4ca44d3fbc9301ee17f30f4d474e6ae4b05252/library/core/src/panic/unwind_safe.rs:272:9
[INFO] [stdout]   33:     0x606e03dcbca7 - std::panicking::try::do_call::h9ad4731a60ab23e2
[INFO] [stdout]                                at /rustc/df4ca44d3fbc9301ee17f30f4d474e6ae4b05252/library/std/src/panicking.rs:557:40
[INFO] [stdout]   34:     0x606e03dcbca7 - std::panicking::try::h3824d23db772a716
[INFO] [stdout]                                at /rustc/df4ca44d3fbc9301ee17f30f4d474e6ae4b05252/library/std/src/panicking.rs:520:19
[INFO] [stdout]   35:     0x606e03dcbca7 - std::panic::catch_unwind::h5afd514605fde46b
[INFO] [stdout]                                at /rustc/df4ca44d3fbc9301ee17f30f4d474e6ae4b05252/library/std/src/panic.rs:358:14
[INFO] [stdout]   36:     0x606e03dcbca7 - test::run_test_in_process::h0d5cbfa7067d1720
[INFO] [stdout]                                at /rustc/df4ca44d3fbc9301ee17f30f4d474e6ae4b05252/library/test/src/lib.rs:644:27
[INFO] [stdout]   37:     0x606e03dcbca7 - test::run_test::{{closure}}::h708eb8872708115d
[INFO] [stdout]                                at /rustc/df4ca44d3fbc9301ee17f30f4d474e6ae4b05252/library/test/src/lib.rs:565:43
[INFO] [stdout]   38:     0x606e03d8f3c4 - test::run_test::{{closure}}::h392c51cee94713ab
[INFO] [stdout]                                at /rustc/df4ca44d3fbc9301ee17f30f4d474e6ae4b05252/library/test/src/lib.rs:595:41
[INFO] [stdout]   39:     0x606e03d8f3c4 - std::sys::backtrace::__rust_begin_short_backtrace::h2f40290710935a8b
[INFO] [stdout]                                at /rustc/df4ca44d3fbc9301ee17f30f4d474e6ae4b05252/library/std/src/sys/backtrace.rs:154:18
[INFO] [stdout]   40:     0x606e03d92b6e - std::thread::Builder::spawn_unchecked_::{{closure}}::{{closure}}::h3fd968d89053a903
[INFO] [stdout]                                at /rustc/df4ca44d3fbc9301ee17f30f4d474e6ae4b05252/library/std/src/thread/mod.rs:541:17
[INFO] [stdout]   41:     0x606e03d92b6e - <core::panic::unwind_safe::AssertUnwindSafe<F> as core::ops::function::FnOnce<()>>::call_once::h743f637ba4229880
[INFO] [stdout]                                at /rustc/df4ca44d3fbc9301ee17f30f4d474e6ae4b05252/library/core/src/panic/unwind_safe.rs:272:9
[INFO] [stdout]   42:     0x606e03d92b6e - std::panicking::try::do_call::h07440897322525a6
[INFO] [stdout]                                at /rustc/df4ca44d3fbc9301ee17f30f4d474e6ae4b05252/library/std/src/panicking.rs:557:40
[INFO] [stdout]   43:     0x606e03d92b6e - std::panicking::try::he5a2e00188156637
[INFO] [stdout]                                at /rustc/df4ca44d3fbc9301ee17f30f4d474e6ae4b05252/library/std/src/panicking.rs:520:19
[INFO] [stdout]   44:     0x606e03d92b6e - std::panic::catch_unwind::hbaf3cae49b3c6433
[INFO] [stdout]                                at /rustc/df4ca44d3fbc9301ee17f30f4d474e6ae4b05252/library/std/src/panic.rs:358:14
[INFO] [stdout]   45:     0x606e03d92b6e - std::thread::Builder::spawn_unchecked_::{{closure}}::h8e141ea224820bce
[INFO] [stdout]                                at /rustc/df4ca44d3fbc9301ee17f30f4d474e6ae4b05252/library/std/src/thread/mod.rs:540:30
[INFO] [stdout]   46:     0x606e03d92b6e - core::ops::function::FnOnce::call_once{{vtable.shim}}::h90d312fedd7b8ea8
[INFO] [stdout]                                at /rustc/df4ca44d3fbc9301ee17f30f4d474e6ae4b05252/library/core/src/ops/function.rs:250:5
[INFO] [stdout]   47:     0x606e04097bfb - <alloc::boxed::Box<F,A> as core::ops::function::FnOnce<Args>>::call_once::h69aa08ddb6adb8b6
[INFO] [stdout]                                at /rustc/df4ca44d3fbc9301ee17f30f4d474e6ae4b05252/library/alloc/src/boxed.rs:2454:9
[INFO] [stdout]   48:     0x606e04097bfb - <alloc::boxed::Box<F,A> as core::ops::function::FnOnce<Args>>::call_once::h5aa36efdb79c806f
[INFO] [stdout]                                at /rustc/df4ca44d3fbc9301ee17f30f4d474e6ae4b05252/library/alloc/src/boxed.rs:2454:9
[INFO] [stdout]   49:     0x606e04097bfb - std::sys::pal::unix::thread::Thread::new::thread_start::h6cd80a1b4be5158d
[INFO] [stdout]                                at /rustc/df4ca44d3fbc9301ee17f30f4d474e6ae4b05252/library/std/src/sys/pal/unix/thread.rs:105:17
[INFO] [stdout]   50:     0x7635927f6ac3 - <unknown>
[INFO] [stdout]   51:     0x763592887a04 - clone
[INFO] [stdout]   52:                0x0 - <unknown>
[INFO] [stdout] 
[INFO] [stdout] 
[INFO] [stdout] failures:
[INFO] [stdout]     read_string_literals
[INFO] [stdout] 
[INFO] [stdout] test result: FAILED. 2 passed; 1 failed; 0 ignored; 0 measured; 0 filtered out; finished in 0.01s
[INFO] [stdout] 
[INFO] [stderr] error: test failed, to rerun pass `--test read_spec`
[INFO] running `Command { std: "docker" "inspect" "83f60493cf2168c2774018d5e28fc470bdf5e8a481bcf0ba3d688023e41f1f5a", kill_on_drop: false }`
[INFO] running `Command { std: "docker" "rm" "-f" "83f60493cf2168c2774018d5e28fc470bdf5e8a481bcf0ba3d688023e41f1f5a", kill_on_drop: false }`
[INFO] [stdout] 83f60493cf2168c2774018d5e28fc470bdf5e8a481bcf0ba3d688023e41f1f5a
