[INFO] fetching crate libside 0.3.0...
[INFO] testing libside-0.3.0 against nightly-2024-10-28+rustflags=-Zrandomize-layout for randomize-layout
[INFO] extracting crate libside 0.3.0 into /workspace/builds/worker-7-tc2/source
[INFO] validating manifest of crates.io crate libside 0.3.0 on toolchain nightly-2024-10-28
[INFO] running `Command { std: CARGO_HOME="/workspace/cargo-home" RUSTUP_HOME="/workspace/rustup-home" "/workspace/cargo-home/bin/cargo" "+nightly-2024-10-28" "metadata" "--manifest-path" "Cargo.toml" "--no-deps", kill_on_drop: false }`
[INFO] started tweaking crates.io crate libside 0.3.0
[INFO] finished tweaking crates.io crate libside 0.3.0
[INFO] tweaked toml for crates.io crate libside 0.3.0 written to /workspace/builds/worker-7-tc2/source/Cargo.toml
[INFO] crate crates.io crate libside 0.3.0 already has a lockfile, it will not be regenerated
[INFO] running `Command { std: CARGO_HOME="/workspace/cargo-home" RUSTUP_HOME="/workspace/rustup-home" "/workspace/cargo-home/bin/cargo" "+nightly-2024-10-28" "fetch" "--manifest-path" "Cargo.toml", kill_on_drop: false }`
[INFO] running `Command { std: "docker" "create" "-v" "/var/lib/crater-agent-workspace/builds/worker-7-tc2/target:/opt/rustwide/target:rw,Z" "-v" "/var/lib/crater-agent-workspace/builds/worker-7-tc2/source:/opt/rustwide/workdir:ro,Z" "-v" "/var/lib/crater-agent-workspace/cargo-home:/opt/rustwide/cargo-home:ro,Z" "-v" "/var/lib/crater-agent-workspace/rustup-home:/opt/rustwide/rustup-home:ro,Z" "-e" "SOURCE_DIR=/opt/rustwide/workdir" "-e" "CARGO_TARGET_DIR=/opt/rustwide/target" "-e" "CARGO_HOME=/opt/rustwide/cargo-home" "-e" "RUSTUP_HOME=/opt/rustwide/rustup-home" "-w" "/opt/rustwide/workdir" "-m" "1610612736" "--user" "0:0" "--network" "none" "ghcr.io/rust-lang/crates-build-env/linux@sha256:4a844ea9eb2546a2d2c7022eacef16ef2e8229c7fbb2c7d4d55a9ceca922f72d" "/opt/rustwide/cargo-home/bin/cargo" "+nightly-2024-10-28" "metadata" "--no-deps" "--format-version=1", kill_on_drop: false }`
[INFO] [stdout] cc354a112be1d009e9f8e7cab38ea044e4d7475555e0e75624f32294513a45cf
[INFO] running `Command { std: "docker" "start" "-a" "cc354a112be1d009e9f8e7cab38ea044e4d7475555e0e75624f32294513a45cf", kill_on_drop: false }`
[INFO] running `Command { std: "docker" "inspect" "cc354a112be1d009e9f8e7cab38ea044e4d7475555e0e75624f32294513a45cf", kill_on_drop: false }`
[INFO] running `Command { std: "docker" "rm" "-f" "cc354a112be1d009e9f8e7cab38ea044e4d7475555e0e75624f32294513a45cf", kill_on_drop: false }`
[INFO] [stdout] cc354a112be1d009e9f8e7cab38ea044e4d7475555e0e75624f32294513a45cf
[INFO] running `Command { std: "docker" "create" "-v" "/var/lib/crater-agent-workspace/builds/worker-7-tc2/target:/opt/rustwide/target:rw,Z" "-v" "/var/lib/crater-agent-workspace/builds/worker-7-tc2/source:/opt/rustwide/workdir:ro,Z" "-v" "/var/lib/crater-agent-workspace/cargo-home:/opt/rustwide/cargo-home:ro,Z" "-v" "/var/lib/crater-agent-workspace/rustup-home:/opt/rustwide/rustup-home:ro,Z" "-e" "SOURCE_DIR=/opt/rustwide/workdir" "-e" "CARGO_TARGET_DIR=/opt/rustwide/target" "-e" "CARGO_INCREMENTAL=0" "-e" "RUST_BACKTRACE=full" "-e" "RUSTFLAGS=--cap-lints=forbid -Zrandomize-layout" "-e" "RUSTDOCFLAGS=--cap-lints=forbid" "-e" "CARGO_HOME=/opt/rustwide/cargo-home" "-e" "RUSTUP_HOME=/opt/rustwide/rustup-home" "-w" "/opt/rustwide/workdir" "-m" "1610612736" "--user" "0:0" "--network" "none" "ghcr.io/rust-lang/crates-build-env/linux@sha256:4a844ea9eb2546a2d2c7022eacef16ef2e8229c7fbb2c7d4d55a9ceca922f72d" "/opt/rustwide/cargo-home/bin/cargo" "+nightly-2024-10-28" "build" "--frozen" "--message-format=json", kill_on_drop: false }`
[INFO] [stdout] 3971b219500236e14732ecca11f7872823ae6351acc7db69cbe79191974f6eff
[INFO] running `Command { std: "docker" "start" "-a" "3971b219500236e14732ecca11f7872823ae6351acc7db69cbe79191974f6eff", kill_on_drop: false }`
[INFO] [stderr]    Compiling proc-macro2 v1.0.82
[INFO] [stderr]    Compiling libc v0.2.112
[INFO] [stderr]    Compiling unicode-ident v1.0.12
[INFO] [stderr]    Compiling version_check v0.9.4
[INFO] [stderr]    Compiling syn v1.0.85
[INFO] [stderr]    Compiling unicode-xid v0.2.2
[INFO] [stderr]    Compiling rand_core v0.4.2
[INFO] [stderr]    Compiling autocfg v0.1.7
[INFO] [stderr]    Compiling typenum v1.15.0
[INFO] [stderr]    Compiling cfg-if v1.0.0
[INFO] [stderr]    Compiling pkg-config v0.3.24
[INFO] [stderr]    Compiling proc-macro2 v0.4.30
[INFO] [stderr]    Compiling cc v1.0.72
[INFO] [stderr]    Compiling serde_derive v1.0.133
[INFO] [stderr]    Compiling autocfg v1.0.1
[INFO] [stderr]    Compiling unicode-xid v0.1.0
[INFO] [stderr]    Compiling serde v1.0.133
[INFO] [stderr]    Compiling unicode-segmentation v1.8.0
[INFO] [stderr]    Compiling bitflags v1.3.2
[INFO] [stderr]    Compiling syn v0.15.44
[INFO] [stderr]    Compiling rand_core v0.3.1
[INFO] [stderr]    Compiling rand_jitter v0.1.4
[INFO] [stderr]    Compiling rand_xorshift v0.1.1
[INFO] [stderr]    Compiling rand_isaac v0.1.1
[INFO] [stderr]    Compiling rand_pcg v0.1.2
[INFO] [stderr]    Compiling rand_chacha v0.1.1
[INFO] [stderr]    Compiling rand v0.6.5
[INFO] [stderr]    Compiling rand_hc v0.1.0
[INFO] [stderr]    Compiling unicode-width v0.1.9
[INFO] [stderr]    Compiling ansi_term v0.12.1
[INFO] [stderr]    Compiling vec_map v0.8.2
[INFO] [stderr]    Compiling generic-array v0.14.5
[INFO] [stderr]    Compiling proc-macro-error-attr v1.0.4
[INFO] [stderr]    Compiling proc-macro-error v1.0.4
[INFO] [stderr]    Compiling heck v0.3.3
[INFO] [stderr]    Compiling textwrap v0.11.0
[INFO] [stderr]    Compiling traitobject v0.1.0
[INFO] [stderr]    Compiling openssl v0.10.38
[INFO] [stderr]    Compiling foreign-types-shared v0.1.1
[INFO] [stderr]    Compiling ppv-lite86 v0.2.16
[INFO] [stderr]    Compiling strsim v0.8.0
[INFO] [stderr]    Compiling serde_json v1.0.75
[INFO] [stderr]    Compiling foreign-types v0.3.2
[INFO] [stderr]    Compiling unsafe-any v0.4.2
[INFO] [stderr]    Compiling ryu v1.0.9
[INFO] [stderr]    Compiling lazy_static v1.4.0
[INFO] [stderr]    Compiling either v1.6.1
[INFO] [stderr]    Compiling itoa v1.0.1
[INFO] [stderr]    Compiling keccak v0.1.0
[INFO] [stderr]    Compiling once_cell v1.9.0
[INFO] [stderr]    Compiling typemap v0.3.3
[INFO] [stderr]    Compiling paste v1.0.6
[INFO] [stderr]    Compiling quote v0.6.13
[INFO] [stderr]    Compiling itertools v0.10.3
[INFO] [stderr]    Compiling quote v1.0.36
[INFO] [stderr]    Compiling base64 v0.13.0
[INFO] [stderr]    Compiling rand_os v0.1.3
[INFO] [stderr]    Compiling getrandom v0.2.4
[INFO] [stderr]    Compiling atty v0.2.14
[INFO] [stderr]    Compiling etc-passwd v0.1.1
[INFO] [stderr]    Compiling openssl-sys v0.9.72
[INFO] [stderr]    Compiling clap v2.34.0
[INFO] [stderr]    Compiling rand_core v0.6.3
[INFO] [stderr]    Compiling syn v2.0.61
[INFO] [stderr]    Compiling rand_chacha v0.3.1
[INFO] [stderr]    Compiling rand v0.8.4
[INFO] [stderr]    Compiling crypto-common v0.1.1
[INFO] [stderr]    Compiling block-buffer v0.10.0
[INFO] [stderr]    Compiling digest v0.10.1
[INFO] [stderr]    Compiling sha3 v0.10.0
[INFO] [stderr]    Compiling uuid v0.7.4
[INFO] [stderr]    Compiling gensym v0.1.0
[INFO] [stderr]    Compiling concat-idents v1.1.5
[INFO] [stderr]    Compiling thiserror-impl v1.0.30
[INFO] [stderr]    Compiling structopt-derive v0.4.18
[INFO] [stderr]    Compiling libside-procmacro v0.1.0
[INFO] [stderr]    Compiling thiserror v1.0.30
[INFO] [stderr]    Compiling structopt v0.3.26
[INFO] [stderr]    Compiling toml v0.5.8
[INFO] [stderr]    Compiling libside v0.3.0 (/opt/rustwide/workdir)
[INFO] [stdout] warning: unused imports: `Deserialize`, `MapAccess`, `Visitor`, and `ser::SerializeMap`
[INFO] [stdout]  --> src/requirements.rs:3:28
[INFO] [stdout]   |
[INFO] [stdout] 3 |     de::{DeserializeOwned, MapAccess, Visitor},
[INFO] [stdout]   |                            ^^^^^^^^^  ^^^^^^^
[INFO] [stdout] 4 |     ser::SerializeMap,
[INFO] [stdout]   |     ^^^^^^^^^^^^^^^^^
[INFO] [stdout] 5 |     Deserialize, Serialize,
[INFO] [stdout]   |     ^^^^^^^^^^^
[INFO] [stdout]   |
[INFO] [stdout]   = note: `#[warn(unused_imports)]` on by default
[INFO] [stdout] 
[INFO] [stdout] 
[INFO] [stdout] warning: unused imports: `Debug`, `Display`, `error::Error`, and `marker::PhantomData`
[INFO] [stdout]   --> src/requirements.rs:8:5
[INFO] [stdout]    |
[INFO] [stdout] 8  |     error::Error,
[INFO] [stdout]    |     ^^^^^^^^^^^^
[INFO] [stdout] 9  |     fmt::{Debug, Display},
[INFO] [stdout]    |           ^^^^^  ^^^^^^^
[INFO] [stdout] 10 |     marker::PhantomData,
[INFO] [stdout]    |     ^^^^^^^^^^^^^^^^^^^
[INFO] [stdout] 
[INFO] [stdout] 
[INFO] [stdout] warning: field `1` is never read
[INFO] [stdout]   --> src/builder/mysql.rs:95:56
[INFO] [stdout]    |
[INFO] [stdout] 95 | pub struct RunningMySqlService<'a>(GraphNodeReference, &'a ());
[INFO] [stdout]    |            ------------------- field in this struct    ^^^^^^
[INFO] [stdout]    |
[INFO] [stdout]    = help: consider removing this field
[INFO] [stdout]    = note: `#[warn(dead_code)]` on by default
[INFO] [stdout] 
[INFO] [stdout] 
[INFO] [stderr]     Finished `dev` profile [unoptimized + debuginfo] target(s) in 10.35s
[INFO] [stderr] warning: the following packages contain code that will be rejected by a future version of Rust: traitobject v0.1.0, typemap v0.3.3
[INFO] [stderr] note: to see what the problems were, use the option `--future-incompat-report`, or run `cargo report future-incompatibilities --id 1`
[INFO] running `Command { std: "docker" "inspect" "3971b219500236e14732ecca11f7872823ae6351acc7db69cbe79191974f6eff", kill_on_drop: false }`
[INFO] running `Command { std: "docker" "rm" "-f" "3971b219500236e14732ecca11f7872823ae6351acc7db69cbe79191974f6eff", kill_on_drop: false }`
[INFO] [stdout] 3971b219500236e14732ecca11f7872823ae6351acc7db69cbe79191974f6eff
[INFO] running `Command { std: "docker" "create" "-v" "/var/lib/crater-agent-workspace/builds/worker-7-tc2/target:/opt/rustwide/target:rw,Z" "-v" "/var/lib/crater-agent-workspace/builds/worker-7-tc2/source:/opt/rustwide/workdir:ro,Z" "-v" "/var/lib/crater-agent-workspace/cargo-home:/opt/rustwide/cargo-home:ro,Z" "-v" "/var/lib/crater-agent-workspace/rustup-home:/opt/rustwide/rustup-home:ro,Z" "-e" "SOURCE_DIR=/opt/rustwide/workdir" "-e" "CARGO_TARGET_DIR=/opt/rustwide/target" "-e" "CARGO_INCREMENTAL=0" "-e" "RUST_BACKTRACE=full" "-e" "RUSTFLAGS=--cap-lints=forbid -Zrandomize-layout" "-e" "RUSTDOCFLAGS=--cap-lints=forbid" "-e" "CARGO_HOME=/opt/rustwide/cargo-home" "-e" "RUSTUP_HOME=/opt/rustwide/rustup-home" "-w" "/opt/rustwide/workdir" "-m" "1610612736" "--user" "0:0" "--network" "none" "ghcr.io/rust-lang/crates-build-env/linux@sha256:4a844ea9eb2546a2d2c7022eacef16ef2e8229c7fbb2c7d4d55a9ceca922f72d" "/opt/rustwide/cargo-home/bin/cargo" "+nightly-2024-10-28" "test" "--frozen" "--no-run" "--message-format=json", kill_on_drop: false }`
[INFO] [stdout] df1a8ae4a3af67456cdae12faf05fcc2aec79d40ff905e0c42ccde32199cae90
[INFO] running `Command { std: "docker" "start" "-a" "df1a8ae4a3af67456cdae12faf05fcc2aec79d40ff905e0c42ccde32199cae90", kill_on_drop: false }`
[INFO] [stdout] warning: unused imports: `Deserialize`, `MapAccess`, `Visitor`, and `ser::SerializeMap`
[INFO] [stdout]  --> src/requirements.rs:3:28
[INFO] [stdout]   |
[INFO] [stdout] 3 |     de::{DeserializeOwned, MapAccess, Visitor},
[INFO] [stdout]   |                            ^^^^^^^^^  ^^^^^^^
[INFO] [stdout] 4 |     ser::SerializeMap,
[INFO] [stdout]   |     ^^^^^^^^^^^^^^^^^
[INFO] [stdout] 5 |     Deserialize, Serialize,
[INFO] [stdout]   |     ^^^^^^^^^^^
[INFO] [stdout]   |
[INFO] [stdout]   = note: `#[warn(unused_imports)]` on by default
[INFO] [stdout] 
[INFO] [stdout] 
[INFO] [stdout] warning: unused imports: `Debug`, `Display`, `error::Error`, and `marker::PhantomData`
[INFO] [stdout]   --> src/requirements.rs:8:5
[INFO] [stdout]    |
[INFO] [stdout] 8  |     error::Error,
[INFO] [stdout]    |     ^^^^^^^^^^^^
[INFO] [stdout] 9  |     fmt::{Debug, Display},
[INFO] [stdout]    |           ^^^^^  ^^^^^^^
[INFO] [stdout] 10 |     marker::PhantomData,
[INFO] [stdout]    |     ^^^^^^^^^^^^^^^^^^^
[INFO] [stdout] 
[INFO] [stdout] 
[INFO] [stdout] warning: field `1` is never read
[INFO] [stdout]   --> src/builder/mysql.rs:95:56
[INFO] [stdout]    |
[INFO] [stdout] 95 | pub struct RunningMySqlService<'a>(GraphNodeReference, &'a ());
[INFO] [stdout]    |            ------------------- field in this struct    ^^^^^^
[INFO] [stdout]    |
[INFO] [stdout]    = help: consider removing this field
[INFO] [stdout]    = note: `#[warn(dead_code)]` on by default
[INFO] [stdout] 
[INFO] [stdout] 
[INFO] [stderr]    Compiling libside v0.3.0 (/opt/rustwide/workdir)
[INFO] [stdout] warning: unused import: `requirements::Supports`
[INFO] [stdout]    --> src/graph.rs:549:9
[INFO] [stdout]     |
[INFO] [stdout] 549 |         requirements::Supports,
[INFO] [stdout]     |         ^^^^^^^^^^^^^^^^^^^^^^
[INFO] [stdout]     |
[INFO] [stdout]     = note: `#[warn(unused_imports)]` on by default
[INFO] [stdout] 
[INFO] [stdout] 
[INFO] [stdout] warning: unused imports: `Deserialize`, `MapAccess`, `Visitor`, and `ser::SerializeMap`
[INFO] [stdout]  --> src/requirements.rs:3:28
[INFO] [stdout]   |
[INFO] [stdout] 3 |     de::{DeserializeOwned, MapAccess, Visitor},
[INFO] [stdout]   |                            ^^^^^^^^^  ^^^^^^^
[INFO] [stdout] 4 |     ser::SerializeMap,
[INFO] [stdout]   |     ^^^^^^^^^^^^^^^^^
[INFO] [stdout] 5 |     Deserialize, Serialize,
[INFO] [stdout]   |     ^^^^^^^^^^^
[INFO] [stdout] 
[INFO] [stdout] 
[INFO] [stdout] warning: unused imports: `Debug`, `Display`, `error::Error`, and `marker::PhantomData`
[INFO] [stdout]   --> src/requirements.rs:8:5
[INFO] [stdout]    |
[INFO] [stdout] 8  |     error::Error,
[INFO] [stdout]    |     ^^^^^^^^^^^^
[INFO] [stdout] 9  |     fmt::{Debug, Display},
[INFO] [stdout]    |           ^^^^^  ^^^^^^^
[INFO] [stdout] 10 |     marker::PhantomData,
[INFO] [stdout]    |     ^^^^^^^^^^^^^^^^^^^
[INFO] [stdout] 
[INFO] [stdout] 
[INFO] [stdout] warning: field `1` is never read
[INFO] [stdout]   --> src/builder/mysql.rs:95:56
[INFO] [stdout]    |
[INFO] [stdout] 95 | pub struct RunningMySqlService<'a>(GraphNodeReference, &'a ());
[INFO] [stdout]    |            ------------------- field in this struct    ^^^^^^
[INFO] [stdout]    |
[INFO] [stdout]    = help: consider removing this field
[INFO] [stdout]    = note: `#[warn(dead_code)]` on by default
[INFO] [stdout] 
[INFO] [stdout] 
[INFO] [stdout] warning: module `__reqNodeTy` should have a snake case name
[INFO] [stdout]     --> src/requirements.rs:26:24
[INFO] [stdout]      |
[INFO] [stdout] 26   |             mod_name = __req, $name {
[INFO] [stdout]      |                        ^^^^^ help: convert the identifier to snake case: `__req_node_ty`
[INFO] [stdout]      |
[INFO] [stdout]     ::: src/graph.rs:1169:9
[INFO] [stdout]      |
[INFO] [stdout] 1169 |         crate::requirements!(NodeTy = Foo, AlwaysFail);
[INFO] [stdout]      |         ---------------------------------------------- in this macro invocation
[INFO] [stdout]      |
[INFO] [stdout]      = note: `#[warn(non_snake_case)]` on by default
[INFO] [stdout]      = note: this warning originates in the macro `crate::requirements` (in Nightly builds, run with -Z macro-backtrace for more info)
[INFO] [stdout] 
[INFO] [stdout] 
[INFO] [stdout] warning: module `__reqR` should have a snake case name
[INFO] [stdout]    --> src/requirements.rs:26:24
[INFO] [stdout]     |
[INFO] [stdout] 26  |             mod_name = __req, $name {
[INFO] [stdout]     |                        ^^^^^ help: convert the identifier to snake case: `__req_r`
[INFO] [stdout] ...
[INFO] [stdout] 512 |         requirements!(R = Foo, Bar, Baz);
[INFO] [stdout]     |         -------------------------------- in this macro invocation
[INFO] [stdout]     |
[INFO] [stdout]     = note: this warning originates in the macro `requirements` (in Nightly builds, run with -Z macro-backtrace for more info)
[INFO] [stdout] 
[INFO] [stdout] 
[INFO] [stdout] warning: module `__reqR1` should have a snake case name
[INFO] [stdout]    --> src/requirements.rs:26:24
[INFO] [stdout]     |
[INFO] [stdout] 26  |             mod_name = __req, $name {
[INFO] [stdout]     |                        ^^^^^ help: convert the identifier to snake case: `__req_r1`
[INFO] [stdout] ...
[INFO] [stdout] 519 |         requirements!(R1 = Baz, Foo, Bar);
[INFO] [stdout]     |         --------------------------------- in this macro invocation
[INFO] [stdout]     |
[INFO] [stdout]     = note: this warning originates in the macro `requirements` (in Nightly builds, run with -Z macro-backtrace for more info)
[INFO] [stdout] 
[INFO] [stdout] 
[INFO] [stdout] warning: module `__reqR2` should have a snake case name
[INFO] [stdout]    --> src/requirements.rs:26:24
[INFO] [stdout]     |
[INFO] [stdout] 26  |             mod_name = __req, $name {
[INFO] [stdout]     |                        ^^^^^ help: convert the identifier to snake case: `__req_r2`
[INFO] [stdout] ...
[INFO] [stdout] 523 |         requirements!(R2 = Bar, Baz, Foo);
[INFO] [stdout]     |         --------------------------------- in this macro invocation
[INFO] [stdout]     |
[INFO] [stdout]     = note: this warning originates in the macro `requirements` (in Nightly builds, run with -Z macro-backtrace for more info)
[INFO] [stdout] 
[INFO] [stdout] 
[INFO] [stdout] warning: module `__reqR3` should have a snake case name
[INFO] [stdout]    --> src/requirements.rs:26:24
[INFO] [stdout]     |
[INFO] [stdout] 26  |             mod_name = __req, $name {
[INFO] [stdout]     |                        ^^^^^ help: convert the identifier to snake case: `__req_r3`
[INFO] [stdout] ...
[INFO] [stdout] 527 |         requirements!(R3 = Foo, Bar, Baz);
[INFO] [stdout]     |         --------------------------------- in this macro invocation
[INFO] [stdout]     |
[INFO] [stdout]     = note: this warning originates in the macro `requirements` (in Nightly builds, run with -Z macro-backtrace for more info)
[INFO] [stdout] 
[INFO] [stdout] 
[INFO] [stdout] warning: module `__reqR` should have a snake case name
[INFO] [stdout]    --> src/requirements.rs:26:24
[INFO] [stdout]     |
[INFO] [stdout] 26  |             mod_name = __req, $name {
[INFO] [stdout]     |                        ^^^^^ help: convert the identifier to snake case: `__req_r`
[INFO] [stdout] ...
[INFO] [stdout] 534 |         requirements!(R = Foo, Bar, Baz);
[INFO] [stdout]     |         -------------------------------- in this macro invocation
[INFO] [stdout]     |
[INFO] [stdout]     = note: this warning originates in the macro `requirements` (in Nightly builds, run with -Z macro-backtrace for more info)
[INFO] [stdout] 
[INFO] [stdout] 
[INFO] [stderr]     Finished `test` profile [unoptimized + debuginfo] target(s) in 2.43s
[INFO] [stderr] warning: the following packages contain code that will be rejected by a future version of Rust: traitobject v0.1.0, typemap v0.3.3
[INFO] [stderr] note: to see what the problems were, use the option `--future-incompat-report`, or run `cargo report future-incompatibilities --id 1`
[INFO] running `Command { std: "docker" "inspect" "df1a8ae4a3af67456cdae12faf05fcc2aec79d40ff905e0c42ccde32199cae90", kill_on_drop: false }`
[INFO] running `Command { std: "docker" "rm" "-f" "df1a8ae4a3af67456cdae12faf05fcc2aec79d40ff905e0c42ccde32199cae90", kill_on_drop: false }`
[INFO] [stdout] df1a8ae4a3af67456cdae12faf05fcc2aec79d40ff905e0c42ccde32199cae90
[INFO] running `Command { std: "docker" "create" "-v" "/var/lib/crater-agent-workspace/builds/worker-7-tc2/target:/opt/rustwide/target:rw,Z" "-v" "/var/lib/crater-agent-workspace/builds/worker-7-tc2/source:/opt/rustwide/workdir:ro,Z" "-v" "/var/lib/crater-agent-workspace/cargo-home:/opt/rustwide/cargo-home:ro,Z" "-v" "/var/lib/crater-agent-workspace/rustup-home:/opt/rustwide/rustup-home:ro,Z" "-e" "SOURCE_DIR=/opt/rustwide/workdir" "-e" "CARGO_TARGET_DIR=/opt/rustwide/target" "-e" "CARGO_INCREMENTAL=0" "-e" "RUST_BACKTRACE=full" "-e" "RUSTFLAGS=--cap-lints=forbid -Zrandomize-layout" "-e" "RUSTDOCFLAGS=--cap-lints=forbid" "-e" "CARGO_HOME=/opt/rustwide/cargo-home" "-e" "RUSTUP_HOME=/opt/rustwide/rustup-home" "-w" "/opt/rustwide/workdir" "-m" "1610612736" "--user" "0:0" "--network" "none" "ghcr.io/rust-lang/crates-build-env/linux@sha256:4a844ea9eb2546a2d2c7022eacef16ef2e8229c7fbb2c7d4d55a9ceca922f72d" "/opt/rustwide/cargo-home/bin/cargo" "+nightly-2024-10-28" "test" "--frozen", kill_on_drop: false }`
[INFO] [stdout] bbf65acc856a9732959ac1d1252eefc3614904bee6dfa5137dcff5bf70324315
[INFO] running `Command { std: "docker" "start" "-a" "bbf65acc856a9732959ac1d1252eefc3614904bee6dfa5137dcff5bf70324315", kill_on_drop: false }`
[INFO] [stderr] warning: unused imports: `Deserialize`, `MapAccess`, `Visitor`, and `ser::SerializeMap`
[INFO] [stderr]  --> src/requirements.rs:3:28
[INFO] [stderr]   |
[INFO] [stderr] 3 |     de::{DeserializeOwned, MapAccess, Visitor},
[INFO] [stderr]   |                            ^^^^^^^^^  ^^^^^^^
[INFO] [stderr] 4 |     ser::SerializeMap,
[INFO] [stderr]   |     ^^^^^^^^^^^^^^^^^
[INFO] [stderr] 5 |     Deserialize, Serialize,
[INFO] [stderr]   |     ^^^^^^^^^^^
[INFO] [stderr]   |
[INFO] [stderr]   = note: `#[warn(unused_imports)]` on by default
[INFO] [stderr] 
[INFO] [stderr] warning: unused imports: `Debug`, `Display`, `error::Error`, and `marker::PhantomData`
[INFO] [stderr]   --> src/requirements.rs:8:5
[INFO] [stderr]    |
[INFO] [stderr] 8  |     error::Error,
[INFO] [stderr]    |     ^^^^^^^^^^^^
[INFO] [stderr] 9  |     fmt::{Debug, Display},
[INFO] [stderr]    |           ^^^^^  ^^^^^^^
[INFO] [stderr] 10 |     marker::PhantomData,
[INFO] [stderr]    |     ^^^^^^^^^^^^^^^^^^^
[INFO] [stderr] 
[INFO] [stderr] warning: field `1` is never read
[INFO] [stderr]   --> src/builder/mysql.rs:95:56
[INFO] [stderr]    |
[INFO] [stderr] 95 | pub struct RunningMySqlService<'a>(GraphNodeReference, &'a ());
[INFO] [stderr]    |            ------------------- field in this struct    ^^^^^^
[INFO] [stderr]    |
[INFO] [stderr]    = help: consider removing this field
[INFO] [stderr]    = note: `#[warn(dead_code)]` on by default
[INFO] [stderr] 
[INFO] [stderr] warning: unused import: `requirements::Supports`
[INFO] [stderr]    --> src/graph.rs:549:9
[INFO] [stderr]     |
[INFO] [stderr] 549 |         requirements::Supports,
[INFO] [stderr]     |         ^^^^^^^^^^^^^^^^^^^^^^
[INFO] [stderr]     |
[INFO] [stderr]     = note: `#[warn(unused_imports)]` on by default
[INFO] [stderr] 
[INFO] [stderr] warning: unused imports: `Deserialize`, `MapAccess`, `Visitor`, and `ser::SerializeMap`
[INFO] [stderr]  --> src/requirements.rs:3:28
[INFO] [stderr]   |
[INFO] [stderr] 3 |     de::{DeserializeOwned, MapAccess, Visitor},
[INFO] [stderr]   |                            ^^^^^^^^^  ^^^^^^^
[INFO] [stderr] 4 |     ser::SerializeMap,
[INFO] [stderr]   |     ^^^^^^^^^^^^^^^^^
[INFO] [stderr] 5 |     Deserialize, Serialize,
[INFO] [stderr]   |     ^^^^^^^^^^^
[INFO] [stderr] 
[INFO] [stderr] warning: module `__reqNodeTy` should have a snake case name
[INFO] [stderr]     --> src/requirements.rs:26:24
[INFO] [stderr]      |
[INFO] [stderr] 26   |             mod_name = __req, $name {
[INFO] [stderr]      |                        ^^^^^ help: convert the identifier to snake case: `__req_node_ty`
[INFO] [stderr]      |
[INFO] [stderr]     ::: src/graph.rs:1169:9
[INFO] [stderr]      |
[INFO] [stderr] 1169 |         crate::requirements!(NodeTy = Foo, AlwaysFail);
[INFO] [stderr]      |         ---------------------------------------------- in this macro invocation
[INFO] [stderr]      |
[INFO] [stderr]      = note: `#[warn(non_snake_case)]` on by default
[INFO] [stderr]      = note: this warning originates in the macro `crate::requirements` (in Nightly builds, run with -Z macro-backtrace for more info)
[INFO] [stderr] 
[INFO] [stderr] warning: module `__reqR` should have a snake case name
[INFO] [stderr]    --> src/requirements.rs:26:24
[INFO] [stderr]     |
[INFO] [stderr] 26  |             mod_name = __req, $name {
[INFO] [stderr]     |                        ^^^^^ help: convert the identifier to snake case: `__req_r`
[INFO] [stderr] ...
[INFO] [stderr] 512 |         requirements!(R = Foo, Bar, Baz);
[INFO] [stderr]     |         -------------------------------- in this macro invocation
[INFO] [stderr]     |
[INFO] [stderr]     = note: this warning originates in the macro `requirements` (in Nightly builds, run with -Z macro-backtrace for more info)
[INFO] [stderr] 
[INFO] [stderr] warning: module `__reqR1` should have a snake case name
[INFO] [stderr]    --> src/requirements.rs:26:24
[INFO] [stderr]     |
[INFO] [stderr] 26  |             mod_name = __req, $name {
[INFO] [stderr]     |                        ^^^^^ help: convert the identifier to snake case: `__req_r1`
[INFO] [stderr] ...
[INFO] [stderr] 519 |         requirements!(R1 = Baz, Foo, Bar);
[INFO] [stderr]     |         --------------------------------- in this macro invocation
[INFO] [stderr]     |
[INFO] [stderr]     = note: this warning originates in the macro `requirements` (in Nightly builds, run with -Z macro-backtrace for more info)
[INFO] [stderr] 
[INFO] [stderr] warning: module `__reqR2` should have a snake case name
[INFO] [stderr]    --> src/requirements.rs:26:24
[INFO] [stderr]     |
[INFO] [stderr] 26  |             mod_name = __req, $name {
[INFO] [stderr]     |                        ^^^^^ help: convert the identifier to snake case: `__req_r2`
[INFO] [stderr] ...
[INFO] [stderr] 523 |         requirements!(R2 = Bar, Baz, Foo);
[INFO] [stderr]     |         --------------------------------- in this macro invocation
[INFO] [stderr]     |
[INFO] [stderr]     = note: this warning originates in the macro `requirements` (in Nightly builds, run with -Z macro-backtrace for more info)
[INFO] [stderr] 
[INFO] [stderr] warning: module `__reqR3` should have a snake case name
[INFO] [stderr]    --> src/requirements.rs:26:24
[INFO] [stderr]     |
[INFO] [stderr] 26  |             mod_name = __req, $name {
[INFO] [stderr]     |                        ^^^^^ help: convert the identifier to snake case: `__req_r3`
[INFO] [stderr] ...
[INFO] [stderr] 527 |         requirements!(R3 = Foo, Bar, Baz);
[INFO] [stderr]     |         --------------------------------- in this macro invocation
[INFO] [stderr]     |
[INFO] [stderr]     = note: this warning originates in the macro `requirements` (in Nightly builds, run with -Z macro-backtrace for more info)
[INFO] [stderr] 
[INFO] [stderr] warning: module `__reqR` should have a snake case name
[INFO] [stderr]    --> src/requirements.rs:26:24
[INFO] [stderr]     |
[INFO] [stderr] 26  |             mod_name = __req, $name {
[INFO] [stderr]     |                        ^^^^^ help: convert the identifier to snake case: `__req_r`
[INFO] [stderr] ...
[INFO] [stderr] 534 |         requirements!(R = Foo, Bar, Baz);
[INFO] [stderr]     |         -------------------------------- in this macro invocation
[INFO] [stderr]     |
[INFO] [stderr]     = note: this warning originates in the macro `requirements` (in Nightly builds, run with -Z macro-backtrace for more info)
[INFO] [stderr] 
[INFO] [stderr] warning: `libside` (lib) generated 3 warnings (run `cargo fix --lib -p libside` to apply 2 suggestions)
[INFO] [stderr] warning: `libside` (lib test) generated 10 warnings (2 duplicates) (run `cargo fix --lib -p libside --tests` to apply 2 suggestions)
[INFO] [stderr]     Finished `test` profile [unoptimized + debuginfo] target(s) in 0.05s
[INFO] [stderr] warning: the following packages contain code that will be rejected by a future version of Rust: traitobject v0.1.0, typemap v0.3.3
[INFO] [stderr] note: to see what the problems were, use the option `--future-incompat-report`, or run `cargo report future-incompatibilities --id 1`
[INFO] [stderr]      Running unittests src/lib.rs (/opt/rustwide/target/debug/deps/libside-08fac028e9d4d39f)
[INFO] [stdout] 
[INFO] [stdout] running 39 tests
[INFO] [stdout] test builder::apt::tests::lxc_apt_install ... ignored
[INFO] [stdout] test builder::apt::tests::lxc_apt_update ... ignored
[INFO] [stdout] test builder::fs::tests::lxc_create_directory ... ignored
[INFO] [stdout] test builder::fs::tests::lxc_delete ... ignored
[INFO] [stdout] test builder::fs::tests::lxc_file_with_contents ... ignored
[INFO] [stdout] test builder::apt::tests::serialize_deserialize_apt_install ... ok
[INFO] [stdout] test builder::apt::tests::serialize_deserialize_apt_update ... ok
[INFO] [stdout] test builder::fs::tests::serialize_deserialize_chown ... ok
[INFO] [stdout] test builder::fs::tests::serialize_deserialize_chmod ... ok
[INFO] [stdout] test builder::mysql::tests::lxc_create_mysql_database ... ignored
[INFO] [stdout] test builder::mysql::tests::lxc_create_mysql_grant ... ignored
[INFO] [stdout] test builder::mysql::tests::lxc_create_mysql_user ... ignored
[INFO] [stdout] test builder::fs::tests::serialize_deserialize_create_directory ... ok
[INFO] [stdout] test builder::fs::tests::serialize_deserialize_delete ... ok
[INFO] [stdout] test builder::mysql::tests::serialize_deserialize_create_mysql_database ... ok
[INFO] [stdout] test builder::fs::tests::serialize_deserialize_file_with_contents ... ok
[INFO] [stdout] test builder::mysql::tests::serialize_deserialize_create_mysql_grant ... ok
[INFO] [stdout] test builder::systemd::tests::lxc_enable_service ... ignored
[INFO] [stdout] test builder::systemd::tests::lxc_install_services ... ignored
[INFO] [stdout] test builder::systemd::tests::lxc_service_running ... ignored
[INFO] [stdout] test builder::mysql::tests::serialize_deserialize_create_mysql_user ... ok
[INFO] [stdout] test builder::systemd::tests::serialize_deserialize_enable_service ... ok
[INFO] [stdout] test builder::systemd::tests::serialize_deserialize_install_services ... ok
[INFO] [stdout] test builder::systemd::tests::serialize_deserialize_service_running ... ok
[INFO] [stdout] test builder::users::tests::serialize_deserialize_create_group ... ok
[INFO] [stdout] test builder::users::tests::serialize_deserialize_create_user ... ok
[INFO] [stdout] test graph::tests::apply ... ok
[INFO] [stdout] test graph::tests::inherited_preconditions ... ok
[INFO] [stdout] test graph::tests::invert ... ok
[INFO] [stdout] test graph::tests::apply_revert ... ok
[INFO] [stdout] test graph::tests::retain_all_but_one ... ok
[INFO] [stdout] test graph::tests::normal_sequence ... ok
[INFO] [stdout] test graph::tests::retain_all_but_two ... ok
[INFO] [stdout] test graph::tests::trivial_sequence ... ok
[INFO] [stdout] test graph::tests::trivial_sequence_backwards ... ok
[INFO] [stdout] test requirements::tests::from ... ok
[INFO] [stdout] test requirements::tests::serialize_deserialize ... ok
[INFO] [stdout] test secrets::password::tests::password ... ok
[INFO] [stdout] test system::tests::test_read_dir ... FAILED
[INFO] [stdout] 
[INFO] [stdout] failures:
[INFO] [stdout] 
[INFO] [stdout] ---- system::tests::test_read_dir stdout ----
[INFO] [stdout] thread 'system::tests::test_read_dir' panicked at src/system.rs:274:83:
[INFO] [stdout] called `Result::unwrap()` on an `Err` value: Os { code: 2, kind: NotFound, message: "No such file or directory" }
[INFO] [stdout] stack backtrace:
[INFO] [stdout]    0:     0x56c38220a42a - std::backtrace_rs::backtrace::libunwind::trace::h207520d6e9873551
[INFO] [stdout]                                at /rustc/df4ca44d3fbc9301ee17f30f4d474e6ae4b05252/library/std/src/../../backtrace/src/backtrace/libunwind.rs:116:5
[INFO] [stdout]    1:     0x56c38220a42a - std::backtrace_rs::backtrace::trace_unsynchronized::h2ed7433f370e3eca
[INFO] [stdout]                                at /rustc/df4ca44d3fbc9301ee17f30f4d474e6ae4b05252/library/std/src/../../backtrace/src/backtrace/mod.rs:66:5
[INFO] [stdout]    2:     0x56c38220a42a - std::sys::backtrace::_print_fmt::h916fac51166b18d7
[INFO] [stdout]                                at /rustc/df4ca44d3fbc9301ee17f30f4d474e6ae4b05252/library/std/src/sys/backtrace.rs:66:9
[INFO] [stdout]    3:     0x56c38220a42a - <std::sys::backtrace::BacktraceLock::print::DisplayBacktrace as core::fmt::Display>::fmt::ha0a4c9b8ce3802e6
[INFO] [stdout]                                at /rustc/df4ca44d3fbc9301ee17f30f4d474e6ae4b05252/library/std/src/sys/backtrace.rs:39:26
[INFO] [stdout]    4:     0x56c382231a63 - core::fmt::rt::Argument::fmt::h4cfc8587d52b3eb5
[INFO] [stdout]                                at /rustc/df4ca44d3fbc9301ee17f30f4d474e6ae4b05252/library/core/src/fmt/rt.rs:177:76
[INFO] [stdout]    5:     0x56c382231a63 - core::fmt::write::h522cc39e5b36ae9f
[INFO] [stdout]                                at /rustc/df4ca44d3fbc9301ee17f30f4d474e6ae4b05252/library/core/src/fmt/mod.rs:1190:21
[INFO] [stdout]    6:     0x56c382206de3 - std::io::Write::write_fmt::h7d3c26752da97734
[INFO] [stdout]                                at /rustc/df4ca44d3fbc9301ee17f30f4d474e6ae4b05252/library/std/src/io/mod.rs:1839:15
[INFO] [stdout]    7:     0x56c38220a272 - std::sys::backtrace::BacktraceLock::print::h4b9e00b29e9c0942
[INFO] [stdout]                                at /rustc/df4ca44d3fbc9301ee17f30f4d474e6ae4b05252/library/std/src/sys/backtrace.rs:42:9
[INFO] [stdout]    8:     0x56c38220b8ba - std::panicking::default_hook::{{closure}}::hb59b88280d0324d9
[INFO] [stdout]                                at /rustc/df4ca44d3fbc9301ee17f30f4d474e6ae4b05252/library/std/src/panicking.rs:268:22
[INFO] [stdout]    9:     0x56c38220b6c4 - std::panicking::default_hook::he1dd496665be4a29
[INFO] [stdout]                                at /rustc/df4ca44d3fbc9301ee17f30f4d474e6ae4b05252/library/std/src/panicking.rs:292:9
[INFO] [stdout]   10:     0x56c38217bb69 - <alloc::boxed::Box<F,A> as core::ops::function::Fn<Args>>::call::h4ff71de18744e1dc
[INFO] [stdout]                                at /rustc/df4ca44d3fbc9301ee17f30f4d474e6ae4b05252/library/alloc/src/boxed.rs:2468:9
[INFO] [stdout]   11:     0x56c38217bb69 - test::test_main::{{closure}}::hcf7c055ce117aa81
[INFO] [stdout]                                at /rustc/df4ca44d3fbc9301ee17f30f4d474e6ae4b05252/library/test/src/lib.rs:133:21
[INFO] [stdout]   12:     0x56c38220bfb8 - <alloc::boxed::Box<F,A> as core::ops::function::Fn<Args>>::call::h1d66c6bbd60c9692
[INFO] [stdout]                                at /rustc/df4ca44d3fbc9301ee17f30f4d474e6ae4b05252/library/alloc/src/boxed.rs:2468:9
[INFO] [stdout]   13:     0x56c38220bfb8 - std::panicking::rust_panic_with_hook::h2ff17fe8f26dfcf8
[INFO] [stdout]                                at /rustc/df4ca44d3fbc9301ee17f30f4d474e6ae4b05252/library/std/src/panicking.rs:809:13
[INFO] [stdout]   14:     0x56c38220bd7a - std::panicking::begin_panic_handler::{{closure}}::h4fad77951c07e101
[INFO] [stdout]                                at /rustc/df4ca44d3fbc9301ee17f30f4d474e6ae4b05252/library/std/src/panicking.rs:674:13
[INFO] [stdout]   15:     0x56c38220a909 - std::sys::backtrace::__rust_end_short_backtrace::hb1a25b3da5d0ea08
[INFO] [stdout]                                at /rustc/df4ca44d3fbc9301ee17f30f4d474e6ae4b05252/library/std/src/sys/backtrace.rs:170:18
[INFO] [stdout]   16:     0x56c38220ba0c - rust_begin_unwind
[INFO] [stdout]                                at /rustc/df4ca44d3fbc9301ee17f30f4d474e6ae4b05252/library/std/src/panicking.rs:665:5
[INFO] [stdout]   17:     0x56c3822303e0 - core::panicking::panic_fmt::ha9db07b529f9b256
[INFO] [stdout]                                at /rustc/df4ca44d3fbc9301ee17f30f4d474e6ae4b05252/library/core/src/panicking.rs:75:14
[INFO] [stdout]   18:     0x56c382230866 - core::result::unwrap_failed::h5e8218e4d4338b8a
[INFO] [stdout]                                at /rustc/df4ca44d3fbc9301ee17f30f4d474e6ae4b05252/library/core/src/result.rs:1698:5
[INFO] [stdout]   19:     0x56c3820d213c - core::result::Result<T,E>::unwrap::hf306d4e7af9d5aca
[INFO] [stdout]                                at /rustc/df4ca44d3fbc9301ee17f30f4d474e6ae4b05252/library/core/src/result.rs:1103:23
[INFO] [stdout]   20:     0x56c3820d213c - libside::system::tests::test_read_dir::ha623920faa2ecd3c
[INFO] [stdout]                                at /opt/rustwide/workdir/src/system.rs:274:20
[INFO] [stdout]   21:     0x56c3820d2007 - libside::system::tests::test_read_dir::{{closure}}::h7737f4df0cb03990
[INFO] [stdout]                                at /opt/rustwide/workdir/src/system.rs:273:27
[INFO] [stdout]   22:     0x56c3821131b6 - core::ops::function::FnOnce::call_once::hf4af40228e7b03be
[INFO] [stdout]                                at /rustc/df4ca44d3fbc9301ee17f30f4d474e6ae4b05252/library/core/src/ops/function.rs:250:5
[INFO] [stdout]   23:     0x56c38218043b - core::ops::function::FnOnce::call_once::h22c3ba5715e93f05
[INFO] [stdout]                                at /rustc/df4ca44d3fbc9301ee17f30f4d474e6ae4b05252/library/core/src/ops/function.rs:250:5
[INFO] [stdout]   24:     0x56c38218043b - test::__rust_begin_short_backtrace::h8e82d8113d0da17f
[INFO] [stdout]                                at /rustc/df4ca44d3fbc9301ee17f30f4d474e6ae4b05252/library/test/src/lib.rs:621:18
[INFO] [stdout]   25:     0x56c38217fdb7 - test::run_test_in_process::{{closure}}::h33235f4f20b7b7c7
[INFO] [stdout]                                at /rustc/df4ca44d3fbc9301ee17f30f4d474e6ae4b05252/library/test/src/lib.rs:644:60
[INFO] [stdout]   26:     0x56c38217fdb7 - <core::panic::unwind_safe::AssertUnwindSafe<F> as core::ops::function::FnOnce<()>>::call_once::hb5043206310c586f
[INFO] [stdout]                                at /rustc/df4ca44d3fbc9301ee17f30f4d474e6ae4b05252/library/core/src/panic/unwind_safe.rs:272:9
[INFO] [stdout]   27:     0x56c38217fdb7 - std::panicking::try::do_call::h9ad4731a60ab23e2
[INFO] [stdout]                                at /rustc/df4ca44d3fbc9301ee17f30f4d474e6ae4b05252/library/std/src/panicking.rs:557:40
[INFO] [stdout]   28:     0x56c38217fdb7 - std::panicking::try::h3824d23db772a716
[INFO] [stdout]                                at /rustc/df4ca44d3fbc9301ee17f30f4d474e6ae4b05252/library/std/src/panicking.rs:520:19
[INFO] [stdout]   29:     0x56c38217fdb7 - std::panic::catch_unwind::h5afd514605fde46b
[INFO] [stdout]                                at /rustc/df4ca44d3fbc9301ee17f30f4d474e6ae4b05252/library/std/src/panic.rs:358:14
[INFO] [stdout]   30:     0x56c38217fdb7 - test::run_test_in_process::h0d5cbfa7067d1720
[INFO] [stdout]                                at /rustc/df4ca44d3fbc9301ee17f30f4d474e6ae4b05252/library/test/src/lib.rs:644:27
[INFO] [stdout]   31:     0x56c38217fdb7 - test::run_test::{{closure}}::h708eb8872708115d
[INFO] [stdout]                                at /rustc/df4ca44d3fbc9301ee17f30f4d474e6ae4b05252/library/test/src/lib.rs:565:43
[INFO] [stdout]   32:     0x56c3821434d4 - test::run_test::{{closure}}::h392c51cee94713ab
[INFO] [stdout]                                at /rustc/df4ca44d3fbc9301ee17f30f4d474e6ae4b05252/library/test/src/lib.rs:595:41
[INFO] [stdout]   33:     0x56c3821434d4 - std::sys::backtrace::__rust_begin_short_backtrace::h2f40290710935a8b
[INFO] [stdout]                                at /rustc/df4ca44d3fbc9301ee17f30f4d474e6ae4b05252/library/std/src/sys/backtrace.rs:154:18
[INFO] [stdout]   34:     0x56c382146c7e - std::thread::Builder::spawn_unchecked_::{{closure}}::{{closure}}::h3fd968d89053a903
[INFO] [stdout]                                at /rustc/df4ca44d3fbc9301ee17f30f4d474e6ae4b05252/library/std/src/thread/mod.rs:541:17
[INFO] [stdout]   35:     0x56c382146c7e - <core::panic::unwind_safe::AssertUnwindSafe<F> as core::ops::function::FnOnce<()>>::call_once::h743f637ba4229880
[INFO] [stdout]                                at /rustc/df4ca44d3fbc9301ee17f30f4d474e6ae4b05252/library/core/src/panic/unwind_safe.rs:272:9
[INFO] [stdout]   36:     0x56c382146c7e - std::panicking::try::do_call::h07440897322525a6
[INFO] [stdout]                                at /rustc/df4ca44d3fbc9301ee17f30f4d474e6ae4b05252/library/std/src/panicking.rs:557:40
[INFO] [stdout]   37:     0x56c382146c7e - std::panicking::try::he5a2e00188156637
[INFO] [stdout]                                at /rustc/df4ca44d3fbc9301ee17f30f4d474e6ae4b05252/library/std/src/panicking.rs:520:19
[INFO] [stdout]   38:     0x56c382146c7e - std::panic::catch_unwind::hbaf3cae49b3c6433
[INFO] [stdout]                                at /rustc/df4ca44d3fbc9301ee17f30f4d474e6ae4b05252/library/std/src/panic.rs:358:14
[INFO] [stdout]   39:     0x56c382146c7e - std::thread::Builder::spawn_unchecked_::{{closure}}::h8e141ea224820bce
[INFO] [stdout]                                at /rustc/df4ca44d3fbc9301ee17f30f4d474e6ae4b05252/library/std/src/thread/mod.rs:540:30
[INFO] [stdout]   40:     0x56c382146c7e - core::ops::function::FnOnce::call_once{{vtable.shim}}::h90d312fedd7b8ea8
[INFO] [stdout]                                at /rustc/df4ca44d3fbc9301ee17f30f4d474e6ae4b05252/library/core/src/ops/function.rs:250:5
[INFO] [stdout]   41:     0x56c38221072b - <alloc::boxed::Box<F,A> as core::ops::function::FnOnce<Args>>::call_once::h69aa08ddb6adb8b6
[INFO] [stdout]                                at /rustc/df4ca44d3fbc9301ee17f30f4d474e6ae4b05252/library/alloc/src/boxed.rs:2454:9
[INFO] [stdout]   42:     0x56c38221072b - <alloc::boxed::Box<F,A> as core::ops::function::FnOnce<Args>>::call_once::h5aa36efdb79c806f
[INFO] [stdout]                                at /rustc/df4ca44d3fbc9301ee17f30f4d474e6ae4b05252/library/alloc/src/boxed.rs:2454:9
[INFO] [stdout]   43:     0x56c38221072b - std::sys::pal::unix::thread::Thread::new::thread_start::h6cd80a1b4be5158d
[INFO] [stdout]                                at /rustc/df4ca44d3fbc9301ee17f30f4d474e6ae4b05252/library/std/src/sys/pal/unix/thread.rs:105:17
[INFO] [stdout]   44:     0x77e60412aac3 - <unknown>
[INFO] [stdout]   45:     0x77e6041bba04 - clone
[INFO] [stdout]   46:                0x0 - <unknown>
[INFO] [stdout] 
[INFO] [stdout] 
[INFO] [stdout] failures:
[INFO] [stdout]     system::tests::test_read_dir
[INFO] [stdout] 
[INFO] [stdout] test result: FAILED. 27 passed; 1 failed; 11 ignored; 0 measured; 0 filtered out; finished in 0.02s
[INFO] [stdout] 
[INFO] [stderr] error: test failed, to rerun pass `--lib`
[INFO] running `Command { std: "docker" "inspect" "bbf65acc856a9732959ac1d1252eefc3614904bee6dfa5137dcff5bf70324315", kill_on_drop: false }`
[INFO] running `Command { std: "docker" "rm" "-f" "bbf65acc856a9732959ac1d1252eefc3614904bee6dfa5137dcff5bf70324315", kill_on_drop: false }`
[INFO] [stdout] bbf65acc856a9732959ac1d1252eefc3614904bee6dfa5137dcff5bf70324315
