[INFO] fetching crate libruster 1.3.1...
[INFO] testing libruster-1.3.1 against nightly-2024-10-28+rustflags=-Zrandomize-layout for randomize-layout
[INFO] extracting crate libruster 1.3.1 into /workspace/builds/worker-7-tc2/source
[INFO] validating manifest of crates.io crate libruster 1.3.1 on toolchain nightly-2024-10-28
[INFO] running `Command { std: CARGO_HOME="/workspace/cargo-home" RUSTUP_HOME="/workspace/rustup-home" "/workspace/cargo-home/bin/cargo" "+nightly-2024-10-28" "metadata" "--manifest-path" "Cargo.toml" "--no-deps", kill_on_drop: false }`
[INFO] started tweaking crates.io crate libruster 1.3.1
[INFO] finished tweaking crates.io crate libruster 1.3.1
[INFO] tweaked toml for crates.io crate libruster 1.3.1 written to /workspace/builds/worker-7-tc2/source/Cargo.toml
[INFO] running `Command { std: CARGO_HOME="/workspace/cargo-home" RUSTUP_HOME="/workspace/rustup-home" "/workspace/cargo-home/bin/cargo" "+nightly-2024-10-28" "generate-lockfile" "--manifest-path" "Cargo.toml", kill_on_drop: false }`
[INFO] [stderr]     Updating crates.io index
[INFO] [stderr]      Locking 26 packages to latest compatible versions
[INFO] [stderr]       Adding env_logger v0.8.4 (available: v0.11.5)
[INFO] running `Command { std: CARGO_HOME="/workspace/cargo-home" RUSTUP_HOME="/workspace/rustup-home" "/workspace/cargo-home/bin/cargo" "+nightly-2024-10-28" "fetch" "--manifest-path" "Cargo.toml", kill_on_drop: false }`
[INFO] [stderr] warning: unused manifest key: lib.plugin
[INFO] running `Command { std: "docker" "create" "-v" "/var/lib/crater-agent-workspace/builds/worker-7-tc2/target:/opt/rustwide/target:rw,Z" "-v" "/var/lib/crater-agent-workspace/builds/worker-7-tc2/source:/opt/rustwide/workdir:ro,Z" "-v" "/var/lib/crater-agent-workspace/cargo-home:/opt/rustwide/cargo-home:ro,Z" "-v" "/var/lib/crater-agent-workspace/rustup-home:/opt/rustwide/rustup-home:ro,Z" "-e" "SOURCE_DIR=/opt/rustwide/workdir" "-e" "CARGO_TARGET_DIR=/opt/rustwide/target" "-e" "CARGO_HOME=/opt/rustwide/cargo-home" "-e" "RUSTUP_HOME=/opt/rustwide/rustup-home" "-w" "/opt/rustwide/workdir" "-m" "1610612736" "--user" "0:0" "--network" "none" "ghcr.io/rust-lang/crates-build-env/linux@sha256:4a844ea9eb2546a2d2c7022eacef16ef2e8229c7fbb2c7d4d55a9ceca922f72d" "/opt/rustwide/cargo-home/bin/cargo" "+nightly-2024-10-28" "metadata" "--no-deps" "--format-version=1", kill_on_drop: false }`
[INFO] [stdout] 70fc44543244dbcbafae53aede40a5fcc75099148bb4b36257e0797d82cef408
[INFO] running `Command { std: "docker" "start" "-a" "70fc44543244dbcbafae53aede40a5fcc75099148bb4b36257e0797d82cef408", kill_on_drop: false }`
[INFO] running `Command { std: "docker" "inspect" "70fc44543244dbcbafae53aede40a5fcc75099148bb4b36257e0797d82cef408", kill_on_drop: false }`
[INFO] running `Command { std: "docker" "rm" "-f" "70fc44543244dbcbafae53aede40a5fcc75099148bb4b36257e0797d82cef408", kill_on_drop: false }`
[INFO] [stdout] 70fc44543244dbcbafae53aede40a5fcc75099148bb4b36257e0797d82cef408
[INFO] running `Command { std: "docker" "create" "-v" "/var/lib/crater-agent-workspace/builds/worker-7-tc2/target:/opt/rustwide/target:rw,Z" "-v" "/var/lib/crater-agent-workspace/builds/worker-7-tc2/source:/opt/rustwide/workdir:ro,Z" "-v" "/var/lib/crater-agent-workspace/cargo-home:/opt/rustwide/cargo-home:ro,Z" "-v" "/var/lib/crater-agent-workspace/rustup-home:/opt/rustwide/rustup-home:ro,Z" "-e" "SOURCE_DIR=/opt/rustwide/workdir" "-e" "CARGO_TARGET_DIR=/opt/rustwide/target" "-e" "CARGO_INCREMENTAL=0" "-e" "RUST_BACKTRACE=full" "-e" "RUSTFLAGS=--cap-lints=forbid -Zrandomize-layout" "-e" "RUSTDOCFLAGS=--cap-lints=forbid" "-e" "CARGO_HOME=/opt/rustwide/cargo-home" "-e" "RUSTUP_HOME=/opt/rustwide/rustup-home" "-w" "/opt/rustwide/workdir" "-m" "1610612736" "--user" "0:0" "--network" "none" "ghcr.io/rust-lang/crates-build-env/linux@sha256:4a844ea9eb2546a2d2c7022eacef16ef2e8229c7fbb2c7d4d55a9ceca922f72d" "/opt/rustwide/cargo-home/bin/cargo" "+nightly-2024-10-28" "build" "--frozen" "--message-format=json", kill_on_drop: false }`
[INFO] [stdout] 2e94086dbf66d4ba1109fdb9bfeab66abc43ac28ad37d86d0603570a79a420df
[INFO] running `Command { std: "docker" "start" "-a" "2e94086dbf66d4ba1109fdb9bfeab66abc43ac28ad37d86d0603570a79a420df", kill_on_drop: false }`
[INFO] [stderr] warning: unused manifest key: lib.plugin
[INFO] [stderr]    Compiling memchr v2.7.4
[INFO] [stderr]    Compiling libc v0.2.161
[INFO] [stderr]    Compiling regex-syntax v0.8.5
[INFO] [stderr]    Compiling termcolor v1.4.1
[INFO] [stderr]    Compiling log v0.4.22
[INFO] [stderr]    Compiling humantime v2.1.0
[INFO] [stderr]    Compiling aho-corasick v1.1.3
[INFO] [stderr]    Compiling atty v0.2.14
[INFO] [stderr]    Compiling regex-automata v0.4.8
[INFO] [stderr]    Compiling regex v1.11.1
[INFO] [stderr]    Compiling env_logger v0.8.4
[INFO] [stderr]    Compiling libruster v1.3.1 (/opt/rustwide/workdir)
[INFO] [stderr]     Finished `dev` profile [unoptimized + debuginfo] target(s) in 3.35s
[INFO] running `Command { std: "docker" "inspect" "2e94086dbf66d4ba1109fdb9bfeab66abc43ac28ad37d86d0603570a79a420df", kill_on_drop: false }`
[INFO] running `Command { std: "docker" "rm" "-f" "2e94086dbf66d4ba1109fdb9bfeab66abc43ac28ad37d86d0603570a79a420df", kill_on_drop: false }`
[INFO] [stdout] 2e94086dbf66d4ba1109fdb9bfeab66abc43ac28ad37d86d0603570a79a420df
[INFO] running `Command { std: "docker" "create" "-v" "/var/lib/crater-agent-workspace/builds/worker-7-tc2/target:/opt/rustwide/target:rw,Z" "-v" "/var/lib/crater-agent-workspace/builds/worker-7-tc2/source:/opt/rustwide/workdir:ro,Z" "-v" "/var/lib/crater-agent-workspace/cargo-home:/opt/rustwide/cargo-home:ro,Z" "-v" "/var/lib/crater-agent-workspace/rustup-home:/opt/rustwide/rustup-home:ro,Z" "-e" "SOURCE_DIR=/opt/rustwide/workdir" "-e" "CARGO_TARGET_DIR=/opt/rustwide/target" "-e" "CARGO_INCREMENTAL=0" "-e" "RUST_BACKTRACE=full" "-e" "RUSTFLAGS=--cap-lints=forbid -Zrandomize-layout" "-e" "RUSTDOCFLAGS=--cap-lints=forbid" "-e" "CARGO_HOME=/opt/rustwide/cargo-home" "-e" "RUSTUP_HOME=/opt/rustwide/rustup-home" "-w" "/opt/rustwide/workdir" "-m" "1610612736" "--user" "0:0" "--network" "none" "ghcr.io/rust-lang/crates-build-env/linux@sha256:4a844ea9eb2546a2d2c7022eacef16ef2e8229c7fbb2c7d4d55a9ceca922f72d" "/opt/rustwide/cargo-home/bin/cargo" "+nightly-2024-10-28" "test" "--frozen" "--no-run" "--message-format=json", kill_on_drop: false }`
[INFO] [stdout] 288b2f4cbb33f633358138e21f5135273aa7568b29c469b2bf84ffe84df92b6c
[INFO] running `Command { std: "docker" "start" "-a" "288b2f4cbb33f633358138e21f5135273aa7568b29c469b2bf84ffe84df92b6c", kill_on_drop: false }`
[INFO] [stderr] warning: unused manifest key: lib.plugin
[INFO] [stderr]    Compiling libruster v1.3.1 (/opt/rustwide/workdir)
[INFO] [stderr]     Finished `test` profile [unoptimized + debuginfo] target(s) in 0.24s
[INFO] running `Command { std: "docker" "inspect" "288b2f4cbb33f633358138e21f5135273aa7568b29c469b2bf84ffe84df92b6c", kill_on_drop: false }`
[INFO] running `Command { std: "docker" "rm" "-f" "288b2f4cbb33f633358138e21f5135273aa7568b29c469b2bf84ffe84df92b6c", kill_on_drop: false }`
[INFO] [stdout] 288b2f4cbb33f633358138e21f5135273aa7568b29c469b2bf84ffe84df92b6c
[INFO] running `Command { std: "docker" "create" "-v" "/var/lib/crater-agent-workspace/builds/worker-7-tc2/target:/opt/rustwide/target:rw,Z" "-v" "/var/lib/crater-agent-workspace/builds/worker-7-tc2/source:/opt/rustwide/workdir:ro,Z" "-v" "/var/lib/crater-agent-workspace/cargo-home:/opt/rustwide/cargo-home:ro,Z" "-v" "/var/lib/crater-agent-workspace/rustup-home:/opt/rustwide/rustup-home:ro,Z" "-e" "SOURCE_DIR=/opt/rustwide/workdir" "-e" "CARGO_TARGET_DIR=/opt/rustwide/target" "-e" "CARGO_INCREMENTAL=0" "-e" "RUST_BACKTRACE=full" "-e" "RUSTFLAGS=--cap-lints=forbid -Zrandomize-layout" "-e" "RUSTDOCFLAGS=--cap-lints=forbid" "-e" "CARGO_HOME=/opt/rustwide/cargo-home" "-e" "RUSTUP_HOME=/opt/rustwide/rustup-home" "-w" "/opt/rustwide/workdir" "-m" "1610612736" "--user" "0:0" "--network" "none" "ghcr.io/rust-lang/crates-build-env/linux@sha256:4a844ea9eb2546a2d2c7022eacef16ef2e8229c7fbb2c7d4d55a9ceca922f72d" "/opt/rustwide/cargo-home/bin/cargo" "+nightly-2024-10-28" "test" "--frozen", kill_on_drop: false }`
[INFO] [stdout] c652d2042630adb6874baa26ff1ee42c8cef2338d36e3416ae302dfbb1ed92a0
[INFO] running `Command { std: "docker" "start" "-a" "c652d2042630adb6874baa26ff1ee42c8cef2338d36e3416ae302dfbb1ed92a0", kill_on_drop: false }`
[INFO] [stderr] warning: unused manifest key: lib.plugin
[INFO] [stderr]     Finished `test` profile [unoptimized + debuginfo] target(s) in 0.02s
[INFO] [stderr]      Running unittests lib/ruster.rs (/opt/rustwide/target/debug/deps/libruster-cc67df7b0c9ed6de)
[INFO] [stdout] 
[INFO] [stdout] running 0 tests
[INFO] [stdout] 
[INFO] [stdout] test result: ok. 0 passed; 0 failed; 0 ignored; 0 measured; 0 filtered out; finished in 0.00s
[INFO] [stdout] 
[INFO] [stderr]    Doc-tests libruster
[INFO] [stdout] 
[INFO] [stdout] running 8 tests
[INFO] [stdout] test lib/ruster.rs - pg_dump_all_databases (line 420) - compile ... FAILED
[INFO] [stdout] test lib/ruster.rs - mysql_restore_database (line 179) - compile ... FAILED
[INFO] [stdout] test lib/ruster.rs - psql_restore_database (line 507) - compile ... FAILED
[INFO] [stdout] test lib/ruster.rs - mysqldump_database (line 93) - compile ... FAILED
[INFO] [stdout] test lib/ruster.rs - mysqldump_all_databases (line 12) - compile ... FAILED
[INFO] [stdout] test lib/ruster.rs - psql_restore_all_databases (line 586) - compile ... FAILED
[INFO] [stdout] test lib/ruster.rs - mysql_restore_all_databases (line 259) - compile ... FAILED
[INFO] [stdout] test lib/ruster.rs - pg_dump_database (line 332) - compile ... FAILED
[INFO] [stdout] 
[INFO] [stdout] failures:
[INFO] [stdout] 
[INFO] [stdout] ---- lib/ruster.rs - pg_dump_all_databases (line 420) stdout ----
[INFO] [stdout] error[E0425]: cannot find value `os` in this scope
[INFO] [stdout]  --> lib/ruster.rs:422:1
[INFO] [stdout]   |
[INFO] [stdout] 4 | os.Getenv("PGPASSWORD");
[INFO] [stdout]   | ^^ not found in this scope
[INFO] [stdout] 
[INFO] [stdout] error[E0425]: cannot find value `C` in this scope
[INFO] [stdout]  --> lib/ruster.rs:423:1
[INFO] [stdout]   |
[INFO] [stdout] 5 | C.pg_dump_all_databases(
[INFO] [stdout]   | ^ not found in this scope
[INFO] [stdout]   |
[INFO] [stdout] help: you might be missing a const parameter
[INFO] [stdout]   |
[INFO] [stdout] 3 | fn main() { #[allow(non_snake_case)] fn _doctest_main_lib_ruster_rs_420_0<const C: /* Type */>() {
[INFO] [stdout]   |                                                                          +++++++++++++++++++++
[INFO] [stdout] 
[INFO] [stdout] error[E0425]: cannot find value `C` in this scope
[INFO] [stdout]  --> lib/ruster.rs:424:2
[INFO] [stdout]   |
[INFO] [stdout] 6 |     C.CString("localhost"),
[INFO] [stdout]   |     ^ not found in this scope
[INFO] [stdout]   |
[INFO] [stdout] help: you might be missing a const parameter
[INFO] [stdout]   |
[INFO] [stdout] 3 | fn main() { #[allow(non_snake_case)] fn _doctest_main_lib_ruster_rs_420_0<const C: /* Type */>() {
[INFO] [stdout]   |                                                                          +++++++++++++++++++++
[INFO] [stdout] 
[INFO] [stdout] error[E0425]: cannot find value `C` in this scope
[INFO] [stdout]  --> lib/ruster.rs:425:2
[INFO] [stdout]   |
[INFO] [stdout] 7 |     C.CString("5432"),
[INFO] [stdout]   |     ^ not found in this scope
[INFO] [stdout]   |
[INFO] [stdout] help: you might be missing a const parameter
[INFO] [stdout]   |
[INFO] [stdout] 3 | fn main() { #[allow(non_snake_case)] fn _doctest_main_lib_ruster_rs_420_0<const C: /* Type */>() {
[INFO] [stdout]   |                                                                          +++++++++++++++++++++
[INFO] [stdout] 
[INFO] [stdout] error[E0425]: cannot find value `C` in this scope
[INFO] [stdout]  --> lib/ruster.rs:426:2
[INFO] [stdout]   |
[INFO] [stdout] 8 |     C.CString("postgres"),
[INFO] [stdout]   |     ^ not found in this scope
[INFO] [stdout]   |
[INFO] [stdout] help: you might be missing a const parameter
[INFO] [stdout]   |
[INFO] [stdout] 3 | fn main() { #[allow(non_snake_case)] fn _doctest_main_lib_ruster_rs_420_0<const C: /* Type */>() {
[INFO] [stdout]   |                                                                          +++++++++++++++++++++
[INFO] [stdout] 
[INFO] [stdout] error[E0425]: cannot find value `C` in this scope
[INFO] [stdout]  --> lib/ruster.rs:427:2
[INFO] [stdout]   |
[INFO] [stdout] 9 |     C.CString("dump.sql"),
[INFO] [stdout]   |     ^ not found in this scope
[INFO] [stdout]   |
[INFO] [stdout] help: you might be missing a const parameter
[INFO] [stdout]   |
[INFO] [stdout] 3 | fn main() { #[allow(non_snake_case)] fn _doctest_main_lib_ruster_rs_420_0<const C: /* Type */>() {
[INFO] [stdout]   |                                                                          +++++++++++++++++++++
[INFO] [stdout] 
[INFO] [stdout] error[E0425]: cannot find value `C` in this scope
[INFO] [stdout]   --> lib/ruster.rs:428:2
[INFO] [stdout]    |
[INFO] [stdout] 10 |     C.CString("true"),
[INFO] [stdout]    |     ^ not found in this scope
[INFO] [stdout]    |
[INFO] [stdout] help: you might be missing a const parameter
[INFO] [stdout]    |
[INFO] [stdout] 3  | fn main() { #[allow(non_snake_case)] fn _doctest_main_lib_ruster_rs_420_0<const C: /* Type */>() {
[INFO] [stdout]    |                                                                          +++++++++++++++++++++
[INFO] [stdout] 
[INFO] [stdout] error: aborting due to 7 previous errors
[INFO] [stdout] 
[INFO] [stdout] For more information about this error, try `rustc --explain E0425`.
[INFO] [stdout] Couldn't compile the test.
[INFO] [stdout] ---- lib/ruster.rs - mysql_restore_database (line 179) stdout ----
[INFO] [stdout] error[E0425]: cannot find value `os` in this scope
[INFO] [stdout]  --> lib/ruster.rs:181:1
[INFO] [stdout]   |
[INFO] [stdout] 4 | os.Getenv("MYSQL_ROOT_PASSWORD");
[INFO] [stdout]   | ^^ not found in this scope
[INFO] [stdout] 
[INFO] [stdout] error[E0425]: cannot find value `C` in this scope
[INFO] [stdout]  --> lib/ruster.rs:182:1
[INFO] [stdout]   |
[INFO] [stdout] 5 | C.mysql_restore_database(
[INFO] [stdout]   | ^ not found in this scope
[INFO] [stdout]   |
[INFO] [stdout] help: you might be missing a const parameter
[INFO] [stdout]   |
[INFO] [stdout] 3 | fn main() { #[allow(non_snake_case)] fn _doctest_main_lib_ruster_rs_179_0<const C: /* Type */>() {
[INFO] [stdout]   |                                                                          +++++++++++++++++++++
[INFO] [stdout] 
[INFO] [stdout] error[E0425]: cannot find value `C` in this scope
[INFO] [stdout]  --> lib/ruster.rs:183:2
[INFO] [stdout]   |
[INFO] [stdout] 6 |     C.CString("localhost"),
[INFO] [stdout]   |     ^ not found in this scope
[INFO] [stdout]   |
[INFO] [stdout] help: you might be missing a const parameter
[INFO] [stdout]   |
[INFO] [stdout] 3 | fn main() { #[allow(non_snake_case)] fn _doctest_main_lib_ruster_rs_179_0<const C: /* Type */>() {
[INFO] [stdout]   |                                                                          +++++++++++++++++++++
[INFO] [stdout] 
[INFO] [stdout] error[E0425]: cannot find value `C` in this scope
[INFO] [stdout]  --> lib/ruster.rs:184:2
[INFO] [stdout]   |
[INFO] [stdout] 7 |     C.CString("3306"),
[INFO] [stdout]   |     ^ not found in this scope
[INFO] [stdout]   |
[INFO] [stdout] help: you might be missing a const parameter
[INFO] [stdout]   |
[INFO] [stdout] 3 | fn main() { #[allow(non_snake_case)] fn _doctest_main_lib_ruster_rs_179_0<const C: /* Type */>() {
[INFO] [stdout]   |                                                                          +++++++++++++++++++++
[INFO] [stdout] 
[INFO] [stdout] error[E0425]: cannot find value `C` in this scope
[INFO] [stdout]  --> lib/ruster.rs:185:2
[INFO] [stdout]   |
[INFO] [stdout] 8 |     C.CString("root"),
[INFO] [stdout]   |     ^ not found in this scope
[INFO] [stdout]   |
[INFO] [stdout] help: you might be missing a const parameter
[INFO] [stdout]   |
[INFO] [stdout] 3 | fn main() { #[allow(non_snake_case)] fn _doctest_main_lib_ruster_rs_179_0<const C: /* Type */>() {
[INFO] [stdout]   |                                                                          +++++++++++++++++++++
[INFO] [stdout] 
[INFO] [stdout] error[E0425]: cannot find value `C` in this scope
[INFO] [stdout]  --> lib/ruster.rs:186:2
[INFO] [stdout]   |
[INFO] [stdout] 9 |     C.CString("mysql"),
[INFO] [stdout]   |     ^ not found in this scope
[INFO] [stdout]   |
[INFO] [stdout] help: you might be missing a const parameter
[INFO] [stdout]   |
[INFO] [stdout] 3 | fn main() { #[allow(non_snake_case)] fn _doctest_main_lib_ruster_rs_179_0<const C: /* Type */>() {
[INFO] [stdout]   |                                                                          +++++++++++++++++++++
[INFO] [stdout] 
[INFO] [stdout] error[E0425]: cannot find value `C` in this scope
[INFO] [stdout]   --> lib/ruster.rs:187:2
[INFO] [stdout]    |
[INFO] [stdout] 10 |     C.CString("dump.sql"),
[INFO] [stdout]    |     ^ not found in this scope
[INFO] [stdout]    |
[INFO] [stdout] help: you might be missing a const parameter
[INFO] [stdout]    |
[INFO] [stdout] 3  | fn main() { #[allow(non_snake_case)] fn _doctest_main_lib_ruster_rs_179_0<const C: /* Type */>() {
[INFO] [stdout]    |                                                                          +++++++++++++++++++++
[INFO] [stdout] 
[INFO] [stdout] error[E0425]: cannot find value `C` in this scope
[INFO] [stdout]   --> lib/ruster.rs:188:2
[INFO] [stdout]    |
[INFO] [stdout] 11 |     C.CString("true"),
[INFO] [stdout]    |     ^ not found in this scope
[INFO] [stdout]    |
[INFO] [stdout] help: you might be missing a const parameter
[INFO] [stdout]    |
[INFO] [stdout] 3  | fn main() { #[allow(non_snake_case)] fn _doctest_main_lib_ruster_rs_179_0<const C: /* Type */>() {
[INFO] [stdout]    |                                                                          +++++++++++++++++++++
[INFO] [stdout] 
[INFO] [stdout] error: aborting due to 8 previous errors
[INFO] [stdout] 
[INFO] [stdout] For more information about this error, try `rustc --explain E0425`.
[INFO] [stdout] Couldn't compile the test.
[INFO] [stdout] ---- lib/ruster.rs - psql_restore_database (line 507) stdout ----
[INFO] [stdout] error[E0425]: cannot find value `os` in this scope
[INFO] [stdout]  --> lib/ruster.rs:509:1
[INFO] [stdout]   |
[INFO] [stdout] 4 | os.Getenv("PGPASSWORD");
[INFO] [stdout]   | ^^ not found in this scope
[INFO] [stdout] 
[INFO] [stdout] error[E0425]: cannot find value `C` in this scope
[INFO] [stdout]  --> lib/ruster.rs:510:1
[INFO] [stdout]   |
[INFO] [stdout] 5 | C.psql_restore_database(
[INFO] [stdout]   | ^ not found in this scope
[INFO] [stdout]   |
[INFO] [stdout] help: you might be missing a const parameter
[INFO] [stdout]   |
[INFO] [stdout] 3 | fn main() { #[allow(non_snake_case)] fn _doctest_main_lib_ruster_rs_507_0<const C: /* Type */>() {
[INFO] [stdout]   |                                                                          +++++++++++++++++++++
[INFO] [stdout] 
[INFO] [stdout] error[E0425]: cannot find value `C` in this scope
[INFO] [stdout]  --> lib/ruster.rs:511:2
[INFO] [stdout]   |
[INFO] [stdout] 6 |     C.CString("localhost"),
[INFO] [stdout]   |     ^ not found in this scope
[INFO] [stdout]   |
[INFO] [stdout] help: you might be missing a const parameter
[INFO] [stdout]   |
[INFO] [stdout] 3 | fn main() { #[allow(non_snake_case)] fn _doctest_main_lib_ruster_rs_507_0<const C: /* Type */>() {
[INFO] [stdout]   |                                                                          +++++++++++++++++++++
[INFO] [stdout] 
[INFO] [stdout] error[E0425]: cannot find value `C` in this scope
[INFO] [stdout]  --> lib/ruster.rs:512:2
[INFO] [stdout]   |
[INFO] [stdout] 7 |     C.CString("5432"),
[INFO] [stdout]   |     ^ not found in this scope
[INFO] [stdout]   |
[INFO] [stdout] help: you might be missing a const parameter
[INFO] [stdout]   |
[INFO] [stdout] 3 | fn main() { #[allow(non_snake_case)] fn _doctest_main_lib_ruster_rs_507_0<const C: /* Type */>() {
[INFO] [stdout]   |                                                                          +++++++++++++++++++++
[INFO] [stdout] 
[INFO] [stdout] error[E0425]: cannot find value `C` in this scope
[INFO] [stdout]  --> lib/ruster.rs:513:2
[INFO] [stdout]   |
[INFO] [stdout] 8 |     C.CString("postgres"),
[INFO] [stdout]   |     ^ not found in this scope
[INFO] [stdout]   |
[INFO] [stdout] help: you might be missing a const parameter
[INFO] [stdout]   |
[INFO] [stdout] 3 | fn main() { #[allow(non_snake_case)] fn _doctest_main_lib_ruster_rs_507_0<const C: /* Type */>() {
[INFO] [stdout]   |                                                                          +++++++++++++++++++++
[INFO] [stdout] 
[INFO] [stdout] error[E0425]: cannot find value `C` in this scope
[INFO] [stdout]  --> lib/ruster.rs:514:2
[INFO] [stdout]   |
[INFO] [stdout] 9 |     C.CString("postgres"),
[INFO] [stdout]   |     ^ not found in this scope
[INFO] [stdout]   |
[INFO] [stdout] help: you might be missing a const parameter
[INFO] [stdout]   |
[INFO] [stdout] 3 | fn main() { #[allow(non_snake_case)] fn _doctest_main_lib_ruster_rs_507_0<const C: /* Type */>() {
[INFO] [stdout]   |                                                                          +++++++++++++++++++++
[INFO] [stdout] 
[INFO] [stdout] error[E0425]: cannot find value `C` in this scope
[INFO] [stdout]   --> lib/ruster.rs:515:2
[INFO] [stdout]    |
[INFO] [stdout] 10 |     C.CString("dump.sql"),
[INFO] [stdout]    |     ^ not found in this scope
[INFO] [stdout]    |
[INFO] [stdout] help: you might be missing a const parameter
[INFO] [stdout]    |
[INFO] [stdout] 3  | fn main() { #[allow(non_snake_case)] fn _doctest_main_lib_ruster_rs_507_0<const C: /* Type */>() {
[INFO] [stdout]    |                                                                          +++++++++++++++++++++
[INFO] [stdout] 
[INFO] [stdout] error[E0425]: cannot find value `C` in this scope
[INFO] [stdout]   --> lib/ruster.rs:516:2
[INFO] [stdout]    |
[INFO] [stdout] 11 |     C.CString("true"),
[INFO] [stdout]    |     ^ not found in this scope
[INFO] [stdout]    |
[INFO] [stdout] help: you might be missing a const parameter
[INFO] [stdout]    |
[INFO] [stdout] 3  | fn main() { #[allow(non_snake_case)] fn _doctest_main_lib_ruster_rs_507_0<const C: /* Type */>() {
[INFO] [stdout]    |                                                                          +++++++++++++++++++++
[INFO] [stdout] 
[INFO] [stdout] error: aborting due to 8 previous errors
[INFO] [stdout] 
[INFO] [stdout] For more information about this error, try `rustc --explain E0425`.
[INFO] [stdout] Couldn't compile the test.
[INFO] [stdout] ---- lib/ruster.rs - mysqldump_database (line 93) stdout ----
[INFO] [stdout] error[E0425]: cannot find value `os` in this scope
[INFO] [stdout]  --> lib/ruster.rs:95:1
[INFO] [stdout]   |
[INFO] [stdout] 4 | os.Getenv("MYSQL_ROOT_PASSWORD");
[INFO] [stdout]   | ^^ not found in this scope
[INFO] [stdout] 
[INFO] [stdout] error[E0425]: cannot find value `C` in this scope
[INFO] [stdout]  --> lib/ruster.rs:96:1
[INFO] [stdout]   |
[INFO] [stdout] 5 | C.mysqldump_database(
[INFO] [stdout]   | ^ not found in this scope
[INFO] [stdout]   |
[INFO] [stdout] help: you might be missing a const parameter
[INFO] [stdout]   |
[INFO] [stdout] 3 | fn main() { #[allow(non_snake_case)] fn _doctest_main_lib_ruster_rs_93_0<const C: /* Type */>() {
[INFO] [stdout]   |                                                                         +++++++++++++++++++++
[INFO] [stdout] 
[INFO] [stdout] error[E0425]: cannot find value `C` in this scope
[INFO] [stdout]  --> lib/ruster.rs:97:2
[INFO] [stdout]   |
[INFO] [stdout] 6 |     C.CString("localhost"),
[INFO] [stdout]   |     ^ not found in this scope
[INFO] [stdout]   |
[INFO] [stdout] help: you might be missing a const parameter
[INFO] [stdout]   |
[INFO] [stdout] 3 | fn main() { #[allow(non_snake_case)] fn _doctest_main_lib_ruster_rs_93_0<const C: /* Type */>() {
[INFO] [stdout]   |                                                                         +++++++++++++++++++++
[INFO] [stdout] 
[INFO] [stdout] error[E0425]: cannot find value `C` in this scope
[INFO] [stdout]  --> lib/ruster.rs:98:2
[INFO] [stdout]   |
[INFO] [stdout] 7 |     C.CString("3306"),
[INFO] [stdout]   |     ^ not found in this scope
[INFO] [stdout]   |
[INFO] [stdout] help: you might be missing a const parameter
[INFO] [stdout]   |
[INFO] [stdout] 3 | fn main() { #[allow(non_snake_case)] fn _doctest_main_lib_ruster_rs_93_0<const C: /* Type */>() {
[INFO] [stdout]   |                                                                         +++++++++++++++++++++
[INFO] [stdout] 
[INFO] [stdout] error[E0425]: cannot find value `C` in this scope
[INFO] [stdout]  --> lib/ruster.rs:99:2
[INFO] [stdout]   |
[INFO] [stdout] 8 |     C.CString("root"),
[INFO] [stdout]   |     ^ not found in this scope
[INFO] [stdout]   |
[INFO] [stdout] help: you might be missing a const parameter
[INFO] [stdout]   |
[INFO] [stdout] 3 | fn main() { #[allow(non_snake_case)] fn _doctest_main_lib_ruster_rs_93_0<const C: /* Type */>() {
[INFO] [stdout]   |                                                                         +++++++++++++++++++++
[INFO] [stdout] 
[INFO] [stdout] error[E0425]: cannot find value `C` in this scope
[INFO] [stdout]  --> lib/ruster.rs:100:2
[INFO] [stdout]   |
[INFO] [stdout] 9 |     C.CString("mysql"),
[INFO] [stdout]   |     ^ not found in this scope
[INFO] [stdout]   |
[INFO] [stdout] help: you might be missing a const parameter
[INFO] [stdout]   |
[INFO] [stdout] 3 | fn main() { #[allow(non_snake_case)] fn _doctest_main_lib_ruster_rs_93_0<const C: /* Type */>() {
[INFO] [stdout]   |                                                                         +++++++++++++++++++++
[INFO] [stdout] 
[INFO] [stdout] error[E0425]: cannot find value `C` in this scope
[INFO] [stdout]   --> lib/ruster.rs:101:2
[INFO] [stdout]    |
[INFO] [stdout] 10 |     C.CString("dump.sql"),
[INFO] [stdout]    |     ^ not found in this scope
[INFO] [stdout]    |
[INFO] [stdout] help: you might be missing a const parameter
[INFO] [stdout]    |
[INFO] [stdout] 3  | fn main() { #[allow(non_snake_case)] fn _doctest_main_lib_ruster_rs_93_0<const C: /* Type */>() {
[INFO] [stdout]    |                                                                         +++++++++++++++++++++
[INFO] [stdout] 
[INFO] [stdout] error[E0425]: cannot find value `C` in this scope
[INFO] [stdout]   --> lib/ruster.rs:102:2
[INFO] [stdout]    |
[INFO] [stdout] 11 |     C.CString("true"),
[INFO] [stdout]    |     ^ not found in this scope
[INFO] [stdout]    |
[INFO] [stdout] help: you might be missing a const parameter
[INFO] [stdout]    |
[INFO] [stdout] 3  | fn main() { #[allow(non_snake_case)] fn _doctest_main_lib_ruster_rs_93_0<const C: /* Type */>() {
[INFO] [stdout]    |                                                                         +++++++++++++++++++++
[INFO] [stdout] 
[INFO] [stdout] error: aborting due to 8 previous errors
[INFO] [stdout] 
[INFO] [stdout] For more information about this error, try `rustc --explain E0425`.
[INFO] [stdout] Couldn't compile the test.
[INFO] [stdout] ---- lib/ruster.rs - mysqldump_all_databases (line 12) stdout ----
[INFO] [stdout] error[E0425]: cannot find value `os` in this scope
[INFO] [stdout]  --> lib/ruster.rs:14:1
[INFO] [stdout]   |
[INFO] [stdout] 4 | os.Getenv("MYSQL_ROOT_PASSWORD");
[INFO] [stderr] error: doctest failed, to rerun pass `--doc`
[INFO] [stdout]   | ^^ not found in this scope
[INFO] [stdout] 
[INFO] [stdout] error[E0425]: cannot find value `C` in this scope
[INFO] [stdout]  --> lib/ruster.rs:15:1
[INFO] [stdout]   |
[INFO] [stdout] 5 | C.mysqldump_all_databases(
[INFO] [stdout]   | ^ not found in this scope
[INFO] [stdout]   |
[INFO] [stdout] help: you might be missing a const parameter
[INFO] [stdout]   |
[INFO] [stdout] 3 | fn main() { #[allow(non_snake_case)] fn _doctest_main_lib_ruster_rs_12_0<const C: /* Type */>() {
[INFO] [stdout]   |                                                                         +++++++++++++++++++++
[INFO] [stdout] 
[INFO] [stdout] error[E0425]: cannot find value `C` in this scope
[INFO] [stdout]  --> lib/ruster.rs:16:2
[INFO] [stdout]   |
[INFO] [stdout] 6 |     C.CString("localhost"),
[INFO] [stdout]   |     ^ not found in this scope
[INFO] [stdout]   |
[INFO] [stdout] help: you might be missing a const parameter
[INFO] [stdout]   |
[INFO] [stdout] 3 | fn main() { #[allow(non_snake_case)] fn _doctest_main_lib_ruster_rs_12_0<const C: /* Type */>() {
[INFO] [stdout]   |                                                                         +++++++++++++++++++++
[INFO] [stdout] 
[INFO] [stdout] error[E0425]: cannot find value `C` in this scope
[INFO] [stdout]  --> lib/ruster.rs:17:2
[INFO] [stdout]   |
[INFO] [stdout] 7 |     C.CString("3306"),
[INFO] [stdout]   |     ^ not found in this scope
[INFO] [stdout]   |
[INFO] [stdout] help: you might be missing a const parameter
[INFO] [stdout]   |
[INFO] [stdout] 3 | fn main() { #[allow(non_snake_case)] fn _doctest_main_lib_ruster_rs_12_0<const C: /* Type */>() {
[INFO] [stdout]   |                                                                         +++++++++++++++++++++
[INFO] [stdout] 
[INFO] [stdout] error[E0425]: cannot find value `C` in this scope
[INFO] [stdout]  --> lib/ruster.rs:18:2
[INFO] [stdout]   |
[INFO] [stdout] 8 |     C.CString("root"),
[INFO] [stdout]   |     ^ not found in this scope
[INFO] [stdout]   |
[INFO] [stdout] help: you might be missing a const parameter
[INFO] [stdout]   |
[INFO] [stdout] 3 | fn main() { #[allow(non_snake_case)] fn _doctest_main_lib_ruster_rs_12_0<const C: /* Type */>() {
[INFO] [stdout]   |                                                                         +++++++++++++++++++++
[INFO] [stdout] 
[INFO] [stdout] error[E0425]: cannot find value `C` in this scope
[INFO] [stdout]  --> lib/ruster.rs:19:2
[INFO] [stdout]   |
[INFO] [stdout] 9 |     C.CString("dump.sql"),
[INFO] [stdout]   |     ^ not found in this scope
[INFO] [stdout]   |
[INFO] [stdout] help: you might be missing a const parameter
[INFO] [stdout]   |
[INFO] [stdout] 3 | fn main() { #[allow(non_snake_case)] fn _doctest_main_lib_ruster_rs_12_0<const C: /* Type */>() {
[INFO] [stdout]   |                                                                         +++++++++++++++++++++
[INFO] [stdout] 
[INFO] [stdout] error[E0425]: cannot find value `C` in this scope
[INFO] [stdout]   --> lib/ruster.rs:20:2
[INFO] [stdout]    |
[INFO] [stdout] 10 |     C.CString("true"),
[INFO] [stdout]    |     ^ not found in this scope
[INFO] [stdout]    |
[INFO] [stdout] help: you might be missing a const parameter
[INFO] [stdout]    |
[INFO] [stdout] 3  | fn main() { #[allow(non_snake_case)] fn _doctest_main_lib_ruster_rs_12_0<const C: /* Type */>() {
[INFO] [stdout]    |                                                                         +++++++++++++++++++++
[INFO] [stdout] 
[INFO] [stdout] error: aborting due to 7 previous errors
[INFO] [stdout] 
[INFO] [stdout] For more information about this error, try `rustc --explain E0425`.
[INFO] [stdout] Couldn't compile the test.
[INFO] [stdout] ---- lib/ruster.rs - psql_restore_all_databases (line 586) stdout ----
[INFO] [stdout] error[E0425]: cannot find value `os` in this scope
[INFO] [stdout]  --> lib/ruster.rs:588:1
[INFO] [stdout]   |
[INFO] [stdout] 4 | os.Getenv("PGPASSWORD");
[INFO] [stdout]   | ^^ not found in this scope
[INFO] [stdout] 
[INFO] [stdout] error[E0425]: cannot find value `C` in this scope
[INFO] [stdout]  --> lib/ruster.rs:589:1
[INFO] [stdout]   |
[INFO] [stdout] 5 | C.psql_restore_all_databases(
[INFO] [stdout]   | ^ not found in this scope
[INFO] [stdout]   |
[INFO] [stdout] help: you might be missing a const parameter
[INFO] [stdout]   |
[INFO] [stdout] 3 | fn main() { #[allow(non_snake_case)] fn _doctest_main_lib_ruster_rs_586_0<const C: /* Type */>() {
[INFO] [stdout]   |                                                                          +++++++++++++++++++++
[INFO] [stdout] 
[INFO] [stdout] error[E0425]: cannot find value `C` in this scope
[INFO] [stdout]  --> lib/ruster.rs:590:2
[INFO] [stdout]   |
[INFO] [stdout] 6 |     C.CString("localhost"),
[INFO] [stdout]   |     ^ not found in this scope
[INFO] [stdout]   |
[INFO] [stdout] help: you might be missing a const parameter
[INFO] [stdout]   |
[INFO] [stdout] 3 | fn main() { #[allow(non_snake_case)] fn _doctest_main_lib_ruster_rs_586_0<const C: /* Type */>() {
[INFO] [stdout]   |                                                                          +++++++++++++++++++++
[INFO] [stdout] 
[INFO] [stdout] error[E0425]: cannot find value `C` in this scope
[INFO] [stdout]  --> lib/ruster.rs:591:2
[INFO] [stdout]   |
[INFO] [stdout] 7 |     C.CString("5432"),
[INFO] [stdout]   |     ^ not found in this scope
[INFO] [stdout]   |
[INFO] [stdout] help: you might be missing a const parameter
[INFO] [stdout]   |
[INFO] [stdout] 3 | fn main() { #[allow(non_snake_case)] fn _doctest_main_lib_ruster_rs_586_0<const C: /* Type */>() {
[INFO] [stdout]   |                                                                          +++++++++++++++++++++
[INFO] [stdout] 
[INFO] [stdout] error[E0425]: cannot find value `C` in this scope
[INFO] [stdout]  --> lib/ruster.rs:592:2
[INFO] [stdout]   |
[INFO] [stdout] 8 |     C.CString("postgres"),
[INFO] [stdout]   |     ^ not found in this scope
[INFO] [stdout]   |
[INFO] [stdout] help: you might be missing a const parameter
[INFO] [stdout]   |
[INFO] [stdout] 3 | fn main() { #[allow(non_snake_case)] fn _doctest_main_lib_ruster_rs_586_0<const C: /* Type */>() {
[INFO] [stdout]   |                                                                          +++++++++++++++++++++
[INFO] [stdout] 
[INFO] [stdout] error[E0425]: cannot find value `C` in this scope
[INFO] [stdout]  --> lib/ruster.rs:593:2
[INFO] [stdout]   |
[INFO] [stdout] 9 |     C.CString("dump.sql"),
[INFO] [stdout]   |     ^ not found in this scope
[INFO] [stdout]   |
[INFO] [stdout] help: you might be missing a const parameter
[INFO] [stdout]   |
[INFO] [stdout] 3 | fn main() { #[allow(non_snake_case)] fn _doctest_main_lib_ruster_rs_586_0<const C: /* Type */>() {
[INFO] [stdout]   |                                                                          +++++++++++++++++++++
[INFO] [stdout] 
[INFO] [stdout] error[E0425]: cannot find value `C` in this scope
[INFO] [stdout]   --> lib/ruster.rs:594:2
[INFO] [stdout]    |
[INFO] [stdout] 10 |     C.CString("true"),
[INFO] [stdout]    |     ^ not found in this scope
[INFO] [stdout]    |
[INFO] [stdout] help: you might be missing a const parameter
[INFO] [stdout]    |
[INFO] [stdout] 3  | fn main() { #[allow(non_snake_case)] fn _doctest_main_lib_ruster_rs_586_0<const C: /* Type */>() {
[INFO] [stdout]    |                                                                          +++++++++++++++++++++
[INFO] [stdout] 
[INFO] [stdout] error: aborting due to 7 previous errors
[INFO] [stdout] 
[INFO] [stdout] For more information about this error, try `rustc --explain E0425`.
[INFO] [stdout] Couldn't compile the test.
[INFO] [stdout] ---- lib/ruster.rs - mysql_restore_all_databases (line 259) stdout ----
[INFO] [stdout] error[E0425]: cannot find value `os` in this scope
[INFO] [stdout]  --> lib/ruster.rs:261:1
[INFO] [stdout]   |
[INFO] [stdout] 4 | os.Getenv("MYSQL_ROOT_PASSWORD");
[INFO] [stdout]   | ^^ not found in this scope
[INFO] [stdout] 
[INFO] [stdout] error[E0425]: cannot find value `C` in this scope
[INFO] [stdout]  --> lib/ruster.rs:262:1
[INFO] [stdout]   |
[INFO] [stdout] 5 | C.mysql_restore_all_databases(
[INFO] [stdout]   | ^ not found in this scope
[INFO] [stdout]   |
[INFO] [stdout] help: you might be missing a const parameter
[INFO] [stdout]   |
[INFO] [stdout] 3 | fn main() { #[allow(non_snake_case)] fn _doctest_main_lib_ruster_rs_259_0<const C: /* Type */>() {
[INFO] [stdout]   |                                                                          +++++++++++++++++++++
[INFO] [stdout] 
[INFO] [stdout] error[E0425]: cannot find value `C` in this scope
[INFO] [stdout]  --> lib/ruster.rs:263:2
[INFO] [stdout]   |
[INFO] [stdout] 6 |     C.CString("localhost"),
[INFO] [stdout]   |     ^ not found in this scope
[INFO] [stdout]   |
[INFO] [stdout] help: you might be missing a const parameter
[INFO] [stdout]   |
[INFO] [stdout] 3 | fn main() { #[allow(non_snake_case)] fn _doctest_main_lib_ruster_rs_259_0<const C: /* Type */>() {
[INFO] [stdout]   |                                                                          +++++++++++++++++++++
[INFO] [stdout] 
[INFO] [stdout] error[E0425]: cannot find value `C` in this scope
[INFO] [stdout]  --> lib/ruster.rs:264:2
[INFO] [stdout]   |
[INFO] [stdout] 7 |     C.CString("3306"),
[INFO] [stdout]   |     ^ not found in this scope
[INFO] [stdout]   |
[INFO] [stdout] help: you might be missing a const parameter
[INFO] [stdout]   |
[INFO] [stdout] 3 | fn main() { #[allow(non_snake_case)] fn _doctest_main_lib_ruster_rs_259_0<const C: /* Type */>() {
[INFO] [stdout]   |                                                                          +++++++++++++++++++++
[INFO] [stdout] 
[INFO] [stdout] error[E0425]: cannot find value `C` in this scope
[INFO] [stdout]  --> lib/ruster.rs:265:2
[INFO] [stdout]   |
[INFO] [stdout] 8 |     C.CString("root"),
[INFO] [stdout]   |     ^ not found in this scope
[INFO] [stdout]   |
[INFO] [stdout] help: you might be missing a const parameter
[INFO] [stdout]   |
[INFO] [stdout] 3 | fn main() { #[allow(non_snake_case)] fn _doctest_main_lib_ruster_rs_259_0<const C: /* Type */>() {
[INFO] [stdout]   |                                                                          +++++++++++++++++++++
[INFO] [stdout] 
[INFO] [stdout] error[E0425]: cannot find value `C` in this scope
[INFO] [stdout]  --> lib/ruster.rs:266:2
[INFO] [stdout]   |
[INFO] [stdout] 9 |     C.CString("dump.sql"),
[INFO] [stdout]   |     ^ not found in this scope
[INFO] [stdout]   |
[INFO] [stdout] help: you might be missing a const parameter
[INFO] [stdout]   |
[INFO] [stdout] 3 | fn main() { #[allow(non_snake_case)] fn _doctest_main_lib_ruster_rs_259_0<const C: /* Type */>() {
[INFO] [stdout]   |                                                                          +++++++++++++++++++++
[INFO] [stdout] 
[INFO] [stdout] error[E0425]: cannot find value `C` in this scope
[INFO] [stdout]   --> lib/ruster.rs:267:2
[INFO] [stdout]    |
[INFO] [stdout] 10 |     C.CString("true"),
[INFO] [stdout]    |     ^ not found in this scope
[INFO] [stdout]    |
[INFO] [stdout] help: you might be missing a const parameter
[INFO] [stdout]    |
[INFO] [stdout] 3  | fn main() { #[allow(non_snake_case)] fn _doctest_main_lib_ruster_rs_259_0<const C: /* Type */>() {
[INFO] [stdout]    |                                                                          +++++++++++++++++++++
[INFO] [stdout] 
[INFO] [stdout] error: aborting due to 7 previous errors
[INFO] [stdout] 
[INFO] [stdout] For more information about this error, try `rustc --explain E0425`.
[INFO] [stdout] Couldn't compile the test.
[INFO] [stdout] ---- lib/ruster.rs - pg_dump_database (line 332) stdout ----
[INFO] [stdout] error[E0425]: cannot find value `os` in this scope
[INFO] [stdout]  --> lib/ruster.rs:334:1
[INFO] [stdout]   |
[INFO] [stdout] 4 | os.Getenv("PGPASSWORD");
[INFO] [stdout]   | ^^ not found in this scope
[INFO] [stdout] 
[INFO] [stdout] error[E0425]: cannot find value `C` in this scope
[INFO] [stdout]  --> lib/ruster.rs:335:1
[INFO] [stdout]   |
[INFO] [stdout] 5 | C.pg_dump_database(
[INFO] [stdout]   | ^ not found in this scope
[INFO] [stdout]   |
[INFO] [stdout] help: you might be missing a const parameter
[INFO] [stdout]   |
[INFO] [stdout] 3 | fn main() { #[allow(non_snake_case)] fn _doctest_main_lib_ruster_rs_332_0<const C: /* Type */>() {
[INFO] [stdout]   |                                                                          +++++++++++++++++++++
[INFO] [stdout] 
[INFO] [stdout] error[E0425]: cannot find value `C` in this scope
[INFO] [stdout]  --> lib/ruster.rs:336:2
[INFO] [stdout]   |
[INFO] [stdout] 6 |     C.CString("localhost"),
[INFO] [stdout]   |     ^ not found in this scope
[INFO] [stdout]   |
[INFO] [stdout] help: you might be missing a const parameter
[INFO] [stdout]   |
[INFO] [stdout] 3 | fn main() { #[allow(non_snake_case)] fn _doctest_main_lib_ruster_rs_332_0<const C: /* Type */>() {
[INFO] [stdout]   |                                                                          +++++++++++++++++++++
[INFO] [stdout] 
[INFO] [stdout] error[E0425]: cannot find value `C` in this scope
[INFO] [stdout]  --> lib/ruster.rs:337:2
[INFO] [stdout]   |
[INFO] [stdout] 7 |     C.CString("5432"),
[INFO] [stdout]   |     ^ not found in this scope
[INFO] [stdout]   |
[INFO] [stdout] help: you might be missing a const parameter
[INFO] [stdout]   |
[INFO] [stdout] 3 | fn main() { #[allow(non_snake_case)] fn _doctest_main_lib_ruster_rs_332_0<const C: /* Type */>() {
[INFO] [stdout]   |                                                                          +++++++++++++++++++++
[INFO] [stdout] 
[INFO] [stdout] error[E0425]: cannot find value `C` in this scope
[INFO] [stdout]  --> lib/ruster.rs:338:2
[INFO] [stdout]   |
[INFO] [stdout] 8 |     C.CString("postgres"),
[INFO] [stdout]   |     ^ not found in this scope
[INFO] [stdout]   |
[INFO] [stdout] help: you might be missing a const parameter
[INFO] [stdout]   |
[INFO] [stdout] 3 | fn main() { #[allow(non_snake_case)] fn _doctest_main_lib_ruster_rs_332_0<const C: /* Type */>() {
[INFO] [stdout]   |                                                                          +++++++++++++++++++++
[INFO] [stdout] 
[INFO] [stdout] error[E0425]: cannot find value `C` in this scope
[INFO] [stdout]  --> lib/ruster.rs:339:2
[INFO] [stdout]   |
[INFO] [stdout] 9 |     C.CString("postgres"),
[INFO] [stdout]   |     ^ not found in this scope
[INFO] [stdout]   |
[INFO] [stdout] help: you might be missing a const parameter
[INFO] [stdout]   |
[INFO] [stdout] 3 | fn main() { #[allow(non_snake_case)] fn _doctest_main_lib_ruster_rs_332_0<const C: /* Type */>() {
[INFO] [stdout]   |                                                                          +++++++++++++++++++++
[INFO] [stdout] 
[INFO] [stdout] error[E0425]: cannot find value `C` in this scope
[INFO] [stdout]   --> lib/ruster.rs:340:2
[INFO] [stdout]    |
[INFO] [stdout] 10 |     C.CString("dump.sql"),
[INFO] [stdout]    |     ^ not found in this scope
[INFO] [stdout]    |
[INFO] [stdout] help: you might be missing a const parameter
[INFO] [stdout]    |
[INFO] [stdout] 3  | fn main() { #[allow(non_snake_case)] fn _doctest_main_lib_ruster_rs_332_0<const C: /* Type */>() {
[INFO] [stdout]    |                                                                          +++++++++++++++++++++
[INFO] [stdout] 
[INFO] [stdout] error[E0425]: cannot find value `C` in this scope
[INFO] [stdout]   --> lib/ruster.rs:341:2
[INFO] [stdout]    |
[INFO] [stdout] 11 |     C.CString("true"),
[INFO] [stdout]    |     ^ not found in this scope
[INFO] [stdout]    |
[INFO] [stdout] help: you might be missing a const parameter
[INFO] [stdout]    |
[INFO] [stdout] 3  | fn main() { #[allow(non_snake_case)] fn _doctest_main_lib_ruster_rs_332_0<const C: /* Type */>() {
[INFO] [stdout]    |                                                                          +++++++++++++++++++++
[INFO] [stdout] 
[INFO] [stdout] error: aborting due to 8 previous errors
[INFO] [stdout] 
[INFO] [stdout] For more information about this error, try `rustc --explain E0425`.
[INFO] [stdout] Couldn't compile the test.
[INFO] [stdout] 
[INFO] [stdout] failures:
[INFO] [stdout]     lib/ruster.rs - mysql_restore_all_databases (line 259)
[INFO] [stdout]     lib/ruster.rs - mysql_restore_database (line 179)
[INFO] [stdout]     lib/ruster.rs - mysqldump_all_databases (line 12)
[INFO] [stdout]     lib/ruster.rs - mysqldump_database (line 93)
[INFO] [stdout]     lib/ruster.rs - pg_dump_all_databases (line 420)
[INFO] [stdout]     lib/ruster.rs - pg_dump_database (line 332)
[INFO] [stdout]     lib/ruster.rs - psql_restore_all_databases (line 586)
[INFO] [stdout]     lib/ruster.rs - psql_restore_database (line 507)
[INFO] [stdout] 
[INFO] [stdout] test result: FAILED. 0 passed; 8 failed; 0 ignored; 0 measured; 0 filtered out; finished in 0.12s
[INFO] [stdout] 
[INFO] running `Command { std: "docker" "inspect" "c652d2042630adb6874baa26ff1ee42c8cef2338d36e3416ae302dfbb1ed92a0", kill_on_drop: false }`
[INFO] running `Command { std: "docker" "rm" "-f" "c652d2042630adb6874baa26ff1ee42c8cef2338d36e3416ae302dfbb1ed92a0", kill_on_drop: false }`
[INFO] [stdout] c652d2042630adb6874baa26ff1ee42c8cef2338d36e3416ae302dfbb1ed92a0
