[INFO] fetching crate librsvg-rebind 0.1.0...
[INFO] testing librsvg-rebind-0.1.0 against nightly-2024-10-28 for randomize-layout
[INFO] extracting crate librsvg-rebind 0.1.0 into /workspace/builds/worker-1-tc1/source
[INFO] validating manifest of crates.io crate librsvg-rebind 0.1.0 on toolchain nightly-2024-10-28
[INFO] running `Command { std: CARGO_HOME="/workspace/cargo-home" RUSTUP_HOME="/workspace/rustup-home" "/workspace/cargo-home/bin/cargo" "+nightly-2024-10-28" "metadata" "--manifest-path" "Cargo.toml" "--no-deps", kill_on_drop: false }`
[INFO] started tweaking crates.io crate librsvg-rebind 0.1.0
[INFO] finished tweaking crates.io crate librsvg-rebind 0.1.0
[INFO] tweaked toml for crates.io crate librsvg-rebind 0.1.0 written to /workspace/builds/worker-1-tc1/source/Cargo.toml
[INFO] running `Command { std: CARGO_HOME="/workspace/cargo-home" RUSTUP_HOME="/workspace/rustup-home" "/workspace/cargo-home/bin/cargo" "+nightly-2024-10-28" "generate-lockfile" "--manifest-path" "Cargo.toml", kill_on_drop: false }`
[INFO] [stderr]     Updating crates.io index
[INFO] [stderr]      Locking 56 packages to latest compatible versions
[INFO] running `Command { std: CARGO_HOME="/workspace/cargo-home" RUSTUP_HOME="/workspace/rustup-home" "/workspace/cargo-home/bin/cargo" "+nightly-2024-10-28" "fetch" "--manifest-path" "Cargo.toml", kill_on_drop: false }`
[INFO] [stderr]  Downloading crates ...
[INFO] [stderr]   Downloaded librsvg-rebind-sys v0.1.0
[INFO] running `Command { std: "docker" "create" "-v" "/var/lib/crater-agent-workspace/builds/worker-1-tc1/target:/opt/rustwide/target:rw,Z" "-v" "/var/lib/crater-agent-workspace/builds/worker-1-tc1/source:/opt/rustwide/workdir:ro,Z" "-v" "/var/lib/crater-agent-workspace/cargo-home:/opt/rustwide/cargo-home:ro,Z" "-v" "/var/lib/crater-agent-workspace/rustup-home:/opt/rustwide/rustup-home:ro,Z" "-e" "SOURCE_DIR=/opt/rustwide/workdir" "-e" "CARGO_TARGET_DIR=/opt/rustwide/target" "-e" "CARGO_HOME=/opt/rustwide/cargo-home" "-e" "RUSTUP_HOME=/opt/rustwide/rustup-home" "-w" "/opt/rustwide/workdir" "-m" "1610612736" "--user" "0:0" "--network" "none" "ghcr.io/rust-lang/crates-build-env/linux@sha256:4a844ea9eb2546a2d2c7022eacef16ef2e8229c7fbb2c7d4d55a9ceca922f72d" "/opt/rustwide/cargo-home/bin/cargo" "+nightly-2024-10-28" "metadata" "--no-deps" "--format-version=1", kill_on_drop: false }`
[INFO] [stdout] b32775449f148517f86fb9f178c063a8811a7f48d68237c9cb679c85683f8fe5
[INFO] running `Command { std: "docker" "start" "-a" "b32775449f148517f86fb9f178c063a8811a7f48d68237c9cb679c85683f8fe5", kill_on_drop: false }`
[INFO] running `Command { std: "docker" "inspect" "b32775449f148517f86fb9f178c063a8811a7f48d68237c9cb679c85683f8fe5", kill_on_drop: false }`
[INFO] running `Command { std: "docker" "rm" "-f" "b32775449f148517f86fb9f178c063a8811a7f48d68237c9cb679c85683f8fe5", kill_on_drop: false }`
[INFO] [stdout] b32775449f148517f86fb9f178c063a8811a7f48d68237c9cb679c85683f8fe5
[INFO] running `Command { std: "docker" "create" "-v" "/var/lib/crater-agent-workspace/builds/worker-1-tc1/target:/opt/rustwide/target:rw,Z" "-v" "/var/lib/crater-agent-workspace/builds/worker-1-tc1/source:/opt/rustwide/workdir:ro,Z" "-v" "/var/lib/crater-agent-workspace/cargo-home:/opt/rustwide/cargo-home:ro,Z" "-v" "/var/lib/crater-agent-workspace/rustup-home:/opt/rustwide/rustup-home:ro,Z" "-e" "SOURCE_DIR=/opt/rustwide/workdir" "-e" "CARGO_TARGET_DIR=/opt/rustwide/target" "-e" "CARGO_INCREMENTAL=0" "-e" "RUST_BACKTRACE=full" "-e" "RUSTFLAGS=--cap-lints=forbid" "-e" "RUSTDOCFLAGS=--cap-lints=forbid" "-e" "CARGO_HOME=/opt/rustwide/cargo-home" "-e" "RUSTUP_HOME=/opt/rustwide/rustup-home" "-w" "/opt/rustwide/workdir" "-m" "1610612736" "--user" "0:0" "--network" "none" "ghcr.io/rust-lang/crates-build-env/linux@sha256:4a844ea9eb2546a2d2c7022eacef16ef2e8229c7fbb2c7d4d55a9ceca922f72d" "/opt/rustwide/cargo-home/bin/cargo" "+nightly-2024-10-28" "build" "--frozen" "--message-format=json", kill_on_drop: false }`
[INFO] [stdout] 1778431c8657c1d28674d3b4029f1525c99965e444d4400a11ef92b1a5ef7636
[INFO] running `Command { std: "docker" "start" "-a" "1778431c8657c1d28674d3b4029f1525c99965e444d4400a11ef92b1a5ef7636", kill_on_drop: false }`
[INFO] [stderr]    Compiling serde v1.0.214
[INFO] [stderr]    Compiling hashbrown v0.15.0
[INFO] [stderr]    Compiling equivalent v1.0.1
[INFO] [stderr]    Compiling winnow v0.6.20
[INFO] [stderr]    Compiling target-lexicon v0.12.16
[INFO] [stderr]    Compiling smallvec v1.13.2
[INFO] [stderr]    Compiling version-compare v0.2.0
[INFO] [stderr]    Compiling pkg-config v0.3.31
[INFO] [stderr]    Compiling futures-core v0.3.31
[INFO] [stderr]    Compiling futures-task v0.3.31
[INFO] [stderr]    Compiling slab v0.4.9
[INFO] [stderr]    Compiling memchr v2.7.4
[INFO] [stderr]    Compiling bitflags v2.6.0
[INFO] [stderr]    Compiling gio v0.20.5
[INFO] [stderr]    Compiling syn v2.0.86
[INFO] [stderr]    Compiling futures-io v0.3.31
[INFO] [stderr]    Compiling futures-channel v0.3.31
[INFO] [stderr]    Compiling indexmap v2.6.0
[INFO] [stderr]    Compiling cfg-expr v0.17.0
[INFO] [stderr]    Compiling futures-macro v0.3.31
[INFO] [stderr]    Compiling serde_spanned v0.6.8
[INFO] [stderr]    Compiling toml_datetime v0.6.8
[INFO] [stderr]    Compiling toml_edit v0.22.22
[INFO] [stderr]    Compiling futures-util v0.3.31
[INFO] [stderr]    Compiling toml v0.8.19
[INFO] [stderr]    Compiling proc-macro-crate v3.2.0
[INFO] [stderr]    Compiling futures-executor v0.3.31
[INFO] [stderr]    Compiling system-deps v7.0.3
[INFO] [stderr]    Compiling glib-macros v0.20.5
[INFO] [stderr]    Compiling glib-sys v0.20.5
[INFO] [stderr]    Compiling gobject-sys v0.20.4
[INFO] [stderr]    Compiling gio-sys v0.20.5
[INFO] [stderr]    Compiling cairo-sys-rs v0.20.0
[INFO] [stderr]    Compiling gdk-pixbuf-sys v0.20.4
[INFO] [stderr]    Compiling librsvg-rebind-sys v0.1.0
[INFO] [stderr]    Compiling glib v0.20.5
[INFO] [stderr]    Compiling cairo-rs v0.20.5
[INFO] [stderr]    Compiling librsvg-rebind v0.1.0 (/opt/rustwide/workdir)
[INFO] [stdout] warning: unexpected `cfg` condition value: `v2_60`
[INFO] [stdout]   --> src/unit.rs:15:19
[INFO] [stdout]    |
[INFO] [stdout] 15 |             #[cfg(feature = "v2_60")]
[INFO] [stdout]    |                   ^^^^^^^^^^^^^^^^^
[INFO] [stdout]    |
[INFO] [stdout]    = note: expected values for `feature` are: `v2_58`
[INFO] [stdout]    = help: consider adding `v2_60` as a feature in `Cargo.toml`
[INFO] [stdout]    = note: see <https://doc.rust-lang.org/nightly/rustc/check-cfg/cargo-specifics.html> for more information about checking conditional configuration
[INFO] [stdout]    = note: `#[warn(unexpected_cfgs)]` on by default
[INFO] [stdout] 
[INFO] [stdout] 
[INFO] [stderr]     Finished `dev` profile [unoptimized + debuginfo] target(s) in 18.44s
[INFO] running `Command { std: "docker" "inspect" "1778431c8657c1d28674d3b4029f1525c99965e444d4400a11ef92b1a5ef7636", kill_on_drop: false }`
[INFO] running `Command { std: "docker" "rm" "-f" "1778431c8657c1d28674d3b4029f1525c99965e444d4400a11ef92b1a5ef7636", kill_on_drop: false }`
[INFO] [stdout] 1778431c8657c1d28674d3b4029f1525c99965e444d4400a11ef92b1a5ef7636
[INFO] running `Command { std: "docker" "create" "-v" "/var/lib/crater-agent-workspace/builds/worker-1-tc1/target:/opt/rustwide/target:rw,Z" "-v" "/var/lib/crater-agent-workspace/builds/worker-1-tc1/source:/opt/rustwide/workdir:ro,Z" "-v" "/var/lib/crater-agent-workspace/cargo-home:/opt/rustwide/cargo-home:ro,Z" "-v" "/var/lib/crater-agent-workspace/rustup-home:/opt/rustwide/rustup-home:ro,Z" "-e" "SOURCE_DIR=/opt/rustwide/workdir" "-e" "CARGO_TARGET_DIR=/opt/rustwide/target" "-e" "CARGO_INCREMENTAL=0" "-e" "RUST_BACKTRACE=full" "-e" "RUSTFLAGS=--cap-lints=forbid" "-e" "RUSTDOCFLAGS=--cap-lints=forbid" "-e" "CARGO_HOME=/opt/rustwide/cargo-home" "-e" "RUSTUP_HOME=/opt/rustwide/rustup-home" "-w" "/opt/rustwide/workdir" "-m" "1610612736" "--user" "0:0" "--network" "none" "ghcr.io/rust-lang/crates-build-env/linux@sha256:4a844ea9eb2546a2d2c7022eacef16ef2e8229c7fbb2c7d4d55a9ceca922f72d" "/opt/rustwide/cargo-home/bin/cargo" "+nightly-2024-10-28" "test" "--frozen" "--no-run" "--message-format=json", kill_on_drop: false }`
[INFO] [stdout] d5a3163da15671478c5c9ca1944a8623c586c0ca2b30b4837a5671ecddc356e1
[INFO] running `Command { std: "docker" "start" "-a" "d5a3163da15671478c5c9ca1944a8623c586c0ca2b30b4837a5671ecddc356e1", kill_on_drop: false }`
[INFO] [stderr]    Compiling cairo-sys-rs v0.20.0
[INFO] [stderr]    Compiling cairo-rs v0.20.5
[INFO] [stderr]    Compiling librsvg-rebind-sys v0.1.0
[INFO] [stderr]    Compiling librsvg-rebind v0.1.0 (/opt/rustwide/workdir)
[INFO] [stdout] warning: unexpected `cfg` condition value: `v2_60`
[INFO] [stdout]   --> src/unit.rs:15:19
[INFO] [stdout]    |
[INFO] [stdout] 15 |             #[cfg(feature = "v2_60")]
[INFO] [stdout]    |                   ^^^^^^^^^^^^^^^^^
[INFO] [stdout]    |
[INFO] [stdout]    = note: expected values for `feature` are: `v2_58`
[INFO] [stdout]    = help: consider adding `v2_60` as a feature in `Cargo.toml`
[INFO] [stdout]    = note: see <https://doc.rust-lang.org/nightly/rustc/check-cfg/cargo-specifics.html> for more information about checking conditional configuration
[INFO] [stdout]    = note: `#[warn(unexpected_cfgs)]` on by default
[INFO] [stdout] 
[INFO] [stdout] 
[INFO] [stdout] warning: unexpected `cfg` condition value: `v2_60`
[INFO] [stdout]   --> src/unit.rs:15:19
[INFO] [stdout]    |
[INFO] [stdout] 15 |             #[cfg(feature = "v2_60")]
[INFO] [stdout]    |                   ^^^^^^^^^^^^^^^^^
[INFO] [stdout]    |
[INFO] [stdout]    = note: expected values for `feature` are: `v2_58`
[INFO] [stdout]    = help: consider adding `v2_60` as a feature in `Cargo.toml`
[INFO] [stdout]    = note: see <https://doc.rust-lang.org/nightly/rustc/check-cfg/cargo-specifics.html> for more information about checking conditional configuration
[INFO] [stdout]    = note: `#[warn(unexpected_cfgs)]` on by default
[INFO] [stdout] 
[INFO] [stdout] 
[INFO] [stderr]     Finished `test` profile [unoptimized + debuginfo] target(s) in 1.11s
[INFO] running `Command { std: "docker" "inspect" "d5a3163da15671478c5c9ca1944a8623c586c0ca2b30b4837a5671ecddc356e1", kill_on_drop: false }`
[INFO] running `Command { std: "docker" "rm" "-f" "d5a3163da15671478c5c9ca1944a8623c586c0ca2b30b4837a5671ecddc356e1", kill_on_drop: false }`
[INFO] [stdout] d5a3163da15671478c5c9ca1944a8623c586c0ca2b30b4837a5671ecddc356e1
[INFO] running `Command { std: "docker" "create" "-v" "/var/lib/crater-agent-workspace/builds/worker-1-tc1/target:/opt/rustwide/target:rw,Z" "-v" "/var/lib/crater-agent-workspace/builds/worker-1-tc1/source:/opt/rustwide/workdir:ro,Z" "-v" "/var/lib/crater-agent-workspace/cargo-home:/opt/rustwide/cargo-home:ro,Z" "-v" "/var/lib/crater-agent-workspace/rustup-home:/opt/rustwide/rustup-home:ro,Z" "-e" "SOURCE_DIR=/opt/rustwide/workdir" "-e" "CARGO_TARGET_DIR=/opt/rustwide/target" "-e" "CARGO_INCREMENTAL=0" "-e" "RUST_BACKTRACE=full" "-e" "RUSTFLAGS=--cap-lints=forbid" "-e" "RUSTDOCFLAGS=--cap-lints=forbid" "-e" "CARGO_HOME=/opt/rustwide/cargo-home" "-e" "RUSTUP_HOME=/opt/rustwide/rustup-home" "-w" "/opt/rustwide/workdir" "-m" "1610612736" "--user" "0:0" "--network" "none" "ghcr.io/rust-lang/crates-build-env/linux@sha256:4a844ea9eb2546a2d2c7022eacef16ef2e8229c7fbb2c7d4d55a9ceca922f72d" "/opt/rustwide/cargo-home/bin/cargo" "+nightly-2024-10-28" "test" "--frozen", kill_on_drop: false }`
[INFO] [stdout] 73a0eb62aad77279e37fd29f86cc34be467f6664a5fc906e1779b841f1427269
[INFO] running `Command { std: "docker" "start" "-a" "73a0eb62aad77279e37fd29f86cc34be467f6664a5fc906e1779b841f1427269", kill_on_drop: false }`
[INFO] [stderr] warning: unexpected `cfg` condition value: `v2_60`
[INFO] [stderr]   --> src/unit.rs:15:19
[INFO] [stderr]    |
[INFO] [stderr] 15 |             #[cfg(feature = "v2_60")]
[INFO] [stderr]    |                   ^^^^^^^^^^^^^^^^^
[INFO] [stderr]    |
[INFO] [stderr]    = note: expected values for `feature` are: `v2_58`
[INFO] [stderr]    = help: consider adding `v2_60` as a feature in `Cargo.toml`
[INFO] [stderr]    = note: see <https://doc.rust-lang.org/nightly/rustc/check-cfg/cargo-specifics.html> for more information about checking conditional configuration
[INFO] [stderr]    = note: `#[warn(unexpected_cfgs)]` on by default
[INFO] [stderr] 
[INFO] [stderr] warning: `librsvg-rebind` (lib) generated 1 warning
[INFO] [stderr] warning: `librsvg-rebind` (lib test) generated 1 warning (1 duplicate)
[INFO] [stderr]     Finished `test` profile [unoptimized + debuginfo] target(s) in 0.03s
[INFO] [stderr]      Running unittests src/lib.rs (/opt/rustwide/target/debug/deps/librsvg_rebind-dff6a27fc7a5e910)
[INFO] [stdout] 
[INFO] [stdout] running 0 tests
[INFO] [stdout] 
[INFO] [stdout] test result: ok. 0 passed; 0 failed; 0 ignored; 0 measured; 0 filtered out; finished in 0.00s
[INFO] [stdout] 
[INFO] [stderr]    Doc-tests librsvg_rebind
[INFO] [stdout] 
[INFO] [stdout] running 1 test
[INFO] [stdout] test src/lib.rs - (line 19) ... FAILED
[INFO] [stdout] 
[INFO] [stdout] failures:
[INFO] [stdout] 
[INFO] [stdout] ---- src/lib.rs - (line 19) stdout ----
[INFO] [stdout] Test executable failed (exit status: 101).
[INFO] [stdout] 
[INFO] [stdout] stderr:
[INFO] [stdout] thread 'main' panicked at src/lib.rs:8:6:
[INFO] [stdout] called `Result::unwrap()` on an `Err` value: Error { domain: rsvg-error-quark, code: 0, message: "I/O error: Error opening file /opt/rsvg/example.svg: No such file or directory" }
[INFO] [stdout] stack backtrace:
[INFO] [stdout]    0:     0x61507aea7fba - std::backtrace_rs::backtrace::libunwind::trace::h207520d6e9873551
[INFO] [stdout]                                at /rustc/df4ca44d3fbc9301ee17f30f4d474e6ae4b05252/library/std/src/../../backtrace/src/backtrace/libunwind.rs:116:5
[INFO] [stdout]    1:     0x61507aea7fba - std::backtrace_rs::backtrace::trace_unsynchronized::h2ed7433f370e3eca
[INFO] [stdout]                                at /rustc/df4ca44d3fbc9301ee17f30f4d474e6ae4b05252/library/std/src/../../backtrace/src/backtrace/mod.rs:66:5
[INFO] [stdout]    2:     0x61507aea7fba - std::sys::backtrace::_print_fmt::h916fac51166b18d7
[INFO] [stdout]                                at /rustc/df4ca44d3fbc9301ee17f30f4d474e6ae4b05252/library/std/src/sys/backtrace.rs:66:9
[INFO] [stdout]    3:     0x61507aea7fba - <std::sys::backtrace::BacktraceLock::print::DisplayBacktrace as core::fmt::Display>::fmt::ha0a4c9b8ce3802e6
[INFO] [stdout]                                at /rustc/df4ca44d3fbc9301ee17f30f4d474e6ae4b05252/library/std/src/sys/backtrace.rs:39:26
[INFO] [stdout]    4:     0x61507aec4923 - core::fmt::rt::Argument::fmt::h4cfc8587d52b3eb5
[INFO] [stdout]                                at /rustc/df4ca44d3fbc9301ee17f30f4d474e6ae4b05252/library/core/src/fmt/rt.rs:177:76
[INFO] [stdout]    5:     0x61507aec4923 - core::fmt::write::h522cc39e5b36ae9f
[INFO] [stdout]                                at /rustc/df4ca44d3fbc9301ee17f30f4d474e6ae4b05252/library/core/src/fmt/mod.rs:1190:21
[INFO] [stdout]    6:     0x61507aea5a13 - std::io::Write::write_fmt::hf1c1dcc8cc1287f0
[INFO] [stdout]                                at /rustc/df4ca44d3fbc9301ee17f30f4d474e6ae4b05252/library/std/src/io/mod.rs:1839:15
[INFO] [stdout]    7:     0x61507aea7e02 - std::sys::backtrace::BacktraceLock::print::h4b9e00b29e9c0942
[INFO] [stdout]                                at /rustc/df4ca44d3fbc9301ee17f30f4d474e6ae4b05252/library/std/src/sys/backtrace.rs:42:9
[INFO] [stdout]    8:     0x61507aea8dcc - std::panicking::default_hook::{{closure}}::hb59b88280d0324d9
[INFO] [stdout]                                at /rustc/df4ca44d3fbc9301ee17f30f4d474e6ae4b05252/library/std/src/panicking.rs:268:22
[INFO] [stdout]    9:     0x61507aea8c12 - std::panicking::default_hook::he1dd496665be4a29
[INFO] [stdout]                                at /rustc/df4ca44d3fbc9301ee17f30f4d474e6ae4b05252/library/std/src/panicking.rs:295:9
[INFO] [stdout]   10:     0x61507aea9407 - std::panicking::rust_panic_with_hook::h2ff17fe8f26dfcf8
[INFO] [stdout]                                at /rustc/df4ca44d3fbc9301ee17f30f4d474e6ae4b05252/library/std/src/panicking.rs:801:13
[INFO] [stdout]   11:     0x61507aea929a - std::panicking::begin_panic_handler::{{closure}}::h4fad77951c07e101
[INFO] [stdout]                                at /rustc/df4ca44d3fbc9301ee17f30f4d474e6ae4b05252/library/std/src/panicking.rs:674:13
[INFO] [stdout]   12:     0x61507aea8499 - std::sys::backtrace::__rust_end_short_backtrace::hb1a25b3da5d0ea08
[INFO] [stdout]                                at /rustc/df4ca44d3fbc9301ee17f30f4d474e6ae4b05252/library/std/src/sys/backtrace.rs:170:18
[INFO] [stdout]   13:     0x61507aea8f2c - rust_begin_unwind
[INFO] [stdout]                                at /rustc/df4ca44d3fbc9301ee17f30f4d474e6ae4b05252/library/std/src/panicking.rs:665:5
[INFO] [stdout]   14:     0x61507aec3b70 - core::panicking::panic_fmt::ha9db07b529f9b256
[INFO] [stdout]                                at /rustc/df4ca44d3fbc9301ee17f30f4d474e6ae4b05252/library/core/src/panicking.rs:75:14
[INFO] [stdout]   15:     0x61507aec3ee6 - core::result::unwrap_failed::h5e8218e4d4338b8a
[INFO] [stdout]                                at /rustc/df4ca44d3fbc9301ee17f30f4d474e6ae4b05252/library/core/src/result.rs:1698:5
[INFO] [stdout]   16:     0x61507ae7ccc3 - rust_out::main::_doctest_main_src_lib_rs_19_0::h0de5fb00cee51bf9
[INFO] [stdout]   17:     0x61507ae7cc46 - rust_out::main::ha213a30daa5df4da
[INFO] [stdout]   18:     0x61507ae7bdf3 - core::ops::function::FnOnce::call_once::hf7edf7132571051c
[INFO] [stdout]   19:     0x61507ae7bbf6 - std::sys::backtrace::__rust_begin_short_backtrace::h32fd822fd2ba4079
[INFO] [stdout]   20:     0x61507ae7bb29 - std::rt::lang_start::{{closure}}::h4039a1c394ed4f7c
[INFO] [stdout]   21:     0x61507aea3ba7 - core::ops::function::impls::<impl core::ops::function::FnOnce<A> for &F>::call_once::hd87d66b906e0ccaf
[INFO] [stdout]                                at /rustc/df4ca44d3fbc9301ee17f30f4d474e6ae4b05252/library/core/src/ops/function.rs:284:13
[INFO] [stdout]   22:     0x61507aea3ba7 - std::panicking::try::do_call::hae3703de71fc9e3a
[INFO] [stdout]                                at /rustc/df4ca44d3fbc9301ee17f30f4d474e6ae4b05252/library/std/src/panicking.rs:557:40
[INFO] [stdout]   23:     0x61507aea3ba7 - std::panicking::try::h1178330e9a2b2645
[INFO] [stdout]                                at /rustc/df4ca44d3fbc9301ee17f30f4d474e6ae4b05252/library/std/src/panicking.rs:520:19
[INFO] [stdout]   24:     0x61507aea3ba7 - std::panic::catch_unwind::h0acf49d2305d32ad
[INFO] [stdout]                                at /rustc/df4ca44d3fbc9301ee17f30f4d474e6ae4b05252/library/std/src/panic.rs:358:14
[INFO] [stdout]   25:     0x61507aea3ba7 - std::rt::lang_start_internal::{{closure}}::h2d95182d798177be
[INFO] [stdout]                                at /rustc/df4ca44d3fbc9301ee17f30f4d474e6ae4b05252/library/std/src/rt.rs:174:48
[INFO] [stdout]   26:     0x61507aea3ba7 - std::panicking::try::do_call::hb506f5bfe11fd30c
[INFO] [stdout]                                at /rustc/df4ca44d3fbc9301ee17f30f4d474e6ae4b05252/library/std/src/panicking.rs:557:40
[INFO] [stdout]   27:     0x61507aea3ba7 - std::panicking::try::h54d825c46bd0fa95
[INFO] [stdout]                                at /rustc/df4ca44d3fbc9301ee17f30f4d474e6ae4b05252/library/std/src/panicking.rs:520:19
[INFO] [stdout]   28:     0x61507aea3ba7 - std::panic::catch_unwind::hffbb0ad20c4e9fac
[INFO] [stdout]                                at /rustc/df4ca44d3fbc9301ee17f30f4d474e6ae4b05252/library/std/src/panic.rs:358:14
[INFO] [stdout]   29:     0x61507aea3ba7 - std::rt::lang_start_internal::h52c291ef1962c925
[INFO] [stdout]                                at /rustc/df4ca44d3fbc9301ee17f30f4d474e6ae4b05252/library/std/src/rt.rs:174:20
[INFO] [stdout]   30:     0x61507ae7bb07 - std::rt::lang_start::h8c6075cd6f225ba1
[INFO] [stdout]   31:     0x61507ae7d415 - main
[INFO] [stdout]   32:     0x7255c1bb4d90 - <unknown>
[INFO] [stdout]   33:     0x7255c1bb4e40 - __libc_start_main
[INFO] [stdout]   34:     0x61507ae7b455 - _start
[INFO] [stdout]   35:                0x0 - <unknown>
[INFO] [stdout] 
[INFO] [stdout] 
[INFO] [stdout] 
[INFO] [stdout] failures:
[INFO] [stdout]     src/lib.rs - (line 19)
[INFO] [stdout] 
[INFO] [stdout] test result: FAILED. 0 passed; 1 failed; 0 ignored; 0 measured; 0 filtered out; finished in 0.25s
[INFO] [stdout] 
[INFO] [stderr] error: doctest failed, to rerun pass `--doc`
[INFO] running `Command { std: "docker" "inspect" "73a0eb62aad77279e37fd29f86cc34be467f6664a5fc906e1779b841f1427269", kill_on_drop: false }`
[INFO] running `Command { std: "docker" "rm" "-f" "73a0eb62aad77279e37fd29f86cc34be467f6664a5fc906e1779b841f1427269", kill_on_drop: false }`
[INFO] [stdout] 73a0eb62aad77279e37fd29f86cc34be467f6664a5fc906e1779b841f1427269
