[INFO] fetching crate libreofficekit 0.3.0...
[INFO] testing libreofficekit-0.3.0 against nightly-2024-10-28 for randomize-layout
[INFO] extracting crate libreofficekit 0.3.0 into /workspace/builds/worker-2-tc1/source
[INFO] validating manifest of crates.io crate libreofficekit 0.3.0 on toolchain nightly-2024-10-28
[INFO] running `Command { std: CARGO_HOME="/workspace/cargo-home" RUSTUP_HOME="/workspace/rustup-home" "/workspace/cargo-home/bin/cargo" "+nightly-2024-10-28" "metadata" "--manifest-path" "Cargo.toml" "--no-deps", kill_on_drop: false }`
[INFO] started tweaking crates.io crate libreofficekit 0.3.0
[INFO] removed 0 missing tests
[INFO] finished tweaking crates.io crate libreofficekit 0.3.0
[INFO] tweaked toml for crates.io crate libreofficekit 0.3.0 written to /workspace/builds/worker-2-tc1/source/Cargo.toml
[INFO] running `Command { std: CARGO_HOME="/workspace/cargo-home" RUSTUP_HOME="/workspace/rustup-home" "/workspace/cargo-home/bin/cargo" "+nightly-2024-10-28" "generate-lockfile" "--manifest-path" "Cargo.toml", kill_on_drop: false }`
[INFO] [stderr]     Updating crates.io index
[INFO] [stderr]      Locking 54 packages to latest compatible versions
[INFO] running `Command { std: CARGO_HOME="/workspace/cargo-home" RUSTUP_HOME="/workspace/rustup-home" "/workspace/cargo-home/bin/cargo" "+nightly-2024-10-28" "fetch" "--manifest-path" "Cargo.toml", kill_on_drop: false }`
[INFO] [stderr]  Downloading crates ...
[INFO] [stderr]   Downloaded dlopen2 v0.7.0
[INFO] [stderr]   Downloaded dlopen2_derive v0.4.0
[INFO] running `Command { std: "docker" "create" "-v" "/var/lib/crater-agent-workspace/builds/worker-2-tc1/target:/opt/rustwide/target:rw,Z" "-v" "/var/lib/crater-agent-workspace/builds/worker-2-tc1/source:/opt/rustwide/workdir:ro,Z" "-v" "/var/lib/crater-agent-workspace/cargo-home:/opt/rustwide/cargo-home:ro,Z" "-v" "/var/lib/crater-agent-workspace/rustup-home:/opt/rustwide/rustup-home:ro,Z" "-e" "SOURCE_DIR=/opt/rustwide/workdir" "-e" "CARGO_TARGET_DIR=/opt/rustwide/target" "-e" "CARGO_HOME=/opt/rustwide/cargo-home" "-e" "RUSTUP_HOME=/opt/rustwide/rustup-home" "-w" "/opt/rustwide/workdir" "-m" "1610612736" "--user" "0:0" "--network" "none" "ghcr.io/rust-lang/crates-build-env/linux@sha256:4a844ea9eb2546a2d2c7022eacef16ef2e8229c7fbb2c7d4d55a9ceca922f72d" "/opt/rustwide/cargo-home/bin/cargo" "+nightly-2024-10-28" "metadata" "--no-deps" "--format-version=1", kill_on_drop: false }`
[INFO] [stdout] 377a3dadd676b2100837aab23431d806de1b4073aca5600e72ae66845fe9956a
[INFO] running `Command { std: "docker" "start" "-a" "377a3dadd676b2100837aab23431d806de1b4073aca5600e72ae66845fe9956a", kill_on_drop: false }`
[INFO] running `Command { std: "docker" "inspect" "377a3dadd676b2100837aab23431d806de1b4073aca5600e72ae66845fe9956a", kill_on_drop: false }`
[INFO] running `Command { std: "docker" "rm" "-f" "377a3dadd676b2100837aab23431d806de1b4073aca5600e72ae66845fe9956a", kill_on_drop: false }`
[INFO] [stdout] 377a3dadd676b2100837aab23431d806de1b4073aca5600e72ae66845fe9956a
[INFO] running `Command { std: "docker" "create" "-v" "/var/lib/crater-agent-workspace/builds/worker-2-tc1/target:/opt/rustwide/target:rw,Z" "-v" "/var/lib/crater-agent-workspace/builds/worker-2-tc1/source:/opt/rustwide/workdir:ro,Z" "-v" "/var/lib/crater-agent-workspace/cargo-home:/opt/rustwide/cargo-home:ro,Z" "-v" "/var/lib/crater-agent-workspace/rustup-home:/opt/rustwide/rustup-home:ro,Z" "-e" "SOURCE_DIR=/opt/rustwide/workdir" "-e" "CARGO_TARGET_DIR=/opt/rustwide/target" "-e" "CARGO_INCREMENTAL=0" "-e" "RUST_BACKTRACE=full" "-e" "RUSTFLAGS=--cap-lints=forbid" "-e" "RUSTDOCFLAGS=--cap-lints=forbid" "-e" "CARGO_HOME=/opt/rustwide/cargo-home" "-e" "RUSTUP_HOME=/opt/rustwide/rustup-home" "-w" "/opt/rustwide/workdir" "-m" "1610612736" "--user" "0:0" "--network" "none" "ghcr.io/rust-lang/crates-build-env/linux@sha256:4a844ea9eb2546a2d2c7022eacef16ef2e8229c7fbb2c7d4d55a9ceca922f72d" "/opt/rustwide/cargo-home/bin/cargo" "+nightly-2024-10-28" "build" "--frozen" "--message-format=json", kill_on_drop: false }`
[INFO] [stdout] 1e22e6eef515ea8f117afe9a6d2b31af91b84038c1061bac30f2b26467ae9c22
[INFO] running `Command { std: "docker" "start" "-a" "1e22e6eef515ea8f117afe9a6d2b31af91b84038c1061bac30f2b26467ae9c22", kill_on_drop: false }`
[INFO] [stderr]    Compiling equivalent v1.0.1
[INFO] [stderr]    Compiling hashbrown v0.15.0
[INFO] [stderr]    Compiling winnow v0.6.20
[INFO] [stderr]    Compiling toml_datetime v0.6.8
[INFO] [stderr]    Compiling serde_json v1.0.132
[INFO] [stderr]    Compiling memchr v2.7.4
[INFO] [stderr]    Compiling ryu v1.0.18
[INFO] [stderr]    Compiling bitflags v2.6.0
[INFO] [stderr]    Compiling syn v2.0.86
[INFO] [stderr]    Compiling url v2.5.2
[INFO] [stderr]    Compiling indexmap v2.6.0
[INFO] [stderr]    Compiling toml_edit v0.22.22
[INFO] [stderr]    Compiling serde_derive v1.0.214
[INFO] [stderr]    Compiling thiserror-impl v1.0.66
[INFO] [stderr]    Compiling dlopen2_derive v0.4.0
[INFO] [stderr]    Compiling dlopen2 v0.7.0
[INFO] [stderr]    Compiling thiserror v1.0.66
[INFO] [stderr]    Compiling proc-macro-crate v3.2.0
[INFO] [stderr]    Compiling num_enum_derive v0.7.3
[INFO] [stderr]    Compiling num_enum v0.7.3
[INFO] [stderr]    Compiling serde v1.0.214
[INFO] [stderr]    Compiling libreofficekit v0.3.0 (/opt/rustwide/workdir)
[INFO] [stderr]     Finished `dev` profile [unoptimized + debuginfo] target(s) in 9.15s
[INFO] running `Command { std: "docker" "inspect" "1e22e6eef515ea8f117afe9a6d2b31af91b84038c1061bac30f2b26467ae9c22", kill_on_drop: false }`
[INFO] running `Command { std: "docker" "rm" "-f" "1e22e6eef515ea8f117afe9a6d2b31af91b84038c1061bac30f2b26467ae9c22", kill_on_drop: false }`
[INFO] [stdout] 1e22e6eef515ea8f117afe9a6d2b31af91b84038c1061bac30f2b26467ae9c22
[INFO] running `Command { std: "docker" "create" "-v" "/var/lib/crater-agent-workspace/builds/worker-2-tc1/target:/opt/rustwide/target:rw,Z" "-v" "/var/lib/crater-agent-workspace/builds/worker-2-tc1/source:/opt/rustwide/workdir:ro,Z" "-v" "/var/lib/crater-agent-workspace/cargo-home:/opt/rustwide/cargo-home:ro,Z" "-v" "/var/lib/crater-agent-workspace/rustup-home:/opt/rustwide/rustup-home:ro,Z" "-e" "SOURCE_DIR=/opt/rustwide/workdir" "-e" "CARGO_TARGET_DIR=/opt/rustwide/target" "-e" "CARGO_INCREMENTAL=0" "-e" "RUST_BACKTRACE=full" "-e" "RUSTFLAGS=--cap-lints=forbid" "-e" "RUSTDOCFLAGS=--cap-lints=forbid" "-e" "CARGO_HOME=/opt/rustwide/cargo-home" "-e" "RUSTUP_HOME=/opt/rustwide/rustup-home" "-w" "/opt/rustwide/workdir" "-m" "1610612736" "--user" "0:0" "--network" "none" "ghcr.io/rust-lang/crates-build-env/linux@sha256:4a844ea9eb2546a2d2c7022eacef16ef2e8229c7fbb2c7d4d55a9ceca922f72d" "/opt/rustwide/cargo-home/bin/cargo" "+nightly-2024-10-28" "test" "--frozen" "--no-run" "--message-format=json", kill_on_drop: false }`
[INFO] [stdout] 0ed44bfc8dae1f2f13b69228bdf983cba93c61cc6eb285ac788abf87f6792faf
[INFO] running `Command { std: "docker" "start" "-a" "0ed44bfc8dae1f2f13b69228bdf983cba93c61cc6eb285ac788abf87f6792faf", kill_on_drop: false }`
[INFO] [stderr]    Compiling libreofficekit v0.3.0 (/opt/rustwide/workdir)
[INFO] [stderr]     Finished `test` profile [unoptimized + debuginfo] target(s) in 0.49s
[INFO] running `Command { std: "docker" "inspect" "0ed44bfc8dae1f2f13b69228bdf983cba93c61cc6eb285ac788abf87f6792faf", kill_on_drop: false }`
[INFO] running `Command { std: "docker" "rm" "-f" "0ed44bfc8dae1f2f13b69228bdf983cba93c61cc6eb285ac788abf87f6792faf", kill_on_drop: false }`
[INFO] [stdout] 0ed44bfc8dae1f2f13b69228bdf983cba93c61cc6eb285ac788abf87f6792faf
[INFO] running `Command { std: "docker" "create" "-v" "/var/lib/crater-agent-workspace/builds/worker-2-tc1/target:/opt/rustwide/target:rw,Z" "-v" "/var/lib/crater-agent-workspace/builds/worker-2-tc1/source:/opt/rustwide/workdir:ro,Z" "-v" "/var/lib/crater-agent-workspace/cargo-home:/opt/rustwide/cargo-home:ro,Z" "-v" "/var/lib/crater-agent-workspace/rustup-home:/opt/rustwide/rustup-home:ro,Z" "-e" "SOURCE_DIR=/opt/rustwide/workdir" "-e" "CARGO_TARGET_DIR=/opt/rustwide/target" "-e" "CARGO_INCREMENTAL=0" "-e" "RUST_BACKTRACE=full" "-e" "RUSTFLAGS=--cap-lints=forbid" "-e" "RUSTDOCFLAGS=--cap-lints=forbid" "-e" "CARGO_HOME=/opt/rustwide/cargo-home" "-e" "RUSTUP_HOME=/opt/rustwide/rustup-home" "-w" "/opt/rustwide/workdir" "-m" "1610612736" "--user" "0:0" "--network" "none" "ghcr.io/rust-lang/crates-build-env/linux@sha256:4a844ea9eb2546a2d2c7022eacef16ef2e8229c7fbb2c7d4d55a9ceca922f72d" "/opt/rustwide/cargo-home/bin/cargo" "+nightly-2024-10-28" "test" "--frozen", kill_on_drop: false }`
[INFO] [stdout] c2606143b97ed6ef17c9244ec413bb709a58b9338df2e73074f9a56831962129
[INFO] running `Command { std: "docker" "start" "-a" "c2606143b97ed6ef17c9244ec413bb709a58b9338df2e73074f9a56831962129", kill_on_drop: false }`
[INFO] [stderr]     Finished `test` profile [unoptimized + debuginfo] target(s) in 0.06s
[INFO] [stderr]      Running unittests src/lib.rs (/opt/rustwide/target/debug/deps/libreofficekit-0b133c35aacdecb4)
[INFO] [stdout] 
[INFO] [stdout] running 6 tests
[INFO] [stdout] test urls::test::test_absolute ... ok
[INFO] [stderr]      Running tests/convert.rs (/opt/rustwide/target/debug/deps/convert-b4f777fe7de80a63)
[INFO] [stdout] test urls::test::test_invalid_remote_path ... ok
[INFO] [stdout] test urls::test::test_relative ... ok
[INFO] [stdout] test urls::test::test_invalid_absolute ... ok
[INFO] [stdout] test urls::test::test_remote_path ... ok
[INFO] [stdout] test urls::test::test_invalid_relative ... ok
[INFO] [stdout] 
[INFO] [stdout] test result: ok. 6 passed; 0 failed; 0 ignored; 0 measured; 0 filtered out; finished in 0.01s
[INFO] [stdout] 
[INFO] [stdout] 
[INFO] [stdout] running 5 tests
[INFO] [stdout] test test_sample_docx_encrypted ... FAILED
[INFO] [stdout] test test_sample_docx_encrypted_known_password ... FAILED
[INFO] [stdout] test test_sample_txt ... FAILED
[INFO] [stdout] test test_sample_xlsx ... FAILED
[INFO] [stderr] Unspecified Application Error
[INFO] [stderr] error: test failed, to rerun pass `--test convert`
[INFO] [stderr] 
[INFO] [stderr] Caused by:
[INFO] [stderr]   process didn't exit successfully: `/opt/rustwide/target/debug/deps/convert-b4f777fe7de80a63` (exit status: 1)
[INFO] [stderr] note: test exited abnormally; to see the full output pass --nocapture to the harness.
[INFO] running `Command { std: "docker" "inspect" "c2606143b97ed6ef17c9244ec413bb709a58b9338df2e73074f9a56831962129", kill_on_drop: false }`
[INFO] running `Command { std: "docker" "rm" "-f" "c2606143b97ed6ef17c9244ec413bb709a58b9338df2e73074f9a56831962129", kill_on_drop: false }`
[INFO] [stdout] c2606143b97ed6ef17c9244ec413bb709a58b9338df2e73074f9a56831962129
