[INFO] fetching crate libpacket-derive 0.1.1...
[INFO] testing libpacket-derive-0.1.1 against nightly-2024-10-28+rustflags=-Zrandomize-layout for randomize-layout
[INFO] extracting crate libpacket-derive 0.1.1 into /workspace/builds/worker-4-tc2/source
[INFO] validating manifest of crates.io crate libpacket-derive 0.1.1 on toolchain nightly-2024-10-28
[INFO] running `Command { std: CARGO_HOME="/workspace/cargo-home" RUSTUP_HOME="/workspace/rustup-home" "/workspace/cargo-home/bin/cargo" "+nightly-2024-10-28" "metadata" "--manifest-path" "Cargo.toml" "--no-deps", kill_on_drop: false }`
[INFO] started tweaking crates.io crate libpacket-derive 0.1.1
[INFO] finished tweaking crates.io crate libpacket-derive 0.1.1
[INFO] tweaked toml for crates.io crate libpacket-derive 0.1.1 written to /workspace/builds/worker-4-tc2/source/Cargo.toml
[INFO] running `Command { std: CARGO_HOME="/workspace/cargo-home" RUSTUP_HOME="/workspace/rustup-home" "/workspace/cargo-home/bin/cargo" "+nightly-2024-10-28" "generate-lockfile" "--manifest-path" "Cargo.toml", kill_on_drop: false }`
[INFO] [stderr]     Updating crates.io index
[INFO] [stderr]      Locking 38 packages to latest compatible versions
[INFO] [stderr]       Adding syn v1.0.109 (available: v2.0.86)
[INFO] running `Command { std: CARGO_HOME="/workspace/cargo-home" RUSTUP_HOME="/workspace/rustup-home" "/workspace/cargo-home/bin/cargo" "+nightly-2024-10-28" "fetch" "--manifest-path" "Cargo.toml", kill_on_drop: false }`
[INFO] running `Command { std: "docker" "create" "-v" "/var/lib/crater-agent-workspace/builds/worker-4-tc2/target:/opt/rustwide/target:rw,Z" "-v" "/var/lib/crater-agent-workspace/builds/worker-4-tc2/source:/opt/rustwide/workdir:ro,Z" "-v" "/var/lib/crater-agent-workspace/cargo-home:/opt/rustwide/cargo-home:ro,Z" "-v" "/var/lib/crater-agent-workspace/rustup-home:/opt/rustwide/rustup-home:ro,Z" "-e" "SOURCE_DIR=/opt/rustwide/workdir" "-e" "CARGO_TARGET_DIR=/opt/rustwide/target" "-e" "CARGO_HOME=/opt/rustwide/cargo-home" "-e" "RUSTUP_HOME=/opt/rustwide/rustup-home" "-w" "/opt/rustwide/workdir" "-m" "1610612736" "--user" "0:0" "--network" "none" "ghcr.io/rust-lang/crates-build-env/linux@sha256:4a844ea9eb2546a2d2c7022eacef16ef2e8229c7fbb2c7d4d55a9ceca922f72d" "/opt/rustwide/cargo-home/bin/cargo" "+nightly-2024-10-28" "metadata" "--no-deps" "--format-version=1", kill_on_drop: false }`
[INFO] [stdout] f1341c28682a181809f715ca49b82044a6c48b3e213a692066ecf2137b98270a
[INFO] running `Command { std: "docker" "start" "-a" "f1341c28682a181809f715ca49b82044a6c48b3e213a692066ecf2137b98270a", kill_on_drop: false }`
[INFO] running `Command { std: "docker" "inspect" "f1341c28682a181809f715ca49b82044a6c48b3e213a692066ecf2137b98270a", kill_on_drop: false }`
[INFO] running `Command { std: "docker" "rm" "-f" "f1341c28682a181809f715ca49b82044a6c48b3e213a692066ecf2137b98270a", kill_on_drop: false }`
[INFO] [stdout] f1341c28682a181809f715ca49b82044a6c48b3e213a692066ecf2137b98270a
[INFO] running `Command { std: "docker" "create" "-v" "/var/lib/crater-agent-workspace/builds/worker-4-tc2/target:/opt/rustwide/target:rw,Z" "-v" "/var/lib/crater-agent-workspace/builds/worker-4-tc2/source:/opt/rustwide/workdir:ro,Z" "-v" "/var/lib/crater-agent-workspace/cargo-home:/opt/rustwide/cargo-home:ro,Z" "-v" "/var/lib/crater-agent-workspace/rustup-home:/opt/rustwide/rustup-home:ro,Z" "-e" "SOURCE_DIR=/opt/rustwide/workdir" "-e" "CARGO_TARGET_DIR=/opt/rustwide/target" "-e" "CARGO_INCREMENTAL=0" "-e" "RUST_BACKTRACE=full" "-e" "RUSTFLAGS=--cap-lints=forbid -Zrandomize-layout" "-e" "RUSTDOCFLAGS=--cap-lints=forbid" "-e" "CARGO_HOME=/opt/rustwide/cargo-home" "-e" "RUSTUP_HOME=/opt/rustwide/rustup-home" "-w" "/opt/rustwide/workdir" "-m" "1610612736" "--user" "0:0" "--network" "none" "ghcr.io/rust-lang/crates-build-env/linux@sha256:4a844ea9eb2546a2d2c7022eacef16ef2e8229c7fbb2c7d4d55a9ceca922f72d" "/opt/rustwide/cargo-home/bin/cargo" "+nightly-2024-10-28" "build" "--frozen" "--message-format=json", kill_on_drop: false }`
[INFO] [stdout] 8cfce02aa2e3cd75031289085af5e72b46e3e4d09e38053ed199a5b033c74866
[INFO] running `Command { std: "docker" "start" "-a" "8cfce02aa2e3cd75031289085af5e72b46e3e4d09e38053ed199a5b033c74866", kill_on_drop: false }`
[INFO] [stderr]    Compiling syn v1.0.109
[INFO] [stderr]    Compiling libpacket-derive v0.1.1 (/opt/rustwide/workdir)
[INFO] [stderr]     Finished `dev` profile [unoptimized + debuginfo] target(s) in 3.38s
[INFO] running `Command { std: "docker" "inspect" "8cfce02aa2e3cd75031289085af5e72b46e3e4d09e38053ed199a5b033c74866", kill_on_drop: false }`
[INFO] running `Command { std: "docker" "rm" "-f" "8cfce02aa2e3cd75031289085af5e72b46e3e4d09e38053ed199a5b033c74866", kill_on_drop: false }`
[INFO] [stdout] 8cfce02aa2e3cd75031289085af5e72b46e3e4d09e38053ed199a5b033c74866
[INFO] running `Command { std: "docker" "create" "-v" "/var/lib/crater-agent-workspace/builds/worker-4-tc2/target:/opt/rustwide/target:rw,Z" "-v" "/var/lib/crater-agent-workspace/builds/worker-4-tc2/source:/opt/rustwide/workdir:ro,Z" "-v" "/var/lib/crater-agent-workspace/cargo-home:/opt/rustwide/cargo-home:ro,Z" "-v" "/var/lib/crater-agent-workspace/rustup-home:/opt/rustwide/rustup-home:ro,Z" "-e" "SOURCE_DIR=/opt/rustwide/workdir" "-e" "CARGO_TARGET_DIR=/opt/rustwide/target" "-e" "CARGO_INCREMENTAL=0" "-e" "RUST_BACKTRACE=full" "-e" "RUSTFLAGS=--cap-lints=forbid -Zrandomize-layout" "-e" "RUSTDOCFLAGS=--cap-lints=forbid" "-e" "CARGO_HOME=/opt/rustwide/cargo-home" "-e" "RUSTUP_HOME=/opt/rustwide/rustup-home" "-w" "/opt/rustwide/workdir" "-m" "1610612736" "--user" "0:0" "--network" "none" "ghcr.io/rust-lang/crates-build-env/linux@sha256:4a844ea9eb2546a2d2c7022eacef16ef2e8229c7fbb2c7d4d55a9ceca922f72d" "/opt/rustwide/cargo-home/bin/cargo" "+nightly-2024-10-28" "test" "--frozen" "--no-run" "--message-format=json", kill_on_drop: false }`
[INFO] [stdout] bd9fca47b182857d91b6ed31c0b7907cc3c3e8384d9965161bc678d10fa38892
[INFO] running `Command { std: "docker" "start" "-a" "bd9fca47b182857d91b6ed31c0b7907cc3c3e8384d9965161bc678d10fa38892", kill_on_drop: false }`
[INFO] [stderr]    Compiling proc-macro2 v1.0.89
[INFO] [stderr]    Compiling unicode-ident v1.0.13
[INFO] [stderr]    Compiling memchr v2.7.4
[INFO] [stderr]    Compiling regex-syntax v0.8.5
[INFO] [stderr]    Compiling target-triple v0.1.3
[INFO] [stderr]    Compiling winnow v0.6.20
[INFO] [stderr]    Compiling termcolor v1.4.1
[INFO] [stderr]    Compiling glob v0.3.1
[INFO] [stderr]    Compiling syn v1.0.109
[INFO] [stderr]    Compiling serde_spanned v0.6.8
[INFO] [stderr]    Compiling toml_datetime v0.6.8
[INFO] [stderr]    Compiling quote v1.0.37
[INFO] [stderr]    Compiling aho-corasick v1.1.3
[INFO] [stderr]    Compiling serde_json v1.0.132
[INFO] [stderr]    Compiling syn v2.0.86
[INFO] [stderr]    Compiling toml_edit v0.22.22
[INFO] [stderr]    Compiling regex-automata v0.4.8
[INFO] [stderr]    Compiling serde_derive v1.0.214
[INFO] [stderr]    Compiling toml v0.8.19
[INFO] [stderr]    Compiling regex v1.11.1
[INFO] [stderr]    Compiling libpacket-derive v0.1.1 (/opt/rustwide/workdir)
[INFO] [stderr]    Compiling trybuild v1.0.101
[INFO] [stderr]     Finished `test` profile [unoptimized + debuginfo] target(s) in 7.06s
[INFO] running `Command { std: "docker" "inspect" "bd9fca47b182857d91b6ed31c0b7907cc3c3e8384d9965161bc678d10fa38892", kill_on_drop: false }`
[INFO] running `Command { std: "docker" "rm" "-f" "bd9fca47b182857d91b6ed31c0b7907cc3c3e8384d9965161bc678d10fa38892", kill_on_drop: false }`
[INFO] [stdout] bd9fca47b182857d91b6ed31c0b7907cc3c3e8384d9965161bc678d10fa38892
[INFO] running `Command { std: "docker" "create" "-v" "/var/lib/crater-agent-workspace/builds/worker-4-tc2/target:/opt/rustwide/target:rw,Z" "-v" "/var/lib/crater-agent-workspace/builds/worker-4-tc2/source:/opt/rustwide/workdir:ro,Z" "-v" "/var/lib/crater-agent-workspace/cargo-home:/opt/rustwide/cargo-home:ro,Z" "-v" "/var/lib/crater-agent-workspace/rustup-home:/opt/rustwide/rustup-home:ro,Z" "-e" "SOURCE_DIR=/opt/rustwide/workdir" "-e" "CARGO_TARGET_DIR=/opt/rustwide/target" "-e" "CARGO_INCREMENTAL=0" "-e" "RUST_BACKTRACE=full" "-e" "RUSTFLAGS=--cap-lints=forbid -Zrandomize-layout" "-e" "RUSTDOCFLAGS=--cap-lints=forbid" "-e" "CARGO_HOME=/opt/rustwide/cargo-home" "-e" "RUSTUP_HOME=/opt/rustwide/rustup-home" "-w" "/opt/rustwide/workdir" "-m" "1610612736" "--user" "0:0" "--network" "none" "ghcr.io/rust-lang/crates-build-env/linux@sha256:4a844ea9eb2546a2d2c7022eacef16ef2e8229c7fbb2c7d4d55a9ceca922f72d" "/opt/rustwide/cargo-home/bin/cargo" "+nightly-2024-10-28" "test" "--frozen", kill_on_drop: false }`
[INFO] [stdout] 6b1b38935502654b09fd0a71eb9b7dcaa86949eb3b532123dc12c800a7c10181
[INFO] running `Command { std: "docker" "start" "-a" "6b1b38935502654b09fd0a71eb9b7dcaa86949eb3b532123dc12c800a7c10181", kill_on_drop: false }`
[INFO] [stderr]     Finished `test` profile [unoptimized + debuginfo] target(s) in 0.05s
[INFO] [stderr]      Running unittests src/lib.rs (/opt/rustwide/target/debug/deps/libpacket_derive-1231f414db27241f)
[INFO] [stdout] 
[INFO] [stdout] running 11 tests
[INFO] [stdout] test util::operations_test ... ok
[INFO] [stdout] test util::radix16_u64::test ... ok
[INFO] [stdout] test util::test_display_get_operation ... ok
[INFO] [stdout] test util::radix16_u8::test ... ok
[INFO] [stdout] test util::test_display_set_operation ... ok
[INFO] [stdout] test util::test_get_mask ... ok
[INFO] [stdout] test util::test_get_shiftl ... ok
[INFO] [stdout] test util::test_to_mutator ... ok
[INFO] [stdout] test util::test_get_shiftr ... ok
[INFO] [stdout] test gen::test_gen_get_ops ... ok
[INFO] [stdout] test parse::test_parse_ty ... ok
[INFO] [stdout] 
[INFO] [stdout] test result: ok. 11 passed; 0 failed; 0 ignored; 0 measured; 0 filtered out; finished in 0.00s
[INFO] [stdout] 
[INFO] [stderr]      Running tests/tests.rs (/opt/rustwide/target/debug/deps/tests-da6dead9348bfeed)
[INFO] [stdout] 
[INFO] [stdout] running 1 test
[INFO] [stderr]    Compiling proc-macro2 v1.0.89
[INFO] [stderr]    Compiling syn v1.0.109
[INFO] [stderr]    Compiling memchr v2.7.4
[INFO] [stderr]    Compiling unicode-ident v1.0.13
[INFO] [stderr]    Compiling regex-syntax v0.8.5
[INFO] [stderr]    Compiling aho-corasick v1.1.3
[INFO] [stderr]    Compiling quote v1.0.37
[INFO] [stderr]    Compiling regex-automata v0.4.8
[INFO] [stderr]    Compiling regex v1.11.1
[INFO] [stderr]    Compiling libpacket-derive v0.1.1 (/opt/rustwide/workdir)
[INFO] [stderr]    Compiling libpacket-derive-tests v0.0.0 (/opt/rustwide/target/tests/trybuild/libpacket-derive)
[INFO] [stderr]     Finished `dev` profile [unoptimized + debuginfo] target(s) in 5.74s
[INFO] [stderr] 
[INFO] [stderr] 
[INFO] [stderr] test tests/compile-fail/construct-with-errors.rs [should fail to compile] ... ok
[INFO] [stderr] test tests/compile-fail/endianness_not_specified.rs [should fail to compile] ... ok
[INFO] [stderr] test tests/compile-fail/invalid_type.rs [should fail to compile] ... ok
[INFO] [stderr] test tests/compile-fail/length_expr.rs [should fail to compile] ... ok
[INFO] [stderr] test tests/compile-fail/length_expr_parentheses.rs [should fail to compile] ... mismatch
[INFO] [stderr] 
[INFO] [stderr] EXPECTED:
[INFO] [stderr] ┈┈┈┈┈┈┈┈┈┈┈┈┈┈┈┈┈┈┈┈┈┈┈┈┈┈┈┈┈┈┈┈┈┈┈┈┈┈┈┈┈┈┈┈┈┈┈┈┈┈┈┈┈┈┈┈┈┈┈┈
[INFO] [stderr] error: this file contains an unclosed delimiter
[INFO] [stderr]   --> $DIR/length_expr_parentheses.rs:11:10
[INFO] [stderr]    |
[INFO] [stderr] 11 | #[derive(Packet)]
[INFO] [stderr]    |          ^^^^^^ unclosed delimiter
[INFO] [stderr]    |
[INFO] [stderr]    = note: this error originates in a derive macro (in Nightly builds, run with -Z macro-backtrace for more info)
[INFO] [stderr] ┈┈┈┈┈┈┈┈┈┈┈┈┈┈┈┈┈┈┈┈┈┈┈┈┈┈┈┈┈┈┈┈┈┈┈┈┈┈┈┈┈┈┈┈┈┈┈┈┈┈┈┈┈┈┈┈┈┈┈┈
[INFO] [stderr] 
[INFO] [stderr] ACTUAL OUTPUT:
[INFO] [stderr] ┈┈┈┈┈┈┈┈┈┈┈┈┈┈┈┈┈┈┈┈┈┈┈┈┈┈┈┈┈┈┈┈┈┈┈┈┈┈┈┈┈┈┈┈┈┈┈┈┈┈┈┈┈┈┈┈┈┈┈┈
[INFO] [stderr] error: this file contains an unclosed delimiter
[INFO] [stderr]   --> tests/compile-fail/length_expr_parentheses.rs:11:10
[INFO] [stderr]    |
[INFO] [stderr] 11 | #[derive(Packet)]
[INFO] [stderr]    |          ^^^^^^ unclosed delimiter
[INFO] [stderr]    |
[INFO] [stderr]    = note: this error originates in the derive macro `Packet` (in Nightly builds, run with -Z macro-backtrace for more info)
[INFO] [stderr] 
[INFO] [stderr] error: lex error
[INFO] [stderr]   --> tests/compile-fail/length_expr_parentheses.rs:11:10
[INFO] [stderr]    |
[INFO] [stderr] 11 | #[derive(Packet)]
[INFO] [stderr]    |          ^^^^^^
[INFO] [stderr]    |
[INFO] [stderr]    = note: this error originates in the derive macro `Packet` (in Nightly builds, run with -Z macro-backtrace for more info)
[INFO] [stderr] ┈┈┈┈┈┈┈┈┈┈┈┈┈┈┈┈┈┈┈┈┈┈┈┈┈┈┈┈┈┈┈┈┈┈┈┈┈┈┈┈┈┈┈┈┈┈┈┈┈┈┈┈┈┈┈┈┈┈┈┈
[INFO] [stderr] note: If the actual output is the correct output you can bless it by rerunning
[INFO] [stderr]       your test with the environment variable TRYBUILD=overwrite
[INFO] [stderr] 
[INFO] [stderr] test tests/compile-fail/multiple_payload.rs [should fail to compile] ... ok
[INFO] [stderr] test tests/compile-fail/must_be_pub.rs [should fail to compile] ... ok
[INFO] [stderr] test tests/compile-fail/non-primitive.rs [should fail to compile] ... ok
[INFO] [stderr] test tests/compile-fail/payload_fn2.rs [should fail to compile] ... ok
[INFO] [stderr] test tests/compile-fail/unnamed_field.rs [should fail to compile] ... ok
[INFO] [stderr] test tests/compile-fail/variable_length_fields.rs [should fail to compile] ... mismatch
[INFO] [stderr] 
[INFO] [stderr] EXPECTED:
[INFO] [stderr] ┈┈┈┈┈┈┈┈┈┈┈┈┈┈┈┈┈┈┈┈┈┈┈┈┈┈┈┈┈┈┈┈┈┈┈┈┈┈┈┈┈┈┈┈┈┈┈┈┈┈┈┈┈┈┈┈┈┈┈┈
[INFO] [stderr] error: variable length field must specify #[length], unless it is the last field of a packet
[INFO] [stderr]   --> $DIR/variable_length_fields.rs:14:17
[INFO] [stderr]    |
[INFO] [stderr] 14 |     var_length: Vec<u8>,
[INFO] [stderr]    |                 ^^^
[INFO] [stderr] ┈┈┈┈┈┈┈┈┈┈┈┈┈┈┈┈┈┈┈┈┈┈┈┈┈┈┈┈┈┈┈┈┈┈┈┈┈┈┈┈┈┈┈┈┈┈┈┈┈┈┈┈┈┈┈┈┈┈┈┈
[INFO] [stderr] 
[INFO] [stderr] ACTUAL OUTPUT:
[INFO] [stderr] ┈┈┈┈┈┈┈┈┈┈┈┈┈┈┈┈┈┈┈┈┈┈┈┈┈┈┈┈┈┈┈┈┈┈┈┈┈┈┈┈┈┈┈┈┈┈┈┈┈┈┈┈┈┈┈┈┈┈┈┈
[INFO] [stderr] error: variable length field must specify #[length], unless it is the last field of a packet
[INFO] [stderr]   --> tests/compile-fail/variable_length_fields.rs:14:17
[INFO] [stderr]    |
[INFO] [stderr] 14 |     var_length: Vec<u8>,
[INFO] [stderr]    |                 ^^^^^^^
[INFO] [stderr] ┈┈┈┈┈┈┈┈┈┈┈┈┈┈┈┈┈┈┈┈┈┈┈┈┈┈┈┈┈┈┈┈┈┈┈┈┈┈┈┈┈┈┈┈┈┈┈┈┈┈┈┈┈┈┈┈┈┈┈┈
[INFO] [stderr] note: If the actual output is the correct output you can bless it by rerunning
[INFO] [stderr]       your test with the environment variable TRYBUILD=overwrite
[INFO] [stderr] 
[INFO] [stderr] test tests/run-pass/construct_with.rs [should pass] ... error
[INFO] [stderr] ┈┈┈┈┈┈┈┈┈┈┈┈┈┈┈┈┈┈┈┈┈┈┈┈┈┈┈┈┈┈┈┈┈┈┈┈┈┈┈┈┈┈┈┈┈┈┈┈┈┈┈┈┈┈┈┈┈┈┈┈
[INFO] [stderr] error[E0432]: unresolved import `libpacket_core`
[INFO] [stderr]  --> tests/run-pass/construct_with.rs:9:5
[INFO] [stderr]   |
[INFO] [stderr] 9 | use libpacket_core::PrimitiveValues;
[INFO] [stderr]   |     ^^^^^^^^^^^^^^ use of undeclared crate or module `libpacket_core`
[INFO] [stderr]   |
[INFO] [stderr] help: there is a crate or module with a similar name
[INFO] [stderr]   |
[INFO] [stderr] 9 | use libpacket_derive::PrimitiveValues;
[INFO] [stderr]   |     ~~~~~~~~~~~~~~~~
[INFO] [stderr] 
[INFO] [stderr] error[E0432]: unresolved import `libpacket_core`
[INFO] [stderr]   --> tests/run-pass/construct_with.rs:30:10
[INFO] [stderr]    |
[INFO] [stderr] 30 | #[derive(Packet)]
[INFO] [stderr]    |          ^^^^^^ use of undeclared crate or module `libpacket_core`
[INFO] [stderr]    |
[INFO] [stderr]    = note: this error originates in the derive macro `Packet` (in Nightly builds, run with -Z macro-backtrace for more info)
[INFO] [stderr] 
[INFO] [stderr] error[E0433]: failed to resolve: use of undeclared crate or module `libpacket_core`
[INFO] [stderr]   --> tests/run-pass/construct_with.rs:30:10
[INFO] [stderr]    |
[INFO] [stderr] 30 | #[derive(Packet)]
[INFO] [stderr]    |          ^^^^^^ use of undeclared crate or module `libpacket_core`
[INFO] [stderr]    |
[INFO] [stderr]    = note: this error originates in the derive macro `Packet` (in Nightly builds, run with -Z macro-backtrace for more info)
[INFO] [stderr] ┈┈┈┈┈┈┈┈┈┈┈┈┈┈┈┈┈┈┈┈┈┈┈┈┈┈┈┈┈┈┈┈┈┈┈┈┈┈┈┈┈┈┈┈┈┈┈┈┈┈┈┈┈┈┈┈┈┈┈┈
[INFO] [stderr] 
[INFO] [stderr] test tests/run-pass/get_variable_length_field.rs [should pass] ... error
[INFO] [stderr] ┈┈┈┈┈┈┈┈┈┈┈┈┈┈┈┈┈┈┈┈┈┈┈┈┈┈┈┈┈┈┈┈┈┈┈┈┈┈┈┈┈┈┈┈┈┈┈┈┈┈┈┈┈┈┈┈┈┈┈┈
[INFO] [stderr] error[E0433]: failed to resolve: use of undeclared crate or module `libpacket_core`
[INFO] [stderr]  --> tests/run-pass/get_variable_length_field.rs:9:5
[INFO] [stderr]   |
[INFO] [stderr] 9 | use libpacket_core::types::*;
[INFO] [stderr]   |     ^^^^^^^^^^^^^^ use of undeclared crate or module `libpacket_core`
[INFO] [stderr]   |
[INFO] [stderr] help: there is a crate or module with a similar name
[INFO] [stderr]   |
[INFO] [stderr] 9 | use libpacket_derive::types::*;
[INFO] [stderr]   |     ~~~~~~~~~~~~~~~~
[INFO] [stderr] 
[INFO] [stderr] error[E0432]: unresolved import `libpacket_core`
[INFO] [stderr]   --> tests/run-pass/get_variable_length_field.rs:12:10
[INFO] [stderr]    |
[INFO] [stderr] 12 | #[derive(Packet)]
[INFO] [stderr]    |          ^^^^^^ use of undeclared crate or module `libpacket_core`
[INFO] [stderr]    |
[INFO] [stderr]    = note: this error originates in the derive macro `Packet` (in Nightly builds, run with -Z macro-backtrace for more info)
[INFO] [stderr] 
[INFO] [stderr] error[E0412]: cannot find type `u32be` in this scope
[INFO] [stderr]   --> tests/run-pass/get_variable_length_field.rs:14:13
[INFO] [stderr]    |
[INFO] [stderr] 14 |     banana: u32be,
[INFO] [stderr]    |             ^^^^^ not found in this scope
[INFO] [stderr] 
[INFO] [stderr] error[E0412]: cannot find type `u32be` in this scope
[INFO] [stderr]   --> tests/run-pass/get_variable_length_field.rs:12:10
[INFO] [stderr]    |
[INFO] [stderr] 12 | #[derive(Packet)]
[INFO] [stderr]    |          ^^^^^^ not found in this scope
[INFO] [stderr]    |
[INFO] [stderr]    = note: this error originates in the derive macro `Packet` (in Nightly builds, run with -Z macro-backtrace for more info)
[INFO] [stderr] 
[INFO] [stderr] error[E0433]: failed to resolve: use of undeclared crate or module `libpacket_core`
[INFO] [stderr]   --> tests/run-pass/get_variable_length_field.rs:12:10
[INFO] [stderr]    |
[INFO] [stderr] 12 | #[derive(Packet)]
[INFO] [stderr]    |          ^^^^^^ use of undeclared crate or module `libpacket_core`
[INFO] [stderr]    |
[INFO] [stderr]    = note: this error originates in the derive macro `Packet` (in Nightly builds, run with -Z macro-backtrace for more info)
[INFO] [stderr] ┈┈┈┈┈┈┈┈┈┈┈┈┈┈┈┈┈┈┈┈┈┈┈┈┈┈┈┈┈┈┈┈┈┈┈┈┈┈┈┈┈┈┈┈┈┈┈┈┈┈┈┈┈┈┈┈┈┈┈┈
[INFO] [stderr] 
[INFO] [stderr] test tests/run-pass/length_expr.rs [should pass] ... error
[INFO] [stderr] ┈┈┈┈┈┈┈┈┈┈┈┈┈┈┈┈┈┈┈┈┈┈┈┈┈┈┈┈┈┈┈┈┈┈┈┈┈┈┈┈┈┈┈┈┈┈┈┈┈┈┈┈┈┈┈┈┈┈┈┈
[INFO] [stderr] error[E0432]: unresolved import `libpacket_core`
[INFO] [stderr]   --> tests/run-pass/length_expr.rs:11:10
[INFO] [stderr]    |
[INFO] [stderr] 11 | #[derive(Packet)]
[INFO] [stderr]    |          ^^^^^^ use of undeclared crate or module `libpacket_core`
[INFO] [stderr]    |
[INFO] [stderr]    = note: this error originates in the derive macro `Packet` (in Nightly builds, run with -Z macro-backtrace for more info)
[INFO] [stderr] 
[INFO] [stderr] error[E0432]: unresolved import `libpacket_core`
[INFO] [stderr]   --> tests/run-pass/length_expr.rs:19:10
[INFO] [stderr]    |
[INFO] [stderr] 19 | #[derive(Packet)]
[INFO] [stderr]    |          ^^^^^^ use of undeclared crate or module `libpacket_core`
[INFO] [stderr]    |
[INFO] [stderr]    = note: this error originates in the derive macro `Packet` (in Nightly builds, run with -Z macro-backtrace for more info)
[INFO] [stderr] 
[INFO] [stderr] error[E0433]: failed to resolve: use of undeclared crate or module `libpacket_core`
[INFO] [stderr]   --> tests/run-pass/length_expr.rs:11:10
[INFO] [stderr]    |
[INFO] [stderr] 11 | #[derive(Packet)]
[INFO] [stderr]    |          ^^^^^^ use of undeclared crate or module `libpacket_core`
[INFO] [stderr]    |
[INFO] [stderr]    = note: this error originates in the derive macro `Packet` (in Nightly builds, run with -Z macro-backtrace for more info)
[INFO] [stderr] 
[INFO] [stderr] error[E0433]: failed to resolve: use of undeclared crate or module `libpacket_core`
[INFO] [stderr]   --> tests/run-pass/length_expr.rs:19:10
[INFO] [stderr]    |
[INFO] [stderr] 19 | #[derive(Packet)]
[INFO] [stderr]    |          ^^^^^^ use of undeclared crate or module `libpacket_core`
[INFO] [stderr]    |
[INFO] [stderr]    = note: this error originates in the derive macro `Packet` (in Nightly builds, run with -Z macro-backtrace for more info)
[INFO] [stderr] ┈┈┈┈┈┈┈┈┈┈┈┈┈┈┈┈┈┈┈┈┈┈┈┈┈┈┈┈┈┈┈┈┈┈┈┈┈┈┈┈┈┈┈┈┈┈┈┈┈┈┈┈┈┈┈┈┈┈┈┈
[INFO] [stderr] 
[INFO] [stderr] test tests/run-pass/min_packet_size.rs [should pass] ... error
[INFO] [stderr] ┈┈┈┈┈┈┈┈┈┈┈┈┈┈┈┈┈┈┈┈┈┈┈┈┈┈┈┈┈┈┈┈┈┈┈┈┈┈┈┈┈┈┈┈┈┈┈┈┈┈┈┈┈┈┈┈┈┈┈┈
[INFO] [stderr] error[E0433]: failed to resolve: use of undeclared crate or module `libpacket_core`
[INFO] [stderr]  --> tests/run-pass/min_packet_size.rs:9:5
[INFO] [stderr]   |
[INFO] [stderr] 9 | use libpacket_core::types::*;
[INFO] [stderr]   |     ^^^^^^^^^^^^^^ use of undeclared crate or module `libpacket_core`
[INFO] [stderr]   |
[INFO] [stderr] help: there is a crate or module with a similar name
[INFO] [stderr]   |
[INFO] [stderr] 9 | use libpacket_derive::types::*;
[INFO] [stderr]   |     ~~~~~~~~~~~~~~~~
[INFO] [stderr] 
[INFO] [stderr] error[E0432]: unresolved import `libpacket_core`
[INFO] [stderr]   --> tests/run-pass/min_packet_size.rs:12:10
[INFO] [stderr]    |
[INFO] [stderr] 12 | #[derive(Packet)]
[INFO] [stderr]    |          ^^^^^^ use of undeclared crate or module `libpacket_core`
[INFO] [stderr]    |
[INFO] [stderr]    = note: this error originates in the derive macro `Packet` (in Nightly builds, run with -Z macro-backtrace for more info)
[INFO] [stderr] 
[INFO] [stderr] error[E0432]: unresolved import `libpacket_core`
[INFO] [stderr]   --> tests/run-pass/min_packet_size.rs:20:10
[INFO] [stderr]    |
[INFO] [stderr] 20 | #[derive(Packet)]
[INFO] [stderr]    |          ^^^^^^ use of undeclared crate or module `libpacket_core`
[INFO] [stderr]    |
[INFO] [stderr]    = note: this error originates in the derive macro `Packet` (in Nightly builds, run with -Z macro-backtrace for more info)
[INFO] [stderr] 
[INFO] [stderr] error[E0432]: unresolved import `libpacket_core`
[INFO] [stderr]   --> tests/run-pass/min_packet_size.rs:28:10
[INFO] [stderr]    |
[INFO] [stderr] 28 | #[derive(Packet)]
[INFO] [stderr]    |          ^^^^^^ use of undeclared crate or module `libpacket_core`
[INFO] [stderr]    |
[INFO] [stderr]    = note: this error originates in the derive macro `Packet` (in Nightly builds, run with -Z macro-backtrace for more info)
[INFO] [stderr] 
[INFO] [stderr] error[E0432]: unresolved import `libpacket_core`
[INFO] [stderr]   --> tests/run-pass/min_packet_size.rs:37:10
[INFO] [stderr]    |
[INFO] [stderr] 37 | #[derive(Packet)]
[INFO] [stderr]    |          ^^^^^^ use of undeclared crate or module `libpacket_core`
[INFO] [stderr]    |
[INFO] [stderr]    = note: this error originates in the derive macro `Packet` (in Nightly builds, run with -Z macro-backtrace for more info)
[INFO] [stderr] 
[INFO] [stderr] error[E0432]: unresolved import `libpacket_core`
[INFO] [stderr]   --> tests/run-pass/min_packet_size.rs:46:10
[INFO] [stderr]    |
[INFO] [stderr] 46 | #[derive(Packet)]
[INFO] [stderr]    |          ^^^^^^ use of undeclared crate or module `libpacket_core`
[INFO] [stderr]    |
[INFO] [stderr]    = note: this error originates in the derive macro `Packet` (in Nightly builds, run with -Z macro-backtrace for more info)
[INFO] [stderr] 
[INFO] [stderr] error[E0432]: unresolved import `libpacket_core`
[INFO] [stderr]   --> tests/run-pass/min_packet_size.rs:55:10
[INFO] [stderr]    |
[INFO] [stderr] 55 | #[derive(Packet)]
[INFO] [stderr]    |          ^^^^^^ use of undeclared crate or module `libpacket_core`
[INFO] [stderr]    |
[INFO] [stderr]    = note: this error originates in the derive macro `Packet` (in Nightly builds, run with -Z macro-backtrace for more info)
[INFO] [stderr] 
[INFO] [stderr] error[E0412]: cannot find type `u16be` in this scope
[INFO] [stderr]   --> tests/run-pass/min_packet_size.rs:22:13
[INFO] [stderr]    |
[INFO] [stderr] 22 |     banana: u16be,
[INFO] [stderr]    |             ^^^^^ not found in this scope
[INFO] [stderr] 
[INFO] [stderr] error[E0412]: cannot find type `u16be` in this scope
[INFO] [stderr]   --> tests/run-pass/min_packet_size.rs:20:10
[INFO] [stderr]    |
[INFO] [stderr] 20 | #[derive(Packet)]
[INFO] [stderr]    |          ^^^^^^ not found in this scope
[INFO] [stderr]    |
[INFO] [stderr]    = note: this error originates in the derive macro `Packet` (in Nightly builds, run with -Z macro-backtrace for more info)
[INFO] [stderr] 
[INFO] [stderr] error[E0412]: cannot find type `u32be` in this scope
[INFO] [stderr]   --> tests/run-pass/min_packet_size.rs:30:13
[INFO] [stderr]    |
[INFO] [stderr] 30 |     banana: u32be,
[INFO] [stderr]    |             ^^^^^ not found in this scope
[INFO] [stderr] 
[INFO] [stderr] error[E0412]: cannot find type `u32be` in this scope
[INFO] [stderr]   --> tests/run-pass/min_packet_size.rs:28:10
[INFO] [stderr]    |
[INFO] [stderr] 28 | #[derive(Packet)]
[INFO] [stderr]    |          ^^^^^^ not found in this scope
[INFO] [stderr]    |
[INFO] [stderr]    = note: this error originates in the derive macro `Packet` (in Nightly builds, run with -Z macro-backtrace for more info)
[INFO] [stderr] 
[INFO] [stderr] error[E0412]: cannot find type `u3` in this scope
[INFO] [stderr]   --> tests/run-pass/min_packet_size.rs:39:13
[INFO] [stderr]    |
[INFO] [stderr] 39 |     banana: u3,
[INFO] [stderr]    |             ^^ help: a builtin type with a similar name exists: `u32`
[INFO] [stderr] 
[INFO] [stderr] error[E0412]: cannot find type `u5` in this scope
[INFO] [stderr]   --> tests/run-pass/min_packet_size.rs:40:13
[INFO] [stderr]    |
[INFO] [stderr] 40 |     tomato: u5,
[INFO] [stderr]    |             ^^ help: a builtin type with a similar name exists: `u8`
[INFO] [stderr] 
[INFO] [stderr] error[E0412]: cannot find type `u3` in this scope
[INFO] [stderr]   --> tests/run-pass/min_packet_size.rs:37:10
[INFO] [stderr]    |
[INFO] [stderr] 37 | #[derive(Packet)]
[INFO] [stderr]    |          ^^^^^^
[INFO] [stderr]    |
[INFO] [stderr]    = note: this error originates in the derive macro `Packet` (in Nightly builds, run with -Z macro-backtrace for more info)
[INFO] [stderr] 
[INFO] [stderr] error[E0412]: cannot find type `u5` in this scope
[INFO] [stderr]   --> tests/run-pass/min_packet_size.rs:37:10
[INFO] [stderr]    |
[INFO] [stderr] 37 | #[derive(Packet)]
[INFO] [stderr]    |          ^^^^^^
[INFO] [stderr]    |
[INFO] [stderr]    = note: this error originates in the derive macro `Packet` (in Nightly builds, run with -Z macro-backtrace for more info)
[INFO] [stderr] 
[INFO] [stderr] error[E0412]: cannot find type `u11be` in this scope
[INFO] [stderr]   --> tests/run-pass/min_packet_size.rs:48:13
[INFO] [stderr]    |
[INFO] [stderr] 48 |     banana: u11be,
[INFO] [stderr]    |             ^^^^^ not found in this scope
[INFO] [stderr] 
[INFO] [stderr] error[E0412]: cannot find type `u21be` in this scope
[INFO] [stderr]   --> tests/run-pass/min_packet_size.rs:49:13
[INFO] [stderr]    |
[INFO] [stderr] 49 |     tomato: u21be,
[INFO] [stderr]    |             ^^^^^ not found in this scope
[INFO] [stderr] 
[INFO] [stderr] error[E0412]: cannot find type `u11be` in this scope
[INFO] [stderr]   --> tests/run-pass/min_packet_size.rs:46:10
[INFO] [stderr]    |
[INFO] [stderr] 46 | #[derive(Packet)]
[INFO] [stderr]    |          ^^^^^^ not found in this scope
[INFO] [stderr]    |
[INFO] [stderr]    = note: this error originates in the derive macro `Packet` (in Nightly builds, run with -Z macro-backtrace for more info)
[INFO] [stderr] 
[INFO] [stderr] error[E0412]: cannot find type `u21be` in this scope
[INFO] [stderr]   --> tests/run-pass/min_packet_size.rs:46:10
[INFO] [stderr]    |
[INFO] [stderr] 46 | #[derive(Packet)]
[INFO] [stderr]    |          ^^^^^^ not found in this scope
[INFO] [stderr]    |
[INFO] [stderr]    = note: this error originates in the derive macro `Packet` (in Nightly builds, run with -Z macro-backtrace for more info)
[INFO] [stderr] 
[INFO] [stderr] error[E0412]: cannot find type `u7` in this scope
[INFO] [stderr]   --> tests/run-pass/min_packet_size.rs:57:13
[INFO] [stderr]    |
[INFO] [stderr] 57 |     banana: u7,
[INFO] [stderr]    |             ^^ help: a builtin type with a similar name exists: `u8`
[INFO] [stderr] 
[INFO] [stderr] error[E0412]: cannot find type `u9be` in this scope
[INFO] [stderr]   --> tests/run-pass/min_packet_size.rs:58:13
[INFO] [stderr]    |
[INFO] [stderr] 58 |     tomato: u9be,
[INFO] [stderr]    |             ^^^^ not found in this scope
[INFO] [stderr] 
[INFO] [stderr] error[E0412]: cannot find type `u7` in this scope
[INFO] [stderr]   --> tests/run-pass/min_packet_size.rs:55:10
[INFO] [stderr]    |
[INFO] [stderr] 55 | #[derive(Packet)]
[INFO] [stderr]    |          ^^^^^^
[INFO] [stderr]    |
[INFO] [stderr]    = note: this error originates in the derive macro `Packet` (in Nightly builds, run with -Z macro-backtrace for more info)
[INFO] [stderr] 
[INFO] [stderr] error[E0412]: cannot find type `u9be` in this scope
[INFO] [stderr]   --> tests/run-pass/min_packet_size.rs:55:10
[INFO] [stderr]    |
[INFO] [stderr] 55 | #[derive(Packet)]
[INFO] [stderr]    |          ^^^^^^ not found in this scope
[INFO] [stderr]    |
[INFO] [stderr]    = note: this error originates in the derive macro `Packet` (in Nightly builds, run with -Z macro-backtrace for more info)
[INFO] [stderr] 
[INFO] [stderr] error[E0433]: failed to resolve: use of undeclared crate or module `libpacket_core`
[INFO] [stderr]   --> tests/run-pass/min_packet_size.rs:12:10
[INFO] [stderr]    |
[INFO] [stderr] 12 | #[derive(Packet)]
[INFO] [stderr]    |          ^^^^^^ use of undeclared crate or module `libpacket_core`
[INFO] [stderr]    |
[INFO] [stderr]    = note: this error originates in the derive macro `Packet` (in Nightly builds, run with -Z macro-backtrace for more info)
[INFO] [stderr] 
[INFO] [stderr] error[E0433]: failed to resolve: use of undeclared crate or module `libpacket_core`
[INFO] [stderr]   --> tests/run-pass/min_packet_size.rs:20:10
[INFO] [stderr]    |
[INFO] [stderr] 20 | #[derive(Packet)]
[INFO] [stderr]    |          ^^^^^^ use of undeclared crate or module `libpacket_core`
[INFO] [stderr]    |
[INFO] [stderr]    = note: this error originates in the derive macro `Packet` (in Nightly builds, run with -Z macro-backtrace for more info)
[INFO] [stderr] 
[INFO] [stderr] error[E0433]: failed to resolve: use of undeclared crate or module `libpacket_core`
[INFO] [stderr]   --> tests/run-pass/min_packet_size.rs:28:10
[INFO] [stderr]    |
[INFO] [stderr] 28 | #[derive(Packet)]
[INFO] [stderr]    |          ^^^^^^ use of undeclared crate or module `libpacket_core`
[INFO] [stderr]    |
[INFO] [stderr]    = note: this error originates in the derive macro `Packet` (in Nightly builds, run with -Z macro-backtrace for more info)
[INFO] [stderr] 
[INFO] [stderr] error[E0433]: failed to resolve: use of undeclared crate or module `libpacket_core`
[INFO] [stderr]   --> tests/run-pass/min_packet_size.rs:37:10
[INFO] [stderr]    |
[INFO] [stderr] 37 | #[derive(Packet)]
[INFO] [stderr]    |          ^^^^^^ use of undeclared crate or module `libpacket_core`
[INFO] [stderr]    |
[INFO] [stderr]    = note: this error originates in the derive macro `Packet` (in Nightly builds, run with -Z macro-backtrace for more info)
[INFO] [stderr] 
[INFO] [stderr] error[E0433]: failed to resolve: use of undeclared crate or module `libpacket_core`
[INFO] [stderr]   --> tests/run-pass/min_packet_size.rs:46:10
[INFO] [stderr]    |
[INFO] [stderr] 46 | #[derive(Packet)]
[INFO] [stderr]    |          ^^^^^^ use of undeclared crate or module `libpacket_core`
[INFO] [stderr]    |
[INFO] [stderr]    = note: this error originates in the derive macro `Packet` (in Nightly builds, run with -Z macro-backtrace for more info)
[INFO] [stderr] 
[INFO] [stderr] error[E0433]: failed to resolve: use of undeclared crate or module `libpacket_core`
[INFO] [stderr]   --> tests/run-pass/min_packet_size.rs:55:10
[INFO] [stderr]    |
[INFO] [stderr] 55 | #[derive(Packet)]
[INFO] [stderr]    |          ^^^^^^ use of undeclared crate or module `libpacket_core`
[INFO] [stderr]    |
[INFO] [stderr]    = note: this error originates in the derive macro `Packet` (in Nightly builds, run with -Z macro-backtrace for more info)
[INFO] [stderr] ┈┈┈┈┈┈┈┈┈┈┈┈┈┈┈┈┈┈┈┈┈┈┈┈┈┈┈┈┈┈┈┈┈┈┈┈┈┈┈┈┈┈┈┈┈┈┈┈┈┈┈┈┈┈┈┈┈┈┈┈
[INFO] [stderr] 
[INFO] [stderr] test tests/run-pass/mqtt.rs [should pass] ... error
[INFO] [stderr] ┈┈┈┈┈┈┈┈┈┈┈┈┈┈┈┈┈┈┈┈┈┈┈┈┈┈┈┈┈┈┈┈┈┈┈┈┈┈┈┈┈┈┈┈┈┈┈┈┈┈┈┈┈┈┈┈┈┈┈┈
[INFO] [stderr] error[E0433]: failed to resolve: use of undeclared crate or module `libpacket_core`
[INFO] [stderr]  --> tests/run-pass/mqtt.rs:9:5
[INFO] [stderr]   |
[INFO] [stderr] 9 | use libpacket_core::types::*;
[INFO] [stderr]   |     ^^^^^^^^^^^^^^ use of undeclared crate or module `libpacket_core`
[INFO] [stderr]   |
[INFO] [stderr] help: there is a crate or module with a similar name
[INFO] [stderr]   |
[INFO] [stderr] 9 | use libpacket_derive::types::*;
[INFO] [stderr]   |     ~~~~~~~~~~~~~~~~
[INFO] [stderr] 
[INFO] [stderr] error[E0432]: unresolved import `libpacket_core`
[INFO] [stderr]   --> tests/run-pass/mqtt.rs:12:10
[INFO] [stderr]    |
[INFO] [stderr] 12 | #[derive(Packet)]
[INFO] [stderr]    |          ^^^^^^ use of undeclared crate or module `libpacket_core`
[INFO] [stderr]    |
[INFO] [stderr]    = note: this error originates in the derive macro `Packet` (in Nightly builds, run with -Z macro-backtrace for more info)
[INFO] [stderr] 
[INFO] [stderr] error[E0412]: cannot find type `u16be` in this scope
[INFO] [stderr]   --> tests/run-pass/mqtt.rs:14:13
[INFO] [stderr]    |
[INFO] [stderr] 14 |     source: u16be,
[INFO] [stderr]    |             ^^^^^ not found in this scope
[INFO] [stderr] 
[INFO] [stderr] error[E0412]: cannot find type `u16be` in this scope
[INFO] [stderr]   --> tests/run-pass/mqtt.rs:15:18
[INFO] [stderr]    |
[INFO] [stderr] 15 |     destination: u16be,
[INFO] [stderr]    |                  ^^^^^ not found in this scope
[INFO] [stderr] 
[INFO] [stderr] error[E0412]: cannot find type `u16be` in this scope
[INFO] [stderr]   --> tests/run-pass/mqtt.rs:12:10
[INFO] [stderr]    |
[INFO] [stderr] 12 | #[derive(Packet)]
[INFO] [stderr]    |          ^^^^^^ not found in this scope
[INFO] [stderr]    |
[INFO] [stderr]    = note: this error originates in the derive macro `Packet` (in Nightly builds, run with -Z macro-backtrace for more info)
[INFO] [stderr] 
[INFO] [stderr] error[E0433]: failed to resolve: use of undeclared crate or module `libpacket_core`
[INFO] [stderr]   --> tests/run-pass/mqtt.rs:12:10
[INFO] [stderr]    |
[INFO] [stderr] 12 | #[derive(Packet)]
[INFO] [stderr]    |          ^^^^^^ use of undeclared crate or module `libpacket_core`
[INFO] [stderr]    |
[INFO] [stderr]    = note: this error originates in the derive macro `Packet` (in Nightly builds, run with -Z macro-backtrace for more info)
[INFO] [stderr] ┈┈┈┈┈┈┈┈┈┈┈┈┈┈┈┈┈┈┈┈┈┈┈┈┈┈┈┈┈┈┈┈┈┈┈┈┈┈┈┈┈┈┈┈┈┈┈┈┈┈┈┈┈┈┈┈┈┈┈┈
[INFO] [stderr] 
[INFO] [stderr] test tests/run-pass/packet_in_packet.rs [should pass] ... error
[INFO] [stderr] ┈┈┈┈┈┈┈┈┈┈┈┈┈┈┈┈┈┈┈┈┈┈┈┈┈┈┈┈┈┈┈┈┈┈┈┈┈┈┈┈┈┈┈┈┈┈┈┈┈┈┈┈┈┈┈┈┈┈┈┈
[INFO] [stderr] error[E0432]: unresolved import `libpacket_core`
[INFO] [stderr]   --> tests/run-pass/packet_in_packet.rs:11:10
[INFO] [stderr]    |
[INFO] [stderr] 11 | #[derive(Packet)]
[INFO] [stderr]    |          ^^^^^^ use of undeclared crate or module `libpacket_core`
[INFO] [stderr]    |
[INFO] [stderr]    = note: this error originates in the derive macro `Packet` (in Nightly builds, run with -Z macro-backtrace for more info)
[INFO] [stderr] 
[INFO] [stderr] error[E0432]: unresolved import `libpacket_core`
[INFO] [stderr]   --> tests/run-pass/packet_in_packet.rs:22:17
[INFO] [stderr]    |
[INFO] [stderr] 22 | #[derive(Debug, Packet)]
[INFO] [stderr]    |                 ^^^^^^ use of undeclared crate or module `libpacket_core`
[INFO] [stderr]    |
[INFO] [stderr]    = note: this error originates in the derive macro `Packet` (in Nightly builds, run with -Z macro-backtrace for more info)
[INFO] [stderr] 
[INFO] [stderr] error[E0433]: failed to resolve: use of undeclared crate or module `libpacket_core`
[INFO] [stderr]   --> tests/run-pass/packet_in_packet.rs:11:10
[INFO] [stderr]    |
[INFO] [stderr] 11 | #[derive(Packet)]
[INFO] [stderr]    |          ^^^^^^ use of undeclared crate or module `libpacket_core`
[INFO] [stderr]    |
[INFO] [stderr]    = note: this error originates in the derive macro `Packet` (in Nightly builds, run with -Z macro-backtrace for more info)
[INFO] [stderr] 
[INFO] [stderr] error[E0433]: failed to resolve: use of undeclared crate or module `libpacket_core`
[INFO] [stderr]   --> tests/run-pass/packet_in_packet.rs:22:17
[INFO] [stderr]    |
[INFO] [stderr] 22 | #[derive(Debug, Packet)]
[INFO] [stderr]    |                 ^^^^^^ use of undeclared crate or module `libpacket_core`
[INFO] [stderr]    |
[INFO] [stderr]    = note: this error originates in the derive macro `Packet` (in Nightly builds, run with -Z macro-backtrace for more info)
[INFO] [stderr] ┈┈┈┈┈┈┈┈┈┈┈┈┈┈┈┈┈┈┈┈┈┈┈┈┈┈┈┈┈┈┈┈┈┈┈┈┈┈┈┈┈┈┈┈┈┈┈┈┈┈┈┈┈┈┈┈┈┈┈┈
[INFO] [stderr] 
[INFO] [stderr] test tests/run-pass/packet_size.rs [should pass] ... error
[INFO] [stderr] ┈┈┈┈┈┈┈┈┈┈┈┈┈┈┈┈┈┈┈┈┈┈┈┈┈┈┈┈┈┈┈┈┈┈┈┈┈┈┈┈┈┈┈┈┈┈┈┈┈┈┈┈┈┈┈┈┈┈┈┈
[INFO] [stderr] error[E0432]: unresolved import `libpacket_core`
[INFO] [stderr]   --> tests/run-pass/packet_size.rs:11:10
[INFO] [stderr]    |
[INFO] [stderr] 11 | #[derive(Packet)]
[INFO] [stderr]    |          ^^^^^^ use of undeclared crate or module `libpacket_core`
[INFO] [stderr]    |
[INFO] [stderr]    = note: this error originates in the derive macro `Packet` (in Nightly builds, run with -Z macro-backtrace for more info)
[INFO] [stderr] 
[INFO] [stderr] error[E0432]: unresolved import `libpacket_core`
[INFO] [stderr]   --> tests/run-pass/packet_size.rs:19:10
[INFO] [stderr]    |
[INFO] [stderr] 19 | #[derive(Packet)]
[INFO] [stderr]    |          ^^^^^^ use of undeclared crate or module `libpacket_core`
[INFO] [stderr]    |
[INFO] [stderr]    = note: this error originates in the derive macro `Packet` (in Nightly builds, run with -Z macro-backtrace for more info)
[INFO] [stderr] 
[INFO] [stderr] error[E0432]: unresolved import `libpacket_core`
[INFO] [stderr]   --> tests/run-pass/packet_size.rs:27:10
[INFO] [stderr]    |
[INFO] [stderr] 27 | #[derive(Packet)]
[INFO] [stderr]    |          ^^^^^^ use of undeclared crate or module `libpacket_core`
[INFO] [stderr]    |
[INFO] [stderr]    = note: this error originates in the derive macro `Packet` (in Nightly builds, run with -Z macro-backtrace for more info)
[INFO] [stderr] 
[INFO] [stderr] error[E0433]: failed to resolve: use of undeclared crate or module `libpacket_core`
[INFO] [stderr]   --> tests/run-pass/packet_size.rs:11:10
[INFO] [stderr]    |
[INFO] [stderr] 11 | #[derive(Packet)]
[INFO] [stderr]    |          ^^^^^^ use of undeclared crate or module `libpacket_core`
[INFO] [stderr]    |
[INFO] [stderr]    = note: this error originates in the derive macro `Packet` (in Nightly builds, run with -Z macro-backtrace for more info)
[INFO] [stderr] 
[INFO] [stderr] error[E0433]: failed to resolve: use of undeclared crate or module `libpacket_core`
[INFO] [stderr]   --> tests/run-pass/packet_size.rs:19:10
[INFO] [stderr]    |
[INFO] [stderr] 19 | #[derive(Packet)]
[INFO] [stderr]    |          ^^^^^^ use of undeclared crate or module `libpacket_core`
[INFO] [stderr]    |
[INFO] [stderr]    = note: this error originates in the derive macro `Packet` (in Nightly builds, run with -Z macro-backtrace for more info)
[INFO] [stderr] 
[INFO] [stderr] error[E0433]: failed to resolve: use of undeclared crate or module `libpacket_core`
[INFO] [stderr]   --> tests/run-pass/packet_size.rs:27:10
[INFO] [stderr]    |
[INFO] [stderr] 27 | #[derive(Packet)]
[INFO] [stderr]    |          ^^^^^^ use of undeclared crate or module `libpacket_core`
[INFO] [stderr]    |
[INFO] [stderr]    = note: this error originates in the derive macro `Packet` (in Nightly builds, run with -Z macro-backtrace for more info)
[INFO] [stderr] ┈┈┈┈┈┈┈┈┈┈┈┈┈┈┈┈┈┈┈┈┈┈┈┈┈┈┈┈┈┈┈┈┈┈┈┈┈┈┈┈┈┈┈┈┈┈┈┈┈┈┈┈┈┈┈┈┈┈┈┈
[INFO] [stderr] 
[INFO] [stderr] test tests/run-pass/payload_fn.rs [should pass] ... error
[INFO] [stderr] ┈┈┈┈┈┈┈┈┈┈┈┈┈┈┈┈┈┈┈┈┈┈┈┈┈┈┈┈┈┈┈┈┈┈┈┈┈┈┈┈┈┈┈┈┈┈┈┈┈┈┈┈┈┈┈┈┈┈┈┈
[INFO] [stderr] error[E0432]: unresolved import `libpacket_core`
[INFO] [stderr]   --> tests/run-pass/payload_fn.rs:11:10
[INFO] [stderr]    |
[INFO] [stderr] 11 | #[derive(Packet)]
[INFO] [stderr]    |          ^^^^^^ use of undeclared crate or module `libpacket_core`
[INFO] [stderr]    |
[INFO] [stderr]    = note: this error originates in the derive macro `Packet` (in Nightly builds, run with -Z macro-backtrace for more info)
[INFO] [stderr] 
[INFO] [stderr] error[E0433]: failed to resolve: use of undeclared crate or module `libpacket_core`
[INFO] [stderr]   --> tests/run-pass/payload_fn.rs:11:10
[INFO] [stderr]    |
[INFO] [stderr] 11 | #[derive(Packet)]
[INFO] [stderr]    |          ^^^^^^ use of undeclared crate or module `libpacket_core`
[INFO] [stderr]    |
[INFO] [stderr]    = note: this error originates in the derive macro `Packet` (in Nightly builds, run with -Z macro-backtrace for more info)
[INFO] [stderr] ┈┈┈┈┈┈┈┈┈┈┈┈┈┈┈┈┈┈┈┈┈┈┈┈┈┈┈┈┈┈┈┈┈┈┈┈┈┈┈┈┈┈┈┈┈┈┈┈┈┈┈┈┈┈┈┈┈┈┈┈
[INFO] [stderr] 
[INFO] [stderr] test tests/run-pass/payload_optional.rs [should pass] ... error
[INFO] [stderr] ┈┈┈┈┈┈┈┈┈┈┈┈┈┈┈┈┈┈┈┈┈┈┈┈┈┈┈┈┈┈┈┈┈┈┈┈┈┈┈┈┈┈┈┈┈┈┈┈┈┈┈┈┈┈┈┈┈┈┈┈
[INFO] [stderr] error[E0432]: unresolved import `libpacket_core`
[INFO] [stderr]  --> tests/run-pass/payload_optional.rs:1:5
[INFO] [stderr]   |
[INFO] [stderr] 1 | use libpacket_core::Packet;
[INFO] [stderr]   |     ^^^^^^^^^^^^^^ use of undeclared crate or module `libpacket_core`
[INFO] [stderr]   |
[INFO] [stderr] help: there is a crate or module with a similar name
[INFO] [stderr]   |
[INFO] [stderr] 1 | use libpacket_derive::Packet;
[INFO] [stderr]   |     ~~~~~~~~~~~~~~~~
[INFO] [stderr] 
[INFO] [stderr] error[E0432]: unresolved import `libpacket_core`
[INFO] [stderr]  --> tests/run-pass/payload_optional.rs:4:17
[INFO] [stderr]   |
[INFO] [stderr] 4 | #[derive(Debug, Packet)]
[INFO] [stderr]   |                 ^^^^^^ use of undeclared crate or module `libpacket_core`
[INFO] [stderr]   |
[INFO] [stderr]   = note: this error originates in the derive macro `Packet` (in Nightly builds, run with -Z macro-backtrace for more info)
[INFO] [stderr] 
[INFO] [stderr] error[E0433]: failed to resolve: use of undeclared crate or module `libpacket_core`
[INFO] [stderr]  --> tests/run-pass/payload_optional.rs:4:17
[INFO] [stderr]   |
[INFO] [stderr] 4 | #[derive(Debug, Packet)]
[INFO] [stderr]   |                 ^^^^^^ use of undeclared crate or module `libpacket_core`
[INFO] [stderr]   |
[INFO] [stderr]   = note: this error originates in the derive macro `Packet` (in Nightly builds, run with -Z macro-backtrace for more info)
[INFO] [stderr] ┈┈┈┈┈┈┈┈┈┈┈┈┈┈┈┈┈┈┈┈┈┈┈┈┈┈┈┈┈┈┈┈┈┈┈┈┈┈┈┈┈┈┈┈┈┈┈┈┈┈┈┈┈┈┈┈┈┈┈┈
[INFO] [stderr] 
[INFO] [stderr] test tests/run-pass/variable_length_fields.rs [should pass] ... error
[INFO] [stderr] ┈┈┈┈┈┈┈┈┈┈┈┈┈┈┈┈┈┈┈┈┈┈┈┈┈┈┈┈┈┈┈┈┈┈┈┈┈┈┈┈┈┈┈┈┈┈┈┈┈┈┈┈┈┈┈┈┈┈┈┈
[INFO] [stderr] error[E0433]: failed to resolve: use of undeclared crate or module `libpacket_core`
[INFO] [stderr]  --> tests/run-pass/variable_length_fields.rs:9:5
[INFO] [stderr]   |
[INFO] [stderr] 9 | use libpacket_core::types::*;
[INFO] [stderr]   |     ^^^^^^^^^^^^^^ use of undeclared crate or module `libpacket_core`
[INFO] [stderr]   |
[INFO] [stderr] help: there is a crate or module with a similar name
[INFO] [stderr]   |
[INFO] [stderr] 9 | use libpacket_derive::types::*;
[INFO] [stderr]   |     ~~~~~~~~~~~~~~~~
[INFO] [stderr] 
[INFO] [stderr] error[E0432]: unresolved import `libpacket_core`
[INFO] [stderr]   --> tests/run-pass/variable_length_fields.rs:12:10
[INFO] [stderr]    |
[INFO] [stderr] 12 | #[derive(Packet)]
[INFO] [stderr]    |          ^^^^^^ use of undeclared crate or module `libpacket_core`
[INFO] [stderr]    |
[INFO] [stderr]    = note: this error originates in the derive macro `Packet` (in Nightly builds, run with -Z macro-backtrace for more info)
[INFO] [stderr] 
[INFO] [stderr] error[E0412]: cannot find type `u16be` in this scope
[INFO] [stderr]   --> tests/run-pass/variable_length_fields.rs:16:15
[INFO] [stderr]    |
[INFO] [stderr] 16 |     data: Vec<u16be>,
[INFO] [stderr]    |               ^^^^^ not found in this scope
[INFO] [stderr]    |
[INFO] [stderr] help: you might be missing a type parameter
[INFO] [stderr]    |
[INFO] [stderr] 13 | pub struct PacketWithU16<u16be> {
[INFO] [stderr]    |                         +++++++
[INFO] [stderr] 
[INFO] [stderr] error[E0412]: cannot find type `u16be` in this scope
[INFO] [stderr]   --> tests/run-pass/variable_length_fields.rs:12:10
[INFO] [stderr]    |
[INFO] [stderr] 12 | #[derive(Packet)]
[INFO] [stderr]    |          ^^^^^^ not found in this scope
[INFO] [stderr]    |
[INFO] [stderr]    = note: this error originates in the derive macro `Packet` (in Nightly builds, run with -Z macro-backtrace for more info)
[INFO] [stderr] 
[INFO] [stderr] error[E0433]: failed to resolve: use of undeclared crate or module `libpacket_core`
[INFO] [stderr]   --> tests/run-pass/variable_length_fields.rs:12:10
[INFO] [stderr]    |
[INFO] [stderr] 12 | #[derive(Packet)]
[INFO] [stderr]    |          ^^^^^^ use of undeclared crate or module `libpacket_core`
[INFO] [stderr]    |
[INFO] [stderr]    = note: this error originates in the derive macro `Packet` (in Nightly builds, run with -Z macro-backtrace for more info)
[INFO] [stderr] ┈┈┈┈┈┈┈┈┈┈┈┈┈┈┈┈┈┈┈┈┈┈┈┈┈┈┈┈┈┈┈┈┈┈┈┈┈┈┈┈┈┈┈┈┈┈┈┈┈┈┈┈┈┈┈┈┈┈┈┈
[INFO] [stderr] 
[INFO] [stderr] test tests/run-pass/varint.rs [should pass] ... error
[INFO] [stderr] ┈┈┈┈┈┈┈┈┈┈┈┈┈┈┈┈┈┈┈┈┈┈┈┈┈┈┈┈┈┈┈┈┈┈┈┈┈┈┈┈┈┈┈┈┈┈┈┈┈┈┈┈┈┈┈┈┈┈┈┈
[INFO] [stderr] error[E0432]: unresolved import `libpacket_core`
[INFO] [stderr]   --> tests/run-pass/varint.rs:19:17
[INFO] [stderr]    |
[INFO] [stderr] 19 | #[derive(Debug, Packet)]
[INFO] [stderr]    |                 ^^^^^^ use of undeclared crate or module `libpacket_core`
[INFO] [stderr]    |
[INFO] [stderr]    = note: this error originates in the derive macro `Packet` (in Nightly builds, run with -Z macro-backtrace for more info)
[INFO] [stderr] 
[INFO] [stderr] error[E0433]: failed to resolve: use of undeclared crate or module `libpacket_core`
[INFO] [stderr]   --> tests/run-pass/varint.rs:19:17
[INFO] [stderr]    |
[INFO] [stderr] 19 | #[derive(Debug, Packet)]
[INFO] [stderr]    |                 ^^^^^^ use of undeclared crate or module `libpacket_core`
[INFO] [stderr]    |
[INFO] [stderr]    = note: this error originates in the derive macro `Packet` (in Nightly builds, run with -Z macro-backtrace for more info)
[INFO] [stderr] ┈┈┈┈┈┈┈┈┈┈┈┈┈┈┈┈┈┈┈┈┈┈┈┈┈┈┈┈┈┈┈┈┈┈┈┈┈┈┈┈┈┈┈┈┈┈┈┈┈┈┈┈┈┈┈┈┈┈┈┈
[INFO] [stderr] 
[INFO] [stderr] 
[INFO] [stderr] 
[INFO] [stdout] test compile_test ... FAILED
[INFO] [stdout] 
[INFO] [stdout] failures:
[INFO] [stdout] 
[INFO] [stdout] ---- compile_test stdout ----
[INFO] [stdout] thread 'compile_test' panicked at /opt/rustwide/cargo-home/registry/src/index.crates.io-6f17d22bba15001f/trybuild-1.0.101/src/run.rs:101:13:
[INFO] [stdout] 13 of 22 tests failed
[INFO] [stdout] stack backtrace:
[INFO] [stdout]    0:     0x59f5cb9faaca - std::backtrace_rs::backtrace::libunwind::trace::h207520d6e9873551
[INFO] [stdout]                                at /rustc/df4ca44d3fbc9301ee17f30f4d474e6ae4b05252/library/std/src/../../backtrace/src/backtrace/libunwind.rs:116:5
[INFO] [stdout]    1:     0x59f5cb9faaca - std::backtrace_rs::backtrace::trace_unsynchronized::h2ed7433f370e3eca
[INFO] [stdout]                                at /rustc/df4ca44d3fbc9301ee17f30f4d474e6ae4b05252/library/std/src/../../backtrace/src/backtrace/mod.rs:66:5
[INFO] [stdout]    2:     0x59f5cb9faaca - std::sys::backtrace::_print_fmt::h916fac51166b18d7
[INFO] [stdout]                                at /rustc/df4ca44d3fbc9301ee17f30f4d474e6ae4b05252/library/std/src/sys/backtrace.rs:66:9
[INFO] [stdout]    3:     0x59f5cb9faaca - <std::sys::backtrace::BacktraceLock::print::DisplayBacktrace as core::fmt::Display>::fmt::ha0a4c9b8ce3802e6
[INFO] [stdout]                                at /rustc/df4ca44d3fbc9301ee17f30f4d474e6ae4b05252/library/std/src/sys/backtrace.rs:39:26
[INFO] [stdout]    4:     0x59f5cba24f73 - core::fmt::rt::Argument::fmt::h4cfc8587d52b3eb5
[INFO] [stdout]                                at /rustc/df4ca44d3fbc9301ee17f30f4d474e6ae4b05252/library/core/src/fmt/rt.rs:177:76
[INFO] [stdout]    5:     0x59f5cba24f73 - core::fmt::write::h522cc39e5b36ae9f
[INFO] [stdout]                                at /rustc/df4ca44d3fbc9301ee17f30f4d474e6ae4b05252/library/core/src/fmt/mod.rs:1190:21
[INFO] [stdout]    6:     0x59f5cb9f6b03 - std::io::Write::write_fmt::h7d3c26752da97734
[INFO] [stdout]                                at /rustc/df4ca44d3fbc9301ee17f30f4d474e6ae4b05252/library/std/src/io/mod.rs:1839:15
[INFO] [stdout]    7:     0x59f5cb9fa912 - std::sys::backtrace::BacktraceLock::print::h4b9e00b29e9c0942
[INFO] [stdout]                                at /rustc/df4ca44d3fbc9301ee17f30f4d474e6ae4b05252/library/std/src/sys/backtrace.rs:42:9
[INFO] [stdout]    8:     0x59f5cb9fc55a - std::panicking::default_hook::{{closure}}::hb59b88280d0324d9
[INFO] [stdout]                                at /rustc/df4ca44d3fbc9301ee17f30f4d474e6ae4b05252/library/std/src/panicking.rs:268:22
[INFO] [stdout]    9:     0x59f5cb9fc364 - std::panicking::default_hook::he1dd496665be4a29
[INFO] [stdout]                                at /rustc/df4ca44d3fbc9301ee17f30f4d474e6ae4b05252/library/std/src/panicking.rs:292:9
[INFO] [stdout]   10:     0x59f5cb9c3059 - <alloc::boxed::Box<F,A> as core::ops::function::Fn<Args>>::call::h4ff71de18744e1dc
[INFO] [stdout]                                at /rustc/df4ca44d3fbc9301ee17f30f4d474e6ae4b05252/library/alloc/src/boxed.rs:2468:9
[INFO] [stdout]   11:     0x59f5cb9c3059 - test::test_main::{{closure}}::hcf7c055ce117aa81
[INFO] [stdout]                                at /rustc/df4ca44d3fbc9301ee17f30f4d474e6ae4b05252/library/test/src/lib.rs:133:21
[INFO] [stdout]   12:     0x59f5cb9fcc58 - <alloc::boxed::Box<F,A> as core::ops::function::Fn<Args>>::call::h1d66c6bbd60c9692
[INFO] [stdout]                                at /rustc/df4ca44d3fbc9301ee17f30f4d474e6ae4b05252/library/alloc/src/boxed.rs:2468:9
[INFO] [stdout]   13:     0x59f5cb9fcc58 - std::panicking::rust_panic_with_hook::h2ff17fe8f26dfcf8
[INFO] [stdout]                                at /rustc/df4ca44d3fbc9301ee17f30f4d474e6ae4b05252/library/std/src/panicking.rs:809:13
[INFO] [stdout]   14:     0x59f5cb9fca1a - std::panicking::begin_panic_handler::{{closure}}::h4fad77951c07e101
[INFO] [stdout]                                at /rustc/df4ca44d3fbc9301ee17f30f4d474e6ae4b05252/library/std/src/panicking.rs:674:13
[INFO] [stdout]   15:     0x59f5cb9fafa9 - std::sys::backtrace::__rust_end_short_backtrace::hb1a25b3da5d0ea08
[INFO] [stdout]                                at /rustc/df4ca44d3fbc9301ee17f30f4d474e6ae4b05252/library/std/src/sys/backtrace.rs:170:18
[INFO] [stdout]   16:     0x59f5cb9fc6ac - rust_begin_unwind
[INFO] [stdout]                                at /rustc/df4ca44d3fbc9301ee17f30f4d474e6ae4b05252/library/std/src/panicking.rs:665:5
[INFO] [stdout]   17:     0x59f5cba23320 - core::panicking::panic_fmt::ha9db07b529f9b256
[INFO] [stdout]                                at /rustc/df4ca44d3fbc9301ee17f30f4d474e6ae4b05252/library/core/src/panicking.rs:75:14
[INFO] [stdout]   18:     0x59f5cb7a0f45 - trybuild::run::<impl trybuild::Runner>::run::h8552e4200e71e63d
[INFO] [stdout]                                at /opt/rustwide/cargo-home/registry/src/index.crates.io-6f17d22bba15001f/trybuild-1.0.101/src/run.rs:101:13
[INFO] [stdout]   19:     0x59f5cb7a6478 - <trybuild::TestCases as core::ops::drop::Drop>::drop::hc4a735a9454cdfbe
[INFO] [stdout]                                at /opt/rustwide/cargo-home/registry/src/index.crates.io-6f17d22bba15001f/trybuild-1.0.101/src/lib.rs:340:13
[INFO] [stdout]   20:     0x59f5cb6d2517 - core::ptr::drop_in_place<trybuild::TestCases>::h0e780db78165b3f4
[INFO] [stdout]                                at /rustc/df4ca44d3fbc9301ee17f30f4d474e6ae4b05252/library/core/src/ptr/mod.rs:521:1
[INFO] [stdout]   21:     0x59f5cb6d2dbb - tests::compile_test::hf0f69cd969a30a9e
[INFO] [stdout]                                at /opt/rustwide/workdir/tests/tests.rs:6:1
[INFO] [stdout]   22:     0x59f5cb6d2d37 - tests::compile_test::{{closure}}::h26fe2b23ab604f57
[INFO] [stdout]                                at /opt/rustwide/workdir/tests/tests.rs:2:18
[INFO] [stdout]   23:     0x59f5cb6d2486 - core::ops::function::FnOnce::call_once::ha809c11399f451bb
[INFO] [stdout]                                at /rustc/df4ca44d3fbc9301ee17f30f4d474e6ae4b05252/library/core/src/ops/function.rs:250:5
[INFO] [stdout]   24:     0x59f5cb9c792b - core::ops::function::FnOnce::call_once::h22c3ba5715e93f05
[INFO] [stdout]                                at /rustc/df4ca44d3fbc9301ee17f30f4d474e6ae4b05252/library/core/src/ops/function.rs:250:5
[INFO] [stdout]   25:     0x59f5cb9c792b - test::__rust_begin_short_backtrace::h8e82d8113d0da17f
[INFO] [stdout]                                at /rustc/df4ca44d3fbc9301ee17f30f4d474e6ae4b05252/library/test/src/lib.rs:621:18
[INFO] [stdout]   26:     0x59f5cb9c72a7 - test::run_test_in_process::{{closure}}::h33235f4f20b7b7c7
[INFO] [stdout]                                at /rustc/df4ca44d3fbc9301ee17f30f4d474e6ae4b05252/library/test/src/lib.rs:644:60
[INFO] [stdout]   27:     0x59f5cb9c72a7 - <core::panic::unwind_safe::AssertUnwindSafe<F> as core::ops::function::FnOnce<()>>::call_once::hb5043206310c586f
[INFO] [stdout]                                at /rustc/df4ca44d3fbc9301ee17f30f4d474e6ae4b05252/library/core/src/panic/unwind_safe.rs:272:9
[INFO] [stdout]   28:     0x59f5cb9c72a7 - std::panicking::try::do_call::h9ad4731a60ab23e2
[INFO] [stdout]                                at /rustc/df4ca44d3fbc9301ee17f30f4d474e6ae4b05252/library/std/src/panicking.rs:557:40
[INFO] [stdout]   29:     0x59f5cb9c72a7 - std::panicking::try::h3824d23db772a716
[INFO] [stdout]                                at /rustc/df4ca44d3fbc9301ee17f30f4d474e6ae4b05252/library/std/src/panicking.rs:520:19
[INFO] [stdout]   30:     0x59f5cb9c72a7 - std::panic::catch_unwind::h5afd514605fde46b
[INFO] [stdout]                                at /rustc/df4ca44d3fbc9301ee17f30f4d474e6ae4b05252/library/std/src/panic.rs:358:14
[INFO] [stdout]   31:     0x59f5cb9c72a7 - test::run_test_in_process::h0d5cbfa7067d1720
[INFO] [stdout]                                at /rustc/df4ca44d3fbc9301ee17f30f4d474e6ae4b05252/library/test/src/lib.rs:644:27
[INFO] [stdout]   32:     0x59f5cb9c72a7 - test::run_test::{{closure}}::h708eb8872708115d
[INFO] [stdout]                                at /rustc/df4ca44d3fbc9301ee17f30f4d474e6ae4b05252/library/test/src/lib.rs:565:43
[INFO] [stdout]   33:     0x59f5cb98a9c4 - test::run_test::{{closure}}::h392c51cee94713ab
[INFO] [stdout]                                at /rustc/df4ca44d3fbc9301ee17f30f4d474e6ae4b05252/library/test/src/lib.rs:595:41
[INFO] [stdout]   34:     0x59f5cb98a9c4 - std::sys::backtrace::__rust_begin_short_backtrace::h2f40290710935a8b
[INFO] [stdout]                                at /rustc/df4ca44d3fbc9301ee17f30f4d474e6ae4b05252/library/std/src/sys/backtrace.rs:154:18
[INFO] [stdout]   35:     0x59f5cb98e16e - std::thread::Builder::spawn_unchecked_::{{closure}}::{{closure}}::h3fd968d89053a903
[INFO] [stdout]                                at /rustc/df4ca44d3fbc9301ee17f30f4d474e6ae4b05252/library/std/src/thread/mod.rs:541:17
[INFO] [stdout]   36:     0x59f5cb98e16e - <core::panic::unwind_safe::AssertUnwindSafe<F> as core::ops::function::FnOnce<()>>::call_once::h743f637ba4229880
[INFO] [stdout]                                at /rustc/df4ca44d3fbc9301ee17f30f4d474e6ae4b05252/library/core/src/panic/unwind_safe.rs:272:9
[INFO] [stdout]   37:     0x59f5cb98e16e - std::panicking::try::do_call::h07440897322525a6
[INFO] [stdout]                                at /rustc/df4ca44d3fbc9301ee17f30f4d474e6ae4b05252/library/std/src/panicking.rs:557:40
[INFO] [stdout]   38:     0x59f5cb98e16e - std::panicking::try::he5a2e00188156637
[INFO] [stdout]                                at /rustc/df4ca44d3fbc9301ee17f30f4d474e6ae4b05252/library/std/src/panicking.rs:520:19
[INFO] [stdout]   39:     0x59f5cb98e16e - std::panic::catch_unwind::hbaf3cae49b3c6433
[INFO] [stdout]                                at /rustc/df4ca44d3fbc9301ee17f30f4d474e6ae4b05252/library/std/src/panic.rs:358:14
[INFO] [stdout]   40:     0x59f5cb98e16e - std::thread::Builder::spawn_unchecked_::{{closure}}::h8e141ea224820bce
[INFO] [stdout]                                at /rustc/df4ca44d3fbc9301ee17f30f4d474e6ae4b05252/library/std/src/thread/mod.rs:540:30
[INFO] [stdout]   41:     0x59f5cb98e16e - core::ops::function::FnOnce::call_once{{vtable.shim}}::h90d312fedd7b8ea8
[INFO] [stdout]                                at /rustc/df4ca44d3fbc9301ee17f30f4d474e6ae4b05252/library/core/src/ops/function.rs:250:5
[INFO] [stdout]   42:     0x59f5cba01a1b - <alloc::boxed::Box<F,A> as core::ops::function::FnOnce<Args>>::call_once::h69aa08ddb6adb8b6
[INFO] [stdout]                                at /rustc/df4ca44d3fbc9301ee17f30f4d474e6ae4b05252/library/alloc/src/boxed.rs:2454:9
[INFO] [stdout]   43:     0x59f5cba01a1b - <alloc::boxed::Box<F,A> as core::ops::function::FnOnce<Args>>::call_once::h5aa36efdb79c806f
[INFO] [stdout]                                at /rustc/df4ca44d3fbc9301ee17f30f4d474e6ae4b05252/library/alloc/src/boxed.rs:2454:9
[INFO] [stdout]   44:     0x59f5cba01a1b - std::sys::pal::unix::thread::Thread::new::thread_start::h6cd80a1b4be5158d
[INFO] [stdout]                                at /rustc/df4ca44d3fbc9301ee17f30f4d474e6ae4b05252/library/std/src/sys/pal/unix/thread.rs:105:17
[INFO] [stdout]   45:     0x7d269459aac3 - <unknown>
[INFO] [stdout]   46:     0x7d269462ba04 - clone
[INFO] [stdout]   47:                0x0 - <unknown>
[INFO] [stdout] 
[INFO] [stdout] 
[INFO] [stdout] failures:
[INFO] [stdout]     compile_test
[INFO] [stdout] 
[INFO] [stdout] test result: FAILED. 0 passed; 1 failed; 0 ignored; 0 measured; 0 filtered out; finished in 8.80s
[INFO] [stdout] 
[INFO] [stderr] error: test failed, to rerun pass `--test tests`
[INFO] running `Command { std: "docker" "inspect" "6b1b38935502654b09fd0a71eb9b7dcaa86949eb3b532123dc12c800a7c10181", kill_on_drop: false }`
[INFO] running `Command { std: "docker" "rm" "-f" "6b1b38935502654b09fd0a71eb9b7dcaa86949eb3b532123dc12c800a7c10181", kill_on_drop: false }`
[INFO] [stdout] 6b1b38935502654b09fd0a71eb9b7dcaa86949eb3b532123dc12c800a7c10181
