[INFO] fetching crate libp2p-websocket-websys 0.4.0...
[INFO] testing libp2p-websocket-websys-0.4.0 against nightly-2024-10-28 for randomize-layout
[INFO] extracting crate libp2p-websocket-websys 0.4.0 into /workspace/builds/worker-2-tc1/source
[INFO] validating manifest of crates.io crate libp2p-websocket-websys 0.4.0 on toolchain nightly-2024-10-28
[INFO] running `Command { std: CARGO_HOME="/workspace/cargo-home" RUSTUP_HOME="/workspace/rustup-home" "/workspace/cargo-home/bin/cargo" "+nightly-2024-10-28" "metadata" "--manifest-path" "Cargo.toml" "--no-deps", kill_on_drop: false }`
[INFO] started tweaking crates.io crate libp2p-websocket-websys 0.4.0
[INFO] finished tweaking crates.io crate libp2p-websocket-websys 0.4.0
[INFO] tweaked toml for crates.io crate libp2p-websocket-websys 0.4.0 written to /workspace/builds/worker-2-tc1/source/Cargo.toml
[INFO] running `Command { std: CARGO_HOME="/workspace/cargo-home" RUSTUP_HOME="/workspace/rustup-home" "/workspace/cargo-home/bin/cargo" "+nightly-2024-10-28" "generate-lockfile" "--manifest-path" "Cargo.toml", kill_on_drop: false }`
[INFO] [stderr]     Updating crates.io index
[INFO] [stderr]      Locking 155 packages to latest compatible versions
[INFO] [stderr]       Adding libp2p-noise v0.44.0 (available: v0.45.0)
[INFO] [stderr]       Adding libp2p-yamux v0.45.2 (available: v0.46.0)
[INFO] running `Command { std: CARGO_HOME="/workspace/cargo-home" RUSTUP_HOME="/workspace/rustup-home" "/workspace/cargo-home/bin/cargo" "+nightly-2024-10-28" "fetch" "--manifest-path" "Cargo.toml", kill_on_drop: false }`
[INFO] [stderr]  Downloading crates ...
[INFO] [stderr]   Downloaded unsigned-varint v0.7.2
[INFO] [stderr]   Downloaded yamux v0.12.1
[INFO] [stderr]   Downloaded libp2p-identity v0.2.9
[INFO] [stderr]   Downloaded libp2p-yamux v0.45.2
[INFO] [stderr]   Downloaded yamux v0.13.3
[INFO] [stderr]   Downloaded libp2p-noise v0.44.0
[INFO] [stderr]   Downloaded asynchronous-codec v0.7.0
[INFO] [stderr]   Downloaded multiaddr v0.18.2
[INFO] [stderr]   Downloaded libp2p-core v0.42.0
[INFO] [stderr]   Downloaded libp2p-core v0.41.3
[INFO] [stderr]   Downloaded snow v0.9.6
[INFO] running `Command { std: "docker" "create" "-v" "/var/lib/crater-agent-workspace/builds/worker-2-tc1/target:/opt/rustwide/target:rw,Z" "-v" "/var/lib/crater-agent-workspace/builds/worker-2-tc1/source:/opt/rustwide/workdir:ro,Z" "-v" "/var/lib/crater-agent-workspace/cargo-home:/opt/rustwide/cargo-home:ro,Z" "-v" "/var/lib/crater-agent-workspace/rustup-home:/opt/rustwide/rustup-home:ro,Z" "-e" "SOURCE_DIR=/opt/rustwide/workdir" "-e" "CARGO_TARGET_DIR=/opt/rustwide/target" "-e" "CARGO_HOME=/opt/rustwide/cargo-home" "-e" "RUSTUP_HOME=/opt/rustwide/rustup-home" "-w" "/opt/rustwide/workdir" "-m" "1610612736" "--user" "0:0" "--network" "none" "ghcr.io/rust-lang/crates-build-env/linux@sha256:4a844ea9eb2546a2d2c7022eacef16ef2e8229c7fbb2c7d4d55a9ceca922f72d" "/opt/rustwide/cargo-home/bin/cargo" "+nightly-2024-10-28" "metadata" "--no-deps" "--format-version=1", kill_on_drop: false }`
[INFO] [stdout] 8d62cdc062a8b4a0e329dad241a946b4f235494400c03327c076df4bf9d86c0c
[INFO] running `Command { std: "docker" "start" "-a" "8d62cdc062a8b4a0e329dad241a946b4f235494400c03327c076df4bf9d86c0c", kill_on_drop: false }`
[INFO] running `Command { std: "docker" "inspect" "8d62cdc062a8b4a0e329dad241a946b4f235494400c03327c076df4bf9d86c0c", kill_on_drop: false }`
[INFO] running `Command { std: "docker" "rm" "-f" "8d62cdc062a8b4a0e329dad241a946b4f235494400c03327c076df4bf9d86c0c", kill_on_drop: false }`
[INFO] [stdout] 8d62cdc062a8b4a0e329dad241a946b4f235494400c03327c076df4bf9d86c0c
[INFO] running `Command { std: "docker" "create" "-v" "/var/lib/crater-agent-workspace/builds/worker-2-tc1/target:/opt/rustwide/target:rw,Z" "-v" "/var/lib/crater-agent-workspace/builds/worker-2-tc1/source:/opt/rustwide/workdir:ro,Z" "-v" "/var/lib/crater-agent-workspace/cargo-home:/opt/rustwide/cargo-home:ro,Z" "-v" "/var/lib/crater-agent-workspace/rustup-home:/opt/rustwide/rustup-home:ro,Z" "-e" "SOURCE_DIR=/opt/rustwide/workdir" "-e" "CARGO_TARGET_DIR=/opt/rustwide/target" "-e" "CARGO_INCREMENTAL=0" "-e" "RUST_BACKTRACE=full" "-e" "RUSTFLAGS=--cap-lints=forbid" "-e" "RUSTDOCFLAGS=--cap-lints=forbid" "-e" "CARGO_HOME=/opt/rustwide/cargo-home" "-e" "RUSTUP_HOME=/opt/rustwide/rustup-home" "-w" "/opt/rustwide/workdir" "-m" "1610612736" "--user" "0:0" "--network" "none" "ghcr.io/rust-lang/crates-build-env/linux@sha256:4a844ea9eb2546a2d2c7022eacef16ef2e8229c7fbb2c7d4d55a9ceca922f72d" "/opt/rustwide/cargo-home/bin/cargo" "+nightly-2024-10-28" "build" "--frozen" "--message-format=json", kill_on_drop: false }`
[INFO] [stdout] 7c6b539a1dba846d311ab78de66b10b931c2b17a6dc31d68d670833c82a1a591
[INFO] running `Command { std: "docker" "start" "-a" "7c6b539a1dba846d311ab78de66b10b931c2b17a6dc31d68d670833c82a1a591", kill_on_drop: false }`
[INFO] [stderr]    Compiling typenum v1.17.0
[INFO] [stderr]    Compiling generic-array v0.14.7
[INFO] [stderr]    Compiling semver v1.0.23
[INFO] [stderr]    Compiling subtle v2.6.1
[INFO] [stderr]    Compiling wasm-bindgen-shared v0.2.95
[INFO] [stderr]    Compiling syn v2.0.86
[INFO] [stderr]    Compiling byteorder v1.5.0
[INFO] [stderr]    Compiling futures-sink v0.3.31
[INFO] [stderr]    Compiling futures-core v0.3.31
[INFO] [stderr]    Compiling syn v1.0.109
[INFO] [stderr]    Compiling cpufeatures v0.2.14
[INFO] [stderr]    Compiling futures-channel v0.3.31
[INFO] [stderr]    Compiling num_cpus v1.16.0
[INFO] [stderr]    Compiling data-encoding v2.6.0
[INFO] [stderr]    Compiling zeroize v1.8.1
[INFO] [stderr]    Compiling signature v2.2.0
[INFO] [stderr]    Compiling rustc_version v0.4.1
[INFO] [stderr]    Compiling ed25519 v2.2.3
[INFO] [stderr]    Compiling getrandom v0.2.15
[INFO] [stderr]    Compiling core2 v0.4.0
[INFO] [stderr]    Compiling unsigned-varint v0.8.0
[INFO] [stderr]    Compiling smallvec v1.13.2
[INFO] [stderr]    Compiling curve25519-dalek v4.1.3
[INFO] [stderr]    Compiling wasm-bindgen v0.2.95
[INFO] [stderr]    Compiling multihash v0.19.2
[INFO] [stderr]    Compiling rand_core v0.6.4
[INFO] [stderr]    Compiling serde v1.0.214
[INFO] [stderr]    Compiling quick-protobuf v0.8.1
[INFO] [stderr]    Compiling bs58 v0.5.1
[INFO] [stderr]    Compiling base-x v0.2.11
[INFO] [stderr]    Compiling static_assertions v1.1.0
[INFO] [stderr]    Compiling parking_lot_core v0.9.10
[INFO] [stderr]    Compiling url v2.5.2
[INFO] [stderr]    Compiling arrayref v0.3.9
[INFO] [stderr]    Compiling unsigned-varint v0.7.2
[INFO] [stderr]    Compiling data-encoding-macro-internal v0.1.13
[INFO] [stderr]    Compiling parking_lot v0.12.3
[INFO] [stderr]    Compiling futures-timer v3.0.3
[INFO] [stderr]    Compiling block-buffer v0.10.4
[INFO] [stderr]    Compiling crypto-common v0.1.6
[INFO] [stderr]    Compiling data-encoding-macro v0.1.15
[INFO] [stderr]    Compiling digest v0.10.7
[INFO] [stderr]    Compiling web-time v1.1.0
[INFO] [stderr]    Compiling multibase v0.9.1
[INFO] [stderr]    Compiling either v1.13.0
[INFO] [stderr]    Compiling void v1.0.2
[INFO] [stderr]    Compiling send_wrapper v0.6.0
[INFO] [stderr]    Compiling sha2 v0.10.8
[INFO] [stderr]    Compiling hmac v0.12.1
[INFO] [stderr]    Compiling hkdf v0.12.4
[INFO] [stderr]    Compiling wasm-bindgen-backend v0.2.95
[INFO] [stderr]    Compiling futures-macro v0.3.31
[INFO] [stderr]    Compiling zerocopy-derive v0.7.35
[INFO] [stderr]    Compiling curve25519-dalek-derive v0.1.1
[INFO] [stderr]    Compiling thiserror-impl v1.0.66
[INFO] [stderr]    Compiling pin-project-internal v1.1.7
[INFO] [stderr]    Compiling tracing-attributes v0.1.27
[INFO] [stderr]    Compiling wasm-bindgen-macro-support v0.2.95
[INFO] [stderr]    Compiling zerocopy v0.7.35
[INFO] [stderr]    Compiling futures-util v0.3.31
[INFO] [stderr]    Compiling pin-project v1.1.7
[INFO] [stderr]    Compiling thiserror v1.0.66
[INFO] [stderr]    Compiling ppv-lite86 v0.2.20
[INFO] [stderr]    Compiling tracing v0.1.40
[INFO] [stderr]    Compiling wasm-bindgen-macro v0.2.95
[INFO] [stderr]    Compiling rand_chacha v0.3.1
[INFO] [stderr]    Compiling ed25519-dalek v2.1.1
[INFO] [stderr]    Compiling libp2p-identity v0.2.9
[INFO] [stderr]    Compiling rand v0.8.5
[INFO] [stderr]    Compiling multiaddr v0.18.2
[INFO] [stderr]    Compiling js-sys v0.3.72
[INFO] [stderr]    Compiling futures-executor v0.3.31
[INFO] [stderr]    Compiling futures v0.3.31
[INFO] [stderr]    Compiling rw-stream-sink v0.4.0
[INFO] [stderr]    Compiling multistream-select v0.13.0
[INFO] [stderr]    Compiling libp2p-core v0.42.0
[INFO] [stderr]    Compiling web-sys v0.3.72
[INFO] [stderr]    Compiling libp2p-websocket-websys v0.4.0 (/opt/rustwide/workdir)
[INFO] [stderr]     Finished `dev` profile [unoptimized + debuginfo] target(s) in 8.99s
[INFO] running `Command { std: "docker" "inspect" "7c6b539a1dba846d311ab78de66b10b931c2b17a6dc31d68d670833c82a1a591", kill_on_drop: false }`
[INFO] running `Command { std: "docker" "rm" "-f" "7c6b539a1dba846d311ab78de66b10b931c2b17a6dc31d68d670833c82a1a591", kill_on_drop: false }`
[INFO] [stdout] 7c6b539a1dba846d311ab78de66b10b931c2b17a6dc31d68d670833c82a1a591
[INFO] running `Command { std: "docker" "create" "-v" "/var/lib/crater-agent-workspace/builds/worker-2-tc1/target:/opt/rustwide/target:rw,Z" "-v" "/var/lib/crater-agent-workspace/builds/worker-2-tc1/source:/opt/rustwide/workdir:ro,Z" "-v" "/var/lib/crater-agent-workspace/cargo-home:/opt/rustwide/cargo-home:ro,Z" "-v" "/var/lib/crater-agent-workspace/rustup-home:/opt/rustwide/rustup-home:ro,Z" "-e" "SOURCE_DIR=/opt/rustwide/workdir" "-e" "CARGO_TARGET_DIR=/opt/rustwide/target" "-e" "CARGO_INCREMENTAL=0" "-e" "RUST_BACKTRACE=full" "-e" "RUSTFLAGS=--cap-lints=forbid" "-e" "RUSTDOCFLAGS=--cap-lints=forbid" "-e" "CARGO_HOME=/opt/rustwide/cargo-home" "-e" "RUSTUP_HOME=/opt/rustwide/rustup-home" "-w" "/opt/rustwide/workdir" "-m" "1610612736" "--user" "0:0" "--network" "none" "ghcr.io/rust-lang/crates-build-env/linux@sha256:4a844ea9eb2546a2d2c7022eacef16ef2e8229c7fbb2c7d4d55a9ceca922f72d" "/opt/rustwide/cargo-home/bin/cargo" "+nightly-2024-10-28" "test" "--frozen" "--no-run" "--message-format=json", kill_on_drop: false }`
[INFO] [stdout] 24ded3f600605bba59f5d393065e45a1cf27b66cb3a62a8571e93f04bc9ea6de
[INFO] running `Command { std: "docker" "start" "-a" "24ded3f600605bba59f5d393065e45a1cf27b66cb3a62a8571e93f04bc9ea6de", kill_on_drop: false }`
[INFO] [stderr]    Compiling subtle v2.6.1
[INFO] [stderr]    Compiling futures-channel v0.3.31
[INFO] [stderr]    Compiling zeroize_derive v1.4.2
[INFO] [stderr]    Compiling curve25519-dalek v4.1.3
[INFO] [stderr]    Compiling snow v0.9.6
[INFO] [stderr]    Compiling nohash-hasher v0.2.0
[INFO] [stderr]    Compiling ring v0.17.8
[INFO] [stderr]    Compiling digest v0.10.7
[INFO] [stderr]    Compiling futures-util v0.3.31
[INFO] [stderr]    Compiling hmac v0.12.1
[INFO] [stderr]    Compiling sha2 v0.10.8
[INFO] [stderr]    Compiling hkdf v0.12.4
[INFO] [stderr]    Compiling zeroize v1.8.1
[INFO] [stderr]    Compiling ed25519-dalek v2.1.1
[INFO] [stderr]    Compiling x25519-dalek v2.0.1
[INFO] [stderr]    Compiling libp2p-identity v0.2.9
[INFO] [stderr]    Compiling multiaddr v0.18.2
[INFO] [stderr]    Compiling futures-executor v0.3.31
[INFO] [stderr]    Compiling asynchronous-codec v0.7.0
[INFO] [stderr]    Compiling futures v0.3.31
[INFO] [stderr]    Compiling multistream-select v0.13.0
[INFO] [stderr]    Compiling rw-stream-sink v0.4.0
[INFO] [stderr]    Compiling yamux v0.12.1
[INFO] [stderr]    Compiling yamux v0.13.3
[INFO] [stderr]    Compiling libp2p-core v0.41.3
[INFO] [stderr]    Compiling libp2p-core v0.42.0
[INFO] [stderr]    Compiling libp2p-yamux v0.45.2
[INFO] [stderr]    Compiling libp2p-noise v0.44.0
[INFO] [stderr]    Compiling libp2p-websocket-websys v0.4.0 (/opt/rustwide/workdir)
[INFO] [stderr]     Finished `test` profile [unoptimized + debuginfo] target(s) in 4.32s
[INFO] running `Command { std: "docker" "inspect" "24ded3f600605bba59f5d393065e45a1cf27b66cb3a62a8571e93f04bc9ea6de", kill_on_drop: false }`
[INFO] running `Command { std: "docker" "rm" "-f" "24ded3f600605bba59f5d393065e45a1cf27b66cb3a62a8571e93f04bc9ea6de", kill_on_drop: false }`
[INFO] [stdout] 24ded3f600605bba59f5d393065e45a1cf27b66cb3a62a8571e93f04bc9ea6de
[INFO] running `Command { std: "docker" "create" "-v" "/var/lib/crater-agent-workspace/builds/worker-2-tc1/target:/opt/rustwide/target:rw,Z" "-v" "/var/lib/crater-agent-workspace/builds/worker-2-tc1/source:/opt/rustwide/workdir:ro,Z" "-v" "/var/lib/crater-agent-workspace/cargo-home:/opt/rustwide/cargo-home:ro,Z" "-v" "/var/lib/crater-agent-workspace/rustup-home:/opt/rustwide/rustup-home:ro,Z" "-e" "SOURCE_DIR=/opt/rustwide/workdir" "-e" "CARGO_TARGET_DIR=/opt/rustwide/target" "-e" "CARGO_INCREMENTAL=0" "-e" "RUST_BACKTRACE=full" "-e" "RUSTFLAGS=--cap-lints=forbid" "-e" "RUSTDOCFLAGS=--cap-lints=forbid" "-e" "CARGO_HOME=/opt/rustwide/cargo-home" "-e" "RUSTUP_HOME=/opt/rustwide/rustup-home" "-w" "/opt/rustwide/workdir" "-m" "1610612736" "--user" "0:0" "--network" "none" "ghcr.io/rust-lang/crates-build-env/linux@sha256:4a844ea9eb2546a2d2c7022eacef16ef2e8229c7fbb2c7d4d55a9ceca922f72d" "/opt/rustwide/cargo-home/bin/cargo" "+nightly-2024-10-28" "test" "--frozen", kill_on_drop: false }`
[INFO] [stdout] 3cb48ef65b22524a63f24aa2ac66f97290af5702b1407b16f705ffbb84b0e643
[INFO] running `Command { std: "docker" "start" "-a" "3cb48ef65b22524a63f24aa2ac66f97290af5702b1407b16f705ffbb84b0e643", kill_on_drop: false }`
[INFO] [stderr]     Finished `test` profile [unoptimized + debuginfo] target(s) in 0.08s
[INFO] [stderr]      Running unittests src/lib.rs (/opt/rustwide/target/debug/deps/libp2p_websocket_websys-332d42b770307b98)
[INFO] [stdout] 
[INFO] [stdout] running 1 test
[INFO] [stdout] test tests::extract_url ... ok
[INFO] [stdout] 
[INFO] [stdout] test result: ok. 1 passed; 0 failed; 0 ignored; 0 measured; 0 filtered out; finished in 0.00s
[INFO] [stdout] 
[INFO] [stderr]    Doc-tests libp2p_websocket_websys
[INFO] [stdout] 
[INFO] [stdout] running 1 test
[INFO] [stdout] test src/lib.rs - Transport (line 51) ... FAILED
[INFO] [stdout] 
[INFO] [stdout] failures:
[INFO] [stdout] 
[INFO] [stdout] ---- src/lib.rs - Transport (line 51) stdout ----
[INFO] [stdout] error[E0277]: the trait bound `libp2p_noise::Config: InboundConnectionUpgrade<multistream_select::negotiated::Negotiated<Connection>>` is not satisfied
[INFO] [stdout]    --> src/lib.rs:60:19
[INFO] [stdout]     |
[INFO] [stdout] 12  |     .authenticate(noise::Config::new(&local_key).unwrap())
[INFO] [stdout]     |      ------------ ^^^^^^^^^^^^^^^^^^^^^^^^^^^^^^^^^^^^^^^ the trait `InboundConnectionUpgrade<multistream_select::negotiated::Negotiated<Connection>>` is not implemented for `libp2p_noise::Config`
[INFO] [stdout]     |      |
[INFO] [stdout]     |      required by a bound introduced by this call
[INFO] [stdout]     |
[INFO] [stdout]     = help: the trait `InboundConnectionUpgrade<C>` is implemented for `SelectUpgrade<A, B>`
[INFO] [stdout] note: required by a bound in `libp2p_core::transport::upgrade::Builder::<T>::authenticate`
[INFO] [stdout]    --> /opt/rustwide/cargo-home/registry/src/index.crates.io-6f17d22bba15001f/libp2p-core-0.42.0/src/transport/upgrade.rs:105:12
[INFO] [stdout]     |
[INFO] [stdout] 97  |     pub fn authenticate<C, D, U, E>(
[INFO] [stdout]     |            ------------ required by a bound in this associated function
[INFO] [stdout] ...
[INFO] [stdout] 105 |         U: InboundConnectionUpgrade<Negotiated<C>, Output = (PeerId, D), Error = E>,
[INFO] [stdout]     |            ^^^^^^^^^^^^^^^^^^^^^^^^^^^^^^^^^^^^^^^^^^^^^^^^^^^^^^^^^^^^^^^^^^^^^^^^ required by this bound in `Builder::<T>::authenticate`
[INFO] [stdout] 
[INFO] [stdout] error[E0277]: the trait bound `libp2p_noise::Config: OutboundConnectionUpgrade<multistream_select::negotiated::Negotiated<Connection>>` is not satisfied
[INFO] [stdout]    --> src/lib.rs:60:19
[INFO] [stdout]     |
[INFO] [stdout] 12  |     .authenticate(noise::Config::new(&local_key).unwrap())
[INFO] [stdout]     |      ------------ ^^^^^^^^^^^^^^^^^^^^^^^^^^^^^^^^^^^^^^^ the trait `OutboundConnectionUpgrade<multistream_select::negotiated::Negotiated<Connection>>` is not implemented for `libp2p_noise::Config`
[INFO] [stdout]     |      |
[INFO] [stdout]     |      required by a bound introduced by this call
[INFO] [stdout]     |
[INFO] [stdout]     = help: the trait `OutboundConnectionUpgrade<C>` is implemented for `SelectUpgrade<A, B>`
[INFO] [stdout] note: required by a bound in `libp2p_core::transport::upgrade::Builder::<T>::authenticate`
[INFO] [stdout]    --> /opt/rustwide/cargo-home/registry/src/index.crates.io-6f17d22bba15001f/libp2p-core-0.42.0/src/transport/upgrade.rs:106:12
[INFO] [stdout]     |
[INFO] [stdout] 97  |     pub fn authenticate<C, D, U, E>(
[INFO] [stdout]     |            ------------ required by a bound in this associated function
[INFO] [stdout] ...
[INFO] [stdout] 106 |         U: OutboundConnectionUpgrade<Negotiated<C>, Output = (PeerId, D), Error = E> + Clone,
[INFO] [stdout]     |            ^^^^^^^^^^^^^^^^^^^^^^^^^^^^^^^^^^^^^^^^^^^^^^^^^^^^^^^^^^^^^^^^^^^^^^^^^ required by this bound in `Builder::<T>::authenticate`
[INFO] [stdout] 
[INFO] [stdout] error[E0599]: the method `multiplex` exists for struct `Authenticated<AndThen<Transport, impl (FnOnce(Connection, ConnectedPoint) -> Authenticate<..., ...>) + Clone>>`, but its trait bounds were not satisfied
[INFO] [stdout]    --> src/lib.rs:61:6
[INFO] [stdout]     |
[INFO] [stdout] 10  |   let transport = libp2p_websocket_websys::Transport::default()
[INFO] [stdout]     |  _________________-
[INFO] [stdout] 11  | |     .upgrade(Version::V1)
[INFO] [stdout] 12  | |     .authenticate(noise::Config::new(&local_key).unwrap())
[INFO] [stdout] 13  | |     .multiplex(yamux::Config::default())
[INFO] [stdout]     | |     -^^^^^^^^^ method cannot be called due to unsatisfied trait bounds
[INFO] [stdout]     | |_____|
[INFO] [stdout]     |
[INFO] [stdout]     |
[INFO] [stdout]    ::: /opt/rustwide/cargo-home/registry/src/index.crates.io-6f17d22bba15001f/libp2p-noise-0.44.0/src/lib.rs:80:1
[INFO] [stdout]     |
[INFO] [stdout] 80  |   pub struct Config {
[INFO] [stdout]     |   ----------------- doesn't satisfy `_: InboundConnectionUpgrade<Negotiated<Connection>>` or `_: OutboundConnectionUpgrade<Negotiated<Connection>>`
[INFO] [stdout]     |
[INFO] [stdout]    ::: /opt/rustwide/cargo-home/registry/src/index.crates.io-6f17d22bba15001f/libp2p-core-0.42.0/src/transport/upgrade.rs:124:1
[INFO] [stdout]     |
[INFO] [stdout] 124 |   pub struct Authenticate<C, U>
[INFO] [stdout]     |   ----------------------------- doesn't satisfy `<_ as TryFuture>::Ok = _`
[INFO] [stdout]     |
[INFO] [stdout]     = note: the full type name has been written to '/tmp/rustdoctestWmeaYB/rust_out.long-type-4814910138150115197.txt'
[INFO] [stdout]     = note: consider using `--verbose` to print the full type name to the console
[INFO] [stdout]     = note: the following trait bounds were not satisfied:
[INFO] [stdout]             `libp2p_noise::Config: InboundConnectionUpgrade<multistream_select::negotiated::Negotiated<Connection>>`
[INFO] [stdout]             which is required by `<Authenticate<Connection, libp2p_noise::Config> as futures_core::future::TryFuture>::Ok = _`
[INFO] [stdout]             `libp2p_noise::Config: OutboundConnectionUpgrade<multistream_select::negotiated::Negotiated<Connection>>`
[INFO] [stdout]             which is required by `<Authenticate<Connection, libp2p_noise::Config> as futures_core::future::TryFuture>::Ok = _`
[INFO] [stdout] 
[INFO] [stdout] error: aborting due to 3 previous errors
[INFO] [stdout] 
[INFO] [stdout] Some errors have detailed explanations: E0277, E0599.
[INFO] [stdout] For more information about an error, try `rustc --explain E0277`.
[INFO] [stdout] Couldn't compile the test.
[INFO] [stdout] 
[INFO] [stdout] failures:
[INFO] [stdout]     src/lib.rs - Transport (line 51)
[INFO] [stdout] 
[INFO] [stdout] test result: FAILED. 0 passed; 1 failed; 0 ignored; 0 measured; 0 filtered out; finished in 0.09s
[INFO] [stdout] 
[INFO] [stderr] error: doctest failed, to rerun pass `--doc`
[INFO] running `Command { std: "docker" "inspect" "3cb48ef65b22524a63f24aa2ac66f97290af5702b1407b16f705ffbb84b0e643", kill_on_drop: false }`
[INFO] running `Command { std: "docker" "rm" "-f" "3cb48ef65b22524a63f24aa2ac66f97290af5702b1407b16f705ffbb84b0e643", kill_on_drop: false }`
[INFO] [stdout] 3cb48ef65b22524a63f24aa2ac66f97290af5702b1407b16f705ffbb84b0e643
