[INFO] fetching crate libobs-source-macro 0.1.1...
[INFO] testing libobs-source-macro-0.1.1 against nightly-2024-10-28+rustflags=-Zrandomize-layout for randomize-layout
[INFO] extracting crate libobs-source-macro 0.1.1 into /workspace/builds/worker-7-tc2/source
[INFO] validating manifest of crates.io crate libobs-source-macro 0.1.1 on toolchain nightly-2024-10-28
[INFO] running `Command { std: CARGO_HOME="/workspace/cargo-home" RUSTUP_HOME="/workspace/rustup-home" "/workspace/cargo-home/bin/cargo" "+nightly-2024-10-28" "metadata" "--manifest-path" "Cargo.toml" "--no-deps", kill_on_drop: false }`
[INFO] started tweaking crates.io crate libobs-source-macro 0.1.1
[INFO] finished tweaking crates.io crate libobs-source-macro 0.1.1
[INFO] tweaked toml for crates.io crate libobs-source-macro 0.1.1 written to /workspace/builds/worker-7-tc2/source/Cargo.toml
[INFO] running `Command { std: CARGO_HOME="/workspace/cargo-home" RUSTUP_HOME="/workspace/rustup-home" "/workspace/cargo-home/bin/cargo" "+nightly-2024-10-28" "generate-lockfile" "--manifest-path" "Cargo.toml", kill_on_drop: false }`
[INFO] [stderr]     Updating crates.io index
[INFO] [stderr]      Locking 6 packages to latest compatible versions
[INFO] running `Command { std: CARGO_HOME="/workspace/cargo-home" RUSTUP_HOME="/workspace/rustup-home" "/workspace/cargo-home/bin/cargo" "+nightly-2024-10-28" "fetch" "--manifest-path" "Cargo.toml", kill_on_drop: false }`
[INFO] running `Command { std: "docker" "create" "-v" "/var/lib/crater-agent-workspace/builds/worker-7-tc2/target:/opt/rustwide/target:rw,Z" "-v" "/var/lib/crater-agent-workspace/builds/worker-7-tc2/source:/opt/rustwide/workdir:ro,Z" "-v" "/var/lib/crater-agent-workspace/cargo-home:/opt/rustwide/cargo-home:ro,Z" "-v" "/var/lib/crater-agent-workspace/rustup-home:/opt/rustwide/rustup-home:ro,Z" "-e" "SOURCE_DIR=/opt/rustwide/workdir" "-e" "CARGO_TARGET_DIR=/opt/rustwide/target" "-e" "CARGO_HOME=/opt/rustwide/cargo-home" "-e" "RUSTUP_HOME=/opt/rustwide/rustup-home" "-w" "/opt/rustwide/workdir" "-m" "1610612736" "--user" "0:0" "--network" "none" "ghcr.io/rust-lang/crates-build-env/linux@sha256:4a844ea9eb2546a2d2c7022eacef16ef2e8229c7fbb2c7d4d55a9ceca922f72d" "/opt/rustwide/cargo-home/bin/cargo" "+nightly-2024-10-28" "metadata" "--no-deps" "--format-version=1", kill_on_drop: false }`
[INFO] [stdout] a394a8833bc14ad089940499c25679e140db55bba68ee19bbf4f8d3f55d9b48b
[INFO] running `Command { std: "docker" "start" "-a" "a394a8833bc14ad089940499c25679e140db55bba68ee19bbf4f8d3f55d9b48b", kill_on_drop: false }`
[INFO] running `Command { std: "docker" "inspect" "a394a8833bc14ad089940499c25679e140db55bba68ee19bbf4f8d3f55d9b48b", kill_on_drop: false }`
[INFO] running `Command { std: "docker" "rm" "-f" "a394a8833bc14ad089940499c25679e140db55bba68ee19bbf4f8d3f55d9b48b", kill_on_drop: false }`
[INFO] [stdout] a394a8833bc14ad089940499c25679e140db55bba68ee19bbf4f8d3f55d9b48b
[INFO] running `Command { std: "docker" "create" "-v" "/var/lib/crater-agent-workspace/builds/worker-7-tc2/target:/opt/rustwide/target:rw,Z" "-v" "/var/lib/crater-agent-workspace/builds/worker-7-tc2/source:/opt/rustwide/workdir:ro,Z" "-v" "/var/lib/crater-agent-workspace/cargo-home:/opt/rustwide/cargo-home:ro,Z" "-v" "/var/lib/crater-agent-workspace/rustup-home:/opt/rustwide/rustup-home:ro,Z" "-e" "SOURCE_DIR=/opt/rustwide/workdir" "-e" "CARGO_TARGET_DIR=/opt/rustwide/target" "-e" "CARGO_INCREMENTAL=0" "-e" "RUST_BACKTRACE=full" "-e" "RUSTFLAGS=--cap-lints=forbid -Zrandomize-layout" "-e" "RUSTDOCFLAGS=--cap-lints=forbid" "-e" "CARGO_HOME=/opt/rustwide/cargo-home" "-e" "RUSTUP_HOME=/opt/rustwide/rustup-home" "-w" "/opt/rustwide/workdir" "-m" "1610612736" "--user" "0:0" "--network" "none" "ghcr.io/rust-lang/crates-build-env/linux@sha256:4a844ea9eb2546a2d2c7022eacef16ef2e8229c7fbb2c7d4d55a9ceca922f72d" "/opt/rustwide/cargo-home/bin/cargo" "+nightly-2024-10-28" "build" "--frozen" "--message-format=json", kill_on_drop: false }`
[INFO] [stdout] 0060f31eab8ac6584d31500a49bcb028f496a38708576c0022c8d8647aa7b2fe
[INFO] running `Command { std: "docker" "start" "-a" "0060f31eab8ac6584d31500a49bcb028f496a38708576c0022c8d8647aa7b2fe", kill_on_drop: false }`
[INFO] [stderr]    Compiling num-traits v0.2.19
[INFO] [stderr]    Compiling syn v2.0.86
[INFO] [stderr]    Compiling libobs-source-macro v0.1.1 (/opt/rustwide/workdir)
[INFO] [stderr]     Finished `dev` profile [unoptimized + debuginfo] target(s) in 1.37s
[INFO] running `Command { std: "docker" "inspect" "0060f31eab8ac6584d31500a49bcb028f496a38708576c0022c8d8647aa7b2fe", kill_on_drop: false }`
[INFO] running `Command { std: "docker" "rm" "-f" "0060f31eab8ac6584d31500a49bcb028f496a38708576c0022c8d8647aa7b2fe", kill_on_drop: false }`
[INFO] [stdout] 0060f31eab8ac6584d31500a49bcb028f496a38708576c0022c8d8647aa7b2fe
[INFO] running `Command { std: "docker" "create" "-v" "/var/lib/crater-agent-workspace/builds/worker-7-tc2/target:/opt/rustwide/target:rw,Z" "-v" "/var/lib/crater-agent-workspace/builds/worker-7-tc2/source:/opt/rustwide/workdir:ro,Z" "-v" "/var/lib/crater-agent-workspace/cargo-home:/opt/rustwide/cargo-home:ro,Z" "-v" "/var/lib/crater-agent-workspace/rustup-home:/opt/rustwide/rustup-home:ro,Z" "-e" "SOURCE_DIR=/opt/rustwide/workdir" "-e" "CARGO_TARGET_DIR=/opt/rustwide/target" "-e" "CARGO_INCREMENTAL=0" "-e" "RUST_BACKTRACE=full" "-e" "RUSTFLAGS=--cap-lints=forbid -Zrandomize-layout" "-e" "RUSTDOCFLAGS=--cap-lints=forbid" "-e" "CARGO_HOME=/opt/rustwide/cargo-home" "-e" "RUSTUP_HOME=/opt/rustwide/rustup-home" "-w" "/opt/rustwide/workdir" "-m" "1610612736" "--user" "0:0" "--network" "none" "ghcr.io/rust-lang/crates-build-env/linux@sha256:4a844ea9eb2546a2d2c7022eacef16ef2e8229c7fbb2c7d4d55a9ceca922f72d" "/opt/rustwide/cargo-home/bin/cargo" "+nightly-2024-10-28" "test" "--frozen" "--no-run" "--message-format=json", kill_on_drop: false }`
[INFO] [stdout] 9b435f7024236d2bad96a2160e3f80225fd50761c93d9feae7554a80ec6d3836
[INFO] running `Command { std: "docker" "start" "-a" "9b435f7024236d2bad96a2160e3f80225fd50761c93d9feae7554a80ec6d3836", kill_on_drop: false }`
[INFO] [stderr]    Compiling libobs-source-macro v0.1.1 (/opt/rustwide/workdir)
[INFO] [stderr]     Finished `test` profile [unoptimized + debuginfo] target(s) in 0.19s
[INFO] running `Command { std: "docker" "inspect" "9b435f7024236d2bad96a2160e3f80225fd50761c93d9feae7554a80ec6d3836", kill_on_drop: false }`
[INFO] running `Command { std: "docker" "rm" "-f" "9b435f7024236d2bad96a2160e3f80225fd50761c93d9feae7554a80ec6d3836", kill_on_drop: false }`
[INFO] [stdout] 9b435f7024236d2bad96a2160e3f80225fd50761c93d9feae7554a80ec6d3836
[INFO] running `Command { std: "docker" "create" "-v" "/var/lib/crater-agent-workspace/builds/worker-7-tc2/target:/opt/rustwide/target:rw,Z" "-v" "/var/lib/crater-agent-workspace/builds/worker-7-tc2/source:/opt/rustwide/workdir:ro,Z" "-v" "/var/lib/crater-agent-workspace/cargo-home:/opt/rustwide/cargo-home:ro,Z" "-v" "/var/lib/crater-agent-workspace/rustup-home:/opt/rustwide/rustup-home:ro,Z" "-e" "SOURCE_DIR=/opt/rustwide/workdir" "-e" "CARGO_TARGET_DIR=/opt/rustwide/target" "-e" "CARGO_INCREMENTAL=0" "-e" "RUST_BACKTRACE=full" "-e" "RUSTFLAGS=--cap-lints=forbid -Zrandomize-layout" "-e" "RUSTDOCFLAGS=--cap-lints=forbid" "-e" "CARGO_HOME=/opt/rustwide/cargo-home" "-e" "RUSTUP_HOME=/opt/rustwide/rustup-home" "-w" "/opt/rustwide/workdir" "-m" "1610612736" "--user" "0:0" "--network" "none" "ghcr.io/rust-lang/crates-build-env/linux@sha256:4a844ea9eb2546a2d2c7022eacef16ef2e8229c7fbb2c7d4d55a9ceca922f72d" "/opt/rustwide/cargo-home/bin/cargo" "+nightly-2024-10-28" "test" "--frozen", kill_on_drop: false }`
[INFO] [stdout] b3d3f847db4b24f4f5729d3b852254b5a5ed2560ef775a5088bb77a3739939df
[INFO] running `Command { std: "docker" "start" "-a" "b3d3f847db4b24f4f5729d3b852254b5a5ed2560ef775a5088bb77a3739939df", kill_on_drop: false }`
[INFO] [stderr]     Finished `test` profile [unoptimized + debuginfo] target(s) in 0.01s
[INFO] [stderr]      Running unittests src/lib.rs (/opt/rustwide/target/debug/deps/libobs_source_macro-5559a0da19957672)
[INFO] [stdout] 
[INFO] [stdout] running 0 tests
[INFO] [stdout] 
[INFO] [stdout] test result: ok. 0 passed; 0 failed; 0 ignored; 0 measured; 0 filtered out; finished in 0.00s
[INFO] [stdout] 
[INFO] [stderr]    Doc-tests libobs_source_macro
[INFO] [stdout] 
[INFO] [stdout] running 1 test
[INFO] [stdout] test src/lib.rs - obs_object_builder (line 23) ... FAILED
[INFO] [stdout] 
[INFO] [stdout] failures:
[INFO] [stdout] 
[INFO] [stdout] ---- src/lib.rs - obs_object_builder (line 23) stdout ----
[INFO] [stdout] error[E0433]: failed to resolve: use of undeclared crate or module `libobs_wrapper`
[INFO] [stdout]  --> src/lib.rs:25:5
[INFO] [stdout]   |
[INFO] [stdout] 5 | use libobs_wrapper::data::StringEnum;
[INFO] [stdout]   |     ^^^^^^^^^^^^^^ use of undeclared crate or module `libobs_wrapper`
[INFO] [stdout] 
[INFO] [stdout] error[E0433]: failed to resolve: use of undeclared crate or module `libobs_wrapper`
[INFO] [stdout]   --> src/lib.rs:54:1
[INFO] [stdout]    |
[INFO] [stdout] 34 | #[obs_object_builder("window_capture")]
[INFO] [stdout]    | ^^^^^^^^^^^^^^^^^^^^^^^^^^^^^^^^^^^^^^^ use of undeclared crate or module `libobs_wrapper`
[INFO] [stdout]    |
[INFO] [stdout]    = note: this error originates in the attribute macro `obs_object_builder` (in Nightly builds, run with -Z macro-backtrace for more info)
[INFO] [stdout] 
[INFO] [stdout] error[E0432]: unresolved import `num_derive`
[INFO] [stdout]  --> src/lib.rs:27:5
[INFO] [stdout]   |
[INFO] [stdout] 7 | use num_derive::{FromPrimitive, ToPrimitive};
[INFO] [stdout]   |     ^^^^^^^^^^ use of undeclared crate or module `num_derive`
[INFO] [stdout] 
[INFO] [stdout] error[E0412]: cannot find type `ObsGameCaptureMode` in this scope
[INFO] [stdout]   --> src/lib.rs:70:19
[INFO] [stdout]    |
[INFO] [stdout] 50 |     capture_mode: ObsGameCaptureMode,
[INFO] [stdout]    |                   ^^^^^^^^^^^^^^^^^^ not found in this scope
[INFO] [stdout] 
[INFO] [stdout] error[E0433]: failed to resolve: use of undeclared crate or module `libobs`
[INFO] [stdout]   --> src/lib.rs:32:18
[INFO] [stdout]    |
[INFO] [stdout] 12 |     MethodAuto = libobs::window_capture_method_METHOD_AUTO,
[INFO] [stdout]    |                  ^^^^^^ use of undeclared crate or module `libobs`
[INFO] [stdout] 
[INFO] [stdout] error[E0433]: failed to resolve: use of undeclared crate or module `libobs`
[INFO] [stdout]   --> src/lib.rs:33:17
[INFO] [stdout]    |
[INFO] [stdout] 13 |     MethodBitBlt = libobs::window_capture_method_METHOD_BITBLT,
[INFO] [stdout]    |                    ^^^^^^ use of undeclared crate or module `libobs`
[INFO] [stdout] 
[INFO] [stdout] error[E0433]: failed to resolve: use of undeclared crate or module `libobs`
[INFO] [stdout]   --> src/lib.rs:34:14
[INFO] [stdout]    |
[INFO] [stdout] 14 |     MethodWgc = libobs::window_capture_method_METHOD_WGC,
[INFO] [stdout]    |                 ^^^^^^ use of undeclared crate or module `libobs`
[INFO] [stdout] 
[INFO] [stdout] error: aborting due to 7 previous errors
[INFO] [stdout] 
[INFO] [stdout] Some errors have detailed explanations: E0412, E0432, E0433.
[INFO] [stdout] For more information about an error, try `rustc --explain E0412`.
[INFO] [stdout] Couldn't compile the test.
[INFO] [stdout] 
[INFO] [stdout] failures:
[INFO] [stdout]     src/lib.rs - obs_object_builder (line 23)
[INFO] [stdout] 
[INFO] [stdout] test result: FAILED. 0 passed; 1 failed; 0 ignored; 0 measured; 0 filtered out; finished in 0.08s
[INFO] [stdout] 
[INFO] [stderr] error: doctest failed, to rerun pass `--doc`
[INFO] running `Command { std: "docker" "inspect" "b3d3f847db4b24f4f5729d3b852254b5a5ed2560ef775a5088bb77a3739939df", kill_on_drop: false }`
[INFO] running `Command { std: "docker" "rm" "-f" "b3d3f847db4b24f4f5729d3b852254b5a5ed2560ef775a5088bb77a3739939df", kill_on_drop: false }`
[INFO] [stdout] b3d3f847db4b24f4f5729d3b852254b5a5ed2560ef775a5088bb77a3739939df
