[INFO] fetching crate libnv 0.4.3...
[INFO] testing libnv-0.4.3 against nightly-2024-10-28 for randomize-layout
[INFO] extracting crate libnv 0.4.3 into /workspace/builds/worker-7-tc1/source
[INFO] validating manifest of crates.io crate libnv 0.4.3 on toolchain nightly-2024-10-28
[INFO] running `Command { std: CARGO_HOME="/workspace/cargo-home" RUSTUP_HOME="/workspace/rustup-home" "/workspace/cargo-home/bin/cargo" "+nightly-2024-10-28" "metadata" "--manifest-path" "Cargo.toml" "--no-deps", kill_on_drop: false }`
[INFO] removed /workspace/builds/worker-7-tc1/source/rust-toolchain.toml
[INFO] started tweaking crates.io crate libnv 0.4.3
[INFO] finished tweaking crates.io crate libnv 0.4.3
[INFO] tweaked toml for crates.io crate libnv 0.4.3 written to /workspace/builds/worker-7-tc1/source/Cargo.toml
[INFO] running `Command { std: CARGO_HOME="/workspace/cargo-home" RUSTUP_HOME="/workspace/rustup-home" "/workspace/cargo-home/bin/cargo" "+nightly-2024-10-28" "generate-lockfile" "--manifest-path" "Cargo.toml", kill_on_drop: false }`
[INFO] [stderr]     Updating crates.io index
[INFO] [stderr]      Locking 46 packages to latest compatible versions
[INFO] running `Command { std: CARGO_HOME="/workspace/cargo-home" RUSTUP_HOME="/workspace/rustup-home" "/workspace/cargo-home/bin/cargo" "+nightly-2024-10-28" "fetch" "--manifest-path" "Cargo.toml", kill_on_drop: false }`
[INFO] [stderr] warning: no edition set: defaulting to the 2015 edition while the latest is 2021
[INFO] [stderr]  Downloading crates ...
[INFO] [stderr]   Downloaded libnv-sys v0.2.2
[INFO] [stderr]   Downloaded nvpair-sys v0.4.0
[INFO] running `Command { std: "docker" "create" "-v" "/var/lib/crater-agent-workspace/builds/worker-7-tc1/target:/opt/rustwide/target:rw,Z" "-v" "/var/lib/crater-agent-workspace/builds/worker-7-tc1/source:/opt/rustwide/workdir:ro,Z" "-v" "/var/lib/crater-agent-workspace/cargo-home:/opt/rustwide/cargo-home:ro,Z" "-v" "/var/lib/crater-agent-workspace/rustup-home:/opt/rustwide/rustup-home:ro,Z" "-e" "SOURCE_DIR=/opt/rustwide/workdir" "-e" "CARGO_TARGET_DIR=/opt/rustwide/target" "-e" "CARGO_HOME=/opt/rustwide/cargo-home" "-e" "RUSTUP_HOME=/opt/rustwide/rustup-home" "-w" "/opt/rustwide/workdir" "-m" "1610612736" "--user" "0:0" "--network" "none" "ghcr.io/rust-lang/crates-build-env/linux@sha256:4a844ea9eb2546a2d2c7022eacef16ef2e8229c7fbb2c7d4d55a9ceca922f72d" "/opt/rustwide/cargo-home/bin/cargo" "+nightly-2024-10-28" "metadata" "--no-deps" "--format-version=1", kill_on_drop: false }`
[INFO] [stdout] da6fa36a483641af070a56afba32219a35e9e8fa3c0782dc6620a905543b4838
[INFO] running `Command { std: "docker" "start" "-a" "da6fa36a483641af070a56afba32219a35e9e8fa3c0782dc6620a905543b4838", kill_on_drop: false }`
[INFO] running `Command { std: "docker" "inspect" "da6fa36a483641af070a56afba32219a35e9e8fa3c0782dc6620a905543b4838", kill_on_drop: false }`
[INFO] running `Command { std: "docker" "rm" "-f" "da6fa36a483641af070a56afba32219a35e9e8fa3c0782dc6620a905543b4838", kill_on_drop: false }`
[INFO] [stdout] da6fa36a483641af070a56afba32219a35e9e8fa3c0782dc6620a905543b4838
[INFO] running `Command { std: "docker" "create" "-v" "/var/lib/crater-agent-workspace/builds/worker-7-tc1/target:/opt/rustwide/target:rw,Z" "-v" "/var/lib/crater-agent-workspace/builds/worker-7-tc1/source:/opt/rustwide/workdir:ro,Z" "-v" "/var/lib/crater-agent-workspace/cargo-home:/opt/rustwide/cargo-home:ro,Z" "-v" "/var/lib/crater-agent-workspace/rustup-home:/opt/rustwide/rustup-home:ro,Z" "-e" "SOURCE_DIR=/opt/rustwide/workdir" "-e" "CARGO_TARGET_DIR=/opt/rustwide/target" "-e" "CARGO_INCREMENTAL=0" "-e" "RUST_BACKTRACE=full" "-e" "RUSTFLAGS=--cap-lints=forbid" "-e" "RUSTDOCFLAGS=--cap-lints=forbid" "-e" "CARGO_HOME=/opt/rustwide/cargo-home" "-e" "RUSTUP_HOME=/opt/rustwide/rustup-home" "-w" "/opt/rustwide/workdir" "-m" "1610612736" "--user" "0:0" "--network" "none" "ghcr.io/rust-lang/crates-build-env/linux@sha256:4a844ea9eb2546a2d2c7022eacef16ef2e8229c7fbb2c7d4d55a9ceca922f72d" "/opt/rustwide/cargo-home/bin/cargo" "+nightly-2024-10-28" "build" "--frozen" "--message-format=json", kill_on_drop: false }`
[INFO] [stdout] 59e91046ba5ffddd89311227792df36c430c83c912acbdf70de386e7b1cfdf41
[INFO] running `Command { std: "docker" "start" "-a" "59e91046ba5ffddd89311227792df36c430c83c912acbdf70de386e7b1cfdf41", kill_on_drop: false }`
[INFO] [stderr] warning: no edition set: defaulting to the 2015 edition while the latest is 2021
[INFO] [stderr]    Compiling prettyplease v0.2.25
[INFO] [stderr]    Compiling aho-corasick v1.1.3
[INFO] [stderr]    Compiling regex-syntax v0.8.5
[INFO] [stderr]    Compiling bindgen v0.66.1
[INFO] [stderr]    Compiling nvpair-sys v0.4.0
[INFO] [stderr]    Compiling quick-error v2.0.1
[INFO] [stderr]    Compiling clang-sys v1.8.1
[INFO] [stderr]    Compiling regex-automata v0.4.8
[INFO] [stderr]    Compiling regex v1.11.1
[INFO] [stderr]    Compiling libnv-sys v0.2.2
[INFO] [stderr]    Compiling libnv v0.4.3 (/opt/rustwide/workdir)
[INFO] [stderr]     Finished `dev` profile [unoptimized + debuginfo] target(s) in 8.47s
[INFO] running `Command { std: "docker" "inspect" "59e91046ba5ffddd89311227792df36c430c83c912acbdf70de386e7b1cfdf41", kill_on_drop: false }`
[INFO] running `Command { std: "docker" "rm" "-f" "59e91046ba5ffddd89311227792df36c430c83c912acbdf70de386e7b1cfdf41", kill_on_drop: false }`
[INFO] [stdout] 59e91046ba5ffddd89311227792df36c430c83c912acbdf70de386e7b1cfdf41
[INFO] running `Command { std: "docker" "create" "-v" "/var/lib/crater-agent-workspace/builds/worker-7-tc1/target:/opt/rustwide/target:rw,Z" "-v" "/var/lib/crater-agent-workspace/builds/worker-7-tc1/source:/opt/rustwide/workdir:ro,Z" "-v" "/var/lib/crater-agent-workspace/cargo-home:/opt/rustwide/cargo-home:ro,Z" "-v" "/var/lib/crater-agent-workspace/rustup-home:/opt/rustwide/rustup-home:ro,Z" "-e" "SOURCE_DIR=/opt/rustwide/workdir" "-e" "CARGO_TARGET_DIR=/opt/rustwide/target" "-e" "CARGO_INCREMENTAL=0" "-e" "RUST_BACKTRACE=full" "-e" "RUSTFLAGS=--cap-lints=forbid" "-e" "RUSTDOCFLAGS=--cap-lints=forbid" "-e" "CARGO_HOME=/opt/rustwide/cargo-home" "-e" "RUSTUP_HOME=/opt/rustwide/rustup-home" "-w" "/opt/rustwide/workdir" "-m" "1610612736" "--user" "0:0" "--network" "none" "ghcr.io/rust-lang/crates-build-env/linux@sha256:4a844ea9eb2546a2d2c7022eacef16ef2e8229c7fbb2c7d4d55a9ceca922f72d" "/opt/rustwide/cargo-home/bin/cargo" "+nightly-2024-10-28" "test" "--frozen" "--no-run" "--message-format=json", kill_on_drop: false }`
[INFO] [stdout] 071f0d91ea57b66b5cedc26359eaa0cec44cb21056206628496241100cc1582b
[INFO] running `Command { std: "docker" "start" "-a" "071f0d91ea57b66b5cedc26359eaa0cec44cb21056206628496241100cc1582b", kill_on_drop: false }`
[INFO] [stderr] warning: no edition set: defaulting to the 2015 edition while the latest is 2021
[INFO] [stderr]    Compiling libnv v0.4.3 (/opt/rustwide/workdir)
[INFO] [stderr]     Finished `test` profile [unoptimized + debuginfo] target(s) in 0.74s
[INFO] running `Command { std: "docker" "inspect" "071f0d91ea57b66b5cedc26359eaa0cec44cb21056206628496241100cc1582b", kill_on_drop: false }`
[INFO] running `Command { std: "docker" "rm" "-f" "071f0d91ea57b66b5cedc26359eaa0cec44cb21056206628496241100cc1582b", kill_on_drop: false }`
[INFO] [stdout] 071f0d91ea57b66b5cedc26359eaa0cec44cb21056206628496241100cc1582b
[INFO] running `Command { std: "docker" "create" "-v" "/var/lib/crater-agent-workspace/builds/worker-7-tc1/target:/opt/rustwide/target:rw,Z" "-v" "/var/lib/crater-agent-workspace/builds/worker-7-tc1/source:/opt/rustwide/workdir:ro,Z" "-v" "/var/lib/crater-agent-workspace/cargo-home:/opt/rustwide/cargo-home:ro,Z" "-v" "/var/lib/crater-agent-workspace/rustup-home:/opt/rustwide/rustup-home:ro,Z" "-e" "SOURCE_DIR=/opt/rustwide/workdir" "-e" "CARGO_TARGET_DIR=/opt/rustwide/target" "-e" "CARGO_INCREMENTAL=0" "-e" "RUST_BACKTRACE=full" "-e" "RUSTFLAGS=--cap-lints=forbid" "-e" "RUSTDOCFLAGS=--cap-lints=forbid" "-e" "CARGO_HOME=/opt/rustwide/cargo-home" "-e" "RUSTUP_HOME=/opt/rustwide/rustup-home" "-w" "/opt/rustwide/workdir" "-m" "1610612736" "--user" "0:0" "--network" "none" "ghcr.io/rust-lang/crates-build-env/linux@sha256:4a844ea9eb2546a2d2c7022eacef16ef2e8229c7fbb2c7d4d55a9ceca922f72d" "/opt/rustwide/cargo-home/bin/cargo" "+nightly-2024-10-28" "test" "--frozen", kill_on_drop: false }`
[INFO] [stdout] 2a28073df9f560a313231c27da176519389a9d6c6a0ad698a969d82a8e000aba
[INFO] running `Command { std: "docker" "start" "-a" "2a28073df9f560a313231c27da176519389a9d6c6a0ad698a969d82a8e000aba", kill_on_drop: false }`
[INFO] [stderr] warning: no edition set: defaulting to the 2015 edition while the latest is 2021
[INFO] [stderr]     Finished `test` profile [unoptimized + debuginfo] target(s) in 0.03s
[INFO] [stderr]      Running unittests src/lib.rs (/opt/rustwide/target/debug/deps/libnv-c9556dcc7dc76875)
[INFO] [stdout] 
[INFO] [stdout] running 32 tests
[INFO] [stdout] test nvpair::test::cr_boolean ... ok
[INFO] [stdout] test nvpair::test::cr_i16 ... ok
[INFO] [stdout] test nvpair::test::cr_i16_array ... ok
[INFO] [stdout] test nvpair::test::cr_i32 ... ok
[INFO] [stdout] test nvpair::test::cr_i32_array ... ok
[INFO] [stdout] test nvpair::test::cr_i64 ... ok
[INFO] [stdout] test nvpair::test::cr_i64_array ... ok
[INFO] [stdout] test nvpair::test::cr_i8 ... ok
[INFO] [stdout] test nvpair::test::cr_string ... ok
[INFO] [stdout] test nvpair::test::cr_i8_array ... ok
[INFO] [stdout] test nvpair::test::cr_u16 ... ok
[INFO] [stdout] test nvpair::test::cr_u16_array ... ok
[INFO] [stdout] test nvpair::test::cr_u32 ... ok
[INFO] [stdout] test nvpair::test::cr_u32_array ... ok
[INFO] [stdout] test nvpair::test::cr_u64 ... ok
[INFO] [stdout] test nvpair::test::cr_u64_array ... ok
[INFO] [stdout] test nvpair::test::cr_u8 ... ok
[INFO] [stdout] test nvpair::test::cr_u8_array ... ok
[INFO] [stdout] test nvpair::test::into_c_str ... ok
[INFO] [stdout] test nvpair::test::debug_list ... ok
[INFO] [stdout] test nvpair::test::into_hash_map ... ok
[INFO] [stdout] test nvpair::test::nvop_i32 ... ok
[INFO] [stdout] test nvpair::test::nvop_u16 ... ok
[INFO] [stdout] test nvpair::test::nvop_string ... ok
[INFO] [stdout] test nvpair::test::nvop_u32 ... ok
[INFO] [stdout] test nvpair::test::nvop_u8 ... ok
[INFO] [stdout] test nvpair::test::it_works ... ok
[INFO] [stdout] test nvpair::test::nvop_u64 ... ok
[INFO] [stdout] test nvpair::test::nvop_i8 ... ok
[INFO] [stdout] test nvpair::test::nvop_i16 ... ok
[INFO] [stdout] test nvpair::test::nvop_i64 ... ok
[INFO] [stdout] test nvpair::test::nvop_boolean_value ... ok
[INFO] [stdout] 
[INFO] [stdout] test result: ok. 32 passed; 0 failed; 0 ignored; 0 measured; 0 filtered out; finished in 0.00s
[INFO] [stdout] 
[INFO] [stderr]    Doc-tests libnv
[INFO] [stdout] 
[INFO] [stdout] running 23 tests
[INFO] [stdout] test src/libnv.rs - libnv::NvList::insert_null (line 278) ... FAILED
[INFO] [stdout] test src/libnv.rs - libnv::NvList::dump (line 762) ... FAILED
[INFO] [stdout] test src/libnv.rs - libnv::NvList::insert_bools (line 385) ... FAILED
[INFO] [stdout] test src/libnv.rs - libnv::NvList::contains_key (line 494) ... FAILED
[INFO] [stdout] test src/libnv.rs - libnv::NvList::get_nvlists (line 732) ... FAILED
[INFO] [stdout] test src/libnv.rs - libnv::NvList::contains_key_with_type (line 511) ... FAILED
[INFO] [stdout] test src/libnv.rs - libnv::NvList::flags (line 212) ... FAILED
[INFO] [stdout] test src/libnv.rs - libnv::NvList::error (line 224) ... FAILED
[INFO] [stdout] test src/libnv.rs - libnv::NvList::insert (line 257) ... FAILED
[INFO] [stdout] test src/libnv.rs - libnv::NvList::get_string (line 595) ... FAILED
[INFO] [stdout] test src/libnv.rs - libnv::NvList::get_bool (line 558) ... FAILED
[INFO] [stdout] test src/libnv.rs - libnv::NvList::get_bools (line 657) ... FAILED
[INFO] [stdout] test src/libnv.rs - libnv::NvList::get_numbers (line 683) ... FAILED
[INFO] [stdout] test src/libnv.rs - libnv::NvList::get_binary (line 532) ... FAILED
[INFO] [stdout] test src/libnv.rs - libnv::NvList::insert_number (line 293) ... FAILED
[INFO] [stdout] test src/libnv.rs - libnv::NvList::get_nvlist (line 624) ... FAILED
[INFO] [stdout] test src/libnv.rs - libnv::NvList::set_error (line 236) ... FAILED
[INFO] [stdout] test src/libnv.rs - libnv::NvList::new (line 172) ... FAILED
[INFO] [stdout] test src/libnv.rs - libnv::NvList::insert_nvlist (line 337) ... FAILED
[INFO] [stdout] test src/libnv.rs - libnv::NvList::insert_numbers (line 404) ... FAILED
[INFO] [stdout] test src/libnv.rs - libnv::NvList::is_empty (line 201) ... FAILED
[INFO] [stdout] test src/libnv.rs - libnv::NvList::insert_nvlists (line 456) ... FAILED
[INFO] [stdout] test src/libnv.rs - libnv::NvList::insert_strings (line 423) ... FAILED
[INFO] [stdout] 
[INFO] [stdout] failures:
[INFO] [stdout] 
[INFO] [stdout] ---- src/libnv.rs - libnv::NvList::insert_null (line 278) stdout ----
[INFO] [stdout] error: linking with `cc` failed: exit status: 1
[INFO] [stdout]   |
[INFO] [stdout]   = note: LC_ALL="C" PATH="/opt/rustwide/rustup-home/toolchains/nightly-2024-10-28-x86_64-unknown-linux-gnu/lib/rustlib/x86_64-unknown-linux-gnu/bin:/opt/rustwide/rustup-home/toolchains/nightly-2024-10-28-x86_64-unknown-linux-gnu/lib/rustlib/x86_64-unknown-linux-gnu/bin/self-contained:/opt/rustwide/cargo-home/bin:/usr/local/sbin:/usr/local/bin:/usr/sbin:/usr/bin:/sbin:/bin" VSLANG="1033" "cc" "-m64" "/tmp/rustctcsSUc/symbols.o" "/tmp/rustdoctestezNAsQ/rust_out.rust_out.16b4434b3f29390-cgu.0.rcgu.o" "/tmp/rustdoctestezNAsQ/rust_out.433cx8cl382ppljrnwzuxa40f.rcgu.o" "-Wl,--as-needed" "-Wl,-Bstatic" "/opt/rustwide/target/debug/deps/liblibnv-9a447a3363b8cc04.rlib" "/opt/rustwide/target/debug/deps/libnvpair_sys-9c8418907b600282.rlib" "/opt/rustwide/target/debug/deps/liblibnv_sys-4ef023401943515c.rlib" "/opt/rustwide/target/debug/deps/libquick_error-272c4b37477f4e1c.rlib" "/opt/rustwide/target/debug/deps/liblibc-cf06f29c0a4f6ede.rlib" "/opt/rustwide/rustup-home/toolchains/nightly-2024-10-28-x86_64-unknown-linux-gnu/lib/rustlib/x86_64-unknown-linux-gnu/lib/libstd-fb8c387236db3c10.rlib" "/opt/rustwide/rustup-home/toolchains/nightly-2024-10-28-x86_64-unknown-linux-gnu/lib/rustlib/x86_64-unknown-linux-gnu/lib/libpanic_unwind-b251837809b2f64b.rlib" "/opt/rustwide/rustup-home/toolchains/nightly-2024-10-28-x86_64-unknown-linux-gnu/lib/rustlib/x86_64-unknown-linux-gnu/lib/libobject-cbef83eaa4e01f04.rlib" "/opt/rustwide/rustup-home/toolchains/nightly-2024-10-28-x86_64-unknown-linux-gnu/lib/rustlib/x86_64-unknown-linux-gnu/lib/libmemchr-12a772286de2fca7.rlib" "/opt/rustwide/rustup-home/toolchains/nightly-2024-10-28-x86_64-unknown-linux-gnu/lib/rustlib/x86_64-unknown-linux-gnu/lib/libaddr2line-023bbe5ada7abfc3.rlib" "/opt/rustwide/rustup-home/toolchains/nightly-2024-10-28-x86_64-unknown-linux-gnu/lib/rustlib/x86_64-unknown-linux-gnu/lib/libgimli-de2bcdf10ec69c2b.rlib" "/opt/rustwide/rustup-home/toolchains/nightly-2024-10-28-x86_64-unknown-linux-gnu/lib/rustlib/x86_64-unknown-linux-gnu/lib/librustc_demangle-8e1754df350800fd.rlib" "/opt/rustwide/rustup-home/toolchains/nightly-2024-10-28-x86_64-unknown-linux-gnu/lib/rustlib/x86_64-unknown-linux-gnu/lib/libstd_detect-06c2ab7b9c32e037.rlib" "/opt/rustwide/rustup-home/toolchains/nightly-2024-10-28-x86_64-unknown-linux-gnu/lib/rustlib/x86_64-unknown-linux-gnu/lib/libhashbrown-51d2621fc57a281b.rlib" "/opt/rustwide/rustup-home/toolchains/nightly-2024-10-28-x86_64-unknown-linux-gnu/lib/rustlib/x86_64-unknown-linux-gnu/lib/librustc_std_workspace_alloc-54a930408793772f.rlib" "/opt/rustwide/rustup-home/toolchains/nightly-2024-10-28-x86_64-unknown-linux-gnu/lib/rustlib/x86_64-unknown-linux-gnu/lib/libminiz_oxide-0c7d01cba400dcb2.rlib" "/opt/rustwide/rustup-home/toolchains/nightly-2024-10-28-x86_64-unknown-linux-gnu/lib/rustlib/x86_64-unknown-linux-gnu/lib/libadler-b9f84d69e331b75b.rlib" "/opt/rustwide/rustup-home/toolchains/nightly-2024-10-28-x86_64-unknown-linux-gnu/lib/rustlib/x86_64-unknown-linux-gnu/lib/libunwind-eec95493246aae39.rlib" "/opt/rustwide/rustup-home/toolchains/nightly-2024-10-28-x86_64-unknown-linux-gnu/lib/rustlib/x86_64-unknown-linux-gnu/lib/libcfg_if-6f6676c475e08ab0.rlib" "/opt/rustwide/rustup-home/toolchains/nightly-2024-10-28-x86_64-unknown-linux-gnu/lib/rustlib/x86_64-unknown-linux-gnu/lib/liblibc-799d520624f8b2e0.rlib" "/opt/rustwide/rustup-home/toolchains/nightly-2024-10-28-x86_64-unknown-linux-gnu/lib/rustlib/x86_64-unknown-linux-gnu/lib/liballoc-fcf93d4842acd9a9.rlib" "/opt/rustwide/rustup-home/toolchains/nightly-2024-10-28-x86_64-unknown-linux-gnu/lib/rustlib/x86_64-unknown-linux-gnu/lib/librustc_std_workspace_core-395a38b8e0851c9b.rlib" "/opt/rustwide/rustup-home/toolchains/nightly-2024-10-28-x86_64-unknown-linux-gnu/lib/rustlib/x86_64-unknown-linux-gnu/lib/libcore-d453bab70303062c.rlib" "/opt/rustwide/rustup-home/toolchains/nightly-2024-10-28-x86_64-unknown-linux-gnu/lib/rustlib/x86_64-unknown-linux-gnu/lib/libcompiler_builtins-0e6386368b0a24e8.rlib" "-Wl,-Bdynamic" "-lnvpair" "-lzfs" "-lgcc_s" "-lutil" "-lrt" "-lpthread" "-lm" "-ldl" "-lc" "-B/opt/rustwide/rustup-home/toolchains/nightly-2024-10-28-x86_64-unknown-linux-gnu/lib/rustlib/x86_64-unknown-linux-gnu/bin/gcc-ld" "-fuse-ld=lld" "-Wl,--eh-frame-hdr" "-Wl,-z,noexecstack" "-L" "/opt/rustwide/rustup-home/toolchains/nightly-2024-10-28-x86_64-unknown-linux-gnu/lib/rustlib/x86_64-unknown-linux-gnu/lib" "-o" "/tmp/rustdoctestezNAsQ/rust_out" "-Wl,--gc-sections" "-pie" "-Wl,-z,relro,-z,now" "-nodefaultlibs"
[INFO] [stdout]   = note: rust-lld: error: undefined symbol: nvlist_add_null
[INFO] [stdout]           >>> referenced by rust_out.16b4434b3f29390-cgu.0
[INFO] [stdout]           >>>               /tmp/rustdoctestezNAsQ/rust_out.rust_out.16b4434b3f29390-cgu.0.rcgu.o:(libnv::libnv::NvList::insert_null::h12be16e31f8f7f6b)
[INFO] [stdout]           
[INFO] [stdout]           rust-lld: error: undefined symbol: nvlist_create
[INFO] [stdout]           >>> referenced by libnv.rs:178 (src/libnv.rs:178)
[INFO] [stdout]           >>>               libnv-9a447a3363b8cc04.libnv.70986007d1694cf7-cgu.2.rcgu.o:(libnv::libnv::NvList::new::h75d40bdd37f8a165) in archive /opt/rustwide/target/debug/deps/liblibnv-9a447a3363b8cc04.rlib
[INFO] [stdout]           
[INFO] [stdout]           rust-lld: error: undefined symbol: nvlist_error
[INFO] [stdout]           >>> referenced by libnv.rs:231 (src/libnv.rs:231)
[INFO] [stdout]           >>>               libnv-9a447a3363b8cc04.libnv.70986007d1694cf7-cgu.2.rcgu.o:(libnv::libnv::NvList::error::hbfc008c4985d4355) in archive /opt/rustwide/target/debug/deps/liblibnv-9a447a3363b8cc04.rlib
[INFO] [stdout]           
[INFO] [stdout]           rust-lld: error: undefined symbol: nvlist_destroy
[INFO] [stdout]           >>> referenced by libnv.rs:813 (src/libnv.rs:813)
[INFO] [stdout]           >>>               libnv-9a447a3363b8cc04.libnv.70986007d1694cf7-cgu.2.rcgu.o:(_$LT$libnv..libnv..NvList$u20$as$u20$core..ops..drop..Drop$GT$::drop::h8632ab15779ad762) in archive /opt/rustwide/target/debug/deps/liblibnv-9a447a3363b8cc04.rlib
[INFO] [stdout]           collect2: error: ld returned 1 exit status
[INFO] [stdout]           
[INFO] [stdout] 
[INFO] [stdout] error: aborting due to 1 previous error
[INFO] [stdout] 
[INFO] [stdout] Couldn't compile the test.
[INFO] [stdout] ---- src/libnv.rs - libnv::NvList::dump (line 762) stdout ----
[INFO] [stdout] error: linking with `cc` failed: exit status: 1
[INFO] [stdout]   |
[INFO] [stdout]   = note: LC_ALL="C" PATH="/opt/rustwide/rustup-home/toolchains/nightly-2024-10-28-x86_64-unknown-linux-gnu/lib/rustlib/x86_64-unknown-linux-gnu/bin:/opt/rustwide/rustup-home/toolchains/nightly-2024-10-28-x86_64-unknown-linux-gnu/lib/rustlib/x86_64-unknown-linux-gnu/bin/self-contained:/opt/rustwide/cargo-home/bin:/usr/local/sbin:/usr/local/bin:/usr/sbin:/usr/bin:/sbin:/bin" VSLANG="1033" "cc" "-m64" "/tmp/rustc0H5HL0/symbols.o" "/tmp/rustdoctestJrtjSu/rust_out.rust_out.16b4434b3f29390-cgu.0.rcgu.o" "/tmp/rustdoctestJrtjSu/rust_out.433cx8cl382ppljrnwzuxa40f.rcgu.o" "-Wl,--as-needed" "-Wl,-Bstatic" "/opt/rustwide/target/debug/deps/liblibnv-9a447a3363b8cc04.rlib" "/opt/rustwide/target/debug/deps/libnvpair_sys-9c8418907b600282.rlib" "/opt/rustwide/target/debug/deps/liblibnv_sys-4ef023401943515c.rlib" "/opt/rustwide/target/debug/deps/libquick_error-272c4b37477f4e1c.rlib" "/opt/rustwide/target/debug/deps/liblibc-cf06f29c0a4f6ede.rlib" "/opt/rustwide/rustup-home/toolchains/nightly-2024-10-28-x86_64-unknown-linux-gnu/lib/rustlib/x86_64-unknown-linux-gnu/lib/libstd-fb8c387236db3c10.rlib" "/opt/rustwide/rustup-home/toolchains/nightly-2024-10-28-x86_64-unknown-linux-gnu/lib/rustlib/x86_64-unknown-linux-gnu/lib/libpanic_unwind-b251837809b2f64b.rlib" "/opt/rustwide/rustup-home/toolchains/nightly-2024-10-28-x86_64-unknown-linux-gnu/lib/rustlib/x86_64-unknown-linux-gnu/lib/libobject-cbef83eaa4e01f04.rlib" "/opt/rustwide/rustup-home/toolchains/nightly-2024-10-28-x86_64-unknown-linux-gnu/lib/rustlib/x86_64-unknown-linux-gnu/lib/libmemchr-12a772286de2fca7.rlib" "/opt/rustwide/rustup-home/toolchains/nightly-2024-10-28-x86_64-unknown-linux-gnu/lib/rustlib/x86_64-unknown-linux-gnu/lib/libaddr2line-023bbe5ada7abfc3.rlib" "/opt/rustwide/rustup-home/toolchains/nightly-2024-10-28-x86_64-unknown-linux-gnu/lib/rustlib/x86_64-unknown-linux-gnu/lib/libgimli-de2bcdf10ec69c2b.rlib" "/opt/rustwide/rustup-home/toolchains/nightly-2024-10-28-x86_64-unknown-linux-gnu/lib/rustlib/x86_64-unknown-linux-gnu/lib/librustc_demangle-8e1754df350800fd.rlib" "/opt/rustwide/rustup-home/toolchains/nightly-2024-10-28-x86_64-unknown-linux-gnu/lib/rustlib/x86_64-unknown-linux-gnu/lib/libstd_detect-06c2ab7b9c32e037.rlib" "/opt/rustwide/rustup-home/toolchains/nightly-2024-10-28-x86_64-unknown-linux-gnu/lib/rustlib/x86_64-unknown-linux-gnu/lib/libhashbrown-51d2621fc57a281b.rlib" "/opt/rustwide/rustup-home/toolchains/nightly-2024-10-28-x86_64-unknown-linux-gnu/lib/rustlib/x86_64-unknown-linux-gnu/lib/librustc_std_workspace_alloc-54a930408793772f.rlib" "/opt/rustwide/rustup-home/toolchains/nightly-2024-10-28-x86_64-unknown-linux-gnu/lib/rustlib/x86_64-unknown-linux-gnu/lib/libminiz_oxide-0c7d01cba400dcb2.rlib" "/opt/rustwide/rustup-home/toolchains/nightly-2024-10-28-x86_64-unknown-linux-gnu/lib/rustlib/x86_64-unknown-linux-gnu/lib/libadler-b9f84d69e331b75b.rlib" "/opt/rustwide/rustup-home/toolchains/nightly-2024-10-28-x86_64-unknown-linux-gnu/lib/rustlib/x86_64-unknown-linux-gnu/lib/libunwind-eec95493246aae39.rlib" "/opt/rustwide/rustup-home/toolchains/nightly-2024-10-28-x86_64-unknown-linux-gnu/lib/rustlib/x86_64-unknown-linux-gnu/lib/libcfg_if-6f6676c475e08ab0.rlib" "/opt/rustwide/rustup-home/toolchains/nightly-2024-10-28-x86_64-unknown-linux-gnu/lib/rustlib/x86_64-unknown-linux-gnu/lib/liblibc-799d520624f8b2e0.rlib" "/opt/rustwide/rustup-home/toolchains/nightly-2024-10-28-x86_64-unknown-linux-gnu/lib/rustlib/x86_64-unknown-linux-gnu/lib/liballoc-fcf93d4842acd9a9.rlib" "/opt/rustwide/rustup-home/toolchains/nightly-2024-10-28-x86_64-unknown-linux-gnu/lib/rustlib/x86_64-unknown-linux-gnu/lib/librustc_std_workspace_core-395a38b8e0851c9b.rlib" "/opt/rustwide/rustup-home/toolchains/nightly-2024-10-28-x86_64-unknown-linux-gnu/lib/rustlib/x86_64-unknown-linux-gnu/lib/libcore-d453bab70303062c.rlib" "/opt/rustwide/rustup-home/toolchains/nightly-2024-10-28-x86_64-unknown-linux-gnu/lib/rustlib/x86_64-unknown-linux-gnu/lib/libcompiler_builtins-0e6386368b0a24e8.rlib" "-Wl,-Bdynamic" "-lnvpair" "-lzfs" "-lgcc_s" "-lutil" "-lrt" "-lpthread" "-lm" "-ldl" "-lc" "-B/opt/rustwide/rustup-home/toolchains/nightly-2024-10-28-x86_64-unknown-linux-gnu/lib/rustlib/x86_64-unknown-linux-gnu/bin/gcc-ld" "-fuse-ld=lld" "-Wl,--eh-frame-hdr" "-Wl,-z,noexecstack" "-L" "/opt/rustwide/rustup-home/toolchains/nightly-2024-10-28-x86_64-unknown-linux-gnu/lib/rustlib/x86_64-unknown-linux-gnu/lib" "-o" "/tmp/rustdoctestJrtjSu/rust_out" "-Wl,--gc-sections" "-pie" "-Wl,-z,relro,-z,now" "-nodefaultlibs"
[INFO] [stdout]   = note: rust-lld: error: undefined symbol: nvlist_add_number
[INFO] [stdout]           >>> referenced by rust_out.16b4434b3f29390-cgu.0
[INFO] [stdout]           >>>               /tmp/rustdoctestJrtjSu/rust_out.rust_out.16b4434b3f29390-cgu.0.rcgu.o:(libnv::libnv::NvList::insert_number::h54b43d5b106a1f6d)
[INFO] [stdout]           
[INFO] [stdout]           rust-lld: error: undefined symbol: nvlist_dump
[INFO] [stdout]           >>> referenced by rust_out.16b4434b3f29390-cgu.0
[INFO] [stdout]           >>>               /tmp/rustdoctestJrtjSu/rust_out.rust_out.16b4434b3f29390-cgu.0.rcgu.o:(libnv::libnv::NvList::dump::hcdc5b22df4e220d0)
[INFO] [stdout]           
[INFO] [stdout]           rust-lld: error: undefined symbol: nvlist_create
[INFO] [stdout]           >>> referenced by libnv.rs:178 (src/libnv.rs:178)
[INFO] [stdout]           >>>               libnv-9a447a3363b8cc04.libnv.70986007d1694cf7-cgu.2.rcgu.o:(libnv::libnv::NvList::new::h75d40bdd37f8a165) in archive /opt/rustwide/target/debug/deps/liblibnv-9a447a3363b8cc04.rlib
[INFO] [stdout]           
[INFO] [stdout]           rust-lld: error: undefined symbol: nvlist_error
[INFO] [stdout]           >>> referenced by libnv.rs:231 (src/libnv.rs:231)
[INFO] [stdout]           >>>               libnv-9a447a3363b8cc04.libnv.70986007d1694cf7-cgu.2.rcgu.o:(libnv::libnv::NvList::error::hbfc008c4985d4355) in archive /opt/rustwide/target/debug/deps/liblibnv-9a447a3363b8cc04.rlib
[INFO] [stdout]           
[INFO] [stdout]           rust-lld: error: undefined symbol: nvlist_destroy
[INFO] [stdout]           >>> referenced by libnv.rs:813 (src/libnv.rs:813)
[INFO] [stdout]           >>>               libnv-9a447a3363b8cc04.libnv.70986007d1694cf7-cgu.2.rcgu.o:(_$LT$libnv..libnv..NvList$u20$as$u20$core..ops..drop..Drop$GT$::drop::h8632ab15779ad762) in archive /opt/rustwide/target/debug/deps/liblibnv-9a447a3363b8cc04.rlib
[INFO] [stdout]           collect2: error: ld returned 1 exit status
[INFO] [stdout]           
[INFO] [stdout] 
[INFO] [stdout] error: aborting due to 1 previous error
[INFO] [stdout] 
[INFO] [stdout] Couldn't compile the test.
[INFO] [stdout] ---- src/libnv.rs - libnv::NvList::insert_bools (line 385) stdout ----
[INFO] [stdout] error: linking with `cc` failed: exit status: 1
[INFO] [stdout]   |
[INFO] [stdout]   = note: LC_ALL="C" PATH="/opt/rustwide/rustup-home/toolchains/nightly-2024-10-28-x86_64-unknown-linux-gnu/lib/rustlib/x86_64-unknown-linux-gnu/bin:/opt/rustwide/rustup-home/toolchains/nightly-2024-10-28-x86_64-unknown-linux-gnu/lib/rustlib/x86_64-unknown-linux-gnu/bin/self-contained:/opt/rustwide/cargo-home/bin:/usr/local/sbin:/usr/local/bin:/usr/sbin:/usr/bin:/sbin:/bin" VSLANG="1033" "cc" "-m64" "/tmp/rustcf4aBPt/symbols.o" "/tmp/rustdoctestFZ3hNI/rust_out.rust_out.16b4434b3f29390-cgu.0.rcgu.o" "/tmp/rustdoctestFZ3hNI/rust_out.433cx8cl382ppljrnwzuxa40f.rcgu.o" "-Wl,--as-needed" "-Wl,-Bstatic" "/opt/rustwide/target/debug/deps/liblibnv-9a447a3363b8cc04.rlib" "/opt/rustwide/target/debug/deps/libnvpair_sys-9c8418907b600282.rlib" "/opt/rustwide/target/debug/deps/liblibnv_sys-4ef023401943515c.rlib" "/opt/rustwide/target/debug/deps/libquick_error-272c4b37477f4e1c.rlib" "/opt/rustwide/target/debug/deps/liblibc-cf06f29c0a4f6ede.rlib" "/opt/rustwide/rustup-home/toolchains/nightly-2024-10-28-x86_64-unknown-linux-gnu/lib/rustlib/x86_64-unknown-linux-gnu/lib/libstd-fb8c387236db3c10.rlib" "/opt/rustwide/rustup-home/toolchains/nightly-2024-10-28-x86_64-unknown-linux-gnu/lib/rustlib/x86_64-unknown-linux-gnu/lib/libpanic_unwind-b251837809b2f64b.rlib" "/opt/rustwide/rustup-home/toolchains/nightly-2024-10-28-x86_64-unknown-linux-gnu/lib/rustlib/x86_64-unknown-linux-gnu/lib/libobject-cbef83eaa4e01f04.rlib" "/opt/rustwide/rustup-home/toolchains/nightly-2024-10-28-x86_64-unknown-linux-gnu/lib/rustlib/x86_64-unknown-linux-gnu/lib/libmemchr-12a772286de2fca7.rlib" "/opt/rustwide/rustup-home/toolchains/nightly-2024-10-28-x86_64-unknown-linux-gnu/lib/rustlib/x86_64-unknown-linux-gnu/lib/libaddr2line-023bbe5ada7abfc3.rlib" "/opt/rustwide/rustup-home/toolchains/nightly-2024-10-28-x86_64-unknown-linux-gnu/lib/rustlib/x86_64-unknown-linux-gnu/lib/libgimli-de2bcdf10ec69c2b.rlib" "/opt/rustwide/rustup-home/toolchains/nightly-2024-10-28-x86_64-unknown-linux-gnu/lib/rustlib/x86_64-unknown-linux-gnu/lib/librustc_demangle-8e1754df350800fd.rlib" "/opt/rustwide/rustup-home/toolchains/nightly-2024-10-28-x86_64-unknown-linux-gnu/lib/rustlib/x86_64-unknown-linux-gnu/lib/libstd_detect-06c2ab7b9c32e037.rlib" "/opt/rustwide/rustup-home/toolchains/nightly-2024-10-28-x86_64-unknown-linux-gnu/lib/rustlib/x86_64-unknown-linux-gnu/lib/libhashbrown-51d2621fc57a281b.rlib" "/opt/rustwide/rustup-home/toolchains/nightly-2024-10-28-x86_64-unknown-linux-gnu/lib/rustlib/x86_64-unknown-linux-gnu/lib/librustc_std_workspace_alloc-54a930408793772f.rlib" "/opt/rustwide/rustup-home/toolchains/nightly-2024-10-28-x86_64-unknown-linux-gnu/lib/rustlib/x86_64-unknown-linux-gnu/lib/libminiz_oxide-0c7d01cba400dcb2.rlib" "/opt/rustwide/rustup-home/toolchains/nightly-2024-10-28-x86_64-unknown-linux-gnu/lib/rustlib/x86_64-unknown-linux-gnu/lib/libadler-b9f84d69e331b75b.rlib" "/opt/rustwide/rustup-home/toolchains/nightly-2024-10-28-x86_64-unknown-linux-gnu/lib/rustlib/x86_64-unknown-linux-gnu/lib/libunwind-eec95493246aae39.rlib" "/opt/rustwide/rustup-home/toolchains/nightly-2024-10-28-x86_64-unknown-linux-gnu/lib/rustlib/x86_64-unknown-linux-gnu/lib/libcfg_if-6f6676c475e08ab0.rlib" "/opt/rustwide/rustup-home/toolchains/nightly-2024-10-28-x86_64-unknown-linux-gnu/lib/rustlib/x86_64-unknown-linux-gnu/lib/liblibc-799d520624f8b2e0.rlib" "/opt/rustwide/rustup-home/toolchains/nightly-2024-10-28-x86_64-unknown-linux-gnu/lib/rustlib/x86_64-unknown-linux-gnu/lib/liballoc-fcf93d4842acd9a9.rlib" "/opt/rustwide/rustup-home/toolchains/nightly-2024-10-28-x86_64-unknown-linux-gnu/lib/rustlib/x86_64-unknown-linux-gnu/lib/librustc_std_workspace_core-395a38b8e0851c9b.rlib" "/opt/rustwide/rustup-home/toolchains/nightly-2024-10-28-x86_64-unknown-linux-gnu/lib/rustlib/x86_64-unknown-linux-gnu/lib/libcore-d453bab70303062c.rlib" "/opt/rustwide/rustup-home/toolchains/nightly-2024-10-28-x86_64-unknown-linux-gnu/lib/rustlib/x86_64-unknown-linux-gnu/lib/libcompiler_builtins-0e6386368b0a24e8.rlib" "-Wl,-Bdynamic" "-lnvpair" "-lzfs" "-lgcc_s" "-lutil" "-lrt" "-lpthread" "-lm" "-ldl" "-lc" "-B/opt/rustwide/rustup-home/toolchains/nightly-2024-10-28-x86_64-unknown-linux-gnu/lib/rustlib/x86_64-unknown-linux-gnu/bin/gcc-ld" "-fuse-ld=lld" "-Wl,--eh-frame-hdr" "-Wl,-z,noexecstack" "-L" "/opt/rustwide/rustup-home/toolchains/nightly-2024-10-28-x86_64-unknown-linux-gnu/lib/rustlib/x86_64-unknown-linux-gnu/lib" "-o" "/tmp/rustdoctestFZ3hNI/rust_out" "-Wl,--gc-sections" "-pie" "-Wl,-z,relro,-z,now" "-nodefaultlibs"
[INFO] [stdout]   = note: rust-lld: error: undefined symbol: nvlist_add_bool_array
[INFO] [stdout]           >>> referenced by rust_out.16b4434b3f29390-cgu.0
[INFO] [stdout]           >>>               /tmp/rustdoctestFZ3hNI/rust_out.rust_out.16b4434b3f29390-cgu.0.rcgu.o:(libnv::libnv::NvList::insert_bools::hbd30db0dc768f9f3)
[INFO] [stdout]           
[INFO] [stdout]           rust-lld: error: undefined symbol: nvlist_create
[INFO] [stdout]           >>> referenced by libnv.rs:178 (src/libnv.rs:178)
[INFO] [stdout]           >>>               libnv-9a447a3363b8cc04.libnv.70986007d1694cf7-cgu.2.rcgu.o:(libnv::libnv::NvList::new::h75d40bdd37f8a165) in archive /opt/rustwide/target/debug/deps/liblibnv-9a447a3363b8cc04.rlib
[INFO] [stdout]           
[INFO] [stdout]           rust-lld: error: undefined symbol: nvlist_error
[INFO] [stdout]           >>> referenced by libnv.rs:231 (src/libnv.rs:231)
[INFO] [stdout]           >>>               libnv-9a447a3363b8cc04.libnv.70986007d1694cf7-cgu.2.rcgu.o:(libnv::libnv::NvList::error::hbfc008c4985d4355) in archive /opt/rustwide/target/debug/deps/liblibnv-9a447a3363b8cc04.rlib
[INFO] [stdout]           
[INFO] [stdout]           rust-lld: error: undefined symbol: nvlist_destroy
[INFO] [stdout]           >>> referenced by libnv.rs:813 (src/libnv.rs:813)
[INFO] [stdout]           >>>               libnv-9a447a3363b8cc04.libnv.70986007d1694cf7-cgu.2.rcgu.o:(_$LT$libnv..libnv..NvList$u20$as$u20$core..ops..drop..Drop$GT$::drop::h8632ab15779ad762) in archive /opt/rustwide/target/debug/deps/liblibnv-9a447a3363b8cc04.rlib
[INFO] [stdout]           collect2: error: ld returned 1 exit status
[INFO] [stdout]           
[INFO] [stdout] 
[INFO] [stdout] error: aborting due to 1 previous error
[INFO] [stdout] 
[INFO] [stdout] Couldn't compile the test.
[INFO] [stdout] ---- src/libnv.rs - libnv::NvList::contains_key (line 494) stdout ----
[INFO] [stdout] error: linking with `cc` failed: exit status: 1
[INFO] [stdout]   |
[INFO] [stdout]   = note: LC_ALL="C" PATH="/opt/rustwide/rustup-home/toolchains/nightly-2024-10-28-x86_64-unknown-linux-gnu/lib/rustlib/x86_64-unknown-linux-gnu/bin:/opt/rustwide/rustup-home/toolchains/nightly-2024-10-28-x86_64-unknown-linux-gnu/lib/rustlib/x86_64-unknown-linux-gnu/bin/self-contained:/opt/rustwide/cargo-home/bin:/usr/local/sbin:/usr/local/bin:/usr/sbin:/usr/bin:/sbin:/bin" VSLANG="1033" "cc" "-m64" "/tmp/rustcChl5gb/symbols.o" "/tmp/rustdoctestYOOEpL/rust_out.rust_out.16b4434b3f29390-cgu.0.rcgu.o" "/tmp/rustdoctestYOOEpL/rust_out.433cx8cl382ppljrnwzuxa40f.rcgu.o" "-Wl,--as-needed" "-Wl,-Bstatic" "/opt/rustwide/target/debug/deps/liblibnv-9a447a3363b8cc04.rlib" "/opt/rustwide/target/debug/deps/libnvpair_sys-9c8418907b600282.rlib" "/opt/rustwide/target/debug/deps/liblibnv_sys-4ef023401943515c.rlib" "/opt/rustwide/target/debug/deps/libquick_error-272c4b37477f4e1c.rlib" "/opt/rustwide/target/debug/deps/liblibc-cf06f29c0a4f6ede.rlib" "/opt/rustwide/rustup-home/toolchains/nightly-2024-10-28-x86_64-unknown-linux-gnu/lib/rustlib/x86_64-unknown-linux-gnu/lib/libstd-fb8c387236db3c10.rlib" "/opt/rustwide/rustup-home/toolchains/nightly-2024-10-28-x86_64-unknown-linux-gnu/lib/rustlib/x86_64-unknown-linux-gnu/lib/libpanic_unwind-b251837809b2f64b.rlib" "/opt/rustwide/rustup-home/toolchains/nightly-2024-10-28-x86_64-unknown-linux-gnu/lib/rustlib/x86_64-unknown-linux-gnu/lib/libobject-cbef83eaa4e01f04.rlib" "/opt/rustwide/rustup-home/toolchains/nightly-2024-10-28-x86_64-unknown-linux-gnu/lib/rustlib/x86_64-unknown-linux-gnu/lib/libmemchr-12a772286de2fca7.rlib" "/opt/rustwide/rustup-home/toolchains/nightly-2024-10-28-x86_64-unknown-linux-gnu/lib/rustlib/x86_64-unknown-linux-gnu/lib/libaddr2line-023bbe5ada7abfc3.rlib" "/opt/rustwide/rustup-home/toolchains/nightly-2024-10-28-x86_64-unknown-linux-gnu/lib/rustlib/x86_64-unknown-linux-gnu/lib/libgimli-de2bcdf10ec69c2b.rlib" "/opt/rustwide/rustup-home/toolchains/nightly-2024-10-28-x86_64-unknown-linux-gnu/lib/rustlib/x86_64-unknown-linux-gnu/lib/librustc_demangle-8e1754df350800fd.rlib" "/opt/rustwide/rustup-home/toolchains/nightly-2024-10-28-x86_64-unknown-linux-gnu/lib/rustlib/x86_64-unknown-linux-gnu/lib/libstd_detect-06c2ab7b9c32e037.rlib" "/opt/rustwide/rustup-home/toolchains/nightly-2024-10-28-x86_64-unknown-linux-gnu/lib/rustlib/x86_64-unknown-linux-gnu/lib/libhashbrown-51d2621fc57a281b.rlib" "/opt/rustwide/rustup-home/toolchains/nightly-2024-10-28-x86_64-unknown-linux-gnu/lib/rustlib/x86_64-unknown-linux-gnu/lib/librustc_std_workspace_alloc-54a930408793772f.rlib" "/opt/rustwide/rustup-home/toolchains/nightly-2024-10-28-x86_64-unknown-linux-gnu/lib/rustlib/x86_64-unknown-linux-gnu/lib/libminiz_oxide-0c7d01cba400dcb2.rlib" "/opt/rustwide/rustup-home/toolchains/nightly-2024-10-28-x86_64-unknown-linux-gnu/lib/rustlib/x86_64-unknown-linux-gnu/lib/libadler-b9f84d69e331b75b.rlib" "/opt/rustwide/rustup-home/toolchains/nightly-2024-10-28-x86_64-unknown-linux-gnu/lib/rustlib/x86_64-unknown-linux-gnu/lib/libunwind-eec95493246aae39.rlib" "/opt/rustwide/rustup-home/toolchains/nightly-2024-10-28-x86_64-unknown-linux-gnu/lib/rustlib/x86_64-unknown-linux-gnu/lib/libcfg_if-6f6676c475e08ab0.rlib" "/opt/rustwide/rustup-home/toolchains/nightly-2024-10-28-x86_64-unknown-linux-gnu/lib/rustlib/x86_64-unknown-linux-gnu/lib/liblibc-799d520624f8b2e0.rlib" "/opt/rustwide/rustup-home/toolchains/nightly-2024-10-28-x86_64-unknown-linux-gnu/lib/rustlib/x86_64-unknown-linux-gnu/lib/liballoc-fcf93d4842acd9a9.rlib" "/opt/rustwide/rustup-home/toolchains/nightly-2024-10-28-x86_64-unknown-linux-gnu/lib/rustlib/x86_64-unknown-linux-gnu/lib/librustc_std_workspace_core-395a38b8e0851c9b.rlib" "/opt/rustwide/rustup-home/toolchains/nightly-2024-10-28-x86_64-unknown-linux-gnu/lib/rustlib/x86_64-unknown-linux-gnu/lib/libcore-d453bab70303062c.rlib" "/opt/rustwide/rustup-home/toolchains/nightly-2024-10-28-x86_64-unknown-linux-gnu/lib/rustlib/x86_64-unknown-linux-gnu/lib/libcompiler_builtins-0e6386368b0a24e8.rlib" "-Wl,-Bdynamic" "-lnvpair" "-lzfs" "-lgcc_s" "-lutil" "-lrt" "-lpthread" "-lm" "-ldl" "-lc" "-B/opt/rustwide/rustup-home/toolchains/nightly-2024-10-28-x86_64-unknown-linux-gnu/lib/rustlib/x86_64-unknown-linux-gnu/bin/gcc-ld" "-fuse-ld=lld" "-Wl,--eh-frame-hdr" "-Wl,-z,noexecstack" "-L" "/opt/rustwide/rustup-home/toolchains/nightly-2024-10-28-x86_64-unknown-linux-gnu/lib/rustlib/x86_64-unknown-linux-gnu/lib" "-o" "/tmp/rustdoctestYOOEpL/rust_out" "-Wl,--gc-sections" "-pie" "-Wl,-z,relro,-z,now" "-nodefaultlibs"
[INFO] [stdout]   = note: rust-lld: error: undefined symbol: nvlist_add_number
[INFO] [stdout]           >>> referenced by rust_out.16b4434b3f29390-cgu.0
[INFO] [stdout]           >>>               /tmp/rustdoctestYOOEpL/rust_out.rust_out.16b4434b3f29390-cgu.0.rcgu.o:(libnv::libnv::NvList::insert_number::h54b43d5b106a1f6d)
[INFO] [stdout]           
[INFO] [stdout]           rust-lld: error: undefined symbol: nvlist_create
[INFO] [stdout]           >>> referenced by libnv.rs:178 (src/libnv.rs:178)
[INFO] [stdout]           >>>               libnv-9a447a3363b8cc04.libnv.70986007d1694cf7-cgu.2.rcgu.o:(libnv::libnv::NvList::new::h75d40bdd37f8a165) in archive /opt/rustwide/target/debug/deps/liblibnv-9a447a3363b8cc04.rlib
[INFO] [stdout]           
[INFO] [stdout]           rust-lld: error: undefined symbol: nvlist_error
[INFO] [stdout]           >>> referenced by libnv.rs:231 (src/libnv.rs:231)
[INFO] [stdout]           >>>               libnv-9a447a3363b8cc04.libnv.70986007d1694cf7-cgu.2.rcgu.o:(libnv::libnv::NvList::error::hbfc008c4985d4355) in archive /opt/rustwide/target/debug/deps/liblibnv-9a447a3363b8cc04.rlib
[INFO] [stdout]           
[INFO] [stdout]           rust-lld: error: undefined symbol: nvlist_destroy
[INFO] [stdout]           >>> referenced by libnv.rs:813 (src/libnv.rs:813)
[INFO] [stdout]           >>>               libnv-9a447a3363b8cc04.libnv.70986007d1694cf7-cgu.2.rcgu.o:(_$LT$libnv..libnv..NvList$u20$as$u20$core..ops..drop..Drop$GT$::drop::h8632ab15779ad762) in archive /opt/rustwide/target/debug/deps/liblibnv-9a447a3363b8cc04.rlib
[INFO] [stdout]           collect2: error: ld returned 1 exit status
[INFO] [stdout]           
[INFO] [stdout] 
[INFO] [stdout] error: aborting due to 1 previous error
[INFO] [stdout] 
[INFO] [stdout] Couldn't compile the test.
[INFO] [stdout] ---- src/libnv.rs - libnv::NvList::get_nvlists (line 732) stdout ----
[INFO] [stdout] error: linking with `cc` failed: exit status: 1
[INFO] [stdout]   |
[INFO] [stdout]   = note: LC_ALL="C" PATH="/opt/rustwide/rustup-home/toolchains/nightly-2024-10-28-x86_64-unknown-linux-gnu/lib/rustlib/x86_64-unknown-linux-gnu/bin:/opt/rustwide/rustup-home/toolchains/nightly-2024-10-28-x86_64-unknown-linux-gnu/lib/rustlib/x86_64-unknown-linux-gnu/bin/self-contained:/opt/rustwide/cargo-home/bin:/usr/local/sbin:/usr/local/bin:/usr/sbin:/usr/bin:/sbin:/bin" VSLANG="1033" "cc" "-m64" "/tmp/rustcwirZnr/symbols.o" "/tmp/rustdoctestN8KZwZ/rust_out.rust_out.16b4434b3f29390-cgu.0.rcgu.o" "/tmp/rustdoctestN8KZwZ/rust_out.433cx8cl382ppljrnwzuxa40f.rcgu.o" "-Wl,--as-needed" "-Wl,-Bstatic" "/opt/rustwide/target/debug/deps/liblibnv-9a447a3363b8cc04.rlib" "/opt/rustwide/target/debug/deps/libnvpair_sys-9c8418907b600282.rlib" "/opt/rustwide/target/debug/deps/liblibnv_sys-4ef023401943515c.rlib" "/opt/rustwide/target/debug/deps/libquick_error-272c4b37477f4e1c.rlib" "/opt/rustwide/target/debug/deps/liblibc-cf06f29c0a4f6ede.rlib" "/opt/rustwide/rustup-home/toolchains/nightly-2024-10-28-x86_64-unknown-linux-gnu/lib/rustlib/x86_64-unknown-linux-gnu/lib/libstd-fb8c387236db3c10.rlib" "/opt/rustwide/rustup-home/toolchains/nightly-2024-10-28-x86_64-unknown-linux-gnu/lib/rustlib/x86_64-unknown-linux-gnu/lib/libpanic_unwind-b251837809b2f64b.rlib" "/opt/rustwide/rustup-home/toolchains/nightly-2024-10-28-x86_64-unknown-linux-gnu/lib/rustlib/x86_64-unknown-linux-gnu/lib/libobject-cbef83eaa4e01f04.rlib" "/opt/rustwide/rustup-home/toolchains/nightly-2024-10-28-x86_64-unknown-linux-gnu/lib/rustlib/x86_64-unknown-linux-gnu/lib/libmemchr-12a772286de2fca7.rlib" "/opt/rustwide/rustup-home/toolchains/nightly-2024-10-28-x86_64-unknown-linux-gnu/lib/rustlib/x86_64-unknown-linux-gnu/lib/libaddr2line-023bbe5ada7abfc3.rlib" "/opt/rustwide/rustup-home/toolchains/nightly-2024-10-28-x86_64-unknown-linux-gnu/lib/rustlib/x86_64-unknown-linux-gnu/lib/libgimli-de2bcdf10ec69c2b.rlib" "/opt/rustwide/rustup-home/toolchains/nightly-2024-10-28-x86_64-unknown-linux-gnu/lib/rustlib/x86_64-unknown-linux-gnu/lib/librustc_demangle-8e1754df350800fd.rlib" "/opt/rustwide/rustup-home/toolchains/nightly-2024-10-28-x86_64-unknown-linux-gnu/lib/rustlib/x86_64-unknown-linux-gnu/lib/libstd_detect-06c2ab7b9c32e037.rlib" "/opt/rustwide/rustup-home/toolchains/nightly-2024-10-28-x86_64-unknown-linux-gnu/lib/rustlib/x86_64-unknown-linux-gnu/lib/libhashbrown-51d2621fc57a281b.rlib" "/opt/rustwide/rustup-home/toolchains/nightly-2024-10-28-x86_64-unknown-linux-gnu/lib/rustlib/x86_64-unknown-linux-gnu/lib/librustc_std_workspace_alloc-54a930408793772f.rlib" "/opt/rustwide/rustup-home/toolchains/nightly-2024-10-28-x86_64-unknown-linux-gnu/lib/rustlib/x86_64-unknown-linux-gnu/lib/libminiz_oxide-0c7d01cba400dcb2.rlib" "/opt/rustwide/rustup-home/toolchains/nightly-2024-10-28-x86_64-unknown-linux-gnu/lib/rustlib/x86_64-unknown-linux-gnu/lib/libadler-b9f84d69e331b75b.rlib" "/opt/rustwide/rustup-home/toolchains/nightly-2024-10-28-x86_64-unknown-linux-gnu/lib/rustlib/x86_64-unknown-linux-gnu/lib/libunwind-eec95493246aae39.rlib" "/opt/rustwide/rustup-home/toolchains/nightly-2024-10-28-x86_64-unknown-linux-gnu/lib/rustlib/x86_64-unknown-linux-gnu/lib/libcfg_if-6f6676c475e08ab0.rlib" "/opt/rustwide/rustup-home/toolchains/nightly-2024-10-28-x86_64-unknown-linux-gnu/lib/rustlib/x86_64-unknown-linux-gnu/lib/liblibc-799d520624f8b2e0.rlib" "/opt/rustwide/rustup-home/toolchains/nightly-2024-10-28-x86_64-unknown-linux-gnu/lib/rustlib/x86_64-unknown-linux-gnu/lib/liballoc-fcf93d4842acd9a9.rlib" "/opt/rustwide/rustup-home/toolchains/nightly-2024-10-28-x86_64-unknown-linux-gnu/lib/rustlib/x86_64-unknown-linux-gnu/lib/librustc_std_workspace_core-395a38b8e0851c9b.rlib" "/opt/rustwide/rustup-home/toolchains/nightly-2024-10-28-x86_64-unknown-linux-gnu/lib/rustlib/x86_64-unknown-linux-gnu/lib/libcore-d453bab70303062c.rlib" "/opt/rustwide/rustup-home/toolchains/nightly-2024-10-28-x86_64-unknown-linux-gnu/lib/rustlib/x86_64-unknown-linux-gnu/lib/libcompiler_builtins-0e6386368b0a24e8.rlib" "-Wl,-Bdynamic" "-lnvpair" "-lzfs" "-lgcc_s" "-lutil" "-lrt" "-lpthread" "-lm" "-ldl" "-lc" "-B/opt/rustwide/rustup-home/toolchains/nightly-2024-10-28-x86_64-unknown-linux-gnu/lib/rustlib/x86_64-unknown-linux-gnu/bin/gcc-ld" "-fuse-ld=lld" "-Wl,--eh-frame-hdr" "-Wl,-z,noexecstack" "-L" "/opt/rustwide/rustup-home/toolchains/nightly-2024-10-28-x86_64-unknown-linux-gnu/lib/rustlib/x86_64-unknown-linux-gnu/lib" "-o" "/tmp/rustdoctestN8KZwZ/rust_out" "-Wl,--gc-sections" "-pie" "-Wl,-z,relro,-z,now" "-nodefaultlibs"
[INFO] [stdout]   = note: rust-lld: error: undefined symbol: nvlist_exists_nvlist_array
[INFO] [stdout]           >>> referenced by rust_out.16b4434b3f29390-cgu.0
[INFO] [stdout]           >>>               /tmp/rustdoctestN8KZwZ/rust_out.rust_out.16b4434b3f29390-cgu.0.rcgu.o:(libnv::libnv::NvList::get_nvlists::ha0cf77659546a341)
[INFO] [stdout]           
[INFO] [stdout]           rust-lld: error: undefined symbol: nvlist_get_nvlist_array
[INFO] [stdout]           >>> referenced by rust_out.16b4434b3f29390-cgu.0
[INFO] [stdout]           >>>               /tmp/rustdoctestN8KZwZ/rust_out.rust_out.16b4434b3f29390-cgu.0.rcgu.o:(libnv::libnv::NvList::get_nvlists::ha0cf77659546a341)
[INFO] [stdout]           
[INFO] [stdout]           rust-lld: error: undefined symbol: nvlist_clone
[INFO] [stdout]           >>> referenced by rust_out.16b4434b3f29390-cgu.0
[INFO] [stdout]           >>>               /tmp/rustdoctestN8KZwZ/rust_out.rust_out.16b4434b3f29390-cgu.0.rcgu.o:(libnv::libnv::NvList::get_nvlists::_$u7b$$u7b$closure$u7d$$u7d$::ha766acce23008d89)
[INFO] [stdout]           >>> referenced by libnv.rs:805 (src/libnv.rs:805)
[INFO] [stdout]           >>>               libnv-9a447a3363b8cc04.libnv.70986007d1694cf7-cgu.2.rcgu.o:(_$LT$libnv..libnv..NvList$u20$as$u20$core..clone..Clone$GT$::clone::h2385455290c00fec) in archive /opt/rustwide/target/debug/deps/liblibnv-9a447a3363b8cc04.rlib
[INFO] [stdout]           
[INFO] [stdout]           rust-lld: error: undefined symbol: nvlist_create
[INFO] [stdout]           >>> referenced by libnv.rs:178 (src/libnv.rs:178)
[INFO] [stdout]           >>>               libnv-9a447a3363b8cc04.libnv.70986007d1694cf7-cgu.2.rcgu.o:(libnv::libnv::NvList::new::h75d40bdd37f8a165) in archive /opt/rustwide/target/debug/deps/liblibnv-9a447a3363b8cc04.rlib
[INFO] [stdout]           
[INFO] [stdout]           rust-lld: error: undefined symbol: nvlist_flags
[INFO] [stdout]           >>> referenced by libnv.rs:219 (src/libnv.rs:219)
[INFO] [stdout]           >>>               libnv-9a447a3363b8cc04.libnv.70986007d1694cf7-cgu.2.rcgu.o:(libnv::libnv::NvList::flags::h0e2ef1e4ef36e200) in archive /opt/rustwide/target/debug/deps/liblibnv-9a447a3363b8cc04.rlib
[INFO] [stdout]           
[INFO] [stdout]           rust-lld: error: undefined symbol: nvlist_error
[INFO] [stdout]           >>> referenced by libnv.rs:231 (src/libnv.rs:231)
[INFO] [stdout]           >>>               libnv-9a447a3363b8cc04.libnv.70986007d1694cf7-cgu.2.rcgu.o:(libnv::libnv::NvList::error::hbfc008c4985d4355) in archive /opt/rustwide/target/debug/deps/liblibnv-9a447a3363b8cc04.rlib
[INFO] [stdout]           
[INFO] [stdout]           rust-lld: error: undefined symbol: nvlist_destroy
[INFO] [stdout]           >>> referenced by libnv.rs:813 (src/libnv.rs:813)
[INFO] [stdout]           >>>               libnv-9a447a3363b8cc04.libnv.70986007d1694cf7-cgu.2.rcgu.o:(_$LT$libnv..libnv..NvList$u20$as$u20$core..ops..drop..Drop$GT$::drop::h8632ab15779ad762) in archive /opt/rustwide/target/debug/deps/liblibnv-9a447a3363b8cc04.rlib
[INFO] [stdout]           collect2: error: ld returned 1 exit status
[INFO] [stdout]           
[INFO] [stdout] 
[INFO] [stdout] error: aborting due to 1 previous error
[INFO] [stdout] 
[INFO] [stdout] Couldn't compile the test.
[INFO] [stdout] ---- src/libnv.rs - libnv::NvList::contains_key_with_type (line 511) stdout ----
[INFO] [stdout] error: linking with `cc` failed: exit status: 1
[INFO] [stdout]   |
[INFO] [stdout]   = note: LC_ALL="C" PATH="/opt/rustwide/rustup-home/toolchains/nightly-2024-10-28-x86_64-unknown-linux-gnu/lib/rustlib/x86_64-unknown-linux-gnu/bin:/opt/rustwide/rustup-home/toolchains/nightly-2024-10-28-x86_64-unknown-linux-gnu/lib/rustlib/x86_64-unknown-linux-gnu/bin/self-contained:/opt/rustwide/cargo-home/bin:/usr/local/sbin:/usr/local/bin:/usr/sbin:/usr/bin:/sbin:/bin" VSLANG="1033" "cc" "-m64" "/tmp/rustcXf3uai/symbols.o" "/tmp/rustdoctestdxvnvR/rust_out.rust_out.16b4434b3f29390-cgu.0.rcgu.o" "/tmp/rustdoctestdxvnvR/rust_out.433cx8cl382ppljrnwzuxa40f.rcgu.o" "-Wl,--as-needed" "-Wl,-Bstatic" "/opt/rustwide/target/debug/deps/liblibnv-9a447a3363b8cc04.rlib" "/opt/rustwide/target/debug/deps/libnvpair_sys-9c8418907b600282.rlib" "/opt/rustwide/target/debug/deps/liblibnv_sys-4ef023401943515c.rlib" "/opt/rustwide/target/debug/deps/libquick_error-272c4b37477f4e1c.rlib" "/opt/rustwide/target/debug/deps/liblibc-cf06f29c0a4f6ede.rlib" "/opt/rustwide/rustup-home/toolchains/nightly-2024-10-28-x86_64-unknown-linux-gnu/lib/rustlib/x86_64-unknown-linux-gnu/lib/libstd-fb8c387236db3c10.rlib" "/opt/rustwide/rustup-home/toolchains/nightly-2024-10-28-x86_64-unknown-linux-gnu/lib/rustlib/x86_64-unknown-linux-gnu/lib/libpanic_unwind-b251837809b2f64b.rlib" "/opt/rustwide/rustup-home/toolchains/nightly-2024-10-28-x86_64-unknown-linux-gnu/lib/rustlib/x86_64-unknown-linux-gnu/lib/libobject-cbef83eaa4e01f04.rlib" "/opt/rustwide/rustup-home/toolchains/nightly-2024-10-28-x86_64-unknown-linux-gnu/lib/rustlib/x86_64-unknown-linux-gnu/lib/libmemchr-12a772286de2fca7.rlib" "/opt/rustwide/rustup-home/toolchains/nightly-2024-10-28-x86_64-unknown-linux-gnu/lib/rustlib/x86_64-unknown-linux-gnu/lib/libaddr2line-023bbe5ada7abfc3.rlib" "/opt/rustwide/rustup-home/toolchains/nightly-2024-10-28-x86_64-unknown-linux-gnu/lib/rustlib/x86_64-unknown-linux-gnu/lib/libgimli-de2bcdf10ec69c2b.rlib" "/opt/rustwide/rustup-home/toolchains/nightly-2024-10-28-x86_64-unknown-linux-gnu/lib/rustlib/x86_64-unknown-linux-gnu/lib/librustc_demangle-8e1754df350800fd.rlib" "/opt/rustwide/rustup-home/toolchains/nightly-2024-10-28-x86_64-unknown-linux-gnu/lib/rustlib/x86_64-unknown-linux-gnu/lib/libstd_detect-06c2ab7b9c32e037.rlib" "/opt/rustwide/rustup-home/toolchains/nightly-2024-10-28-x86_64-unknown-linux-gnu/lib/rustlib/x86_64-unknown-linux-gnu/lib/libhashbrown-51d2621fc57a281b.rlib" "/opt/rustwide/rustup-home/toolchains/nightly-2024-10-28-x86_64-unknown-linux-gnu/lib/rustlib/x86_64-unknown-linux-gnu/lib/librustc_std_workspace_alloc-54a930408793772f.rlib" "/opt/rustwide/rustup-home/toolchains/nightly-2024-10-28-x86_64-unknown-linux-gnu/lib/rustlib/x86_64-unknown-linux-gnu/lib/libminiz_oxide-0c7d01cba400dcb2.rlib" "/opt/rustwide/rustup-home/toolchains/nightly-2024-10-28-x86_64-unknown-linux-gnu/lib/rustlib/x86_64-unknown-linux-gnu/lib/libadler-b9f84d69e331b75b.rlib" "/opt/rustwide/rustup-home/toolchains/nightly-2024-10-28-x86_64-unknown-linux-gnu/lib/rustlib/x86_64-unknown-linux-gnu/lib/libunwind-eec95493246aae39.rlib" "/opt/rustwide/rustup-home/toolchains/nightly-2024-10-28-x86_64-unknown-linux-gnu/lib/rustlib/x86_64-unknown-linux-gnu/lib/libcfg_if-6f6676c475e08ab0.rlib" "/opt/rustwide/rustup-home/toolchains/nightly-2024-10-28-x86_64-unknown-linux-gnu/lib/rustlib/x86_64-unknown-linux-gnu/lib/liblibc-799d520624f8b2e0.rlib" "/opt/rustwide/rustup-home/toolchains/nightly-2024-10-28-x86_64-unknown-linux-gnu/lib/rustlib/x86_64-unknown-linux-gnu/lib/liballoc-fcf93d4842acd9a9.rlib" "/opt/rustwide/rustup-home/toolchains/nightly-2024-10-28-x86_64-unknown-linux-gnu/lib/rustlib/x86_64-unknown-linux-gnu/lib/librustc_std_workspace_core-395a38b8e0851c9b.rlib" "/opt/rustwide/rustup-home/toolchains/nightly-2024-10-28-x86_64-unknown-linux-gnu/lib/rustlib/x86_64-unknown-linux-gnu/lib/libcore-d453bab70303062c.rlib" "/opt/rustwide/rustup-home/toolchains/nightly-2024-10-28-x86_64-unknown-linux-gnu/lib/rustlib/x86_64-unknown-linux-gnu/lib/libcompiler_builtins-0e6386368b0a24e8.rlib" "-Wl,-Bdynamic" "-lnvpair" "-lzfs" "-lgcc_s" "-lutil" "-lrt" "-lpthread" "-lm" "-ldl" "-lc" "-B/opt/rustwide/rustup-home/toolchains/nightly-2024-10-28-x86_64-unknown-linux-gnu/lib/rustlib/x86_64-unknown-linux-gnu/bin/gcc-ld" "-fuse-ld=lld" "-Wl,--eh-frame-hdr" "-Wl,-z,noexecstack" "-L" "/opt/rustwide/rustup-home/toolchains/nightly-2024-10-28-x86_64-unknown-linux-gnu/lib/rustlib/x86_64-unknown-linux-gnu/lib" "-o" "/tmp/rustdoctestdxvnvR/rust_out" "-Wl,--gc-sections" "-pie" "-Wl,-z,relro,-z,now" "-nodefaultlibs"
[INFO] [stdout]   = note: rust-lld: error: undefined symbol: nvlist_add_number
[INFO] [stdout]           >>> referenced by rust_out.16b4434b3f29390-cgu.0
[INFO] [stdout]           >>>               /tmp/rustdoctestdxvnvR/rust_out.rust_out.16b4434b3f29390-cgu.0.rcgu.o:(libnv::libnv::NvList::insert_number::h54b43d5b106a1f6d)
[INFO] [stdout]           
[INFO] [stdout]           rust-lld: error: undefined symbol: nvlist_exists_type
[INFO] [stdout]           >>> referenced by rust_out.16b4434b3f29390-cgu.0
[INFO] [stdout]           >>>               /tmp/rustdoctestdxvnvR/rust_out.rust_out.16b4434b3f29390-cgu.0.rcgu.o:(libnv::libnv::NvList::contains_key_with_type::hefebd59ec095a102)
[INFO] [stdout]           
[INFO] [stdout]           rust-lld: error: undefined symbol: nvlist_create
[INFO] [stdout]           >>> referenced by libnv.rs:178 (src/libnv.rs:178)
[INFO] [stdout]           >>>               libnv-9a447a3363b8cc04.libnv.70986007d1694cf7-cgu.2.rcgu.o:(libnv::libnv::NvList::new::h75d40bdd37f8a165) in archive /opt/rustwide/target/debug/deps/liblibnv-9a447a3363b8cc04.rlib
[INFO] [stdout]           
[INFO] [stdout]           rust-lld: error: undefined symbol: nvlist_error
[INFO] [stdout]           >>> referenced by libnv.rs:231 (src/libnv.rs:231)
[INFO] [stdout]           >>>               libnv-9a447a3363b8cc04.libnv.70986007d1694cf7-cgu.2.rcgu.o:(libnv::libnv::NvList::error::hbfc008c4985d4355) in archive /opt/rustwide/target/debug/deps/liblibnv-9a447a3363b8cc04.rlib
[INFO] [stdout]           
[INFO] [stdout]           rust-lld: error: undefined symbol: nvlist_destroy
[INFO] [stdout]           >>> referenced by libnv.rs:813 (src/libnv.rs:813)
[INFO] [stdout]           >>>               libnv-9a447a3363b8cc04.libnv.70986007d1694cf7-cgu.2.rcgu.o:(_$LT$libnv..libnv..NvList$u20$as$u20$core..ops..drop..Drop$GT$::drop::h8632ab15779ad762) in archive /opt/rustwide/target/debug/deps/liblibnv-9a447a3363b8cc04.rlib
[INFO] [stdout]           collect2: error: ld returned 1 exit status
[INFO] [stdout]           
[INFO] [stdout] 
[INFO] [stdout] error: aborting due to 1 previous error
[INFO] [stdout] 
[INFO] [stdout] Couldn't compile the test.
[INFO] [stdout] ---- src/libnv.rs - libnv::NvList::flags (line 212) stdout ----
[INFO] [stdout] error: linking with `cc` failed: exit status: 1
[INFO] [stdout]   |
[INFO] [stdout]   = note: LC_ALL="C" PATH="/opt/rustwide/rustup-home/toolchains/nightly-2024-10-28-x86_64-unknown-linux-gnu/lib/rustlib/x86_64-unknown-linux-gnu/bin:/opt/rustwide/rustup-home/toolchains/nightly-2024-10-28-x86_64-unknown-linux-gnu/lib/rustlib/x86_64-unknown-linux-gnu/bin/self-contained:/opt/rustwide/cargo-home/bin:/usr/local/sbin:/usr/local/bin:/usr/sbin:/usr/bin:/sbin:/bin" VSLANG="1033" "cc" "-m64" "/tmp/rustcmtLtFy/symbols.o" "/tmp/rustdoctest1mZKVo/rust_out.rust_out.16b4434b3f29390-cgu.0.rcgu.o" "/tmp/rustdoctest1mZKVo/rust_out.433cx8cl382ppljrnwzuxa40f.rcgu.o" "-Wl,--as-needed" "-Wl,-Bstatic" "/opt/rustwide/target/debug/deps/liblibnv-9a447a3363b8cc04.rlib" "/opt/rustwide/target/debug/deps/libnvpair_sys-9c8418907b600282.rlib" "/opt/rustwide/target/debug/deps/liblibnv_sys-4ef023401943515c.rlib" "/opt/rustwide/target/debug/deps/libquick_error-272c4b37477f4e1c.rlib" "/opt/rustwide/target/debug/deps/liblibc-cf06f29c0a4f6ede.rlib" "/opt/rustwide/rustup-home/toolchains/nightly-2024-10-28-x86_64-unknown-linux-gnu/lib/rustlib/x86_64-unknown-linux-gnu/lib/libstd-fb8c387236db3c10.rlib" "/opt/rustwide/rustup-home/toolchains/nightly-2024-10-28-x86_64-unknown-linux-gnu/lib/rustlib/x86_64-unknown-linux-gnu/lib/libpanic_unwind-b251837809b2f64b.rlib" "/opt/rustwide/rustup-home/toolchains/nightly-2024-10-28-x86_64-unknown-linux-gnu/lib/rustlib/x86_64-unknown-linux-gnu/lib/libobject-cbef83eaa4e01f04.rlib" "/opt/rustwide/rustup-home/toolchains/nightly-2024-10-28-x86_64-unknown-linux-gnu/lib/rustlib/x86_64-unknown-linux-gnu/lib/libmemchr-12a772286de2fca7.rlib" "/opt/rustwide/rustup-home/toolchains/nightly-2024-10-28-x86_64-unknown-linux-gnu/lib/rustlib/x86_64-unknown-linux-gnu/lib/libaddr2line-023bbe5ada7abfc3.rlib" "/opt/rustwide/rustup-home/toolchains/nightly-2024-10-28-x86_64-unknown-linux-gnu/lib/rustlib/x86_64-unknown-linux-gnu/lib/libgimli-de2bcdf10ec69c2b.rlib" "/opt/rustwide/rustup-home/toolchains/nightly-2024-10-28-x86_64-unknown-linux-gnu/lib/rustlib/x86_64-unknown-linux-gnu/lib/librustc_demangle-8e1754df350800fd.rlib" "/opt/rustwide/rustup-home/toolchains/nightly-2024-10-28-x86_64-unknown-linux-gnu/lib/rustlib/x86_64-unknown-linux-gnu/lib/libstd_detect-06c2ab7b9c32e037.rlib" "/opt/rustwide/rustup-home/toolchains/nightly-2024-10-28-x86_64-unknown-linux-gnu/lib/rustlib/x86_64-unknown-linux-gnu/lib/libhashbrown-51d2621fc57a281b.rlib" "/opt/rustwide/rustup-home/toolchains/nightly-2024-10-28-x86_64-unknown-linux-gnu/lib/rustlib/x86_64-unknown-linux-gnu/lib/librustc_std_workspace_alloc-54a930408793772f.rlib" "/opt/rustwide/rustup-home/toolchains/nightly-2024-10-28-x86_64-unknown-linux-gnu/lib/rustlib/x86_64-unknown-linux-gnu/lib/libminiz_oxide-0c7d01cba400dcb2.rlib" "/opt/rustwide/rustup-home/toolchains/nightly-2024-10-28-x86_64-unknown-linux-gnu/lib/rustlib/x86_64-unknown-linux-gnu/lib/libadler-b9f84d69e331b75b.rlib" "/opt/rustwide/rustup-home/toolchains/nightly-2024-10-28-x86_64-unknown-linux-gnu/lib/rustlib/x86_64-unknown-linux-gnu/lib/libunwind-eec95493246aae39.rlib" "/opt/rustwide/rustup-home/toolchains/nightly-2024-10-28-x86_64-unknown-linux-gnu/lib/rustlib/x86_64-unknown-linux-gnu/lib/libcfg_if-6f6676c475e08ab0.rlib" "/opt/rustwide/rustup-home/toolchains/nightly-2024-10-28-x86_64-unknown-linux-gnu/lib/rustlib/x86_64-unknown-linux-gnu/lib/liblibc-799d520624f8b2e0.rlib" "/opt/rustwide/rustup-home/toolchains/nightly-2024-10-28-x86_64-unknown-linux-gnu/lib/rustlib/x86_64-unknown-linux-gnu/lib/liballoc-fcf93d4842acd9a9.rlib" "/opt/rustwide/rustup-home/toolchains/nightly-2024-10-28-x86_64-unknown-linux-gnu/lib/rustlib/x86_64-unknown-linux-gnu/lib/librustc_std_workspace_core-395a38b8e0851c9b.rlib" "/opt/rustwide/rustup-home/toolchains/nightly-2024-10-28-x86_64-unknown-linux-gnu/lib/rustlib/x86_64-unknown-linux-gnu/lib/libcore-d453bab70303062c.rlib" "/opt/rustwide/rustup-home/toolchains/nightly-2024-10-28-x86_64-unknown-linux-gnu/lib/rustlib/x86_64-unknown-linux-gnu/lib/libcompiler_builtins-0e6386368b0a24e8.rlib" "-Wl,-Bdynamic" "-lnvpair" "-lzfs" "-lgcc_s" "-lutil" "-lrt" "-lpthread" "-lm" "-ldl" "-lc" "-B/opt/rustwide/rustup-home/toolchains/nightly-2024-10-28-x86_64-unknown-linux-gnu/lib/rustlib/x86_64-unknown-linux-gnu/bin/gcc-ld" "-fuse-ld=lld" "-Wl,--eh-frame-hdr" "-Wl,-z,noexecstack" "-L" "/opt/rustwide/rustup-home/toolchains/nightly-2024-10-28-x86_64-unknown-linux-gnu/lib/rustlib/x86_64-unknown-linux-gnu/lib" "-o" "/tmp/rustdoctest1mZKVo/rust_out" "-Wl,--gc-sections" "-pie" "-Wl,-z,relro,-z,now" "-nodefaultlibs"
[INFO] [stdout]   = note: rust-lld: error: undefined symbol: nvlist_create
[INFO] [stdout]           >>> referenced by libnv.rs:178 (src/libnv.rs:178)
[INFO] [stdout]           >>>               libnv-9a447a3363b8cc04.libnv.70986007d1694cf7-cgu.2.rcgu.o:(libnv::libnv::NvList::new::h75d40bdd37f8a165) in archive /opt/rustwide/target/debug/deps/liblibnv-9a447a3363b8cc04.rlib
[INFO] [stdout]           
[INFO] [stdout]           rust-lld: error: undefined symbol: nvlist_flags
[INFO] [stdout]           >>> referenced by libnv.rs:219 (src/libnv.rs:219)
[INFO] [stdout]           >>>               libnv-9a447a3363b8cc04.libnv.70986007d1694cf7-cgu.2.rcgu.o:(libnv::libnv::NvList::flags::h0e2ef1e4ef36e200) in archive /opt/rustwide/target/debug/deps/liblibnv-9a447a3363b8cc04.rlib
[INFO] [stdout]           
[INFO] [stdout]           rust-lld: error: undefined symbol: nvlist_destroy
[INFO] [stdout]           >>> referenced by libnv.rs:813 (src/libnv.rs:813)
[INFO] [stdout]           >>>               libnv-9a447a3363b8cc04.libnv.70986007d1694cf7-cgu.2.rcgu.o:(_$LT$libnv..libnv..NvList$u20$as$u20$core..ops..drop..Drop$GT$::drop::h8632ab15779ad762) in archive /opt/rustwide/target/debug/deps/liblibnv-9a447a3363b8cc04.rlib
[INFO] [stdout]           collect2: error: ld returned 1 exit status
[INFO] [stdout]           
[INFO] [stdout] 
[INFO] [stdout] error: aborting due to 1 previous error
[INFO] [stdout] 
[INFO] [stdout] Couldn't compile the test.
[INFO] [stdout] ---- src/libnv.rs - libnv::NvList::error (line 224) stdout ----
[INFO] [stdout] error: linking with `cc` failed: exit status: 1
[INFO] [stdout]   |
[INFO] [stdout]   = note: LC_ALL="C" PATH="/opt/rustwide/rustup-home/toolchains/nightly-2024-10-28-x86_64-unknown-linux-gnu/lib/rustlib/x86_64-unknown-linux-gnu/bin:/opt/rustwide/rustup-home/toolchains/nightly-2024-10-28-x86_64-unknown-linux-gnu/lib/rustlib/x86_64-unknown-linux-gnu/bin/self-contained:/opt/rustwide/cargo-home/bin:/usr/local/sbin:/usr/local/bin:/usr/sbin:/usr/bin:/sbin:/bin" VSLANG="1033" "cc" "-m64" "/tmp/rustcwKrlAj/symbols.o" "/tmp/rustdoctesthkC39v/rust_out.rust_out.16b4434b3f29390-cgu.0.rcgu.o" "/tmp/rustdoctesthkC39v/rust_out.433cx8cl382ppljrnwzuxa40f.rcgu.o" "-Wl,--as-needed" "-Wl,-Bstatic" "/opt/rustwide/target/debug/deps/liblibnv-9a447a3363b8cc04.rlib" "/opt/rustwide/target/debug/deps/libnvpair_sys-9c8418907b600282.rlib" "/opt/rustwide/target/debug/deps/liblibnv_sys-4ef023401943515c.rlib" "/opt/rustwide/target/debug/deps/libquick_error-272c4b37477f4e1c.rlib" "/opt/rustwide/target/debug/deps/liblibc-cf06f29c0a4f6ede.rlib" "/opt/rustwide/rustup-home/toolchains/nightly-2024-10-28-x86_64-unknown-linux-gnu/lib/rustlib/x86_64-unknown-linux-gnu/lib/libstd-fb8c387236db3c10.rlib" "/opt/rustwide/rustup-home/toolchains/nightly-2024-10-28-x86_64-unknown-linux-gnu/lib/rustlib/x86_64-unknown-linux-gnu/lib/libpanic_unwind-b251837809b2f64b.rlib" "/opt/rustwide/rustup-home/toolchains/nightly-2024-10-28-x86_64-unknown-linux-gnu/lib/rustlib/x86_64-unknown-linux-gnu/lib/libobject-cbef83eaa4e01f04.rlib" "/opt/rustwide/rustup-home/toolchains/nightly-2024-10-28-x86_64-unknown-linux-gnu/lib/rustlib/x86_64-unknown-linux-gnu/lib/libmemchr-12a772286de2fca7.rlib" "/opt/rustwide/rustup-home/toolchains/nightly-2024-10-28-x86_64-unknown-linux-gnu/lib/rustlib/x86_64-unknown-linux-gnu/lib/libaddr2line-023bbe5ada7abfc3.rlib" "/opt/rustwide/rustup-home/toolchains/nightly-2024-10-28-x86_64-unknown-linux-gnu/lib/rustlib/x86_64-unknown-linux-gnu/lib/libgimli-de2bcdf10ec69c2b.rlib" "/opt/rustwide/rustup-home/toolchains/nightly-2024-10-28-x86_64-unknown-linux-gnu/lib/rustlib/x86_64-unknown-linux-gnu/lib/librustc_demangle-8e1754df350800fd.rlib" "/opt/rustwide/rustup-home/toolchains/nightly-2024-10-28-x86_64-unknown-linux-gnu/lib/rustlib/x86_64-unknown-linux-gnu/lib/libstd_detect-06c2ab7b9c32e037.rlib" "/opt/rustwide/rustup-home/toolchains/nightly-2024-10-28-x86_64-unknown-linux-gnu/lib/rustlib/x86_64-unknown-linux-gnu/lib/libhashbrown-51d2621fc57a281b.rlib" "/opt/rustwide/rustup-home/toolchains/nightly-2024-10-28-x86_64-unknown-linux-gnu/lib/rustlib/x86_64-unknown-linux-gnu/lib/librustc_std_workspace_alloc-54a930408793772f.rlib" "/opt/rustwide/rustup-home/toolchains/nightly-2024-10-28-x86_64-unknown-linux-gnu/lib/rustlib/x86_64-unknown-linux-gnu/lib/libminiz_oxide-0c7d01cba400dcb2.rlib" "/opt/rustwide/rustup-home/toolchains/nightly-2024-10-28-x86_64-unknown-linux-gnu/lib/rustlib/x86_64-unknown-linux-gnu/lib/libadler-b9f84d69e331b75b.rlib" "/opt/rustwide/rustup-home/toolchains/nightly-2024-10-28-x86_64-unknown-linux-gnu/lib/rustlib/x86_64-unknown-linux-gnu/lib/libunwind-eec95493246aae39.rlib" "/opt/rustwide/rustup-home/toolchains/nightly-2024-10-28-x86_64-unknown-linux-gnu/lib/rustlib/x86_64-unknown-linux-gnu/lib/libcfg_if-6f6676c475e08ab0.rlib" "/opt/rustwide/rustup-home/toolchains/nightly-2024-10-28-x86_64-unknown-linux-gnu/lib/rustlib/x86_64-unknown-linux-gnu/lib/liblibc-799d520624f8b2e0.rlib" "/opt/rustwide/rustup-home/toolchains/nightly-2024-10-28-x86_64-unknown-linux-gnu/lib/rustlib/x86_64-unknown-linux-gnu/lib/liballoc-fcf93d4842acd9a9.rlib" "/opt/rustwide/rustup-home/toolchains/nightly-2024-10-28-x86_64-unknown-linux-gnu/lib/rustlib/x86_64-unknown-linux-gnu/lib/librustc_std_workspace_core-395a38b8e0851c9b.rlib" "/opt/rustwide/rustup-home/toolchains/nightly-2024-10-28-x86_64-unknown-linux-gnu/lib/rustlib/x86_64-unknown-linux-gnu/lib/libcore-d453bab70303062c.rlib" "/opt/rustwide/rustup-home/toolchains/nightly-2024-10-28-x86_64-unknown-linux-gnu/lib/rustlib/x86_64-unknown-linux-gnu/lib/libcompiler_builtins-0e6386368b0a24e8.rlib" "-Wl,-Bdynamic" "-lnvpair" "-lzfs" "-lgcc_s" "-lutil" "-lrt" "-lpthread" "-lm" "-ldl" "-lc" "-B/opt/rustwide/rustup-home/toolchains/nightly-2024-10-28-x86_64-unknown-linux-gnu/lib/rustlib/x86_64-unknown-linux-gnu/bin/gcc-ld" "-fuse-ld=lld" "-Wl,--eh-frame-hdr" "-Wl,-z,noexecstack" "-L" "/opt/rustwide/rustup-home/toolchains/nightly-2024-10-28-x86_64-unknown-linux-gnu/lib/rustlib/x86_64-unknown-linux-gnu/lib" "-o" "/tmp/rustdoctesthkC39v/rust_out" "-Wl,--gc-sections" "-pie" "-Wl,-z,relro,-z,now" "-nodefaultlibs"
[INFO] [stdout]   = note: rust-lld: error: undefined symbol: nvlist_create
[INFO] [stdout]           >>> referenced by libnv.rs:178 (src/libnv.rs:178)
[INFO] [stdout]           >>>               libnv-9a447a3363b8cc04.libnv.70986007d1694cf7-cgu.2.rcgu.o:(libnv::libnv::NvList::new::h75d40bdd37f8a165) in archive /opt/rustwide/target/debug/deps/liblibnv-9a447a3363b8cc04.rlib
[INFO] [stdout]           
[INFO] [stdout]           rust-lld: error: undefined symbol: nvlist_error
[INFO] [stdout]           >>> referenced by libnv.rs:231 (src/libnv.rs:231)
[INFO] [stdout]           >>>               libnv-9a447a3363b8cc04.libnv.70986007d1694cf7-cgu.2.rcgu.o:(libnv::libnv::NvList::error::hbfc008c4985d4355) in archive /opt/rustwide/target/debug/deps/liblibnv-9a447a3363b8cc04.rlib
[INFO] [stdout]           
[INFO] [stdout]           rust-lld: error: undefined symbol: nvlist_destroy
[INFO] [stdout]           >>> referenced by libnv.rs:813 (src/libnv.rs:813)
[INFO] [stdout]           >>>               libnv-9a447a3363b8cc04.libnv.70986007d1694cf7-cgu.2.rcgu.o:(_$LT$libnv..libnv..NvList$u20$as$u20$core..ops..drop..Drop$GT$::drop::h8632ab15779ad762) in archive /opt/rustwide/target/debug/deps/liblibnv-9a447a3363b8cc04.rlib
[INFO] [stdout]           collect2: error: ld returned 1 exit status
[INFO] [stdout]           
[INFO] [stdout] 
[INFO] [stdout] error: aborting due to 1 previous error
[INFO] [stdout] 
[INFO] [stdout] Couldn't compile the test.
[INFO] [stdout] ---- src/libnv.rs - libnv::NvList::insert (line 257) stdout ----
[INFO] [stdout] error: linking with `cc` failed: exit status: 1
[INFO] [stdout]   |
[INFO] [stdout]   = note: LC_ALL="C" PATH="/opt/rustwide/rustup-home/toolchains/nightly-2024-10-28-x86_64-unknown-linux-gnu/lib/rustlib/x86_64-unknown-linux-gnu/bin:/opt/rustwide/rustup-home/toolchains/nightly-2024-10-28-x86_64-unknown-linux-gnu/lib/rustlib/x86_64-unknown-linux-gnu/bin/self-contained:/opt/rustwide/cargo-home/bin:/usr/local/sbin:/usr/local/bin:/usr/sbin:/usr/bin:/sbin:/bin" VSLANG="1033" "cc" "-m64" "/tmp/rustc0Jjtto/symbols.o" "/tmp/rustdoctestOebfKN/rust_out.rust_out.16b4434b3f29390-cgu.0.rcgu.o" "/tmp/rustdoctestOebfKN/rust_out.433cx8cl382ppljrnwzuxa40f.rcgu.o" "-Wl,--as-needed" "-Wl,-Bstatic" "/opt/rustwide/target/debug/deps/liblibnv-9a447a3363b8cc04.rlib" "/opt/rustwide/target/debug/deps/libnvpair_sys-9c8418907b600282.rlib" "/opt/rustwide/target/debug/deps/liblibnv_sys-4ef023401943515c.rlib" "/opt/rustwide/target/debug/deps/libquick_error-272c4b37477f4e1c.rlib" "/opt/rustwide/target/debug/deps/liblibc-cf06f29c0a4f6ede.rlib" "/opt/rustwide/rustup-home/toolchains/nightly-2024-10-28-x86_64-unknown-linux-gnu/lib/rustlib/x86_64-unknown-linux-gnu/lib/libstd-fb8c387236db3c10.rlib" "/opt/rustwide/rustup-home/toolchains/nightly-2024-10-28-x86_64-unknown-linux-gnu/lib/rustlib/x86_64-unknown-linux-gnu/lib/libpanic_unwind-b251837809b2f64b.rlib" "/opt/rustwide/rustup-home/toolchains/nightly-2024-10-28-x86_64-unknown-linux-gnu/lib/rustlib/x86_64-unknown-linux-gnu/lib/libobject-cbef83eaa4e01f04.rlib" "/opt/rustwide/rustup-home/toolchains/nightly-2024-10-28-x86_64-unknown-linux-gnu/lib/rustlib/x86_64-unknown-linux-gnu/lib/libmemchr-12a772286de2fca7.rlib" "/opt/rustwide/rustup-home/toolchains/nightly-2024-10-28-x86_64-unknown-linux-gnu/lib/rustlib/x86_64-unknown-linux-gnu/lib/libaddr2line-023bbe5ada7abfc3.rlib" "/opt/rustwide/rustup-home/toolchains/nightly-2024-10-28-x86_64-unknown-linux-gnu/lib/rustlib/x86_64-unknown-linux-gnu/lib/libgimli-de2bcdf10ec69c2b.rlib" "/opt/rustwide/rustup-home/toolchains/nightly-2024-10-28-x86_64-unknown-linux-gnu/lib/rustlib/x86_64-unknown-linux-gnu/lib/librustc_demangle-8e1754df350800fd.rlib" "/opt/rustwide/rustup-home/toolchains/nightly-2024-10-28-x86_64-unknown-linux-gnu/lib/rustlib/x86_64-unknown-linux-gnu/lib/libstd_detect-06c2ab7b9c32e037.rlib" "/opt/rustwide/rustup-home/toolchains/nightly-2024-10-28-x86_64-unknown-linux-gnu/lib/rustlib/x86_64-unknown-linux-gnu/lib/libhashbrown-51d2621fc57a281b.rlib" "/opt/rustwide/rustup-home/toolchains/nightly-2024-10-28-x86_64-unknown-linux-gnu/lib/rustlib/x86_64-unknown-linux-gnu/lib/librustc_std_workspace_alloc-54a930408793772f.rlib" "/opt/rustwide/rustup-home/toolchains/nightly-2024-10-28-x86_64-unknown-linux-gnu/lib/rustlib/x86_64-unknown-linux-gnu/lib/libminiz_oxide-0c7d01cba400dcb2.rlib" "/opt/rustwide/rustup-home/toolchains/nightly-2024-10-28-x86_64-unknown-linux-gnu/lib/rustlib/x86_64-unknown-linux-gnu/lib/libadler-b9f84d69e331b75b.rlib" "/opt/rustwide/rustup-home/toolchains/nightly-2024-10-28-x86_64-unknown-linux-gnu/lib/rustlib/x86_64-unknown-linux-gnu/lib/libunwind-eec95493246aae39.rlib" "/opt/rustwide/rustup-home/toolchains/nightly-2024-10-28-x86_64-unknown-linux-gnu/lib/rustlib/x86_64-unknown-linux-gnu/lib/libcfg_if-6f6676c475e08ab0.rlib" "/opt/rustwide/rustup-home/toolchains/nightly-2024-10-28-x86_64-unknown-linux-gnu/lib/rustlib/x86_64-unknown-linux-gnu/lib/liblibc-799d520624f8b2e0.rlib" "/opt/rustwide/rustup-home/toolchains/nightly-2024-10-28-x86_64-unknown-linux-gnu/lib/rustlib/x86_64-unknown-linux-gnu/lib/liballoc-fcf93d4842acd9a9.rlib" "/opt/rustwide/rustup-home/toolchains/nightly-2024-10-28-x86_64-unknown-linux-gnu/lib/rustlib/x86_64-unknown-linux-gnu/lib/librustc_std_workspace_core-395a38b8e0851c9b.rlib" "/opt/rustwide/rustup-home/toolchains/nightly-2024-10-28-x86_64-unknown-linux-gnu/lib/rustlib/x86_64-unknown-linux-gnu/lib/libcore-d453bab70303062c.rlib" "/opt/rustwide/rustup-home/toolchains/nightly-2024-10-28-x86_64-unknown-linux-gnu/lib/rustlib/x86_64-unknown-linux-gnu/lib/libcompiler_builtins-0e6386368b0a24e8.rlib" "-Wl,-Bdynamic" "-lnvpair" "-lzfs" "-lgcc_s" "-lutil" "-lrt" "-lpthread" "-lm" "-ldl" "-lc" "-B/opt/rustwide/rustup-home/toolchains/nightly-2024-10-28-x86_64-unknown-linux-gnu/lib/rustlib/x86_64-unknown-linux-gnu/bin/gcc-ld" "-fuse-ld=lld" "-Wl,--eh-frame-hdr" "-Wl,-z,noexecstack" "-L" "/opt/rustwide/rustup-home/toolchains/nightly-2024-10-28-x86_64-unknown-linux-gnu/lib/rustlib/x86_64-unknown-linux-gnu/lib" "-o" "/tmp/rustdoctestOebfKN/rust_out" "-Wl,--gc-sections" "-pie" "-Wl,-z,relro,-z,now" "-nodefaultlibs"
[INFO] [stdout]   = note: rust-lld: error: undefined symbol: nvlist_exists_number
[INFO] [stdout]           >>> referenced by rust_out.16b4434b3f29390-cgu.0
[INFO] [stdout]           >>>               /tmp/rustdoctestOebfKN/rust_out.rust_out.16b4434b3f29390-cgu.0.rcgu.o:(libnv::libnv::NvList::get_number::h32afa301e81abf3a)
[INFO] [stdout]           
[INFO] [stdout]           rust-lld: error: undefined symbol: nvlist_get_number
[INFO] [stdout]           >>> referenced by rust_out.16b4434b3f29390-cgu.0
[INFO] [stdout]           >>>               /tmp/rustdoctestOebfKN/rust_out.rust_out.16b4434b3f29390-cgu.0.rcgu.o:(libnv::libnv::NvList::get_number::h32afa301e81abf3a)
[INFO] [stdout]           
[INFO] [stdout]           rust-lld: error: undefined symbol: nvlist_add_null
[INFO] [stdout]           >>> referenced by rust_out.16b4434b3f29390-cgu.0
[INFO] [stdout]           >>>               /tmp/rustdoctestOebfKN/rust_out.rust_out.16b4434b3f29390-cgu.0.rcgu.o:(libnv::libnv::NvList::insert_null::h12be16e31f8f7f6b)
[INFO] [stdout]           
[INFO] [stdout]           rust-lld: error: undefined symbol: nvlist_add_number
[INFO] [stdout]           >>> referenced by rust_out.16b4434b3f29390-cgu.0
[INFO] [stdout]           >>>               /tmp/rustdoctestOebfKN/rust_out.rust_out.16b4434b3f29390-cgu.0.rcgu.o:(libnv::libnv::NvList::insert_number::h54b43d5b106a1f6d)
[INFO] [stdout]           >>> referenced by rust_out.16b4434b3f29390-cgu.0
[INFO] [stdout]           >>>               /tmp/rustdoctestOebfKN/rust_out.rust_out.16b4434b3f29390-cgu.0.rcgu.o:(libnv::libnv::NvList::insert_number::h6faeab44590b3b18)
[INFO] [stdout]           
[INFO] [stdout]           rust-lld: error: undefined symbol: nvlist_create
[INFO] [stdout]           >>> referenced by libnv.rs:178 (src/libnv.rs:178)
[INFO] [stdout]           >>>               libnv-9a447a3363b8cc04.libnv.70986007d1694cf7-cgu.2.rcgu.o:(libnv::libnv::NvList::new::h75d40bdd37f8a165) in archive /opt/rustwide/target/debug/deps/liblibnv-9a447a3363b8cc04.rlib
[INFO] [stdout]           
[INFO] [stdout]           rust-lld: error: undefined symbol: nvlist_error
[INFO] [stdout]           >>> referenced by libnv.rs:231 (src/libnv.rs:231)
[INFO] [stdout]           >>>               libnv-9a447a3363b8cc04.libnv.70986007d1694cf7-cgu.2.rcgu.o:(libnv::libnv::NvList::error::hbfc008c4985d4355) in archive /opt/rustwide/target/debug/deps/liblibnv-9a447a3363b8cc04.rlib
[INFO] [stdout]           
[INFO] [stdout]           rust-lld: error: undefined symbol: nvlist_clone
[INFO] [stdout]           >>> referenced by libnv.rs:805 (src/libnv.rs:805)
[INFO] [stdout]           >>>               libnv-9a447a3363b8cc04.libnv.70986007d1694cf7-cgu.2.rcgu.o:(_$LT$libnv..libnv..NvList$u20$as$u20$core..clone..Clone$GT$::clone::h2385455290c00fec) in archive /opt/rustwide/target/debug/deps/liblibnv-9a447a3363b8cc04.rlib
[INFO] [stdout]           
[INFO] [stdout]           rust-lld: error: undefined symbol: nvlist_destroy
[INFO] [stdout]           >>> referenced by libnv.rs:813 (src/libnv.rs:813)
[INFO] [stdout]           >>>               libnv-9a447a3363b8cc04.libnv.70986007d1694cf7-cgu.2.rcgu.o:(_$LT$libnv..libnv..NvList$u20$as$u20$core..ops..drop..Drop$GT$::drop::h8632ab15779ad762) in archive /opt/rustwide/target/debug/deps/liblibnv-9a447a3363b8cc04.rlib
[INFO] [stdout]           collect2: error: ld returned 1 exit status
[INFO] [stdout]           
[INFO] [stdout] 
[INFO] [stdout] error: aborting due to 1 previous error
[INFO] [stdout] 
[INFO] [stdout] Couldn't compile the test.
[INFO] [stdout] ---- src/libnv.rs - libnv::NvList::get_string (line 595) stdout ----
[INFO] [stdout] error: linking with `cc` failed: exit status: 1
[INFO] [stdout]   |
[INFO] [stdout]   = note: LC_ALL="C" PATH="/opt/rustwide/rustup-home/toolchains/nightly-2024-10-28-x86_64-unknown-linux-gnu/lib/rustlib/x86_64-unknown-linux-gnu/bin:/opt/rustwide/rustup-home/toolchains/nightly-2024-10-28-x86_64-unknown-linux-gnu/lib/rustlib/x86_64-unknown-linux-gnu/bin/self-contained:/opt/rustwide/cargo-home/bin:/usr/local/sbin:/usr/local/bin:/usr/sbin:/usr/bin:/sbin:/bin" VSLANG="1033" "cc" "-m64" "/tmp/rustcxZMFDi/symbols.o" "/tmp/rustdoctestfxmX6J/rust_out.rust_out.16b4434b3f29390-cgu.0.rcgu.o" "/tmp/rustdoctestfxmX6J/rust_out.433cx8cl382ppljrnwzuxa40f.rcgu.o" "-Wl,--as-needed" "-Wl,-Bstatic" "/opt/rustwide/target/debug/deps/liblibnv-9a447a3363b8cc04.rlib" "/opt/rustwide/target/debug/deps/libnvpair_sys-9c8418907b600282.rlib" "/opt/rustwide/target/debug/deps/liblibnv_sys-4ef023401943515c.rlib" "/opt/rustwide/target/debug/deps/libquick_error-272c4b37477f4e1c.rlib" "/opt/rustwide/target/debug/deps/liblibc-cf06f29c0a4f6ede.rlib" "/opt/rustwide/rustup-home/toolchains/nightly-2024-10-28-x86_64-unknown-linux-gnu/lib/rustlib/x86_64-unknown-linux-gnu/lib/libstd-fb8c387236db3c10.rlib" "/opt/rustwide/rustup-home/toolchains/nightly-2024-10-28-x86_64-unknown-linux-gnu/lib/rustlib/x86_64-unknown-linux-gnu/lib/libpanic_unwind-b251837809b2f64b.rlib" "/opt/rustwide/rustup-home/toolchains/nightly-2024-10-28-x86_64-unknown-linux-gnu/lib/rustlib/x86_64-unknown-linux-gnu/lib/libobject-cbef83eaa4e01f04.rlib" "/opt/rustwide/rustup-home/toolchains/nightly-2024-10-28-x86_64-unknown-linux-gnu/lib/rustlib/x86_64-unknown-linux-gnu/lib/libmemchr-12a772286de2fca7.rlib" "/opt/rustwide/rustup-home/toolchains/nightly-2024-10-28-x86_64-unknown-linux-gnu/lib/rustlib/x86_64-unknown-linux-gnu/lib/libaddr2line-023bbe5ada7abfc3.rlib" "/opt/rustwide/rustup-home/toolchains/nightly-2024-10-28-x86_64-unknown-linux-gnu/lib/rustlib/x86_64-unknown-linux-gnu/lib/libgimli-de2bcdf10ec69c2b.rlib" "/opt/rustwide/rustup-home/toolchains/nightly-2024-10-28-x86_64-unknown-linux-gnu/lib/rustlib/x86_64-unknown-linux-gnu/lib/librustc_demangle-8e1754df350800fd.rlib" "/opt/rustwide/rustup-home/toolchains/nightly-2024-10-28-x86_64-unknown-linux-gnu/lib/rustlib/x86_64-unknown-linux-gnu/lib/libstd_detect-06c2ab7b9c32e037.rlib" "/opt/rustwide/rustup-home/toolchains/nightly-2024-10-28-x86_64-unknown-linux-gnu/lib/rustlib/x86_64-unknown-linux-gnu/lib/libhashbrown-51d2621fc57a281b.rlib" "/opt/rustwide/rustup-home/toolchains/nightly-2024-10-28-x86_64-unknown-linux-gnu/lib/rustlib/x86_64-unknown-linux-gnu/lib/librustc_std_workspace_alloc-54a930408793772f.rlib" "/opt/rustwide/rustup-home/toolchains/nightly-2024-10-28-x86_64-unknown-linux-gnu/lib/rustlib/x86_64-unknown-linux-gnu/lib/libminiz_oxide-0c7d01cba400dcb2.rlib" "/opt/rustwide/rustup-home/toolchains/nightly-2024-10-28-x86_64-unknown-linux-gnu/lib/rustlib/x86_64-unknown-linux-gnu/lib/libadler-b9f84d69e331b75b.rlib" "/opt/rustwide/rustup-home/toolchains/nightly-2024-10-28-x86_64-unknown-linux-gnu/lib/rustlib/x86_64-unknown-linux-gnu/lib/libunwind-eec95493246aae39.rlib" "/opt/rustwide/rustup-home/toolchains/nightly-2024-10-28-x86_64-unknown-linux-gnu/lib/rustlib/x86_64-unknown-linux-gnu/lib/libcfg_if-6f6676c475e08ab0.rlib" "/opt/rustwide/rustup-home/toolchains/nightly-2024-10-28-x86_64-unknown-linux-gnu/lib/rustlib/x86_64-unknown-linux-gnu/lib/liblibc-799d520624f8b2e0.rlib" "/opt/rustwide/rustup-home/toolchains/nightly-2024-10-28-x86_64-unknown-linux-gnu/lib/rustlib/x86_64-unknown-linux-gnu/lib/liballoc-fcf93d4842acd9a9.rlib" "/opt/rustwide/rustup-home/toolchains/nightly-2024-10-28-x86_64-unknown-linux-gnu/lib/rustlib/x86_64-unknown-linux-gnu/lib/librustc_std_workspace_core-395a38b8e0851c9b.rlib" "/opt/rustwide/rustup-home/toolchains/nightly-2024-10-28-x86_64-unknown-linux-gnu/lib/rustlib/x86_64-unknown-linux-gnu/lib/libcore-d453bab70303062c.rlib" "/opt/rustwide/rustup-home/toolchains/nightly-2024-10-28-x86_64-unknown-linux-gnu/lib/rustlib/x86_64-unknown-linux-gnu/lib/libcompiler_builtins-0e6386368b0a24e8.rlib" "-Wl,-Bdynamic" "-lnvpair" "-lzfs" "-lgcc_s" "-lutil" "-lrt" "-lpthread" "-lm" "-ldl" "-lc" "-B/opt/rustwide/rustup-home/toolchains/nightly-2024-10-28-x86_64-unknown-linux-gnu/lib/rustlib/x86_64-unknown-linux-gnu/bin/gcc-ld" "-fuse-ld=lld" "-Wl,--eh-frame-hdr" "-Wl,-z,noexecstack" "-L" "/opt/rustwide/rustup-home/toolchains/nightly-2024-10-28-x86_64-unknown-linux-gnu/lib/rustlib/x86_64-unknown-linux-gnu/lib" "-o" "/tmp/rustdoctestfxmX6J/rust_out" "-Wl,--gc-sections" "-pie" "-Wl,-z,relro,-z,now" "-nodefaultlibs"
[INFO] [stdout]   = note: rust-lld: error: undefined symbol: nvlist_exists_string
[INFO] [stdout]           >>> referenced by rust_out.16b4434b3f29390-cgu.0
[INFO] [stdout]           >>>               /tmp/rustdoctestfxmX6J/rust_out.rust_out.16b4434b3f29390-cgu.0.rcgu.o:(libnv::libnv::NvList::get_string::hd6eb0095590296c5)
[INFO] [stdout]           
[INFO] [stdout]           rust-lld: error: undefined symbol: nvlist_get_string
[INFO] [stdout]           >>> referenced by rust_out.16b4434b3f29390-cgu.0
[INFO] [stdout]           >>>               /tmp/rustdoctestfxmX6J/rust_out.rust_out.16b4434b3f29390-cgu.0.rcgu.o:(libnv::libnv::NvList::get_string::hd6eb0095590296c5)
[INFO] [stdout]           
[INFO] [stdout]           rust-lld: error: undefined symbol: nvlist_create
[INFO] [stdout]           >>> referenced by libnv.rs:178 (src/libnv.rs:178)
[INFO] [stdout]           >>>               libnv-9a447a3363b8cc04.libnv.70986007d1694cf7-cgu.2.rcgu.o:(libnv::libnv::NvList::new::h75d40bdd37f8a165) in archive /opt/rustwide/target/debug/deps/liblibnv-9a447a3363b8cc04.rlib
[INFO] [stdout]           
[INFO] [stdout]           rust-lld: error: undefined symbol: nvlist_error
[INFO] [stdout]           >>> referenced by libnv.rs:231 (src/libnv.rs:231)
[INFO] [stdout]           >>>               libnv-9a447a3363b8cc04.libnv.70986007d1694cf7-cgu.2.rcgu.o:(libnv::libnv::NvList::error::hbfc008c4985d4355) in archive /opt/rustwide/target/debug/deps/liblibnv-9a447a3363b8cc04.rlib
[INFO] [stdout]           
[INFO] [stdout]           rust-lld: error: undefined symbol: nvlist_destroy
[INFO] [stdout]           >>> referenced by libnv.rs:813 (src/libnv.rs:813)
[INFO] [stdout]           >>>               libnv-9a447a3363b8cc04.libnv.70986007d1694cf7-cgu.2.rcgu.o:(_$LT$libnv..libnv..NvList$u20$as$u20$core..ops..drop..Drop$GT$::drop::h8632ab15779ad762) in archive /opt/rustwide/target/debug/deps/liblibnv-9a447a3363b8cc04.rlib
[INFO] [stdout]           collect2: error: ld returned 1 exit status
[INFO] [stdout]           
[INFO] [stdout] 
[INFO] [stdout] error: aborting due to 1 previous error
[INFO] [stdout] 
[INFO] [stdout] Couldn't compile the test.
[INFO] [stdout] ---- src/libnv.rs - libnv::NvList::get_bool (line 558) stdout ----
[INFO] [stdout] warning: panic message is not a string literal
[INFO] [stdout]   --> src/libnv.rs:567:1
[INFO] [stdout]    |
[INFO] [stdout] 12 | true);
[INFO] [stdout]    | ^^^^
[INFO] [stdout]    |
[INFO] [stdout]    = note: this usage of `assert!()` is deprecated; it will be a hard error in Rust 2021
[INFO] [stdout]    = note: for more information, see <https://doc.rust-lang.org/nightly/edition-guide/rust-2021/panic-macro-consistency.html>
[INFO] [stdout]    = note: `#[warn(non_fmt_panics)]` on by default
[INFO] [stdout] help: add a "{}" format string to `Display` the message
[INFO] [stdout]    |
[INFO] [stdout] 12 | "{}", true);
[INFO] [stdout]    | +++++
[INFO] [stdout] 
[INFO] [stdout] error: linking with `cc` failed: exit status: 1
[INFO] [stdout]   |
[INFO] [stdout]   = note: LC_ALL="C" PATH="/opt/rustwide/rustup-home/toolchains/nightly-2024-10-28-x86_64-unknown-linux-gnu/lib/rustlib/x86_64-unknown-linux-gnu/bin:/opt/rustwide/rustup-home/toolchains/nightly-2024-10-28-x86_64-unknown-linux-gnu/lib/rustlib/x86_64-unknown-linux-gnu/bin/self-contained:/opt/rustwide/cargo-home/bin:/usr/local/sbin:/usr/local/bin:/usr/sbin:/usr/bin:/sbin:/bin" VSLANG="1033" "cc" "-m64" "/tmp/rustcLkVNmz/symbols.o" "/tmp/rustdoctestumVKUJ/rust_out.rust_out.16b4434b3f29390-cgu.0.rcgu.o" "/tmp/rustdoctestumVKUJ/rust_out.433cx8cl382ppljrnwzuxa40f.rcgu.o" "-Wl,--as-needed" "-Wl,-Bstatic" "/opt/rustwide/target/debug/deps/liblibnv-9a447a3363b8cc04.rlib" "/opt/rustwide/target/debug/deps/libnvpair_sys-9c8418907b600282.rlib" "/opt/rustwide/target/debug/deps/liblibnv_sys-4ef023401943515c.rlib" "/opt/rustwide/target/debug/deps/libquick_error-272c4b37477f4e1c.rlib" "/opt/rustwide/target/debug/deps/liblibc-cf06f29c0a4f6ede.rlib" "/opt/rustwide/rustup-home/toolchains/nightly-2024-10-28-x86_64-unknown-linux-gnu/lib/rustlib/x86_64-unknown-linux-gnu/lib/libstd-fb8c387236db3c10.rlib" "/opt/rustwide/rustup-home/toolchains/nightly-2024-10-28-x86_64-unknown-linux-gnu/lib/rustlib/x86_64-unknown-linux-gnu/lib/libpanic_unwind-b251837809b2f64b.rlib" "/opt/rustwide/rustup-home/toolchains/nightly-2024-10-28-x86_64-unknown-linux-gnu/lib/rustlib/x86_64-unknown-linux-gnu/lib/libobject-cbef83eaa4e01f04.rlib" "/opt/rustwide/rustup-home/toolchains/nightly-2024-10-28-x86_64-unknown-linux-gnu/lib/rustlib/x86_64-unknown-linux-gnu/lib/libmemchr-12a772286de2fca7.rlib" "/opt/rustwide/rustup-home/toolchains/nightly-2024-10-28-x86_64-unknown-linux-gnu/lib/rustlib/x86_64-unknown-linux-gnu/lib/libaddr2line-023bbe5ada7abfc3.rlib" "/opt/rustwide/rustup-home/toolchains/nightly-2024-10-28-x86_64-unknown-linux-gnu/lib/rustlib/x86_64-unknown-linux-gnu/lib/libgimli-de2bcdf10ec69c2b.rlib" "/opt/rustwide/rustup-home/toolchains/nightly-2024-10-28-x86_64-unknown-linux-gnu/lib/rustlib/x86_64-unknown-linux-gnu/lib/librustc_demangle-8e1754df350800fd.rlib" "/opt/rustwide/rustup-home/toolchains/nightly-2024-10-28-x86_64-unknown-linux-gnu/lib/rustlib/x86_64-unknown-linux-gnu/lib/libstd_detect-06c2ab7b9c32e037.rlib" "/opt/rustwide/rustup-home/toolchains/nightly-2024-10-28-x86_64-unknown-linux-gnu/lib/rustlib/x86_64-unknown-linux-gnu/lib/libhashbrown-51d2621fc57a281b.rlib" "/opt/rustwide/rustup-home/toolchains/nightly-2024-10-28-x86_64-unknown-linux-gnu/lib/rustlib/x86_64-unknown-linux-gnu/lib/librustc_std_workspace_alloc-54a930408793772f.rlib" "/opt/rustwide/rustup-home/toolchains/nightly-2024-10-28-x86_64-unknown-linux-gnu/lib/rustlib/x86_64-unknown-linux-gnu/lib/libminiz_oxide-0c7d01cba400dcb2.rlib" "/opt/rustwide/rustup-home/toolchains/nightly-2024-10-28-x86_64-unknown-linux-gnu/lib/rustlib/x86_64-unknown-linux-gnu/lib/libadler-b9f84d69e331b75b.rlib" "/opt/rustwide/rustup-home/toolchains/nightly-2024-10-28-x86_64-unknown-linux-gnu/lib/rustlib/x86_64-unknown-linux-gnu/lib/libunwind-eec95493246aae39.rlib" "/opt/rustwide/rustup-home/toolchains/nightly-2024-10-28-x86_64-unknown-linux-gnu/lib/rustlib/x86_64-unknown-linux-gnu/lib/libcfg_if-6f6676c475e08ab0.rlib" "/opt/rustwide/rustup-home/toolchains/nightly-2024-10-28-x86_64-unknown-linux-gnu/lib/rustlib/x86_64-unknown-linux-gnu/lib/liblibc-799d520624f8b2e0.rlib" "/opt/rustwide/rustup-home/toolchains/nightly-2024-10-28-x86_64-unknown-linux-gnu/lib/rustlib/x86_64-unknown-linux-gnu/lib/liballoc-fcf93d4842acd9a9.rlib" "/opt/rustwide/rustup-home/toolchains/nightly-2024-10-28-x86_64-unknown-linux-gnu/lib/rustlib/x86_64-unknown-linux-gnu/lib/librustc_std_workspace_core-395a38b8e0851c9b.rlib" "/opt/rustwide/rustup-home/toolchains/nightly-2024-10-28-x86_64-unknown-linux-gnu/lib/rustlib/x86_64-unknown-linux-gnu/lib/libcore-d453bab70303062c.rlib" "/opt/rustwide/rustup-home/toolchains/nightly-2024-10-28-x86_64-unknown-linux-gnu/lib/rustlib/x86_64-unknown-linux-gnu/lib/libcompiler_builtins-0e6386368b0a24e8.rlib" "-Wl,-Bdynamic" "-lnvpair" "-lzfs" "-lgcc_s" "-lutil" "-lrt" "-lpthread" "-lm" "-ldl" "-lc" "-B/opt/rustwide/rustup-home/toolchains/nightly-2024-10-28-x86_64-unknown-linux-gnu/lib/rustlib/x86_64-unknown-linux-gnu/bin/gcc-ld" "-fuse-ld=lld" "-Wl,--eh-frame-hdr" "-Wl,-z,noexecstack" "-L" "/opt/rustwide/rustup-home/toolchains/nightly-2024-10-28-x86_64-unknown-linux-gnu/lib/rustlib/x86_64-unknown-linux-gnu/lib" "-o" "/tmp/rustdoctestumVKUJ/rust_out" "-Wl,--gc-sections" "-pie" "-Wl,-z,relro,-z,now" "-nodefaultlibs"
[INFO] [stdout]   = note: rust-lld: error: undefined symbol: nvlist_create
[INFO] [stdout]           >>> referenced by libnv.rs:178 (src/libnv.rs:178)
[INFO] [stdout]           >>>               libnv-9a447a3363b8cc04.libnv.70986007d1694cf7-cgu.2.rcgu.o:(libnv::libnv::NvList::new::h75d40bdd37f8a165) in archive /opt/rustwide/target/debug/deps/liblibnv-9a447a3363b8cc04.rlib
[INFO] [stdout]           
[INFO] [stdout]           rust-lld: error: undefined symbol: nvlist_add_bool
[INFO] [stdout]           >>> referenced by rust_out.16b4434b3f29390-cgu.0
[INFO] [stdout]           >>>               /tmp/rustdoctestumVKUJ/rust_out.rust_out.16b4434b3f29390-cgu.0.rcgu.o:(libnv::libnv::NvList::insert_bool::haac4a704da5e6951)
[INFO] [stdout]           
[INFO] [stdout]           rust-lld: error: undefined symbol: nvlist_exists_bool
[INFO] [stdout]           >>> referenced by rust_out.16b4434b3f29390-cgu.0
[INFO] [stdout]           >>>               /tmp/rustdoctestumVKUJ/rust_out.rust_out.16b4434b3f29390-cgu.0.rcgu.o:(libnv::libnv::NvList::get_bool::h15dfff8d56d8ef9c)
[INFO] [stdout]           
[INFO] [stdout]           rust-lld: error: undefined symbol: nvlist_get_bool
[INFO] [stdout]           >>> referenced by rust_out.16b4434b3f29390-cgu.0
[INFO] [stdout]           >>>               /tmp/rustdoctestumVKUJ/rust_out.rust_out.16b4434b3f29390-cgu.0.rcgu.o:(libnv::libnv::NvList::get_bool::h15dfff8d56d8ef9c)
[INFO] [stdout]           
[INFO] [stdout]           rust-lld: error: undefined symbol: nvlist_error
[INFO] [stdout]           >>> referenced by libnv.rs:231 (src/libnv.rs:231)
[INFO] [stdout]           >>>               libnv-9a447a3363b8cc04.libnv.70986007d1694cf7-cgu.2.rcgu.o:(libnv::libnv::NvList::error::hbfc008c4985d4355) in archive /opt/rustwide/target/debug/deps/liblibnv-9a447a3363b8cc04.rlib
[INFO] [stdout]           
[INFO] [stdout]           rust-lld: error: undefined symbol: nvlist_destroy
[INFO] [stdout]           >>> referenced by libnv.rs:813 (src/libnv.rs:813)
[INFO] [stdout]           >>>               libnv-9a447a3363b8cc04.libnv.70986007d1694cf7-cgu.2.rcgu.o:(_$LT$libnv..libnv..NvList$u20$as$u20$core..ops..drop..Drop$GT$::drop::h8632ab15779ad762) in archive /opt/rustwide/target/debug/deps/liblibnv-9a447a3363b8cc04.rlib
[INFO] [stdout]           collect2: error: ld returned 1 exit status
[INFO] [stdout]           
[INFO] [stdout] 
[INFO] [stdout] error: aborting due to 1 previous error; 1 warning emitted
[INFO] [stdout] 
[INFO] [stdout] Couldn't compile the test.
[INFO] [stdout] ---- src/libnv.rs - libnv::NvList::get_bools (line 657) stdout ----
[INFO] [stdout] error: linking with `cc` failed: exit status: 1
[INFO] [stdout]   |
[INFO] [stdout]   = note: LC_ALL="C" PATH="/opt/rustwide/rustup-home/toolchains/nightly-2024-10-28-x86_64-unknown-linux-gnu/lib/rustlib/x86_64-unknown-linux-gnu/bin:/opt/rustwide/rustup-home/toolchains/nightly-2024-10-28-x86_64-unknown-linux-gnu/lib/rustlib/x86_64-unknown-linux-gnu/bin/self-contained:/opt/rustwide/cargo-home/bin:/usr/local/sbin:/usr/local/bin:/usr/sbin:/usr/bin:/sbin:/bin" VSLANG="1033" "cc" "-m64" "/tmp/rustcQjhPiq/symbols.o" "/tmp/rustdoctestxA7Fby/rust_out.rust_out.16b4434b3f29390-cgu.0.rcgu.o" "/tmp/rustdoctestxA7Fby/rust_out.433cx8cl382ppljrnwzuxa40f.rcgu.o" "-Wl,--as-needed" "-Wl,-Bstatic" "/opt/rustwide/target/debug/deps/liblibnv-9a447a3363b8cc04.rlib" "/opt/rustwide/target/debug/deps/libnvpair_sys-9c8418907b600282.rlib" "/opt/rustwide/target/debug/deps/liblibnv_sys-4ef023401943515c.rlib" "/opt/rustwide/target/debug/deps/libquick_error-272c4b37477f4e1c.rlib" "/opt/rustwide/target/debug/deps/liblibc-cf06f29c0a4f6ede.rlib" "/opt/rustwide/rustup-home/toolchains/nightly-2024-10-28-x86_64-unknown-linux-gnu/lib/rustlib/x86_64-unknown-linux-gnu/lib/libstd-fb8c387236db3c10.rlib" "/opt/rustwide/rustup-home/toolchains/nightly-2024-10-28-x86_64-unknown-linux-gnu/lib/rustlib/x86_64-unknown-linux-gnu/lib/libpanic_unwind-b251837809b2f64b.rlib" "/opt/rustwide/rustup-home/toolchains/nightly-2024-10-28-x86_64-unknown-linux-gnu/lib/rustlib/x86_64-unknown-linux-gnu/lib/libobject-cbef83eaa4e01f04.rlib" "/opt/rustwide/rustup-home/toolchains/nightly-2024-10-28-x86_64-unknown-linux-gnu/lib/rustlib/x86_64-unknown-linux-gnu/lib/libmemchr-12a772286de2fca7.rlib" "/opt/rustwide/rustup-home/toolchains/nightly-2024-10-28-x86_64-unknown-linux-gnu/lib/rustlib/x86_64-unknown-linux-gnu/lib/libaddr2line-023bbe5ada7abfc3.rlib" "/opt/rustwide/rustup-home/toolchains/nightly-2024-10-28-x86_64-unknown-linux-gnu/lib/rustlib/x86_64-unknown-linux-gnu/lib/libgimli-de2bcdf10ec69c2b.rlib" "/opt/rustwide/rustup-home/toolchains/nightly-2024-10-28-x86_64-unknown-linux-gnu/lib/rustlib/x86_64-unknown-linux-gnu/lib/librustc_demangle-8e1754df350800fd.rlib" "/opt/rustwide/rustup-home/toolchains/nightly-2024-10-28-x86_64-unknown-linux-gnu/lib/rustlib/x86_64-unknown-linux-gnu/lib/libstd_detect-06c2ab7b9c32e037.rlib" "/opt/rustwide/rustup-home/toolchains/nightly-2024-10-28-x86_64-unknown-linux-gnu/lib/rustlib/x86_64-unknown-linux-gnu/lib/libhashbrown-51d2621fc57a281b.rlib" "/opt/rustwide/rustup-home/toolchains/nightly-2024-10-28-x86_64-unknown-linux-gnu/lib/rustlib/x86_64-unknown-linux-gnu/lib/librustc_std_workspace_alloc-54a930408793772f.rlib" "/opt/rustwide/rustup-home/toolchains/nightly-2024-10-28-x86_64-unknown-linux-gnu/lib/rustlib/x86_64-unknown-linux-gnu/lib/libminiz_oxide-0c7d01cba400dcb2.rlib" "/opt/rustwide/rustup-home/toolchains/nightly-2024-10-28-x86_64-unknown-linux-gnu/lib/rustlib/x86_64-unknown-linux-gnu/lib/libadler-b9f84d69e331b75b.rlib" "/opt/rustwide/rustup-home/toolchains/nightly-2024-10-28-x86_64-unknown-linux-gnu/lib/rustlib/x86_64-unknown-linux-gnu/lib/libunwind-eec95493246aae39.rlib" "/opt/rustwide/rustup-home/toolchains/nightly-2024-10-28-x86_64-unknown-linux-gnu/lib/rustlib/x86_64-unknown-linux-gnu/lib/libcfg_if-6f6676c475e08ab0.rlib" "/opt/rustwide/rustup-home/toolchains/nightly-2024-10-28-x86_64-unknown-linux-gnu/lib/rustlib/x86_64-unknown-linux-gnu/lib/liblibc-799d520624f8b2e0.rlib" "/opt/rustwide/rustup-home/toolchains/nightly-2024-10-28-x86_64-unknown-linux-gnu/lib/rustlib/x86_64-unknown-linux-gnu/lib/liballoc-fcf93d4842acd9a9.rlib" "/opt/rustwide/rustup-home/toolchains/nightly-2024-10-28-x86_64-unknown-linux-gnu/lib/rustlib/x86_64-unknown-linux-gnu/lib/librustc_std_workspace_core-395a38b8e0851c9b.rlib" "/opt/rustwide/rustup-home/toolchains/nightly-2024-10-28-x86_64-unknown-linux-gnu/lib/rustlib/x86_64-unknown-linux-gnu/lib/libcore-d453bab70303062c.rlib" "/opt/rustwide/rustup-home/toolchains/nightly-2024-10-28-x86_64-unknown-linux-gnu/lib/rustlib/x86_64-unknown-linux-gnu/lib/libcompiler_builtins-0e6386368b0a24e8.rlib" "-Wl,-Bdynamic" "-lnvpair" "-lzfs" "-lgcc_s" "-lutil" "-lrt" "-lpthread" "-lm" "-ldl" "-lc" "-B/opt/rustwide/rustup-home/toolchains/nightly-2024-10-28-x86_64-unknown-linux-gnu/lib/rustlib/x86_64-unknown-linux-gnu/bin/gcc-ld" "-fuse-ld=lld" "-Wl,--eh-frame-hdr" "-Wl,-z,noexecstack" "-L" "/opt/rustwide/rustup-home/toolchains/nightly-2024-10-28-x86_64-unknown-linux-gnu/lib/rustlib/x86_64-unknown-linux-gnu/lib" "-o" "/tmp/rustdoctestxA7Fby/rust_out" "-Wl,--gc-sections" "-pie" "-Wl,-z,relro,-z,now" "-nodefaultlibs"
[INFO] [stdout]   = note: rust-lld: error: undefined symbol: nvlist_create
[INFO] [stdout]           >>> referenced by libnv.rs:178 (src/libnv.rs:178)
[INFO] [stdout]           >>>               libnv-9a447a3363b8cc04.libnv.70986007d1694cf7-cgu.2.rcgu.o:(libnv::libnv::NvList::new::h75d40bdd37f8a165) in archive /opt/rustwide/target/debug/deps/liblibnv-9a447a3363b8cc04.rlib
[INFO] [stdout]           
[INFO] [stdout]           rust-lld: error: undefined symbol: nvlist_add_bool_array
[INFO] [stdout]           >>> referenced by rust_out.16b4434b3f29390-cgu.0
[INFO] [stdout]           >>>               /tmp/rustdoctestxA7Fby/rust_out.rust_out.16b4434b3f29390-cgu.0.rcgu.o:(libnv::libnv::NvList::insert_bools::hbd30db0dc768f9f3)
[INFO] [stdout]           
[INFO] [stdout]           rust-lld: error: undefined symbol: nvlist_error
[INFO] [stdout]           >>> referenced by libnv.rs:231 (src/libnv.rs:231)
[INFO] [stdout]           >>>               libnv-9a447a3363b8cc04.libnv.70986007d1694cf7-cgu.2.rcgu.o:(libnv::libnv::NvList::error::hbfc008c4985d4355) in archive /opt/rustwide/target/debug/deps/liblibnv-9a447a3363b8cc04.rlib
[INFO] [stdout]           
[INFO] [stdout]           rust-lld: error: undefined symbol: nvlist_destroy
[INFO] [stdout]           >>> referenced by libnv.rs:813 (src/libnv.rs:813)
[INFO] [stdout]           >>>               libnv-9a447a3363b8cc04.libnv.70986007d1694cf7-cgu.2.rcgu.o:(_$LT$libnv..libnv..NvList$u20$as$u20$core..ops..drop..Drop$GT$::drop::h8632ab15779ad762) in archive /opt/rustwide/target/debug/deps/liblibnv-9a447a3363b8cc04.rlib
[INFO] [stdout]           
[INFO] [stdout]           rust-lld: error: undefined symbol: nvlist_exists_bool_array
[INFO] [stdout]           >>> referenced by rust_out.16b4434b3f29390-cgu.0
[INFO] [stdout]           >>>               /tmp/rustdoctestxA7Fby/rust_out.rust_out.16b4434b3f29390-cgu.0.rcgu.o:(libnv::libnv::NvList::get_bools::h8afc0d566b77ef81)
[INFO] [stdout]           
[INFO] [stdout]           rust-lld: error: undefined symbol: nvlist_get_bool_array
[INFO] [stdout]           >>> referenced by rust_out.16b4434b3f29390-cgu.0
[INFO] [stdout]           >>>               /tmp/rustdoctestxA7Fby/rust_out.rust_out.16b4434b3f29390-cgu.0.rcgu.o:(libnv::libnv::NvList::get_bools::h8afc0d566b77ef81)
[INFO] [stdout]           collect2: error: ld returned 1 exit status
[INFO] [stdout]           
[INFO] [stdout] 
[INFO] [stdout] error: aborting due to 1 previous error
[INFO] [stdout] 
[INFO] [stdout] Couldn't compile the test.
[INFO] [stdout] ---- src/libnv.rs - libnv::NvList::get_numbers (line 683) stdout ----
[INFO] [stdout] error: linking with `cc` failed: exit status: 1
[INFO] [stdout]   |
[INFO] [stdout]   = note: LC_ALL="C" PATH="/opt/rustwide/rustup-home/toolchains/nightly-2024-10-28-x86_64-unknown-linux-gnu/lib/rustlib/x86_64-unknown-linux-gnu/bin:/opt/rustwide/rustup-home/toolchains/nightly-2024-10-28-x86_64-unknown-linux-gnu/lib/rustlib/x86_64-unknown-linux-gnu/bin/self-contained:/opt/rustwide/cargo-home/bin:/usr/local/sbin:/usr/local/bin:/usr/sbin:/usr/bin:/sbin:/bin" VSLANG="1033" "cc" "-m64" "/tmp/rustcAVG7e6/symbols.o" "/tmp/rustdoctestgW4otp/rust_out.rust_out.16b4434b3f29390-cgu.0.rcgu.o" "/tmp/rustdoctestgW4otp/rust_out.433cx8cl382ppljrnwzuxa40f.rcgu.o" "-Wl,--as-needed" "-Wl,-Bstatic" "/opt/rustwide/target/debug/deps/liblibnv-9a447a3363b8cc04.rlib" "/opt/rustwide/target/debug/deps/libnvpair_sys-9c8418907b600282.rlib" "/opt/rustwide/target/debug/deps/liblibnv_sys-4ef023401943515c.rlib" "/opt/rustwide/target/debug/deps/libquick_error-272c4b37477f4e1c.rlib" "/opt/rustwide/target/debug/deps/liblibc-cf06f29c0a4f6ede.rlib" "/opt/rustwide/rustup-home/toolchains/nightly-2024-10-28-x86_64-unknown-linux-gnu/lib/rustlib/x86_64-unknown-linux-gnu/lib/libstd-fb8c387236db3c10.rlib" "/opt/rustwide/rustup-home/toolchains/nightly-2024-10-28-x86_64-unknown-linux-gnu/lib/rustlib/x86_64-unknown-linux-gnu/lib/libpanic_unwind-b251837809b2f64b.rlib" "/opt/rustwide/rustup-home/toolchains/nightly-2024-10-28-x86_64-unknown-linux-gnu/lib/rustlib/x86_64-unknown-linux-gnu/lib/libobject-cbef83eaa4e01f04.rlib" "/opt/rustwide/rustup-home/toolchains/nightly-2024-10-28-x86_64-unknown-linux-gnu/lib/rustlib/x86_64-unknown-linux-gnu/lib/libmemchr-12a772286de2fca7.rlib" "/opt/rustwide/rustup-home/toolchains/nightly-2024-10-28-x86_64-unknown-linux-gnu/lib/rustlib/x86_64-unknown-linux-gnu/lib/libaddr2line-023bbe5ada7abfc3.rlib" "/opt/rustwide/rustup-home/toolchains/nightly-2024-10-28-x86_64-unknown-linux-gnu/lib/rustlib/x86_64-unknown-linux-gnu/lib/libgimli-de2bcdf10ec69c2b.rlib" "/opt/rustwide/rustup-home/toolchains/nightly-2024-10-28-x86_64-unknown-linux-gnu/lib/rustlib/x86_64-unknown-linux-gnu/lib/librustc_demangle-8e1754df350800fd.rlib" "/opt/rustwide/rustup-home/toolchains/nightly-2024-10-28-x86_64-unknown-linux-gnu/lib/rustlib/x86_64-unknown-linux-gnu/lib/libstd_detect-06c2ab7b9c32e037.rlib" "/opt/rustwide/rustup-home/toolchains/nightly-2024-10-28-x86_64-unknown-linux-gnu/lib/rustlib/x86_64-unknown-linux-gnu/lib/libhashbrown-51d2621fc57a281b.rlib" "/opt/rustwide/rustup-home/toolchains/nightly-2024-10-28-x86_64-unknown-linux-gnu/lib/rustlib/x86_64-unknown-linux-gnu/lib/librustc_std_workspace_alloc-54a930408793772f.rlib" "/opt/rustwide/rustup-home/toolchains/nightly-2024-10-28-x86_64-unknown-linux-gnu/lib/rustlib/x86_64-unknown-linux-gnu/lib/libminiz_oxide-0c7d01cba400dcb2.rlib" "/opt/rustwide/rustup-home/toolchains/nightly-2024-10-28-x86_64-unknown-linux-gnu/lib/rustlib/x86_64-unknown-linux-gnu/lib/libadler-b9f84d69e331b75b.rlib" "/opt/rustwide/rustup-home/toolchains/nightly-2024-10-28-x86_64-unknown-linux-gnu/lib/rustlib/x86_64-unknown-linux-gnu/lib/libunwind-eec95493246aae39.rlib" "/opt/rustwide/rustup-home/toolchains/nightly-2024-10-28-x86_64-unknown-linux-gnu/lib/rustlib/x86_64-unknown-linux-gnu/lib/libcfg_if-6f6676c475e08ab0.rlib" "/opt/rustwide/rustup-home/toolchains/nightly-2024-10-28-x86_64-unknown-linux-gnu/lib/rustlib/x86_64-unknown-linux-gnu/lib/liblibc-799d520624f8b2e0.rlib" "/opt/rustwide/rustup-home/toolchains/nightly-2024-10-28-x86_64-unknown-linux-gnu/lib/rustlib/x86_64-unknown-linux-gnu/lib/liballoc-fcf93d4842acd9a9.rlib" "/opt/rustwide/rustup-home/toolchains/nightly-2024-10-28-x86_64-unknown-linux-gnu/lib/rustlib/x86_64-unknown-linux-gnu/lib/librustc_std_workspace_core-395a38b8e0851c9b.rlib" "/opt/rustwide/rustup-home/toolchains/nightly-2024-10-28-x86_64-unknown-linux-gnu/lib/rustlib/x86_64-unknown-linux-gnu/lib/libcore-d453bab70303062c.rlib" "/opt/rustwide/rustup-home/toolchains/nightly-2024-10-28-x86_64-unknown-linux-gnu/lib/rustlib/x86_64-unknown-linux-gnu/lib/libcompiler_builtins-0e6386368b0a24e8.rlib" "-Wl,-Bdynamic" "-lnvpair" "-lzfs" "-lgcc_s" "-lutil" "-lrt" "-lpthread" "-lm" "-ldl" "-lc" "-B/opt/rustwide/rustup-home/toolchains/nightly-2024-10-28-x86_64-unknown-linux-gnu/lib/rustlib/x86_64-unknown-linux-gnu/bin/gcc-ld" "-fuse-ld=lld" "-Wl,--eh-frame-hdr" "-Wl,-z,noexecstack" "-L" "/opt/rustwide/rustup-home/toolchains/nightly-2024-10-28-x86_64-unknown-linux-gnu/lib/rustlib/x86_64-unknown-linux-gnu/lib" "-o" "/tmp/rustdoctestgW4otp/rust_out" "-Wl,--gc-sections" "-pie" "-Wl,-z,relro,-z,now" "-nodefaultlibs"
[INFO] [stdout]   = note: rust-lld: error: undefined symbol: nvlist_create
[INFO] [stdout]           >>> referenced by libnv.rs:178 (src/libnv.rs:178)
[INFO] [stdout]           >>>               libnv-9a447a3363b8cc04.libnv.70986007d1694cf7-cgu.2.rcgu.o:(libnv::libnv::NvList::new::h75d40bdd37f8a165) in archive /opt/rustwide/target/debug/deps/liblibnv-9a447a3363b8cc04.rlib
[INFO] [stdout]           
[INFO] [stdout]           rust-lld: error: undefined symbol: nvlist_error
[INFO] [stdout]           >>> referenced by libnv.rs:231 (src/libnv.rs:231)
[INFO] [stdout]           >>>               libnv-9a447a3363b8cc04.libnv.70986007d1694cf7-cgu.2.rcgu.o:(libnv::libnv::NvList::error::hbfc008c4985d4355) in archive /opt/rustwide/target/debug/deps/liblibnv-9a447a3363b8cc04.rlib
[INFO] [stdout]           
[INFO] [stdout]           rust-lld: error: undefined symbol: nvlist_destroy
[INFO] [stdout]           >>> referenced by libnv.rs:813 (src/libnv.rs:813)
[INFO] [stdout]           >>>               libnv-9a447a3363b8cc04.libnv.70986007d1694cf7-cgu.2.rcgu.o:(_$LT$libnv..libnv..NvList$u20$as$u20$core..ops..drop..Drop$GT$::drop::h8632ab15779ad762) in archive /opt/rustwide/target/debug/deps/liblibnv-9a447a3363b8cc04.rlib
[INFO] [stdout]           
[INFO] [stdout]           rust-lld: error: undefined symbol: nvlist_exists_number_array
[INFO] [stdout]           >>> referenced by rust_out.16b4434b3f29390-cgu.0
[INFO] [stdout]           >>>               /tmp/rustdoctestgW4otp/rust_out.rust_out.16b4434b3f29390-cgu.0.rcgu.o:(libnv::libnv::NvList::get_numbers::h95e9cace5075f968)
[INFO] [stdout]           
[INFO] [stdout]           rust-lld: error: undefined symbol: nvlist_get_number_array
[INFO] [stdout]           >>> referenced by rust_out.16b4434b3f29390-cgu.0
[INFO] [stdout]           >>>               /tmp/rustdoctestgW4otp/rust_out.rust_out.16b4434b3f29390-cgu.0.rcgu.o:(libnv::libnv::NvList::get_numbers::h95e9cace5075f968)
[INFO] [stdout]           
[INFO] [stdout]           rust-lld: error: undefined symbol: nvlist_add_number_array
[INFO] [stdout]           >>> referenced by rust_out.16b4434b3f29390-cgu.0
[INFO] [stdout]           >>>               /tmp/rustdoctestgW4otp/rust_out.rust_out.16b4434b3f29390-cgu.0.rcgu.o:(libnv::libnv::NvList::insert_numbers::h10762dbc7c723d2a)
[INFO] [stdout]           collect2: error: ld returned 1 exit status
[INFO] [stdout]           
[INFO] [stdout] 
[INFO] [stdout] error: aborting due to 1 previous error
[INFO] [stdout] 
[INFO] [stdout] Couldn't compile the test.
[INFO] [stdout] ---- src/libnv.rs - libnv::NvList::get_binary (line 532) stdout ----
[INFO] [stdout] error: linking with `cc` failed: exit status: 1
[INFO] [stdout]   |
[INFO] [stdout]   = note: LC_ALL="C" PATH="/opt/rustwide/rustup-home/toolchains/nightly-2024-10-28-x86_64-unknown-linux-gnu/lib/rustlib/x86_64-unknown-linux-gnu/bin:/opt/rustwide/rustup-home/toolchains/nightly-2024-10-28-x86_64-unknown-linux-gnu/lib/rustlib/x86_64-unknown-linux-gnu/bin/self-contained:/opt/rustwide/cargo-home/bin:/usr/local/sbin:/usr/local/bin:/usr/sbin:/usr/bin:/sbin:/bin" VSLANG="1033" "cc" "-m64" "/tmp/rustcwLkNxO/symbols.o" "/tmp/rustdoctest7kkJH1/rust_out.rust_out.16b4434b3f29390-cgu.0.rcgu.o" "/tmp/rustdoctest7kkJH1/rust_out.433cx8cl382ppljrnwzuxa40f.rcgu.o" "-Wl,--as-needed" "-Wl,-Bstatic" "/opt/rustwide/target/debug/deps/liblibnv-9a447a3363b8cc04.rlib" "/opt/rustwide/target/debug/deps/libnvpair_sys-9c8418907b600282.rlib" "/opt/rustwide/target/debug/deps/liblibnv_sys-4ef023401943515c.rlib" "/opt/rustwide/target/debug/deps/libquick_error-272c4b37477f4e1c.rlib" "/opt/rustwide/target/debug/deps/liblibc-cf06f29c0a4f6ede.rlib" "/opt/rustwide/rustup-home/toolchains/nightly-2024-10-28-x86_64-unknown-linux-gnu/lib/rustlib/x86_64-unknown-linux-gnu/lib/libstd-fb8c387236db3c10.rlib" "/opt/rustwide/rustup-home/toolchains/nightly-2024-10-28-x86_64-unknown-linux-gnu/lib/rustlib/x86_64-unknown-linux-gnu/lib/libpanic_unwind-b251837809b2f64b.rlib" "/opt/rustwide/rustup-home/toolchains/nightly-2024-10-28-x86_64-unknown-linux-gnu/lib/rustlib/x86_64-unknown-linux-gnu/lib/libobject-cbef83eaa4e01f04.rlib" "/opt/rustwide/rustup-home/toolchains/nightly-2024-10-28-x86_64-unknown-linux-gnu/lib/rustlib/x86_64-unknown-linux-gnu/lib/libmemchr-12a772286de2fca7.rlib" "/opt/rustwide/rustup-home/toolchains/nightly-2024-10-28-x86_64-unknown-linux-gnu/lib/rustlib/x86_64-unknown-linux-gnu/lib/libaddr2line-023bbe5ada7abfc3.rlib" "/opt/rustwide/rustup-home/toolchains/nightly-2024-10-28-x86_64-unknown-linux-gnu/lib/rustlib/x86_64-unknown-linux-gnu/lib/libgimli-de2bcdf10ec69c2b.rlib" "/opt/rustwide/rustup-home/toolchains/nightly-2024-10-28-x86_64-unknown-linux-gnu/lib/rustlib/x86_64-unknown-linux-gnu/lib/librustc_demangle-8e1754df350800fd.rlib" "/opt/rustwide/rustup-home/toolchains/nightly-2024-10-28-x86_64-unknown-linux-gnu/lib/rustlib/x86_64-unknown-linux-gnu/lib/libstd_detect-06c2ab7b9c32e037.rlib" "/opt/rustwide/rustup-home/toolchains/nightly-2024-10-28-x86_64-unknown-linux-gnu/lib/rustlib/x86_64-unknown-linux-gnu/lib/libhashbrown-51d2621fc57a281b.rlib" "/opt/rustwide/rustup-home/toolchains/nightly-2024-10-28-x86_64-unknown-linux-gnu/lib/rustlib/x86_64-unknown-linux-gnu/lib/librustc_std_workspace_alloc-54a930408793772f.rlib" "/opt/rustwide/rustup-home/toolchains/nightly-2024-10-28-x86_64-unknown-linux-gnu/lib/rustlib/x86_64-unknown-linux-gnu/lib/libminiz_oxide-0c7d01cba400dcb2.rlib" "/opt/rustwide/rustup-home/toolchains/nightly-2024-10-28-x86_64-unknown-linux-gnu/lib/rustlib/x86_64-unknown-linux-gnu/lib/libadler-b9f84d69e331b75b.rlib" "/opt/rustwide/rustup-home/toolchains/nightly-2024-10-28-x86_64-unknown-linux-gnu/lib/rustlib/x86_64-unknown-linux-gnu/lib/libunwind-eec95493246aae39.rlib" "/opt/rustwide/rustup-home/toolchains/nightly-2024-10-28-x86_64-unknown-linux-gnu/lib/rustlib/x86_64-unknown-linux-gnu/lib/libcfg_if-6f6676c475e08ab0.rlib" "/opt/rustwide/rustup-home/toolchains/nightly-2024-10-28-x86_64-unknown-linux-gnu/lib/rustlib/x86_64-unknown-linux-gnu/lib/liblibc-799d520624f8b2e0.rlib" "/opt/rustwide/rustup-home/toolchains/nightly-2024-10-28-x86_64-unknown-linux-gnu/lib/rustlib/x86_64-unknown-linux-gnu/lib/liballoc-fcf93d4842acd9a9.rlib" "/opt/rustwide/rustup-home/toolchains/nightly-2024-10-28-x86_64-unknown-linux-gnu/lib/rustlib/x86_64-unknown-linux-gnu/lib/librustc_std_workspace_core-395a38b8e0851c9b.rlib" "/opt/rustwide/rustup-home/toolchains/nightly-2024-10-28-x86_64-unknown-linux-gnu/lib/rustlib/x86_64-unknown-linux-gnu/lib/libcore-d453bab70303062c.rlib" "/opt/rustwide/rustup-home/toolchains/nightly-2024-10-28-x86_64-unknown-linux-gnu/lib/rustlib/x86_64-unknown-linux-gnu/lib/libcompiler_builtins-0e6386368b0a24e8.rlib" "-Wl,-Bdynamic" "-lnvpair" "-lzfs" "-lgcc_s" "-lutil" "-lrt" "-lpthread" "-lm" "-ldl" "-lc" "-B/opt/rustwide/rustup-home/toolchains/nightly-2024-10-28-x86_64-unknown-linux-gnu/lib/rustlib/x86_64-unknown-linux-gnu/bin/gcc-ld" "-fuse-ld=lld" "-Wl,--eh-frame-hdr" "-Wl,-z,noexecstack" "-L" "/opt/rustwide/rustup-home/toolchains/nightly-2024-10-28-x86_64-unknown-linux-gnu/lib/rustlib/x86_64-unknown-linux-gnu/lib" "-o" "/tmp/rustdoctest7kkJH1/rust_out" "-Wl,--gc-sections" "-pie" "-Wl,-z,relro,-z,now" "-nodefaultlibs"
[INFO] [stdout]   = note: rust-lld: error: undefined symbol: nvlist_create
[INFO] [stdout]           >>> referenced by libnv.rs:178 (src/libnv.rs:178)
[INFO] [stdout]           >>>               libnv-9a447a3363b8cc04.libnv.70986007d1694cf7-cgu.2.rcgu.o:(libnv::libnv::NvList::new::h75d40bdd37f8a165) in archive /opt/rustwide/target/debug/deps/liblibnv-9a447a3363b8cc04.rlib
[INFO] [stdout]           
[INFO] [stdout]           rust-lld: error: undefined symbol: nvlist_error
[INFO] [stdout]           >>> referenced by libnv.rs:231 (src/libnv.rs:231)
[INFO] [stdout]           >>>               libnv-9a447a3363b8cc04.libnv.70986007d1694cf7-cgu.2.rcgu.o:(libnv::libnv::NvList::error::hbfc008c4985d4355) in archive /opt/rustwide/target/debug/deps/liblibnv-9a447a3363b8cc04.rlib
[INFO] [stdout]           
[INFO] [stdout]           rust-lld: error: undefined symbol: nvlist_destroy
[INFO] [stdout]           >>> referenced by libnv.rs:813 (src/libnv.rs:813)
[INFO] [stdout]           >>>               libnv-9a447a3363b8cc04.libnv.70986007d1694cf7-cgu.2.rcgu.o:(_$LT$libnv..libnv..NvList$u20$as$u20$core..ops..drop..Drop$GT$::drop::h8632ab15779ad762) in archive /opt/rustwide/target/debug/deps/liblibnv-9a447a3363b8cc04.rlib
[INFO] [stdout]           
[INFO] [stdout]           rust-lld: error: undefined symbol: nvlist_get_binary
[INFO] [stdout]           >>> referenced by rust_out.16b4434b3f29390-cgu.0
[INFO] [stdout]           >>>               /tmp/rustdoctest7kkJH1/rust_out.rust_out.16b4434b3f29390-cgu.0.rcgu.o:(libnv::libnv::NvList::get_binary::h1f3e2fd10b57b3a7)
[INFO] [stdout]           
[INFO] [stdout]           rust-lld: error: undefined symbol: nvlist_add_binary
[INFO] [stdout]           >>> referenced by rust_out.16b4434b3f29390-cgu.0
[INFO] [stdout]           >>>               /tmp/rustdoctest7kkJH1/rust_out.rust_out.16b4434b3f29390-cgu.0.rcgu.o:(libnv::libnv::NvList::insert_binary::h0268546fb52e6155)
[INFO] [stdout]           collect2: error: ld returned 1 exit status
[INFO] [stdout]           
[INFO] [stdout] 
[INFO] [stdout] error: aborting due to 1 previous error
[INFO] [stdout] 
[INFO] [stdout] Couldn't compile the test.
[INFO] [stdout] ---- src/libnv.rs - libnv::NvList::insert_number (line 293) stdout ----
[INFO] [stdout] error: linking with `cc` failed: exit status: 1
[INFO] [stdout]   |
[INFO] [stdout]   = note: LC_ALL="C" PATH="/opt/rustwide/rustup-home/toolchains/nightly-2024-10-28-x86_64-unknown-linux-gnu/lib/rustlib/x86_64-unknown-linux-gnu/bin:/opt/rustwide/rustup-home/toolchains/nightly-2024-10-28-x86_64-unknown-linux-gnu/lib/rustlib/x86_64-unknown-linux-gnu/bin/self-contained:/opt/rustwide/cargo-home/bin:/usr/local/sbin:/usr/local/bin:/usr/sbin:/usr/bin:/sbin:/bin" VSLANG="1033" "cc" "-m64" "/tmp/rustcBCEi2I/symbols.o" "/tmp/rustdoctestXVyOW7/rust_out.rust_out.16b4434b3f29390-cgu.0.rcgu.o" "/tmp/rustdoctestXVyOW7/rust_out.433cx8cl382ppljrnwzuxa40f.rcgu.o" "-Wl,--as-needed" "-Wl,-Bstatic" "/opt/rustwide/target/debug/deps/liblibnv-9a447a3363b8cc04.rlib" "/opt/rustwide/target/debug/deps/libnvpair_sys-9c8418907b600282.rlib" "/opt/rustwide/target/debug/deps/liblibnv_sys-4ef023401943515c.rlib" "/opt/rustwide/target/debug/deps/libquick_error-272c4b37477f4e1c.rlib" "/opt/rustwide/target/debug/deps/liblibc-cf06f29c0a4f6ede.rlib" "/opt/rustwide/rustup-home/toolchains/nightly-2024-10-28-x86_64-unknown-linux-gnu/lib/rustlib/x86_64-unknown-linux-gnu/lib/libstd-fb8c387236db3c10.rlib" "/opt/rustwide/rustup-home/toolchains/nightly-2024-10-28-x86_64-unknown-linux-gnu/lib/rustlib/x86_64-unknown-linux-gnu/lib/libpanic_unwind-b251837809b2f64b.rlib" "/opt/rustwide/rustup-home/toolchains/nightly-2024-10-28-x86_64-unknown-linux-gnu/lib/rustlib/x86_64-unknown-linux-gnu/lib/libobject-cbef83eaa4e01f04.rlib" "/opt/rustwide/rustup-home/toolchains/nightly-2024-10-28-x86_64-unknown-linux-gnu/lib/rustlib/x86_64-unknown-linux-gnu/lib/libmemchr-12a772286de2fca7.rlib" "/opt/rustwide/rustup-home/toolchains/nightly-2024-10-28-x86_64-unknown-linux-gnu/lib/rustlib/x86_64-unknown-linux-gnu/lib/libaddr2line-023bbe5ada7abfc3.rlib" "/opt/rustwide/rustup-home/toolchains/nightly-2024-10-28-x86_64-unknown-linux-gnu/lib/rustlib/x86_64-unknown-linux-gnu/lib/libgimli-de2bcdf10ec69c2b.rlib" "/opt/rustwide/rustup-home/toolchains/nightly-2024-10-28-x86_64-unknown-linux-gnu/lib/rustlib/x86_64-unknown-linux-gnu/lib/librustc_demangle-8e1754df350800fd.rlib" "/opt/rustwide/rustup-home/toolchains/nightly-2024-10-28-x86_64-unknown-linux-gnu/lib/rustlib/x86_64-unknown-linux-gnu/lib/libstd_detect-06c2ab7b9c32e037.rlib" "/opt/rustwide/rustup-home/toolchains/nightly-2024-10-28-x86_64-unknown-linux-gnu/lib/rustlib/x86_64-unknown-linux-gnu/lib/libhashbrown-51d2621fc57a281b.rlib" "/opt/rustwide/rustup-home/toolchains/nightly-2024-10-28-x86_64-unknown-linux-gnu/lib/rustlib/x86_64-unknown-linux-gnu/lib/librustc_std_workspace_alloc-54a930408793772f.rlib" "/opt/rustwide/rustup-home/toolchains/nightly-2024-10-28-x86_64-unknown-linux-gnu/lib/rustlib/x86_64-unknown-linux-gnu/lib/libminiz_oxide-0c7d01cba400dcb2.rlib" "/opt/rustwide/rustup-home/toolchains/nightly-2024-10-28-x86_64-unknown-linux-gnu/lib/rustlib/x86_64-unknown-linux-gnu/lib/libadler-b9f84d69e331b75b.rlib" "/opt/rustwide/rustup-home/toolchains/nightly-2024-10-28-x86_64-unknown-linux-gnu/lib/rustlib/x86_64-unknown-linux-gnu/lib/libunwind-eec95493246aae39.rlib" "/opt/rustwide/rustup-home/toolchains/nightly-2024-10-28-x86_64-unknown-linux-gnu/lib/rustlib/x86_64-unknown-linux-gnu/lib/libcfg_if-6f6676c475e08ab0.rlib" "/opt/rustwide/rustup-home/toolchains/nightly-2024-10-28-x86_64-unknown-linux-gnu/lib/rustlib/x86_64-unknown-linux-gnu/lib/liblibc-799d520624f8b2e0.rlib" "/opt/rustwide/rustup-home/toolchains/nightly-2024-10-28-x86_64-unknown-linux-gnu/lib/rustlib/x86_64-unknown-linux-gnu/lib/liballoc-fcf93d4842acd9a9.rlib" "/opt/rustwide/rustup-home/toolchains/nightly-2024-10-28-x86_64-unknown-linux-gnu/lib/rustlib/x86_64-unknown-linux-gnu/lib/librustc_std_workspace_core-395a38b8e0851c9b.rlib" "/opt/rustwide/rustup-home/toolchains/nightly-2024-10-28-x86_64-unknown-linux-gnu/lib/rustlib/x86_64-unknown-linux-gnu/lib/libcore-d453bab70303062c.rlib" "/opt/rustwide/rustup-home/toolchains/nightly-2024-10-28-x86_64-unknown-linux-gnu/lib/rustlib/x86_64-unknown-linux-gnu/lib/libcompiler_builtins-0e6386368b0a24e8.rlib" "-Wl,-Bdynamic" "-lnvpair" "-lzfs" "-lgcc_s" "-lutil" "-lrt" "-lpthread" "-lm" "-ldl" "-lc" "-B/opt/rustwide/rustup-home/toolchains/nightly-2024-10-28-x86_64-unknown-linux-gnu/lib/rustlib/x86_64-unknown-linux-gnu/bin/gcc-ld" "-fuse-ld=lld" "-Wl,--eh-frame-hdr" "-Wl,-z,noexecstack" "-L" "/opt/rustwide/rustup-home/toolchains/nightly-2024-10-28-x86_64-unknown-linux-gnu/lib/rustlib/x86_64-unknown-linux-gnu/lib" "-o" "/tmp/rustdoctestXVyOW7/rust_out" "-Wl,--gc-sections" "-pie" "-Wl,-z,relro,-z,now" "-nodefaultlibs"
[INFO] [stdout]   = note: rust-lld: error: undefined symbol: nvlist_create
[INFO] [stdout]           >>> referenced by libnv.rs:178 (src/libnv.rs:178)
[INFO] [stdout]           >>>               libnv-9a447a3363b8cc04.libnv.70986007d1694cf7-cgu.2.rcgu.o:(libnv::libnv::NvList::new::h75d40bdd37f8a165) in archive /opt/rustwide/target/debug/deps/liblibnv-9a447a3363b8cc04.rlib
[INFO] [stdout]           
[INFO] [stdout]           rust-lld: error: undefined symbol: nvlist_error
[INFO] [stdout]           >>> referenced by libnv.rs:231 (src/libnv.rs:231)
[INFO] [stdout]           >>>               libnv-9a447a3363b8cc04.libnv.70986007d1694cf7-cgu.2.rcgu.o:(libnv::libnv::NvList::error::hbfc008c4985d4355) in archive /opt/rustwide/target/debug/deps/liblibnv-9a447a3363b8cc04.rlib
[INFO] [stdout]           
[INFO] [stdout]           rust-lld: error: undefined symbol: nvlist_destroy
[INFO] [stdout]           >>> referenced by libnv.rs:813 (src/libnv.rs:813)
[INFO] [stdout]           >>>               libnv-9a447a3363b8cc04.libnv.70986007d1694cf7-cgu.2.rcgu.o:(_$LT$libnv..libnv..NvList$u20$as$u20$core..ops..drop..Drop$GT$::drop::h8632ab15779ad762) in archive /opt/rustwide/target/debug/deps/liblibnv-9a447a3363b8cc04.rlib
[INFO] [stdout]           
[INFO] [stdout]           rust-lld: error: undefined symbol: nvlist_add_number
[INFO] [stdout]           >>> referenced by rust_out.16b4434b3f29390-cgu.0
[INFO] [stdout]           >>>               /tmp/rustdoctestXVyOW7/rust_out.rust_out.16b4434b3f29390-cgu.0.rcgu.o:(libnv::libnv::NvList::insert_number::h54b43d5b106a1f6d)
[INFO] [stdout]           collect2: error: ld returned 1 exit status
[INFO] [stdout]           
[INFO] [stdout] 
[INFO] [stdout] error: aborting due to 1 previous error
[INFO] [stdout] 
[INFO] [stdout] Couldn't compile the test.
[INFO] [stdout] ---- src/libnv.rs - libnv::NvList::get_nvlist (line 624) stdout ----
[INFO] [stdout] error: linking with `cc` failed: exit status: 1
[INFO] [stdout]   |
[INFO] [stdout]   = note: LC_ALL="C" PATH="/opt/rustwide/rustup-home/toolchains/nightly-2024-10-28-x86_64-unknown-linux-gnu/lib/rustlib/x86_64-unknown-linux-gnu/bin:/opt/rustwide/rustup-home/toolchains/nightly-2024-10-28-x86_64-unknown-linux-gnu/lib/rustlib/x86_64-unknown-linux-gnu/bin/self-contained:/opt/rustwide/cargo-home/bin:/usr/local/sbin:/usr/local/bin:/usr/sbin:/usr/bin:/sbin:/bin" VSLANG="1033" "cc" "-m64" "/tmp/rustcyN2N2f/symbols.o" "/tmp/rustdoctestSbYvaz/rust_out.rust_out.16b4434b3f29390-cgu.0.rcgu.o" "/tmp/rustdoctestSbYvaz/rust_out.433cx8cl382ppljrnwzuxa40f.rcgu.o" "-Wl,--as-needed" "-Wl,-Bstatic" "/opt/rustwide/target/debug/deps/liblibnv-9a447a3363b8cc04.rlib" "/opt/rustwide/target/debug/deps/libnvpair_sys-9c8418907b600282.rlib" "/opt/rustwide/target/debug/deps/liblibnv_sys-4ef023401943515c.rlib" "/opt/rustwide/target/debug/deps/libquick_error-272c4b37477f4e1c.rlib" "/opt/rustwide/target/debug/deps/liblibc-cf06f29c0a4f6ede.rlib" "/opt/rustwide/rustup-home/toolchains/nightly-2024-10-28-x86_64-unknown-linux-gnu/lib/rustlib/x86_64-unknown-linux-gnu/lib/libstd-fb8c387236db3c10.rlib" "/opt/rustwide/rustup-home/toolchains/nightly-2024-10-28-x86_64-unknown-linux-gnu/lib/rustlib/x86_64-unknown-linux-gnu/lib/libpanic_unwind-b251837809b2f64b.rlib" "/opt/rustwide/rustup-home/toolchains/nightly-2024-10-28-x86_64-unknown-linux-gnu/lib/rustlib/x86_64-unknown-linux-gnu/lib/libobject-cbef83eaa4e01f04.rlib" "/opt/rustwide/rustup-home/toolchains/nightly-2024-10-28-x86_64-unknown-linux-gnu/lib/rustlib/x86_64-unknown-linux-gnu/lib/libmemchr-12a772286de2fca7.rlib" "/opt/rustwide/rustup-home/toolchains/nightly-2024-10-28-x86_64-unknown-linux-gnu/lib/rustlib/x86_64-unknown-linux-gnu/lib/libaddr2line-023bbe5ada7abfc3.rlib" "/opt/rustwide/rustup-home/toolchains/nightly-2024-10-28-x86_64-unknown-linux-gnu/lib/rustlib/x86_64-unknown-linux-gnu/lib/libgimli-de2bcdf10ec69c2b.rlib" "/opt/rustwide/rustup-home/toolchains/nightly-2024-10-28-x86_64-unknown-linux-gnu/lib/rustlib/x86_64-unknown-linux-gnu/lib/librustc_demangle-8e1754df350800fd.rlib" "/opt/rustwide/rustup-home/toolchains/nightly-2024-10-28-x86_64-unknown-linux-gnu/lib/rustlib/x86_64-unknown-linux-gnu/lib/libstd_detect-06c2ab7b9c32e037.rlib" "/opt/rustwide/rustup-home/toolchains/nightly-2024-10-28-x86_64-unknown-linux-gnu/lib/rustlib/x86_64-unknown-linux-gnu/lib/libhashbrown-51d2621fc57a281b.rlib" "/opt/rustwide/rustup-home/toolchains/nightly-2024-10-28-x86_64-unknown-linux-gnu/lib/rustlib/x86_64-unknown-linux-gnu/lib/librustc_std_workspace_alloc-54a930408793772f.rlib" "/opt/rustwide/rustup-home/toolchains/nightly-2024-10-28-x86_64-unknown-linux-gnu/lib/rustlib/x86_64-unknown-linux-gnu/lib/libminiz_oxide-0c7d01cba400dcb2.rlib" "/opt/rustwide/rustup-home/toolchains/nightly-2024-10-28-x86_64-unknown-linux-gnu/lib/rustlib/x86_64-unknown-linux-gnu/lib/libadler-b9f84d69e331b75b.rlib" "/opt/rustwide/rustup-home/toolchains/nightly-2024-10-28-x86_64-unknown-linux-gnu/lib/rustlib/x86_64-unknown-linux-gnu/lib/libunwind-eec95493246aae39.rlib" "/opt/rustwide/rustup-home/toolchains/nightly-2024-10-28-x86_64-unknown-linux-gnu/lib/rustlib/x86_64-unknown-linux-gnu/lib/libcfg_if-6f6676c475e08ab0.rlib" "/opt/rustwide/rustup-home/toolchains/nightly-2024-10-28-x86_64-unknown-linux-gnu/lib/rustlib/x86_64-unknown-linux-gnu/lib/liblibc-799d520624f8b2e0.rlib" "/opt/rustwide/rustup-home/toolchains/nightly-2024-10-28-x86_64-unknown-linux-gnu/lib/rustlib/x86_64-unknown-linux-gnu/lib/liballoc-fcf93d4842acd9a9.rlib" "/opt/rustwide/rustup-home/toolchains/nightly-2024-10-28-x86_64-unknown-linux-gnu/lib/rustlib/x86_64-unknown-linux-gnu/lib/librustc_std_workspace_core-395a38b8e0851c9b.rlib" "/opt/rustwide/rustup-home/toolchains/nightly-2024-10-28-x86_64-unknown-linux-gnu/lib/rustlib/x86_64-unknown-linux-gnu/lib/libcore-d453bab70303062c.rlib" "/opt/rustwide/rustup-home/toolchains/nightly-2024-10-28-x86_64-unknown-linux-gnu/lib/rustlib/x86_64-unknown-linux-gnu/lib/libcompiler_builtins-0e6386368b0a24e8.rlib" "-Wl,-Bdynamic" "-lnvpair" "-lzfs" "-lgcc_s" "-lutil" "-lrt" "-lpthread" "-lm" "-ldl" "-lc" "-B/opt/rustwide/rustup-home/toolchains/nightly-2024-10-28-x86_64-unknown-linux-gnu/lib/rustlib/x86_64-unknown-linux-gnu/bin/gcc-ld" "-fuse-ld=lld" "-Wl,--eh-frame-hdr" "-Wl,-z,noexecstack" "-L" "/opt/rustwide/rustup-home/toolchains/nightly-2024-10-28-x86_64-unknown-linux-gnu/lib/rustlib/x86_64-unknown-linux-gnu/lib" "-o" "/tmp/rustdoctestSbYvaz/rust_out" "-Wl,--gc-sections" "-pie" "-Wl,-z,relro,-z,now" "-nodefaultlibs"
[INFO] [stdout]   = note: rust-lld: error: undefined symbol: nvlist_create
[INFO] [stdout]           >>> referenced by libnv.rs:178 (src/libnv.rs:178)
[INFO] [stdout]           >>>               libnv-9a447a3363b8cc04.libnv.70986007d1694cf7-cgu.2.rcgu.o:(libnv::libnv::NvList::new::h75d40bdd37f8a165) in archive /opt/rustwide/target/debug/deps/liblibnv-9a447a3363b8cc04.rlib
[INFO] [stdout]           
[INFO] [stdout]           rust-lld: error: undefined symbol: nvlist_error
[INFO] [stdout]           >>> referenced by libnv.rs:231 (src/libnv.rs:231)
[INFO] [stdout]           >>>               libnv-9a447a3363b8cc04.libnv.70986007d1694cf7-cgu.2.rcgu.o:(libnv::libnv::NvList::error::hbfc008c4985d4355) in archive /opt/rustwide/target/debug/deps/liblibnv-9a447a3363b8cc04.rlib
[INFO] [stdout]           
[INFO] [stdout]           rust-lld: error: undefined symbol: nvlist_destroy
[INFO] [stdout]           >>> referenced by libnv.rs:813 (src/libnv.rs:813)
[INFO] [stdout]           >>>               libnv-9a447a3363b8cc04.libnv.70986007d1694cf7-cgu.2.rcgu.o:(_$LT$libnv..libnv..NvList$u20$as$u20$core..ops..drop..Drop$GT$::drop::h8632ab15779ad762) in archive /opt/rustwide/target/debug/deps/liblibnv-9a447a3363b8cc04.rlib
[INFO] [stdout]           
[INFO] [stdout]           rust-lld: error: undefined symbol: nvlist_exists_number
[INFO] [stdout]           >>> referenced by rust_out.16b4434b3f29390-cgu.0
[INFO] [stdout]           >>>               /tmp/rustdoctestSbYvaz/rust_out.rust_out.16b4434b3f29390-cgu.0.rcgu.o:(libnv::libnv::NvList::get_number::h32afa301e81abf3a)
[INFO] [stdout]           
[INFO] [stdout]           rust-lld: error: undefined symbol: nvlist_get_number
[INFO] [stdout]           >>> referenced by rust_out.16b4434b3f29390-cgu.0
[INFO] [stdout]           >>>               /tmp/rustdoctestSbYvaz/rust_out.rust_out.16b4434b3f29390-cgu.0.rcgu.o:(libnv::libnv::NvList::get_number::h32afa301e81abf3a)
[INFO] [stdout]           
[INFO] [stdout]           rust-lld: error: undefined symbol: nvlist_exists_nvlist
[INFO] [stdout]           >>> referenced by rust_out.16b4434b3f29390-cgu.0
[INFO] [stdout]           >>>               /tmp/rustdoctestSbYvaz/rust_out.rust_out.16b4434b3f29390-cgu.0.rcgu.o:(libnv::libnv::NvList::get_nvlist::h15500e2aa579fb78)
[INFO] [stdout]           
[INFO] [stdout]           rust-lld: error: undefined symbol: nvlist_get_nvlist
[INFO] [stdout]           >>> referenced by rust_out.16b4434b3f29390-cgu.0
[INFO] [stdout]           >>>               /tmp/rustdoctestSbYvaz/rust_out.rust_out.16b4434b3f29390-cgu.0.rcgu.o:(libnv::libnv::NvList::get_nvlist::h15500e2aa579fb78)
[INFO] [stdout]           
[INFO] [stdout]           rust-lld: error: undefined symbol: nvlist_clone
[INFO] [stdout]           >>> referenced by rust_out.16b4434b3f29390-cgu.0
[INFO] [stdout]           >>>               /tmp/rustdoctestSbYvaz/rust_out.rust_out.16b4434b3f29390-cgu.0.rcgu.o:(libnv::libnv::NvList::get_nvlist::h15500e2aa579fb78)
[INFO] [stdout]           
[INFO] [stdout]           rust-lld: error: undefined symbol: nvlist_add_bool
[INFO] [stdout]           >>> referenced by rust_out.16b4434b3f29390-cgu.0
[INFO] [stdout]           >>>               /tmp/rustdoctestSbYvaz/rust_out.rust_out.16b4434b3f29390-cgu.0.rcgu.o:(libnv::libnv::NvList::insert_bool::haac4a704da5e6951)
[INFO] [stdout]           
[INFO] [stdout]           rust-lld: error: undefined symbol: nvlist_add_number
[INFO] [stdout]           >>> referenced by rust_out.16b4434b3f29390-cgu.0
[INFO] [stdout]           >>>               /tmp/rustdoctestSbYvaz/rust_out.rust_out.16b4434b3f29390-cgu.0.rcgu.o:(libnv::libnv::NvList::insert_number::h6faeab44590b3b18)
[INFO] [stdout]           collect2: error: ld returned 1 exit status
[INFO] [stdout]           
[INFO] [stdout] 
[INFO] [stdout] error: aborting due to 1 previous error
[INFO] [stdout] 
[INFO] [stdout] Couldn't compile the test.
[INFO] [stdout] ---- src/libnv.rs - libnv::NvList::set_error (line 236) stdout ----
[INFO] [stdout] error: linking with `cc` failed: exit status: 1
[INFO] [stdout]   |
[INFO] [stdout]   = note: LC_ALL="C" PATH="/opt/rustwide/rustup-home/toolchains/nightly-2024-10-28-x86_64-unknown-linux-gnu/lib/rustlib/x86_64-unknown-linux-gnu/bin:/opt/rustwide/rustup-home/toolchains/nightly-2024-10-28-x86_64-unknown-linux-gnu/lib/rustlib/x86_64-unknown-linux-gnu/bin/self-contained:/opt/rustwide/cargo-home/bin:/usr/local/sbin:/usr/local/bin:/usr/sbin:/usr/bin:/sbin:/bin" VSLANG="1033" "cc" "-m64" "/tmp/rustcODX829/symbols.o" "/tmp/rustdoctest3SMS1H/rust_out.rust_out.16b4434b3f29390-cgu.0.rcgu.o" "/tmp/rustdoctest3SMS1H/rust_out.433cx8cl382ppljrnwzuxa40f.rcgu.o" "-Wl,--as-needed" "-Wl,-Bstatic" "/opt/rustwide/target/debug/deps/liblibnv-9a447a3363b8cc04.rlib" "/opt/rustwide/target/debug/deps/libnvpair_sys-9c8418907b600282.rlib" "/opt/rustwide/target/debug/deps/liblibnv_sys-4ef023401943515c.rlib" "/opt/rustwide/target/debug/deps/libquick_error-272c4b37477f4e1c.rlib" "/opt/rustwide/target/debug/deps/liblibc-cf06f29c0a4f6ede.rlib" "/opt/rustwide/rustup-home/toolchains/nightly-2024-10-28-x86_64-unknown-linux-gnu/lib/rustlib/x86_64-unknown-linux-gnu/lib/libstd-fb8c387236db3c10.rlib" "/opt/rustwide/rustup-home/toolchains/nightly-2024-10-28-x86_64-unknown-linux-gnu/lib/rustlib/x86_64-unknown-linux-gnu/lib/libpanic_unwind-b251837809b2f64b.rlib" "/opt/rustwide/rustup-home/toolchains/nightly-2024-10-28-x86_64-unknown-linux-gnu/lib/rustlib/x86_64-unknown-linux-gnu/lib/libobject-cbef83eaa4e01f04.rlib" "/opt/rustwide/rustup-home/toolchains/nightly-2024-10-28-x86_64-unknown-linux-gnu/lib/rustlib/x86_64-unknown-linux-gnu/lib/libmemchr-12a772286de2fca7.rlib" "/opt/rustwide/rustup-home/toolchains/nightly-2024-10-28-x86_64-unknown-linux-gnu/lib/rustlib/x86_64-unknown-linux-gnu/lib/libaddr2line-023bbe5ada7abfc3.rlib" "/opt/rustwide/rustup-home/toolchains/nightly-2024-10-28-x86_64-unknown-linux-gnu/lib/rustlib/x86_64-unknown-linux-gnu/lib/libgimli-de2bcdf10ec69c2b.rlib" "/opt/rustwide/rustup-home/toolchains/nightly-2024-10-28-x86_64-unknown-linux-gnu/lib/rustlib/x86_64-unknown-linux-gnu/lib/librustc_demangle-8e1754df350800fd.rlib" "/opt/rustwide/rustup-home/toolchains/nightly-2024-10-28-x86_64-unknown-linux-gnu/lib/rustlib/x86_64-unknown-linux-gnu/lib/libstd_detect-06c2ab7b9c32e037.rlib" "/opt/rustwide/rustup-home/toolchains/nightly-2024-10-28-x86_64-unknown-linux-gnu/lib/rustlib/x86_64-unknown-linux-gnu/lib/libhashbrown-51d2621fc57a281b.rlib" "/opt/rustwide/rustup-home/toolchains/nightly-2024-10-28-x86_64-unknown-linux-gnu/lib/rustlib/x86_64-unknown-linux-gnu/lib/librustc_std_workspace_alloc-54a930408793772f.rlib" "/opt/rustwide/rustup-home/toolchains/nightly-2024-10-28-x86_64-unknown-linux-gnu/lib/rustlib/x86_64-unknown-linux-gnu/lib/libminiz_oxide-0c7d01cba400dcb2.rlib" "/opt/rustwide/rustup-home/toolchains/nightly-2024-10-28-x86_64-unknown-linux-gnu/lib/rustlib/x86_64-unknown-linux-gnu/lib/libadler-b9f84d69e331b75b.rlib" "/opt/rustwide/rustup-home/toolchains/nightly-2024-10-28-x86_64-unknown-linux-gnu/lib/rustlib/x86_64-unknown-linux-gnu/lib/libunwind-eec95493246aae39.rlib" "/opt/rustwide/rustup-home/toolchains/nightly-2024-10-28-x86_64-unknown-linux-gnu/lib/rustlib/x86_64-unknown-linux-gnu/lib/libcfg_if-6f6676c475e08ab0.rlib" "/opt/rustwide/rustup-home/toolchains/nightly-2024-10-28-x86_64-unknown-linux-gnu/lib/rustlib/x86_64-unknown-linux-gnu/lib/liblibc-799d520624f8b2e0.rlib" "/opt/rustwide/rustup-home/toolchains/nightly-2024-10-28-x86_64-unknown-linux-gnu/lib/rustlib/x86_64-unknown-linux-gnu/lib/liballoc-fcf93d4842acd9a9.rlib" "/opt/rustwide/rustup-home/toolchains/nightly-2024-10-28-x86_64-unknown-linux-gnu/lib/rustlib/x86_64-unknown-linux-gnu/lib/librustc_std_workspace_core-395a38b8e0851c9b.rlib" "/opt/rustwide/rustup-home/toolchains/nightly-2024-10-28-x86_64-unknown-linux-gnu/lib/rustlib/x86_64-unknown-linux-gnu/lib/libcore-d453bab70303062c.rlib" "/opt/rustwide/rustup-home/toolchains/nightly-2024-10-28-x86_64-unknown-linux-gnu/lib/rustlib/x86_64-unknown-linux-gnu/lib/libcompiler_builtins-0e6386368b0a24e8.rlib" "-Wl,-Bdynamic" "-lnvpair" "-lzfs" "-lgcc_s" "-lutil" "-lrt" "-lpthread" "-lm" "-ldl" "-lc" "-B/opt/rustwide/rustup-home/toolchains/nightly-2024-10-28-x86_64-unknown-linux-gnu/lib/rustlib/x86_64-unknown-linux-gnu/bin/gcc-ld" "-fuse-ld=lld" "-Wl,--eh-frame-hdr" "-Wl,-z,noexecstack" "-L" "/opt/rustwide/rustup-home/toolchains/nightly-2024-10-28-x86_64-unknown-linux-gnu/lib/rustlib/x86_64-unknown-linux-gnu/lib" "-o" "/tmp/rustdoctest3SMS1H/rust_out" "-Wl,--gc-sections" "-pie" "-Wl,-z,relro,-z,now" "-nodefaultlibs"
[INFO] [stdout]   = note: rust-lld: error: undefined symbol: nvlist_create
[INFO] [stdout]           >>> referenced by libnv.rs:178 (src/libnv.rs:178)
[INFO] [stdout]           >>>               libnv-9a447a3363b8cc04.libnv.70986007d1694cf7-cgu.2.rcgu.o:(libnv::libnv::NvList::new::h75d40bdd37f8a165) in archive /opt/rustwide/target/debug/deps/liblibnv-9a447a3363b8cc04.rlib
[INFO] [stdout]           
[INFO] [stdout]           rust-lld: error: undefined symbol: nvlist_error
[INFO] [stdout]           >>> referenced by libnv.rs:231 (src/libnv.rs:231)
[INFO] [stdout]           >>>               libnv-9a447a3363b8cc04.libnv.70986007d1694cf7-cgu.2.rcgu.o:(libnv::libnv::NvList::error::hbfc008c4985d4355) in archive /opt/rustwide/target/debug/deps/liblibnv-9a447a3363b8cc04.rlib
[INFO] [stdout]           
[INFO] [stdout]           rust-lld: error: undefined symbol: nvlist_set_error
[INFO] [stdout]           >>> referenced by libnv.rs:250 (src/libnv.rs:250)
[INFO] [stdout]           >>>               libnv-9a447a3363b8cc04.libnv.70986007d1694cf7-cgu.2.rcgu.o:(libnv::libnv::NvList::set_error::h7dd3d5d214e7981f) in archive /opt/rustwide/target/debug/deps/liblibnv-9a447a3363b8cc04.rlib
[INFO] [stdout]           
[INFO] [stdout]           rust-lld: error: undefined symbol: nvlist_destroy
[INFO] [stdout]           >>> referenced by libnv.rs:813 (src/libnv.rs:813)
[INFO] [stdout]           >>>               libnv-9a447a3363b8cc04.libnv.70986007d1694cf7-cgu.2.rcgu.o:(_$LT$libnv..libnv..NvList$u20$as$u20$core..ops..drop..Drop$GT$::drop::h8632ab15779ad762) in archive /opt/rustwide/target/debug/deps/liblibnv-9a447a3363b8cc04.rlib
[INFO] [stdout]           collect2: error: ld returned 1 exit status
[INFO] [stdout]           
[INFO] [stdout] 
[INFO] [stdout] error: aborting due to 1 previous error
[INFO] [stdout] 
[INFO] [stdout] Couldn't compile the test.
[INFO] [stdout] ---- src/libnv.rs - libnv::NvList::new (line 172) stdout ----
[INFO] [stdout] error: linking with `cc` failed: exit status: 1
[INFO] [stdout]   |
[INFO] [stdout]   = note: LC_ALL="C" PATH="/opt/rustwide/rustup-home/toolchains/nightly-2024-10-28-x86_64-unknown-linux-gnu/lib/rustlib/x86_64-unknown-linux-gnu/bin:/opt/rustwide/rustup-home/toolchains/nightly-2024-10-28-x86_64-unknown-linux-gnu/lib/rustlib/x86_64-unknown-linux-gnu/bin/self-contained:/opt/rustwide/cargo-home/bin:/usr/local/sbin:/usr/local/bin:/usr/sbin:/usr/bin:/sbin:/bin" VSLANG="1033" "cc" "-m64" "/tmp/rustcQenurR/symbols.o" "/tmp/rustdoctestO11hnG/rust_out.rust_out.16b4434b3f29390-cgu.0.rcgu.o" "/tmp/rustdoctestO11hnG/rust_out.433cx8cl382ppljrnwzuxa40f.rcgu.o" "-Wl,--as-needed" "-Wl,-Bstatic" "/opt/rustwide/target/debug/deps/liblibnv-9a447a3363b8cc04.rlib" "/opt/rustwide/target/debug/deps/libnvpair_sys-9c8418907b600282.rlib" "/opt/rustwide/target/debug/deps/liblibnv_sys-4ef023401943515c.rlib" "/opt/rustwide/target/debug/deps/libquick_error-272c4b37477f4e1c.rlib" "/opt/rustwide/target/debug/deps/liblibc-cf06f29c0a4f6ede.rlib" "/opt/rustwide/rustup-home/toolchains/nightly-2024-10-28-x86_64-unknown-linux-gnu/lib/rustlib/x86_64-unknown-linux-gnu/lib/libstd-fb8c387236db3c10.rlib" "/opt/rustwide/rustup-home/toolchains/nightly-2024-10-28-x86_64-unknown-linux-gnu/lib/rustlib/x86_64-unknown-linux-gnu/lib/libpanic_unwind-b251837809b2f64b.rlib" "/opt/rustwide/rustup-home/toolchains/nightly-2024-10-28-x86_64-unknown-linux-gnu/lib/rustlib/x86_64-unknown-linux-gnu/lib/libobject-cbef83eaa4e01f04.rlib" "/opt/rustwide/rustup-home/toolchains/nightly-2024-10-28-x86_64-unknown-linux-gnu/lib/rustlib/x86_64-unknown-linux-gnu/lib/libmemchr-12a772286de2fca7.rlib" "/opt/rustwide/rustup-home/toolchains/nightly-2024-10-28-x86_64-unknown-linux-gnu/lib/rustlib/x86_64-unknown-linux-gnu/lib/libaddr2line-023bbe5ada7abfc3.rlib" "/opt/rustwide/rustup-home/toolchains/nightly-2024-10-28-x86_64-unknown-linux-gnu/lib/rustlib/x86_64-unknown-linux-gnu/lib/libgimli-de2bcdf10ec69c2b.rlib" "/opt/rustwide/rustup-home/toolchains/nightly-2024-10-28-x86_64-unknown-linux-gnu/lib/rustlib/x86_64-unknown-linux-gnu/lib/librustc_demangle-8e1754df350800fd.rlib" "/opt/rustwide/rustup-home/toolchains/nightly-2024-10-28-x86_64-unknown-linux-gnu/lib/rustlib/x86_64-unknown-linux-gnu/lib/libstd_detect-06c2ab7b9c32e037.rlib" "/opt/rustwide/rustup-home/toolchains/nightly-2024-10-28-x86_64-unknown-linux-gnu/lib/rustlib/x86_64-unknown-linux-gnu/lib/libhashbrown-51d2621fc57a281b.rlib" "/opt/rustwide/rustup-home/toolchains/nightly-2024-10-28-x86_64-unknown-linux-gnu/lib/rustlib/x86_64-unknown-linux-gnu/lib/librustc_std_workspace_alloc-54a930408793772f.rlib" "/opt/rustwide/rustup-home/toolchains/nightly-2024-10-28-x86_64-unknown-linux-gnu/lib/rustlib/x86_64-unknown-linux-gnu/lib/libminiz_oxide-0c7d01cba400dcb2.rlib" "/opt/rustwide/rustup-home/toolchains/nightly-2024-10-28-x86_64-unknown-linux-gnu/lib/rustlib/x86_64-unknown-linux-gnu/lib/libadler-b9f84d69e331b75b.rlib" "/opt/rustwide/rustup-home/toolchains/nightly-2024-10-28-x86_64-unknown-linux-gnu/lib/rustlib/x86_64-unknown-linux-gnu/lib/libunwind-eec95493246aae39.rlib" "/opt/rustwide/rustup-home/toolchains/nightly-2024-10-28-x86_64-unknown-linux-gnu/lib/rustlib/x86_64-unknown-linux-gnu/lib/libcfg_if-6f6676c475e08ab0.rlib" "/opt/rustwide/rustup-home/toolchains/nightly-2024-10-28-x86_64-unknown-linux-gnu/lib/rustlib/x86_64-unknown-linux-gnu/lib/liblibc-799d520624f8b2e0.rlib" "/opt/rustwide/rustup-home/toolchains/nightly-2024-10-28-x86_64-unknown-linux-gnu/lib/rustlib/x86_64-unknown-linux-gnu/lib/liballoc-fcf93d4842acd9a9.rlib" "/opt/rustwide/rustup-home/toolchains/nightly-2024-10-28-x86_64-unknown-linux-gnu/lib/rustlib/x86_64-unknown-linux-gnu/lib/librustc_std_workspace_core-395a38b8e0851c9b.rlib" "/opt/rustwide/rustup-home/toolchains/nightly-2024-10-28-x86_64-unknown-linux-gnu/lib/rustlib/x86_64-unknown-linux-gnu/lib/libcore-d453bab70303062c.rlib" "/opt/rustwide/rustup-home/toolchains/nightly-2024-10-28-x86_64-unknown-linux-gnu/lib/rustlib/x86_64-unknown-linux-gnu/lib/libcompiler_builtins-0e6386368b0a24e8.rlib" "-Wl,-Bdynamic" "-lnvpair" "-lzfs" "-lgcc_s" "-lutil" "-lrt" "-lpthread" "-lm" "-ldl" "-lc" "-B/opt/rustwide/rustup-home/toolchains/nightly-2024-10-28-x86_64-unknown-linux-gnu/lib/rustlib/x86_64-unknown-linux-gnu/bin/gcc-ld" "-fuse-ld=lld" "-Wl,--eh-frame-hdr" "-Wl,-z,noexecstack" "-L" "/opt/rustwide/rustup-home/toolchains/nightly-2024-10-28-x86_64-unknown-linux-gnu/lib/rustlib/x86_64-unknown-linux-gnu/lib" "-o" "/tmp/rustdoctestO11hnG/rust_out" "-Wl,--gc-sections" "-pie" "-Wl,-z,relro,-z,now" "-nodefaultlibs"
[INFO] [stdout]   = note: rust-lld: error: undefined symbol: nvlist_create
[INFO] [stdout]           >>> referenced by libnv.rs:178 (src/libnv.rs:178)
[INFO] [stdout]           >>>               libnv-9a447a3363b8cc04.libnv.70986007d1694cf7-cgu.2.rcgu.o:(libnv::libnv::NvList::new::h75d40bdd37f8a165) in archive /opt/rustwide/target/debug/deps/liblibnv-9a447a3363b8cc04.rlib
[INFO] [stdout]           
[INFO] [stdout]           rust-lld: error: undefined symbol: nvlist_destroy
[INFO] [stdout]           >>> referenced by libnv.rs:813 (src/libnv.rs:813)
[INFO] [stdout]           >>>               libnv-9a447a3363b8cc04.libnv.70986007d1694cf7-cgu.2.rcgu.o:(_$LT$libnv..libnv..NvList$u20$as$u20$core..ops..drop..Drop$GT$::drop::h8632ab15779ad762) in archive /opt/rustwide/target/debug/deps/liblibnv-9a447a3363b8cc04.rlib
[INFO] [stdout]           collect2: error: ld returned 1 exit status
[INFO] [stdout]           
[INFO] [stdout] 
[INFO] [stdout] error: aborting due to 1 previous error
[INFO] [stdout] 
[INFO] [stdout] Couldn't compile the test.
[INFO] [stdout] ---- src/libnv.rs - libnv::NvList::insert_nvlist (line 337) stdout ----
[INFO] [stdout] error: linking with `cc` failed: exit status: 1
[INFO] [stdout]   |
[INFO] [stdout]   = note: LC_ALL="C" PATH="/opt/rustwide/rustup-home/toolchains/nightly-2024-10-28-x86_64-unknown-linux-gnu/lib/rustlib/x86_64-unknown-linux-gnu/bin:/opt/rustwide/rustup-home/toolchains/nightly-2024-10-28-x86_64-unknown-linux-gnu/lib/rustlib/x86_64-unknown-linux-gnu/bin/self-contained:/opt/rustwide/cargo-home/bin:/usr/local/sbin:/usr/local/bin:/usr/sbin:/usr/bin:/sbin:/bin" VSLANG="1033" "cc" "-m64" "/tmp/rustcJd4VXv/symbols.o" "/tmp/rustdoctest7aXA0K/rust_out.rust_out.16b4434b3f29390-cgu.0.rcgu.o" "/tmp/rustdoctest7aXA0K/rust_out.433cx8cl382ppljrnwzuxa40f.rcgu.o" "-Wl,--as-needed" "-Wl,-Bstatic" "/opt/rustwide/target/debug/deps/liblibnv-9a447a3363b8cc04.rlib" "/opt/rustwide/target/debug/deps/libnvpair_sys-9c8418907b600282.rlib" "/opt/rustwide/target/debug/deps/liblibnv_sys-4ef023401943515c.rlib" "/opt/rustwide/target/debug/deps/libquick_error-272c4b37477f4e1c.rlib" "/opt/rustwide/target/debug/deps/liblibc-cf06f29c0a4f6ede.rlib" "/opt/rustwide/rustup-home/toolchains/nightly-2024-10-28-x86_64-unknown-linux-gnu/lib/rustlib/x86_64-unknown-linux-gnu/lib/libstd-fb8c387236db3c10.rlib" "/opt/rustwide/rustup-home/toolchains/nightly-2024-10-28-x86_64-unknown-linux-gnu/lib/rustlib/x86_64-unknown-linux-gnu/lib/libpanic_unwind-b251837809b2f64b.rlib" "/opt/rustwide/rustup-home/toolchains/nightly-2024-10-28-x86_64-unknown-linux-gnu/lib/rustlib/x86_64-unknown-linux-gnu/lib/libobject-cbef83eaa4e01f04.rlib" "/opt/rustwide/rustup-home/toolchains/nightly-2024-10-28-x86_64-unknown-linux-gnu/lib/rustlib/x86_64-unknown-linux-gnu/lib/libmemchr-12a772286de2fca7.rlib" "/opt/rustwide/rustup-home/toolchains/nightly-2024-10-28-x86_64-unknown-linux-gnu/lib/rustlib/x86_64-unknown-linux-gnu/lib/libaddr2line-023bbe5ada7abfc3.rlib" "/opt/rustwide/rustup-home/toolchains/nightly-2024-10-28-x86_64-unknown-linux-gnu/lib/rustlib/x86_64-unknown-linux-gnu/lib/libgimli-de2bcdf10ec69c2b.rlib" "/opt/rustwide/rustup-home/toolchains/nightly-2024-10-28-x86_64-unknown-linux-gnu/lib/rustlib/x86_64-unknown-linux-gnu/lib/librustc_demangle-8e1754df350800fd.rlib" "/opt/rustwide/rustup-home/toolchains/nightly-2024-10-28-x86_64-unknown-linux-gnu/lib/rustlib/x86_64-unknown-linux-gnu/lib/libstd_detect-06c2ab7b9c32e037.rlib" "/opt/rustwide/rustup-home/toolchains/nightly-2024-10-28-x86_64-unknown-linux-gnu/lib/rustlib/x86_64-unknown-linux-gnu/lib/libhashbrown-51d2621fc57a281b.rlib" "/opt/rustwide/rustup-home/toolchains/nightly-2024-10-28-x86_64-unknown-linux-gnu/lib/rustlib/x86_64-unknown-linux-gnu/lib/librustc_std_workspace_alloc-54a930408793772f.rlib" "/opt/rustwide/rustup-home/toolchains/nightly-2024-10-28-x86_64-unknown-linux-gnu/lib/rustlib/x86_64-unknown-linux-gnu/lib/libminiz_oxide-0c7d01cba400dcb2.rlib" "/opt/rustwide/rustup-home/toolchains/nightly-2024-10-28-x86_64-unknown-linux-gnu/lib/rustlib/x86_64-unknown-linux-gnu/lib/libadler-b9f84d69e331b75b.rlib" "/opt/rustwide/rustup-home/toolchains/nightly-2024-10-28-x86_64-unknown-linux-gnu/lib/rustlib/x86_64-unknown-linux-gnu/lib/libunwind-eec95493246aae39.rlib" "/opt/rustwide/rustup-home/toolchains/nightly-2024-10-28-x86_64-unknown-linux-gnu/lib/rustlib/x86_64-unknown-linux-gnu/lib/libcfg_if-6f6676c475e08ab0.rlib" "/opt/rustwide/rustup-home/toolchains/nightly-2024-10-28-x86_64-unknown-linux-gnu/lib/rustlib/x86_64-unknown-linux-gnu/lib/liblibc-799d520624f8b2e0.rlib" "/opt/rustwide/rustup-home/toolchains/nightly-2024-10-28-x86_64-unknown-linux-gnu/lib/rustlib/x86_64-unknown-linux-gnu/lib/liballoc-fcf93d4842acd9a9.rlib" "/opt/rustwide/rustup-home/toolchains/nightly-2024-10-28-x86_64-unknown-linux-gnu/lib/rustlib/x86_64-unknown-linux-gnu/lib/librustc_std_workspace_core-395a38b8e0851c9b.rlib" "/opt/rustwide/rustup-home/toolchains/nightly-2024-10-28-x86_64-unknown-linux-gnu/lib/rustlib/x86_64-unknown-linux-gnu/lib/libcore-d453bab70303062c.rlib" "/opt/rustwide/rustup-home/toolchains/nightly-2024-10-28-x86_64-unknown-linux-gnu/lib/rustlib/x86_64-unknown-linux-gnu/lib/libcompiler_builtins-0e6386368b0a24e8.rlib" "-Wl,-Bdynamic" "-lnvpair" "-lzfs" "-lgcc_s" "-lutil" "-lrt" "-lpthread" "-lm" "-ldl" "-lc" "-B/opt/rustwide/rustup-home/toolchains/nightly-2024-10-28-x86_64-unknown-linux-gnu/lib/rustlib/x86_64-unknown-linux-gnu/bin/gcc-ld" "-fuse-ld=lld" "-Wl,--eh-frame-hdr" "-Wl,-z,noexecstack" "-L" "/opt/rustwide/rustup-home/toolchains/nightly-2024-10-28-x86_64-unknown-linux-gnu/lib/rustlib/x86_64-unknown-linux-gnu/lib" "-o" "/tmp/rustdoctest7aXA0K/rust_out" "-Wl,--gc-sections" "-pie" "-Wl,-z,relro,-z,now" "-nodefaultlibs"
[INFO] [stdout]   = note: rust-lld: error: undefined symbol: nvlist_create
[INFO] [stdout]           >>> referenced by libnv.rs:178 (src/libnv.rs:178)
[INFO] [stdout]           >>>               libnv-9a447a3363b8cc04.libnv.70986007d1694cf7-cgu.2.rcgu.o:(libnv::libnv::NvList::new::h75d40bdd37f8a165) in archive /opt/rustwide/target/debug/deps/liblibnv-9a447a3363b8cc04.rlib
[INFO] [stdout]           
[INFO] [stdout]           rust-lld: error: undefined symbol: nvlist_error
[INFO] [stdout]           >>> referenced by libnv.rs:231 (src/libnv.rs:231)
[INFO] [stdout]           >>>               libnv-9a447a3363b8cc04.libnv.70986007d1694cf7-cgu.2.rcgu.o:(libnv::libnv::NvList::error::hbfc008c4985d4355) in archive /opt/rustwide/target/debug/deps/liblibnv-9a447a3363b8cc04.rlib
[INFO] [stdout]           
[INFO] [stdout]           rust-lld: error: undefined symbol: nvlist_destroy
[INFO] [stdout]           >>> referenced by libnv.rs:813 (src/libnv.rs:813)
[INFO] [stdout]           >>>               libnv-9a447a3363b8cc04.libnv.70986007d1694cf7-cgu.2.rcgu.o:(_$LT$libnv..libnv..NvList$u20$as$u20$core..ops..drop..Drop$GT$::drop::h8632ab15779ad762) in archive /opt/rustwide/target/debug/deps/liblibnv-9a447a3363b8cc04.rlib
[INFO] [stdout]           collect2: error: ld returned 1 exit status
[INFO] [stdout]           
[INFO] [stdout] 
[INFO] [stdout] error: aborting due to 1 previous error
[INFO] [stdout] 
[INFO] [stdout] Couldn't compile the test.
[INFO] [stdout] ---- src/libnv.rs - libnv::NvList::insert_numbers (line 404) stdout ----
[INFO] [stdout] error: linking with `cc` failed: exit status: 1
[INFO] [stdout]   |
[INFO] [stdout]   = note: LC_ALL="C" PATH="/opt/rustwide/rustup-home/toolchains/nightly-2024-10-28-x86_64-unknown-linux-gnu/lib/rustlib/x86_64-unknown-linux-gnu/bin:/opt/rustwide/rustup-home/toolchains/nightly-2024-10-28-x86_64-unknown-linux-gnu/lib/rustlib/x86_64-unknown-linux-gnu/bin/self-contained:/opt/rustwide/cargo-home/bin:/usr/local/sbin:/usr/local/bin:/usr/sbin:/usr/bin:/sbin:/bin" VSLANG="1033" "cc" "-m64" "/tmp/rustcIecy3Y/symbols.o" "/tmp/rustdoctestmRvK17/rust_out.rust_out.16b4434b3f29390-cgu.0.rcgu.o" "/tmp/rustdoctestmRvK17/rust_out.433cx8cl382ppljrnwzuxa40f.rcgu.o" "-Wl,--as-needed" "-Wl,-Bstatic" "/opt/rustwide/target/debug/deps/liblibnv-9a447a3363b8cc04.rlib" "/opt/rustwide/target/debug/deps/libnvpair_sys-9c8418907b600282.rlib" "/opt/rustwide/target/debug/deps/liblibnv_sys-4ef023401943515c.rlib" "/opt/rustwide/target/debug/deps/libquick_error-272c4b37477f4e1c.rlib" "/opt/rustwide/target/debug/deps/liblibc-cf06f29c0a4f6ede.rlib" "/opt/rustwide/rustup-home/toolchains/nightly-2024-10-28-x86_64-unknown-linux-gnu/lib/rustlib/x86_64-unknown-linux-gnu/lib/libstd-fb8c387236db3c10.rlib" "/opt/rustwide/rustup-home/toolchains/nightly-2024-10-28-x86_64-unknown-linux-gnu/lib/rustlib/x86_64-unknown-linux-gnu/lib/libpanic_unwind-b251837809b2f64b.rlib" "/opt/rustwide/rustup-home/toolchains/nightly-2024-10-28-x86_64-unknown-linux-gnu/lib/rustlib/x86_64-unknown-linux-gnu/lib/libobject-cbef83eaa4e01f04.rlib" "/opt/rustwide/rustup-home/toolchains/nightly-2024-10-28-x86_64-unknown-linux-gnu/lib/rustlib/x86_64-unknown-linux-gnu/lib/libmemchr-12a772286de2fca7.rlib" "/opt/rustwide/rustup-home/toolchains/nightly-2024-10-28-x86_64-unknown-linux-gnu/lib/rustlib/x86_64-unknown-linux-gnu/lib/libaddr2line-023bbe5ada7abfc3.rlib" "/opt/rustwide/rustup-home/toolchains/nightly-2024-10-28-x86_64-unknown-linux-gnu/lib/rustlib/x86_64-unknown-linux-gnu/lib/libgimli-de2bcdf10ec69c2b.rlib" "/opt/rustwide/rustup-home/toolchains/nightly-2024-10-28-x86_64-unknown-linux-gnu/lib/rustlib/x86_64-unknown-linux-gnu/lib/librustc_demangle-8e1754df350800fd.rlib" "/opt/rustwide/rustup-home/toolchains/nightly-2024-10-28-x86_64-unknown-linux-gnu/lib/rustlib/x86_64-unknown-linux-gnu/lib/libstd_detect-06c2ab7b9c32e037.rlib" "/opt/rustwide/rustup-home/toolchains/nightly-2024-10-28-x86_64-unknown-linux-gnu/lib/rustlib/x86_64-unknown-linux-gnu/lib/libhashbrown-51d2621fc57a281b.rlib" "/opt/rustwide/rustup-home/toolchains/nightly-2024-10-28-x86_64-unknown-linux-gnu/lib/rustlib/x86_64-unknown-linux-gnu/lib/librustc_std_workspace_alloc-54a930408793772f.rlib" "/opt/rustwide/rustup-home/toolchains/nightly-2024-10-28-x86_64-unknown-linux-gnu/lib/rustlib/x86_64-unknown-linux-gnu/lib/libminiz_oxide-0c7d01cba400dcb2.rlib" "/opt/rustwide/rustup-home/toolchains/nightly-2024-10-28-x86_64-unknown-linux-gnu/lib/rustlib/x86_64-unknown-linux-gnu/lib/libadler-b9f84d69e331b75b.rlib" "/opt/rustwide/rustup-home/toolchains/nightly-2024-10-28-x86_64-unknown-linux-gnu/lib/rustlib/x86_64-unknown-linux-gnu/lib/libunwind-eec95493246aae39.rlib" "/opt/rustwide/rustup-home/toolchains/nightly-2024-10-28-x86_64-unknown-linux-gnu/lib/rustlib/x86_64-unknown-linux-gnu/lib/libcfg_if-6f6676c475e08ab0.rlib" "/opt/rustwide/rustup-home/toolchains/nightly-2024-10-28-x86_64-unknown-linux-gnu/lib/rustlib/x86_64-unknown-linux-gnu/lib/liblibc-799d520624f8b2e0.rlib" "/opt/rustwide/rustup-home/toolchains/nightly-2024-10-28-x86_64-unknown-linux-gnu/lib/rustlib/x86_64-unknown-linux-gnu/lib/liballoc-fcf93d4842acd9a9.rlib" "/opt/rustwide/rustup-home/toolchains/nightly-2024-10-28-x86_64-unknown-linux-gnu/lib/rustlib/x86_64-unknown-linux-gnu/lib/librustc_std_workspace_core-395a38b8e0851c9b.rlib" "/opt/rustwide/rustup-home/toolchains/nightly-2024-10-28-x86_64-unknown-linux-gnu/lib/rustlib/x86_64-unknown-linux-gnu/lib/libcore-d453bab70303062c.rlib" "/opt/rustwide/rustup-home/toolchains/nightly-2024-10-28-x86_64-unknown-linux-gnu/lib/rustlib/x86_64-unknown-linux-gnu/lib/libcompiler_builtins-0e6386368b0a24e8.rlib" "-Wl,-Bdynamic" "-lnvpair" "-lzfs" "-lgcc_s" "-lutil" "-lrt" "-lpthread" "-lm" "-ldl" "-lc" "-B/opt/rustwide/rustup-home/toolchains/nightly-2024-10-28-x86_64-unknown-linux-gnu/lib/rustlib/x86_64-unknown-linux-gnu/bin/gcc-ld" "-fuse-ld=lld" "-Wl,--eh-frame-hdr" "-Wl,-z,noexecstack" "-L" "/opt/rustwide/rustup-home/toolchains/nightly-2024-10-28-x86_64-unknown-linux-gnu/lib/rustlib/x86_64-unknown-linux-gnu/lib" "-o" "/tmp/rustdoctestmRvK17/rust_out" "-Wl,--gc-sections" "-pie" "-Wl,-z,relro,-z,now" "-nodefaultlibs"
[INFO] [stdout]   = note: rust-lld: error: undefined symbol: nvlist_add_number_array
[INFO] [stdout]           >>> referenced by rust_out.16b4434b3f29390-cgu.0
[INFO] [stdout]           >>>               /tmp/rustdoctestmRvK17/rust_out.rust_out.16b4434b3f29390-cgu.0.rcgu.o:(libnv::libnv::NvList::insert_numbers::h10762dbc7c723d2a)
[INFO] [stdout]           
[INFO] [stdout]           rust-lld: error: undefined symbol: nvlist_create
[INFO] [stdout]           >>> referenced by libnv.rs:178 (src/libnv.rs:178)
[INFO] [stdout]           >>>               libnv-9a447a3363b8cc04.libnv.70986007d1694cf7-cgu.2.rcgu.o:(libnv::libnv::NvList::new::h75d40bdd37f8a165) in archive /opt/rustwide/target/debug/deps/liblibnv-9a447a3363b8cc04.rlib
[INFO] [stdout]           
[INFO] [stdout]           rust-lld: error: undefined symbol: nvlist_error
[INFO] [stdout]           >>> referenced by libnv.rs:231 (src/libnv.rs:231)
[INFO] [stdout]           >>>               libnv-9a447a3363b8cc04.libnv.70986007d1694cf7-cgu.2.rcgu.o:(libnv::libnv::NvList::error::hbfc008c4985d4355) in archive /opt/rustwide/target/debug/deps/liblibnv-9a447a3363b8cc04.rlib
[INFO] [stdout]           
[INFO] [stdout]           rust-lld: error: undefined symbol: nvlist_destroy
[INFO] [stdout]           >>> referenced by libnv.rs:813 (src/libnv.rs:813)
[INFO] [stdout]           >>>               libnv-9a447a3363b8cc04.libnv.70986007d1694cf7-cgu.2.rcgu.o:(_$LT$libnv..libnv..NvList$u20$as$u20$core..ops..drop..Drop$GT$::drop::h8632ab15779ad762) in archive /opt/rustwide/target/debug/deps/liblibnv-9a447a3363b8cc04.rlib
[INFO] [stdout]           collect2: error: ld returned 1 exit status
[INFO] [stdout]           
[INFO] [stdout] 
[INFO] [stdout] error: aborting due to 1 previous error
[INFO] [stdout] 
[INFO] [stdout] Couldn't compile the test.
[INFO] [stdout] ---- src/libnv.rs - libnv::NvList::is_empty (line 201) stdout ----
[INFO] [stdout] error: linking with `cc` failed: exit status: 1
[INFO] [stdout]   |
[INFO] [stdout]   = note: LC_ALL="C" PATH="/opt/rustwide/rustup-home/toolchains/nightly-2024-10-28-x86_64-unknown-linux-gnu/lib/rustlib/x86_64-unknown-linux-gnu/bin:/opt/rustwide/rustup-home/toolchains/nightly-2024-10-28-x86_64-unknown-linux-gnu/lib/rustlib/x86_64-unknown-linux-gnu/bin/self-contained:/opt/rustwide/cargo-home/bin:/usr/local/sbin:/usr/local/bin:/usr/sbin:/usr/bin:/sbin:/bin" VSLANG="1033" "cc" "-m64" "/tmp/rustcj4DFuu/symbols.o" "/tmp/rustdoctestmFtpAf/rust_out.rust_out.16b4434b3f29390-cgu.0.rcgu.o" "/tmp/rustdoctestmFtpAf/rust_out.433cx8cl382ppljrnwzuxa40f.rcgu.o" "-Wl,--as-needed" "-Wl,-Bstatic" "/opt/rustwide/target/debug/deps/liblibnv-9a447a3363b8cc04.rlib" "/opt/rustwide/target/debug/deps/libnvpair_sys-9c8418907b600282.rlib" "/opt/rustwide/target/debug/deps/liblibnv_sys-4ef023401943515c.rlib" "/opt/rustwide/target/debug/deps/libquick_error-272c4b37477f4e1c.rlib" "/opt/rustwide/target/debug/deps/liblibc-cf06f29c0a4f6ede.rlib" "/opt/rustwide/rustup-home/toolchains/nightly-2024-10-28-x86_64-unknown-linux-gnu/lib/rustlib/x86_64-unknown-linux-gnu/lib/libstd-fb8c387236db3c10.rlib" "/opt/rustwide/rustup-home/toolchains/nightly-2024-10-28-x86_64-unknown-linux-gnu/lib/rustlib/x86_64-unknown-linux-gnu/lib/libpanic_unwind-b251837809b2f64b.rlib" "/opt/rustwide/rustup-home/toolchains/nightly-2024-10-28-x86_64-unknown-linux-gnu/lib/rustlib/x86_64-unknown-linux-gnu/lib/libobject-cbef83eaa4e01f04.rlib" "/opt/rustwide/rustup-home/toolchains/nightly-2024-10-28-x86_64-unknown-linux-gnu/lib/rustlib/x86_64-unknown-linux-gnu/lib/libmemchr-12a772286de2fca7.rlib" "/opt/rustwide/rustup-home/toolchains/nightly-2024-10-28-x86_64-unknown-linux-gnu/lib/rustlib/x86_64-unknown-linux-gnu/lib/libaddr2line-023bbe5ada7abfc3.rlib" "/opt/rustwide/rustup-home/toolchains/nightly-2024-10-28-x86_64-unknown-linux-gnu/lib/rustlib/x86_64-unknown-linux-gnu/lib/libgimli-de2bcdf10ec69c2b.rlib" "/opt/rustwide/rustup-home/toolchains/nightly-2024-10-28-x86_64-unknown-linux-gnu/lib/rustlib/x86_64-unknown-linux-gnu/lib/librustc_demangle-8e1754df350800fd.rlib" "/opt/rustwide/rustup-home/toolchains/nightly-2024-10-28-x86_64-unknown-linux-gnu/lib/rustlib/x86_64-unknown-linux-gnu/lib/libstd_detect-06c2ab7b9c32e037.rlib" "/opt/rustwide/rustup-home/toolchains/nightly-2024-10-28-x86_64-unknown-linux-gnu/lib/rustlib/x86_64-unknown-linux-gnu/lib/libhashbrown-51d2621fc57a281b.rlib" "/opt/rustwide/rustup-home/toolchains/nightly-2024-10-28-x86_64-unknown-linux-gnu/lib/rustlib/x86_64-unknown-linux-gnu/lib/librustc_std_workspace_alloc-54a930408793772f.rlib" "/opt/rustwide/rustup-home/toolchains/nightly-2024-10-28-x86_64-unknown-linux-gnu/lib/rustlib/x86_64-unknown-linux-gnu/lib/libminiz_oxide-0c7d01cba400dcb2.rlib" "/opt/rustwide/rustup-home/toolchains/nightly-2024-10-28-x86_64-unknown-linux-gnu/lib/rustlib/x86_64-unknown-linux-gnu/lib/libadler-b9f84d69e331b75b.rlib" "/opt/rustwide/rustup-home/toolchains/nightly-2024-10-28-x86_64-unknown-linux-gnu/lib/rustlib/x86_64-unknown-linux-gnu/lib/libunwind-eec95493246aae39.rlib" "/opt/rustwide/rustup-home/toolchains/nightly-2024-10-28-x86_64-unknown-linux-gnu/lib/rustlib/x86_64-unknown-linux-gnu/lib/libcfg_if-6f6676c475e08ab0.rlib" "/opt/rustwide/rustup-home/toolchains/nightly-2024-10-28-x86_64-unknown-linux-gnu/lib/rustlib/x86_64-unknown-linux-gnu/lib/liblibc-799d520624f8b2e0.rlib" "/opt/rustwide/rustup-home/toolchains/nightly-2024-10-28-x86_64-unknown-linux-gnu/lib/rustlib/x86_64-unknown-linux-gnu/lib/liballoc-fcf93d4842acd9a9.rlib" "/opt/rustwide/rustup-home/toolchains/nightly-2024-10-28-x86_64-unknown-linux-gnu/lib/rustlib/x86_64-unknown-linux-gnu/lib/librustc_std_workspace_core-395a38b8e0851c9b.rlib" "/opt/rustwide/rustup-home/toolchains/nightly-2024-10-28-x86_64-unknown-linux-gnu/lib/rustlib/x86_64-unknown-linux-gnu/lib/libcore-d453bab70303062c.rlib" "/opt/rustwide/rustup-home/toolchains/nightly-2024-10-28-x86_64-unknown-linux-gnu/lib/rustlib/x86_64-unknown-linux-gnu/lib/libcompiler_builtins-0e6386368b0a24e8.rlib" "-Wl,-Bdynamic" "-lnvpair" "-lzfs" "-lgcc_s" "-lutil" "-lrt" "-lpthread" "-lm" "-ldl" "-lc" "-B/opt/rustwide/rustup-home/toolchains/nightly-2024-10-28-x86_64-unknown-linux-gnu/lib/rustlib/x86_64-unknown-linux-gnu/bin/gcc-ld" "-fuse-ld=lld" "-Wl,--eh-frame-hdr" "-Wl,-z,noexecstack" "-L" "/opt/rustwide/rustup-home/toolchains/nightly-2024-10-28-x86_64-unknown-linux-gnu/lib/rustlib/x86_64-unknown-linux-gnu/lib" "-o" "/tmp/rustdoctestmFtpAf/rust_out" "-Wl,--gc-sections" "-pie" "-Wl,-z,relro,-z,now" "-nodefaultlibs"
[INFO] [stdout]   = note: rust-lld: error: undefined symbol: nvlist_create
[INFO] [stdout]           >>> referenced by libnv.rs:178 (src/libnv.rs:178)
[INFO] [stdout]           >>>               libnv-9a447a3363b8cc04.libnv.70986007d1694cf7-cgu.2.rcgu.o:(libnv::libnv::NvList::new::h75d40bdd37f8a165) in archive /opt/rustwide/target/debug/deps/liblibnv-9a447a3363b8cc04.rlib
[INFO] [stdout]           
[INFO] [stdout]           rust-lld: error: undefined symbol: nvlist_destroy
[INFO] [stdout]           >>> referenced by libnv.rs:813 (src/libnv.rs:813)
[INFO] [stdout]           >>>               libnv-9a447a3363b8cc04.libnv.70986007d1694cf7-cgu.2.rcgu.o:(_$LT$libnv..libnv..NvList$u20$as$u20$core..ops..drop..Drop$GT$::drop::h8632ab15779ad762) in archive /opt/rustwide/target/debug/deps/liblibnv-9a447a3363b8cc04.rlib
[INFO] [stdout]           collect2: error: ld returned 1 exit status
[INFO] [stdout]           
[INFO] [stdout] 
[INFO] [stdout] error: aborting due to 1 previous error
[INFO] [stdout] 
[INFO] [stdout] Couldn't compile the test.
[INFO] [stdout] ---- src/libnv.rs - libnv::NvList::insert_nvlists (line 456) stdout ----
[INFO] [stdout] error: linking with `cc` failed: exit status: 1
[INFO] [stdout]   |
[INFO] [stdout]   = note: LC_ALL="C" PATH="/opt/rustwide/rustup-home/toolchains/nightly-2024-10-28-x86_64-unknown-linux-gnu/lib/rustlib/x86_64-unknown-linux-gnu/bin:/opt/rustwide/rustup-home/toolchains/nightly-2024-10-28-x86_64-unknown-linux-gnu/lib/rustlib/x86_64-unknown-linux-gnu/bin/self-contained:/opt/rustwide/cargo-home/bin:/usr/local/sbin:/usr/local/bin:/usr/sbin:/usr/bin:/sbin:/bin" VSLANG="1033" "cc" "-m64" "/tmp/rustcZcacW7/symbols.o" "/tmp/rustdoctestCSF1TT/rust_out.rust_out.16b4434b3f29390-cgu.0.rcgu.o" "/tmp/rustdoctestCSF1TT/rust_out.433cx8cl382ppljrnwzuxa40f.rcgu.o" "-Wl,--as-needed" "-Wl,-Bstatic" "/opt/rustwide/target/debug/deps/liblibnv-9a447a3363b8cc04.rlib" "/opt/rustwide/target/debug/deps/libnvpair_sys-9c8418907b600282.rlib" "/opt/rustwide/target/debug/deps/liblibnv_sys-4ef023401943515c.rlib" "/opt/rustwide/target/debug/deps/libquick_error-272c4b37477f4e1c.rlib" "/opt/rustwide/target/debug/deps/liblibc-cf06f29c0a4f6ede.rlib" "/opt/rustwide/rustup-home/toolchains/nightly-2024-10-28-x86_64-unknown-linux-gnu/lib/rustlib/x86_64-unknown-linux-gnu/lib/libstd-fb8c387236db3c10.rlib" "/opt/rustwide/rustup-home/toolchains/nightly-2024-10-28-x86_64-unknown-linux-gnu/lib/rustlib/x86_64-unknown-linux-gnu/lib/libpanic_unwind-b251837809b2f64b.rlib" "/opt/rustwide/rustup-home/toolchains/nightly-2024-10-28-x86_64-unknown-linux-gnu/lib/rustlib/x86_64-unknown-linux-gnu/lib/libobject-cbef83eaa4e01f04.rlib" "/opt/rustwide/rustup-home/toolchains/nightly-2024-10-28-x86_64-unknown-linux-gnu/lib/rustlib/x86_64-unknown-linux-gnu/lib/libmemchr-12a772286de2fca7.rlib" "/opt/rustwide/rustup-home/toolchains/nightly-2024-10-28-x86_64-unknown-linux-gnu/lib/rustlib/x86_64-unknown-linux-gnu/lib/libaddr2line-023bbe5ada7abfc3.rlib" "/opt/rustwide/rustup-home/toolchains/nightly-2024-10-28-x86_64-unknown-linux-gnu/lib/rustlib/x86_64-unknown-linux-gnu/lib/libgimli-de2bcdf10ec69c2b.rlib" "/opt/rustwide/rustup-home/toolchains/nightly-2024-10-28-x86_64-unknown-linux-gnu/lib/rustlib/x86_64-unknown-linux-gnu/lib/librustc_demangle-8e1754df350800fd.rlib" "/opt/rustwide/rustup-home/toolchains/nightly-2024-10-28-x86_64-unknown-linux-gnu/lib/rustlib/x86_64-unknown-linux-gnu/lib/libstd_detect-06c2ab7b9c32e037.rlib" "/opt/rustwide/rustup-home/toolchains/nightly-2024-10-28-x86_64-unknown-linux-gnu/lib/rustlib/x86_64-unknown-linux-gnu/lib/libhashbrown-51d2621fc57a281b.rlib" "/opt/rustwide/rustup-home/toolchains/nightly-2024-10-28-x86_64-unknown-linux-gnu/lib/rustlib/x86_64-unknown-linux-gnu/lib/librustc_std_workspace_alloc-54a930408793772f.rlib" "/opt/rustwide/rustup-home/toolchains/nightly-2024-10-28-x86_64-unknown-linux-gnu/lib/rustlib/x86_64-unknown-linux-gnu/lib/libminiz_oxide-0c7d01cba400dcb2.rlib" "/opt/rustwide/rustup-home/toolchains/nightly-2024-10-28-x86_64-unknown-linux-gnu/lib/rustlib/x86_64-unknown-linux-gnu/lib/libadler-b9f84d69e331b75b.rlib" "/opt/rustwide/rustup-home/toolchains/nightly-2024-10-28-x86_64-unknown-linux-gnu/lib/rustlib/x86_64-unknown-linux-gnu/lib/libunwind-eec95493246aae39.rlib" "/opt/rustwide/rustup-home/toolchains/nightly-2024-10-28-x86_64-unknown-linux-gnu/lib/rustlib/x86_64-unknown-linux-gnu/lib/libcfg_if-6f6676c475e08ab0.rlib" "/opt/rustwide/rustup-home/toolchains/nightly-2024-10-28-x86_64-unknown-linux-gnu/lib/rustlib/x86_64-unknown-linux-gnu/lib/liblibc-799d520624f8b2e0.rlib" "/opt/rustwide/rustup-home/toolchains/nightly-2024-10-28-x86_64-unknown-linux-gnu/lib/rustlib/x86_64-unknown-linux-gnu/lib/liballoc-fcf93d4842acd9a9.rlib" "/opt/rustwide/rustup-home/toolchains/nightly-2024-10-28-x86_64-unknown-linux-gnu/lib/rustlib/x86_64-unknown-linux-gnu/lib/librustc_std_workspace_core-395a38b8e0851c9b.rlib" "/opt/rustwide/rustup-home/toolchains/nightly-2024-10-28-x86_64-unknown-linux-gnu/lib/rustlib/x86_64-unknown-linux-gnu/lib/libcore-d453bab70303062c.rlib" "/opt/rustwide/rustup-home/toolchains/nightly-2024-10-28-x86_64-unknown-linux-gnu/lib/rustlib/x86_64-unknown-linux-gnu/lib/libcompiler_builtins-0e6386368b0a24e8.rlib" "-Wl,-Bdynamic" "-lnvpair" "-lzfs" "-lgcc_s" "-lutil" "-lrt" "-lpthread" "-lm" "-ldl" "-lc" "-B/opt/rustwide/rustup-home/toolchains/nightly-2024-10-28-x86_64-unknown-linux-gnu/lib/rustlib/x86_64-unknown-linux-gnu/bin/gcc-ld" "-fuse-ld=lld" "-Wl,--eh-frame-hdr" "-Wl,-z,noexecstack" "-L" "/opt/rustwide/rustup-home/toolchains/nightly-2024-10-28-x86_64-unknown-linux-gnu/lib/rustlib/x86_64-unknown-linux-gnu/lib" "-o" "/tmp/rustdoctestCSF1TT/rust_out" "-Wl,--gc-sections" "-pie" "-Wl,-z,relro,-z,now" "-nodefaultlibs"
[INFO] [stdout]   = note: rust-lld: error: undefined symbol: nvlist_exists_nvlist_array
[INFO] [stdout]           >>> referenced by rust_out.16b4434b3f29390-cgu.0
[INFO] [stdout]           >>>               /tmp/rustdoctestCSF1TT/rust_out.rust_out.16b4434b3f29390-cgu.0.rcgu.o:(libnv::libnv::NvList::get_nvlists::ha0cf77659546a341)
[INFO] [stdout]           
[INFO] [stdout]           rust-lld: error: undefined symbol: nvlist_get_nvlist_array
[INFO] [stdout]           >>> referenced by rust_out.16b4434b3f29390-cgu.0
[INFO] [stdout]           >>>               /tmp/rustdoctestCSF1TT/rust_out.rust_out.16b4434b3f29390-cgu.0.rcgu.o:(libnv::libnv::NvList::get_nvlists::ha0cf77659546a341)
[INFO] [stdout]           
[INFO] [stdout]           rust-lld: error: undefined symbol: nvlist_clone
[INFO] [stdout]           >>> referenced by rust_out.16b4434b3f29390-cgu.0
[INFO] [stdout]           >>>               /tmp/rustdoctestCSF1TT/rust_out.rust_out.16b4434b3f29390-cgu.0.rcgu.o:(libnv::libnv::NvList::get_nvlists::_$u7b$$u7b$closure$u7d$$u7d$::ha766acce23008d89)
[INFO] [stdout]           >>> referenced by libnv.rs:805 (src/libnv.rs:805)
[INFO] [stdout]           >>>               libnv-9a447a3363b8cc04.libnv.70986007d1694cf7-cgu.2.rcgu.o:(_$LT$libnv..libnv..NvList$u20$as$u20$core..clone..Clone$GT$::clone::h2385455290c00fec) in archive /opt/rustwide/target/debug/deps/liblibnv-9a447a3363b8cc04.rlib
[INFO] [stdout]           
[INFO] [stdout]           rust-lld: error: undefined symbol: nvlist_create
[INFO] [stdout]           >>> referenced by libnv.rs:178 (src/libnv.rs:178)
[INFO] [stdout]           >>>               libnv-9a447a3363b8cc04.libnv.70986007d1694cf7-cgu.2.rcgu.o:(libnv::libnv::NvList::new::h75d40bdd37f8a165) in archive /opt/rustwide/target/debug/deps/liblibnv-9a447a3363b8cc04.rlib
[INFO] [stdout]           
[INFO] [stdout]           rust-lld: error: undefined symbol: nvlist_flags
[INFO] [stdout]           >>> referenced by libnv.rs:219 (src/libnv.rs:219)
[INFO] [stdout]           >>>               libnv-9a447a3363b8cc04.libnv.70986007d1694cf7-cgu.2.rcgu.o:(libnv::libnv::NvList::flags::h0e2ef1e4ef36e200) in archive /opt/rustwide/target/debug/deps/liblibnv-9a447a3363b8cc04.rlib
[INFO] [stdout]           
[INFO] [stdout]           rust-lld: error: undefined symbol: nvlist_error
[INFO] [stdout]           >>> referenced by libnv.rs:231 (src/libnv.rs:231)
[INFO] [stdout]           >>>               libnv-9a447a3363b8cc04.libnv.70986007d1694cf7-cgu.2.rcgu.o:(libnv::libnv::NvList::error::hbfc008c4985d4355) in archive /opt/rustwide/target/debug/deps/liblibnv-9a447a3363b8cc04.rlib
[INFO] [stdout]           
[INFO] [stdout]           rust-lld: error: undefined symbol: nvlist_destroy
[INFO] [stdout]           >>> referenced by libnv.rs:813 (src/libnv.rs:813)
[INFO] [stdout]           >>>               libnv-9a447a3363b8cc04.libnv.70986007d1694cf7-cgu.2.rcgu.o:(_$LT$libnv..libnv..NvList$u20$as$u20$core..ops..drop..Drop$GT$::drop::h8632ab15779ad762) in archive /opt/rustwide/target/debug/deps/liblibnv-9a447a3363b8cc04.rlib
[INFO] [stdout]           collect2: error: ld returned 1 exit status
[INFO] [stdout]           
[INFO] [stdout] 
[INFO] [stdout] error: aborting due to 1 previous error
[INFO] [stdout] 
[INFO] [stdout] Couldn't compile the test.
[INFO] [stdout] ---- src/libnv.rs - libnv::NvList::insert_strings (line 423) stdout ----
[INFO] [stdout] error: linking with `cc` failed: exit status: 1
[INFO] [stdout]   |
[INFO] [stdout]   = note: LC_ALL="C" PATH="/opt/rustwide/rustup-home/toolchains/nightly-2024-10-28-x86_64-unknown-linux-gnu/lib/rustlib/x86_64-unknown-linux-gnu/bin:/opt/rustwide/rustup-home/toolchains/nightly-2024-10-28-x86_64-unknown-linux-gnu/lib/rustlib/x86_64-unknown-linux-gnu/bin/self-contained:/opt/rustwide/cargo-home/bin:/usr/local/sbin:/usr/local/bin:/usr/sbin:/usr/bin:/sbin:/bin" VSLANG="1033" "cc" "-m64" "/tmp/rustc100avV/symbols.o" "/tmp/rustdoctestRPqwoi/rust_out.rust_out.16b4434b3f29390-cgu.0.rcgu.o" "/tmp/rustdoctestRPqwoi/rust_out.433cx8cl382ppljrnwzuxa40f.rcgu.o" "-Wl,--as-needed" "-Wl,-Bstatic" "/opt/rustwide/target/debug/deps/liblibnv-9a447a3363b8cc04.rlib" "/opt/rustwide/target/debug/deps/libnvpair_sys-9c8418907b600282.rlib" "/opt/rustwide/target/debug/deps/liblibnv_sys-4ef023401943515c.rlib" "/opt/rustwide/target/debug/deps/libquick_error-272c4b37477f4e1c.rlib" "/opt/rustwide/target/debug/deps/liblibc-cf06f29c0a4f6ede.rlib" "/opt/rustwide/rustup-home/toolchains/nightly-2024-10-28-x86_64-unknown-linux-gnu/lib/rustlib/x86_64-unknown-linux-gnu/lib/libstd-fb8c387236db3c10.rlib" "/opt/rustwide/rustup-home/toolchains/nightly-2024-10-28-x86_64-unknown-linux-gnu/lib/rustlib/x86_64-unknown-linux-gnu/lib/libpanic_unwind-b251837809b2f64b.rlib" "/opt/rustwide/rustup-home/toolchains/nightly-2024-10-28-x86_64-unknown-linux-gnu/lib/rustlib/x86_64-unknown-linux-gnu/lib/libobject-cbef83eaa4e01f04.rlib" "/opt/rustwide/rustup-home/toolchains/nightly-2024-10-28-x86_64-unknown-linux-gnu/lib/rustlib/x86_64-unknown-linux-gnu/lib/libmemchr-12a772286de2fca7.rlib" "/opt/rustwide/rustup-home/toolchains/nightly-2024-10-28-x86_64-unknown-linux-gnu/lib/rustlib/x86_64-unknown-linux-gnu/lib/libaddr2line-023bbe5ada7abfc3.rlib" "/opt/rustwide/rustup-home/toolchains/nightly-2024-10-28-x86_64-unknown-linux-gnu/lib/rustlib/x86_64-unknown-linux-gnu/lib/libgimli-de2bcdf10ec69c2b.rlib" "/opt/rustwide/rustup-home/toolchains/nightly-2024-10-28-x86_64-unknown-linux-gnu/lib/rustlib/x86_64-unknown-linux-gnu/lib/librustc_demangle-8e1754df350800fd.rlib" "/opt/rustwide/rustup-home/toolchains/nightly-2024-10-28-x86_64-unknown-linux-gnu/lib/rustlib/x86_64-unknown-linux-gnu/lib/libstd_detect-06c2ab7b9c32e037.rlib" "/opt/rustwide/rustup-home/toolchains/nightly-2024-10-28-x86_64-unknown-linux-gnu/lib/rustlib/x86_64-unknown-linux-gnu/lib/libhashbrown-51d2621fc57a281b.rlib" "/opt/rustwide/rustup-home/toolchains/nightly-2024-10-28-x86_64-unknown-linux-gnu/lib/rustlib/x86_64-unknown-linux-gnu/lib/librustc_std_workspace_alloc-54a930408793772f.rlib" "/opt/rustwide/rustup-home/toolchains/nightly-2024-10-28-x86_64-unknown-linux-gnu/lib/rustlib/x86_64-unknown-linux-gnu/lib/libminiz_oxide-0c7d01cba400dcb2.rlib" "/opt/rustwide/rustup-home/toolchains/nightly-2024-10-28-x86_64-unknown-linux-gnu/lib/rustlib/x86_64-unknown-linux-gnu/lib/libadler-b9f84d69e331b75b.rlib" "/opt/rustwide/rustup-home/toolchains/nightly-2024-10-28-x86_64-unknown-linux-gnu/lib/rustlib/x86_64-unknown-linux-gnu/lib/libunwind-eec95493246aae39.rlib" "/opt/rustwide/rustup-home/toolchains/nightly-2024-10-28-x86_64-unknown-linux-gnu/lib/rustlib/x86_64-unknown-linux-gnu/lib/libcfg_if-6f6676c475e08ab0.rlib" "/opt/rustwide/rustup-home/toolchains/nightly-2024-10-28-x86_64-unknown-linux-gnu/lib/rustlib/x86_64-unknown-linux-gnu/lib/liblibc-799d520624f8b2e0.rlib" "/opt/rustwide/rustup-home/toolchains/nightly-2024-10-28-x86_64-unknown-linux-gnu/lib/rustlib/x86_64-unknown-linux-gnu/lib/liballoc-fcf93d4842acd9a9.rlib" "/opt/rustwide/rustup-home/toolchains/nightly-2024-10-28-x86_64-unknown-linux-gnu/lib/rustlib/x86_64-unknown-linux-gnu/lib/librustc_std_workspace_core-395a38b8e0851c9b.rlib" "/opt/rustwide/rustup-home/toolchains/nightly-2024-10-28-x86_64-unknown-linux-gnu/lib/rustlib/x86_64-unknown-linux-gnu/lib/libcore-d453bab70303062c.rlib" "/opt/rustwide/rustup-home/toolchains/nightly-2024-10-28-x86_64-unknown-linux-gnu/lib/rustlib/x86_64-unknown-linux-gnu/lib/libcompiler_builtins-0e6386368b0a24e8.rlib" "-Wl,-Bdynamic" "-lnvpair" "-lzfs" "-lgcc_s" "-lutil" "-lrt" "-lpthread" "-lm" "-ldl" "-lc" "-B/opt/rustwide/rustup-home/toolchains/nightly-2024-10-28-x86_64-unknown-linux-gnu/lib/rustlib/x86_64-unknown-linux-gnu/bin/gcc-ld" "-fuse-ld=lld" "-Wl,--eh-frame-hdr" "-Wl,-z,noexecstack" "-L" "/opt/rustwide/rustup-home/toolchains/nightly-2024-10-28-x86_64-unknown-linux-gnu/lib/rustlib/x86_64-unknown-linux-gnu/lib" "-o" "/tmp/rustdoctestRPqwoi/rust_out" "-Wl,--gc-sections" "-pie" "-Wl,-z,relro,-z,now" "-nodefaultlibs"
[INFO] [stdout]   = note: rust-lld: error: undefined symbol: nvlist_exists_string_array
[INFO] [stdout]           >>> referenced by rust_out.16b4434b3f29390-cgu.0
[INFO] [stdout]           >>>               /tmp/rustdoctestRPqwoi/rust_out.rust_out.16b4434b3f29390-cgu.0.rcgu.o:(libnv::libnv::NvList::get_strings::h8bffb820a2abd80d)
[INFO] [stdout]           
[INFO] [stdout]           rust-lld: error: undefined symbol: nvlist_get_string_array
[INFO] [stdout]           >>> referenced by rust_out.16b4434b3f29390-cgu.0
[INFO] [stdout]           >>>               /tmp/rustdoctestRPqwoi/rust_out.rust_out.16b4434b3f29390-cgu.0.rcgu.o:(libnv::libnv::NvList::get_strings::h8bffb820a2abd80d)
[INFO] [stdout]           
[INFO] [stdout]           rust-lld: error: undefined symbol: nvlist_create
[INFO] [stdout]           >>> referenced by libnv.rs:178 (src/libnv.rs:178)
[INFO] [stdout]           >>>               libnv-9a447a3363b8cc04.libnv.70986007d1694cf7-cgu.2.rcgu.o:(libnv::libnv::NvList::new::h75d40bdd37f8a165) in archive /opt/rustwide/target/debug/deps/liblibnv-9a447a3363b8cc04.rlib
[INFO] [stdout]           
[INFO] [stdout]           rust-lld: error: undefined symbol: nvlist_error
[INFO] [stdout]           >>> referenced by libnv.rs:231 (src/libnv.rs:231)
[INFO] [stdout]           >>>               libnv-9a447a3363b8cc04.libnv.70986007d1694cf7-cgu.2.rcgu.o:(libnv::libnv::NvList::error::hbfc008c4985d4355) in archive /opt/rustwide/target/debug/deps/liblibnv-9a447a3363b8cc04.rlib
[INFO] [stdout]           
[INFO] [stdout]           rust-lld: error: undefined symbol: nvlist_destroy
[INFO] [stdout]           >>> referenced by libnv.rs:813 (src/libnv.rs:813)
[INFO] [stdout]           >>>               libnv-9a447a3363b8cc04.libnv.70986007d1694cf7-cgu.2.rcgu.o:(_$LT$libnv..libnv..NvList$u20$as$u20$core..ops..drop..Drop$GT$::drop::h8632ab15779ad762) in archive /opt/rustwide/target/debug/deps/liblibnv-9a447a3363b8cc04.rlib
[INFO] [stdout]           collect2: error: ld returned 1 exit status
[INFO] [stdout]           
[INFO] [stdout] 
[INFO] [stdout] error: aborting due to 1 previous error
[INFO] [stdout] 
[INFO] [stdout] Couldn't compile the test.
[INFO] [stdout] 
[INFO] [stdout] failures:
[INFO] [stdout]     src/libnv.rs - libnv::NvList::contains_key (line 494)
[INFO] [stdout]     src/libnv.rs - libnv::NvList::contains_key_with_type (line 511)
[INFO] [stdout]     src/libnv.rs - libnv::NvList::dump (line 762)
[INFO] [stdout]     src/libnv.rs - libnv::NvList::error (line 224)
[INFO] [stdout]     src/libnv.rs - libnv::NvList::flags (line 212)
[INFO] [stdout]     src/libnv.rs - libnv::NvList::get_binary (line 532)
[INFO] [stdout]     src/libnv.rs - libnv::NvList::get_bool (line 558)
[INFO] [stdout]     src/libnv.rs - libnv::NvList::get_bools (line 657)
[INFO] [stdout]     src/libnv.rs - libnv::NvList::get_numbers (line 683)
[INFO] [stdout]     src/libnv.rs - libnv::NvList::get_nvlist (line 624)
[INFO] [stdout]     src/libnv.rs - libnv::NvList::get_nvlists (line 732)
[INFO] [stdout]     src/libnv.rs - libnv::NvList::get_string (line 595)
[INFO] [stdout]     src/libnv.rs - libnv::NvList::insert (line 257)
[INFO] [stdout]     src/libnv.rs - libnv::NvList::insert_bools (line 385)
[INFO] [stdout]     src/libnv.rs - libnv::NvList::insert_null (line 278)
[INFO] [stdout]     src/libnv.rs - libnv::NvList::insert_number (line 293)
[INFO] [stdout]     src/libnv.rs - libnv::NvList::insert_numbers (line 404)
[INFO] [stdout]     src/libnv.rs - libnv::NvList::insert_nvlist (line 337)
[INFO] [stdout]     src/libnv.rs - libnv::NvList::insert_nvlists (line 456)
[INFO] [stdout]     src/libnv.rs - libnv::NvList::insert_strings (line 423)
[INFO] [stdout]     src/libnv.rs - libnv::NvList::is_empty (line 201)
[INFO] [stdout]     src/libnv.rs - libnv::NvList::new (line 172)
[INFO] [stdout]     src/libnv.rs - libnv::NvList::set_error (line 236)
[INFO] [stdout] 
[INFO] [stdout] test result: FAILED. 0 passed; 23 failed; 0 ignored; 0 measured; 0 filtered out; finished in 0.45s
[INFO] [stdout] 
[INFO] [stderr] error: doctest failed, to rerun pass `--doc`
[INFO] running `Command { std: "docker" "inspect" "2a28073df9f560a313231c27da176519389a9d6c6a0ad698a969d82a8e000aba", kill_on_drop: false }`
[INFO] running `Command { std: "docker" "rm" "-f" "2a28073df9f560a313231c27da176519389a9d6c6a0ad698a969d82a8e000aba", kill_on_drop: false }`
[INFO] [stdout] 2a28073df9f560a313231c27da176519389a9d6c6a0ad698a969d82a8e000aba
