[INFO] fetching crate libherokubuildpack 0.25.0...
[INFO] testing libherokubuildpack-0.25.0 against nightly-2024-10-28+rustflags=-Zrandomize-layout for randomize-layout
[INFO] extracting crate libherokubuildpack 0.25.0 into /workspace/builds/worker-2-tc2/source
[INFO] validating manifest of crates.io crate libherokubuildpack 0.25.0 on toolchain nightly-2024-10-28
[INFO] running `Command { std: CARGO_HOME="/workspace/cargo-home" RUSTUP_HOME="/workspace/rustup-home" "/workspace/cargo-home/bin/cargo" "+nightly-2024-10-28" "metadata" "--manifest-path" "Cargo.toml" "--no-deps", kill_on_drop: false }`
[INFO] started tweaking crates.io crate libherokubuildpack 0.25.0
[INFO] finished tweaking crates.io crate libherokubuildpack 0.25.0
[INFO] tweaked toml for crates.io crate libherokubuildpack 0.25.0 written to /workspace/builds/worker-2-tc2/source/Cargo.toml
[INFO] running `Command { std: CARGO_HOME="/workspace/cargo-home" RUSTUP_HOME="/workspace/rustup-home" "/workspace/cargo-home/bin/cargo" "+nightly-2024-10-28" "generate-lockfile" "--manifest-path" "Cargo.toml", kill_on_drop: false }`
[INFO] [stderr]     Updating crates.io index
[INFO] [stderr]      Locking 124 packages to latest compatible versions
[INFO] running `Command { std: CARGO_HOME="/workspace/cargo-home" RUSTUP_HOME="/workspace/rustup-home" "/workspace/cargo-home/bin/cargo" "+nightly-2024-10-28" "fetch" "--manifest-path" "Cargo.toml", kill_on_drop: false }`
[INFO] running `Command { std: "docker" "create" "-v" "/var/lib/crater-agent-workspace/builds/worker-2-tc2/target:/opt/rustwide/target:rw,Z" "-v" "/var/lib/crater-agent-workspace/builds/worker-2-tc2/source:/opt/rustwide/workdir:ro,Z" "-v" "/var/lib/crater-agent-workspace/cargo-home:/opt/rustwide/cargo-home:ro,Z" "-v" "/var/lib/crater-agent-workspace/rustup-home:/opt/rustwide/rustup-home:ro,Z" "-e" "SOURCE_DIR=/opt/rustwide/workdir" "-e" "CARGO_TARGET_DIR=/opt/rustwide/target" "-e" "CARGO_HOME=/opt/rustwide/cargo-home" "-e" "RUSTUP_HOME=/opt/rustwide/rustup-home" "-w" "/opt/rustwide/workdir" "-m" "1610612736" "--user" "0:0" "--network" "none" "ghcr.io/rust-lang/crates-build-env/linux@sha256:4a844ea9eb2546a2d2c7022eacef16ef2e8229c7fbb2c7d4d55a9ceca922f72d" "/opt/rustwide/cargo-home/bin/cargo" "+nightly-2024-10-28" "metadata" "--no-deps" "--format-version=1", kill_on_drop: false }`
[INFO] [stdout] 3e8f8b164e97299cbfbf5ad99248cc4ba628d01782377efa6cc2ecb892aad2bf
[INFO] running `Command { std: "docker" "start" "-a" "3e8f8b164e97299cbfbf5ad99248cc4ba628d01782377efa6cc2ecb892aad2bf", kill_on_drop: false }`
[INFO] running `Command { std: "docker" "inspect" "3e8f8b164e97299cbfbf5ad99248cc4ba628d01782377efa6cc2ecb892aad2bf", kill_on_drop: false }`
[INFO] running `Command { std: "docker" "rm" "-f" "3e8f8b164e97299cbfbf5ad99248cc4ba628d01782377efa6cc2ecb892aad2bf", kill_on_drop: false }`
[INFO] [stdout] 3e8f8b164e97299cbfbf5ad99248cc4ba628d01782377efa6cc2ecb892aad2bf
[INFO] running `Command { std: "docker" "create" "-v" "/var/lib/crater-agent-workspace/builds/worker-2-tc2/target:/opt/rustwide/target:rw,Z" "-v" "/var/lib/crater-agent-workspace/builds/worker-2-tc2/source:/opt/rustwide/workdir:ro,Z" "-v" "/var/lib/crater-agent-workspace/cargo-home:/opt/rustwide/cargo-home:ro,Z" "-v" "/var/lib/crater-agent-workspace/rustup-home:/opt/rustwide/rustup-home:ro,Z" "-e" "SOURCE_DIR=/opt/rustwide/workdir" "-e" "CARGO_TARGET_DIR=/opt/rustwide/target" "-e" "CARGO_INCREMENTAL=0" "-e" "RUST_BACKTRACE=full" "-e" "RUSTFLAGS=--cap-lints=forbid -Zrandomize-layout" "-e" "RUSTDOCFLAGS=--cap-lints=forbid" "-e" "CARGO_HOME=/opt/rustwide/cargo-home" "-e" "RUSTUP_HOME=/opt/rustwide/rustup-home" "-w" "/opt/rustwide/workdir" "-m" "1610612736" "--user" "0:0" "--network" "none" "ghcr.io/rust-lang/crates-build-env/linux@sha256:4a844ea9eb2546a2d2c7022eacef16ef2e8229c7fbb2c7d4d55a9ceca922f72d" "/opt/rustwide/cargo-home/bin/cargo" "+nightly-2024-10-28" "build" "--frozen" "--message-format=json", kill_on_drop: false }`
[INFO] [stdout] 132b975f50d484ab727300ac9c704d609b9045d94980c50ed7a2add0cc08eb0e
[INFO] running `Command { std: "docker" "start" "-a" "132b975f50d484ab727300ac9c704d609b9045d94980c50ed7a2add0cc08eb0e", kill_on_drop: false }`
[INFO] [stderr]    Compiling proc-macro2 v1.0.89
[INFO] [stderr]    Compiling shlex v1.3.0
[INFO] [stderr]    Compiling typenum v1.17.0
[INFO] [stderr]    Compiling camino v1.1.9
[INFO] [stderr]    Compiling semver v1.0.23
[INFO] [stderr]    Compiling serde_json v1.0.132
[INFO] [stderr]    Compiling bit-vec v0.6.3
[INFO] [stderr]    Compiling generic-array v0.14.7
[INFO] [stderr]    Compiling regex-syntax v0.8.5
[INFO] [stderr]    Compiling itoa v1.0.11
[INFO] [stderr]    Compiling ryu v1.0.18
[INFO] [stderr]    Compiling memchr v2.7.4
[INFO] [stderr]    Compiling untrusted v0.9.0
[INFO] [stderr]    Compiling rustls-pki-types v1.10.0
[INFO] [stderr]    Compiling getrandom v0.2.15
[INFO] [stderr]    Compiling spin v0.9.8
[INFO] [stderr]    Compiling vcpkg v0.2.15
[INFO] [stderr]    Compiling cc v1.1.31
[INFO] [stderr]    Compiling pkg-config v0.3.31
[INFO] [stderr]    Compiling rustls v0.23.16
[INFO] [stderr]    Compiling uriparse v0.6.4
[INFO] [stderr]    Compiling zeroize v1.8.1
[INFO] [stderr]    Compiling subtle v2.6.1
[INFO] [stderr]    Compiling bit-set v0.5.3
[INFO] [stderr]    Compiling filetime v0.2.25
[INFO] [stderr]    Compiling crc32fast v1.4.2
[INFO] [stderr]    Compiling cpufeatures v0.2.14
[INFO] [stderr]    Compiling termcolor v1.4.1
[INFO] [stderr]    Compiling hex v0.4.3
[INFO] [stderr]    Compiling webpki-roots v0.26.6
[INFO] [stderr]    Compiling tar v0.4.42
[INFO] [stderr]    Compiling quote v1.0.37
[INFO] [stderr]    Compiling syn v2.0.86
[INFO] [stderr]    Compiling ring v0.17.8
[INFO] [stderr]    Compiling libz-sys v1.1.20
[INFO] [stderr]    Compiling regex-automata v0.4.8
[INFO] [stderr]    Compiling flate2 v1.0.34
[INFO] [stderr]    Compiling crypto-common v0.1.6
[INFO] [stderr]    Compiling block-buffer v0.10.4
[INFO] [stderr]    Compiling digest v0.10.7
[INFO] [stderr]    Compiling sha2 v0.10.8
[INFO] [stderr]    Compiling serde_derive v1.0.214
[INFO] [stderr]    Compiling thiserror-impl v1.0.66
[INFO] [stderr]    Compiling fancy-regex v0.13.0
[INFO] [stderr]    Compiling thiserror v1.0.66
[INFO] [stderr]    Compiling rustls-webpki v0.102.8
[INFO] [stderr]    Compiling serde v1.0.214
[INFO] [stderr]    Compiling ureq v2.10.1
[INFO] [stderr]    Compiling serde_spanned v0.6.8
[INFO] [stderr]    Compiling toml_datetime v0.6.8
[INFO] [stderr]    Compiling cargo-platform v0.1.8
[INFO] [stderr]    Compiling toml_edit v0.22.22
[INFO] [stderr]    Compiling cargo_metadata v0.18.1
[INFO] [stderr]    Compiling libcnb-proc-macros v0.25.0
[INFO] [stderr]    Compiling toml v0.8.19
[INFO] [stderr]    Compiling libcnb-common v0.25.0
[INFO] [stderr]    Compiling libcnb-data v0.25.0
[INFO] [stderr]    Compiling libcnb v0.25.0
[INFO] [stderr]    Compiling libherokubuildpack v0.25.0 (/opt/rustwide/workdir)
[INFO] [stderr]     Finished `dev` profile [unoptimized + debuginfo] target(s) in 11.23s
[INFO] running `Command { std: "docker" "inspect" "132b975f50d484ab727300ac9c704d609b9045d94980c50ed7a2add0cc08eb0e", kill_on_drop: false }`
[INFO] running `Command { std: "docker" "rm" "-f" "132b975f50d484ab727300ac9c704d609b9045d94980c50ed7a2add0cc08eb0e", kill_on_drop: false }`
[INFO] [stdout] 132b975f50d484ab727300ac9c704d609b9045d94980c50ed7a2add0cc08eb0e
[INFO] running `Command { std: "docker" "create" "-v" "/var/lib/crater-agent-workspace/builds/worker-2-tc2/target:/opt/rustwide/target:rw,Z" "-v" "/var/lib/crater-agent-workspace/builds/worker-2-tc2/source:/opt/rustwide/workdir:ro,Z" "-v" "/var/lib/crater-agent-workspace/cargo-home:/opt/rustwide/cargo-home:ro,Z" "-v" "/var/lib/crater-agent-workspace/rustup-home:/opt/rustwide/rustup-home:ro,Z" "-e" "SOURCE_DIR=/opt/rustwide/workdir" "-e" "CARGO_TARGET_DIR=/opt/rustwide/target" "-e" "CARGO_INCREMENTAL=0" "-e" "RUST_BACKTRACE=full" "-e" "RUSTFLAGS=--cap-lints=forbid -Zrandomize-layout" "-e" "RUSTDOCFLAGS=--cap-lints=forbid" "-e" "CARGO_HOME=/opt/rustwide/cargo-home" "-e" "RUSTUP_HOME=/opt/rustwide/rustup-home" "-w" "/opt/rustwide/workdir" "-m" "1610612736" "--user" "0:0" "--network" "none" "ghcr.io/rust-lang/crates-build-env/linux@sha256:4a844ea9eb2546a2d2c7022eacef16ef2e8229c7fbb2c7d4d55a9ceca922f72d" "/opt/rustwide/cargo-home/bin/cargo" "+nightly-2024-10-28" "test" "--frozen" "--no-run" "--message-format=json", kill_on_drop: false }`
[INFO] [stdout] e24e9cd8a623202fef33fb6c5577d73ef848f58b5d92acd9ac8a846f256da93e
[INFO] running `Command { std: "docker" "start" "-a" "e24e9cd8a623202fef33fb6c5577d73ef848f58b5d92acd9ac8a846f256da93e", kill_on_drop: false }`
[INFO] [stderr]    Compiling serde_json v1.0.132
[INFO] [stderr]    Compiling aho-corasick v1.1.3
[INFO] [stderr]    Compiling camino v1.1.9
[INFO] [stderr]    Compiling regex-syntax v0.8.5
[INFO] [stderr]    Compiling rustix v0.38.38
[INFO] [stderr]    Compiling bitflags v2.6.0
[INFO] [stderr]    Compiling linux-raw-sys v0.4.14
[INFO] [stderr]    Compiling crossbeam-epoch v0.9.18
[INFO] [stderr]    Compiling bstr v1.10.0
[INFO] [stderr]    Compiling cargo-platform v0.1.8
[INFO] [stderr]    Compiling home v0.5.9
[INFO] [stderr]    Compiling either v1.13.0
[INFO] [stderr]    Compiling fixedbitset v0.4.2
[INFO] [stderr]    Compiling fastrand v2.1.1
[INFO] [stderr]    Compiling indoc v2.0.5
[INFO] [stderr]    Compiling crossbeam-deque v0.8.5
[INFO] [stderr]    Compiling petgraph v0.6.5
[INFO] [stderr]    Compiling fs_extra v1.3.0
[INFO] [stderr]    Compiling serde_test v1.0.177
[INFO] [stderr]    Compiling cargo_metadata v0.18.1
[INFO] [stderr]    Compiling regex-automata v0.4.8
[INFO] [stderr]    Compiling which v6.0.3
[INFO] [stderr]    Compiling tempfile v3.13.0
[INFO] [stderr]    Compiling fancy-regex v0.13.0
[INFO] [stderr]    Compiling globset v0.4.15
[INFO] [stderr]    Compiling regex v1.11.1
[INFO] [stderr]    Compiling ignore v0.4.23
[INFO] [stderr]    Compiling libcnb-proc-macros v0.25.0
[INFO] [stderr]    Compiling libcnb-data v0.25.0
[INFO] [stderr]    Compiling libcnb-package v0.25.0
[INFO] [stderr]    Compiling libcnb v0.25.0
[INFO] [stderr]    Compiling libcnb-test v0.25.0
[INFO] [stderr]    Compiling libherokubuildpack v0.25.0 (/opt/rustwide/workdir)
[INFO] [stderr]     Finished `test` profile [unoptimized + debuginfo] target(s) in 11.43s
[INFO] running `Command { std: "docker" "inspect" "e24e9cd8a623202fef33fb6c5577d73ef848f58b5d92acd9ac8a846f256da93e", kill_on_drop: false }`
[INFO] running `Command { std: "docker" "rm" "-f" "e24e9cd8a623202fef33fb6c5577d73ef848f58b5d92acd9ac8a846f256da93e", kill_on_drop: false }`
[INFO] [stdout] e24e9cd8a623202fef33fb6c5577d73ef848f58b5d92acd9ac8a846f256da93e
[INFO] running `Command { std: "docker" "create" "-v" "/var/lib/crater-agent-workspace/builds/worker-2-tc2/target:/opt/rustwide/target:rw,Z" "-v" "/var/lib/crater-agent-workspace/builds/worker-2-tc2/source:/opt/rustwide/workdir:ro,Z" "-v" "/var/lib/crater-agent-workspace/cargo-home:/opt/rustwide/cargo-home:ro,Z" "-v" "/var/lib/crater-agent-workspace/rustup-home:/opt/rustwide/rustup-home:ro,Z" "-e" "SOURCE_DIR=/opt/rustwide/workdir" "-e" "CARGO_TARGET_DIR=/opt/rustwide/target" "-e" "CARGO_INCREMENTAL=0" "-e" "RUST_BACKTRACE=full" "-e" "RUSTFLAGS=--cap-lints=forbid -Zrandomize-layout" "-e" "RUSTDOCFLAGS=--cap-lints=forbid" "-e" "CARGO_HOME=/opt/rustwide/cargo-home" "-e" "RUSTUP_HOME=/opt/rustwide/rustup-home" "-w" "/opt/rustwide/workdir" "-m" "1610612736" "--user" "0:0" "--network" "none" "ghcr.io/rust-lang/crates-build-env/linux@sha256:4a844ea9eb2546a2d2c7022eacef16ef2e8229c7fbb2c7d4d55a9ceca922f72d" "/opt/rustwide/cargo-home/bin/cargo" "+nightly-2024-10-28" "test" "--frozen", kill_on_drop: false }`
[INFO] [stdout] 0b4d053ec515b7d531dfb453687f8d33d8a321a710140733693d535e09d60e8c
[INFO] running `Command { std: "docker" "start" "-a" "0b4d053ec515b7d531dfb453687f8d33d8a321a710140733693d535e09d60e8c", kill_on_drop: false }`
[INFO] [stderr]     Finished `test` profile [unoptimized + debuginfo] target(s) in 0.12s
[INFO] [stderr]      Running unittests src/lib.rs (/opt/rustwide/target/debug/deps/libherokubuildpack-81ab1a94a5bdb441)
[INFO] [stdout] 
[INFO] [stdout] running 45 tests
[INFO] [stdout] test buildpack_output::ansi_escape::test::empty_line ... ok
[INFO] [stdout] test buildpack_output::ansi_escape::test::handles_double_nested_color ... ok
[INFO] [stdout] test buildpack_output::ansi_escape::test::handles_nested_color_at_end ... ok
[INFO] [stdout] test buildpack_output::ansi_escape::test::handles_nested_color_in_middle ... ok
[INFO] [stdout] test buildpack_output::ansi_escape::test::handles_nested_color_at_start ... ok
[INFO] [stdout] test buildpack_output::ansi_escape::test::splits_newlines ... ok
[INFO] [stdout] test buildpack_output::duration_format::test::test_display_duration ... ok
[INFO] [stdout] test buildpack_output::ansi_escape::test::simple_case ... ok
[INFO] [stdout] test buildpack_output::test::double_warning_step_padding ... ok
[INFO] [stdout] test buildpack_output::test::test_captures ... ok
[INFO] [stdout] test buildpack_output::test::test_important ... ok
[INFO] [stdout] test buildpack_output::test::warning_after_buildpack ... ok
[INFO] [stdout] test buildpack_output::test::paragraph_color_codes ... ok
[INFO] [stdout] test buildpack_output::test::test_error ... ok
[INFO] [stdout] test buildpack_output::test::warning_step_padding ... ok
[INFO] [stdout] test buildpack_output::util::test::test_paragraph_inspect_write ... ok
[INFO] [stdout] test buildpack_output::test::write_paragraph_empty_lines ... ok
[INFO] [stdout] test buildpack_output::util::test::test_prefix_first_rest_lines ... ok
[INFO] [stdout] test inventory::artifact::tests::test_arch_display_format ... ok
[INFO] [stdout] test inventory::artifact::tests::test_arch_parsing ... ok
[INFO] [stdout] test inventory::checksum::tests::test_invalid_checksum_deserialization ... ok
[INFO] [stdout] test buildpack_output::util::test::test_prefix_lines ... ok
[INFO] [stdout] test inventory::checksum::tests::test_invalid_checksum_size ... ok
[INFO] [stdout] test inventory::checksum::tests::test_invalid_hex_input ... ok
[INFO] [stdout] test inventory::test::test_dont_resolve_artifact_with_wrong_arch ... ok
[INFO] [stdout] test inventory::artifact::tests::test_os_display_format ... ok
[INFO] [stdout] test inventory::test::test_dont_resolve_artifact_with_wrong_version ... ok
[INFO] [stdout] test inventory::test::test_matching_artifact_resolution ... ok
[INFO] [stdout] test toml::test::test_common_case ... ok
[INFO] [stdout] test inventory::checksum::tests::test_checksum_parse_and_serialize ... ok
[INFO] [stdout] test toml::test::test_does_not_modify_value_types ... ok
[INFO] [stdout] test toml::test::test_partial_match ... ok
[INFO] [stdout] test inventory::checksum::tests::test_checksum_serialization ... ok
[INFO] [stdout] test toml::test::test_value_from_dotted_keys ... ok
[INFO] [stdout] test toml::test::test_value_from_table ... ok
[INFO] [stdout] test toml::test::test_works_without_keys ... ok
[INFO] [stdout] test fs::test::test ... ok
[INFO] [stdout] test inventory::artifact::tests::test_os_parsing ... ok
[INFO] [stdout] test write::test::test_tee_write ... ok
[INFO] [stdout] test write::mappers::test::test_add_prefix ... ok
[INFO] [stdout] test command::test::test_spawn_and_write_streams ... ok
[INFO] [stdout] test write::mappers::test::test_map_utf8_lossy ... ok
[INFO] [stdout] test write::test::test_mapped_write ... ok
[INFO] [stdout] test buildpack_output::test::test_streaming_a_command ... ok
[INFO] [stdout] test command::test::test_output_and_write_streams ... ok
[INFO] [stdout] 
[INFO] [stdout] test result: ok. 45 passed; 0 failed; 0 ignored; 0 measured; 0 filtered out; finished in 0.00s
[INFO] [stdout] 
[INFO] [stderr]    Doc-tests libherokubuildpack
[INFO] [stdout] 
[INFO] [stdout] running 16 tests
[INFO] [stdout] test src/command.rs - command::CommandExt::spawn_and_write_streams (line 21) - compile ... ok
[INFO] [stdout] test src/write.rs - write::mappers::add_prefix (line 195) - compile ... ok
[INFO] [stdout] test src/fs.rs - fs::move_directory_contents (line 8) - compile ... ok
[INFO] [stdout] test src/command.rs - command::CommandExt::output_and_write_streams (line 47) - compile ... ok
[INFO] [stdout] test src/write.rs - write::mappers::map_utf8_lossy (line 222) - compile ... ok
[INFO] [stdout] test src/error.rs - error::on_error (line 12) ... ok
[INFO] [stdout] test src/buildpack_output/mod.rs - buildpack_output::state::Section (line 138) ... ok
[INFO] [stdout] test src/buildpack_output/mod.rs - buildpack_output::state::Started (line 108) ... ok
[INFO] [stdout] test src/buildpack_output/mod.rs - buildpack_output::BuildpackOutput (line 48) ... ok
[INFO] [stdout] test src/digest.rs - digest::sha256 (line 10) ... ok
[INFO] [stdout] test src/download.rs - download::download_file (line 16) ... FAILED
[INFO] [stdout] test src/buildpack_output/mod.rs - buildpack_output::state::Stream (line 167) ... ok
[INFO] [stdout] test src/toml.rs - toml::toml_select_value (line 10) ... ok
[INFO] [stdout] test src/buildpack_output/mod.rs - buildpack_output::state::NotStarted (line 83) ... ok
[INFO] [stdout] test src/inventory.rs - inventory (line 36) ... ok
[INFO] [stdout] test src/buildpack_output/mod.rs - buildpack_output (line 6) ... ok
[INFO] [stdout] 
[INFO] [stdout] failures:
[INFO] [stdout] 
[INFO] [stdout] ---- src/download.rs - download::download_file (line 16) stdout ----
[INFO] [stdout] Test executable failed (exit status: 101).
[INFO] [stdout] 
[INFO] [stdout] stderr:
[INFO] [stdout] thread 'main' panicked at src/download.rs:12:51:
[INFO] [stdout] called `Result::unwrap()` on an `Err` value: HttpError(Transport(Transport { kind: Dns, message: Some("resolve dns name 'example.com:443'"), url: Some(Url { scheme: "https", cannot_be_a_base: false, username: "", password: None, host: Some(Domain("example.com")), port: None, path: "/", query: None, fragment: None }), source: Some(Custom { kind: Uncategorized, error: "failed to lookup address information: Temporary failure in name resolution" }) }))
[INFO] [stdout] stack backtrace:
[INFO] [stdout]    0:     0x610288646e7a - std::backtrace_rs::backtrace::libunwind::trace::h207520d6e9873551
[INFO] [stdout]                                at /rustc/df4ca44d3fbc9301ee17f30f4d474e6ae4b05252/library/std/src/../../backtrace/src/backtrace/libunwind.rs:116:5
[INFO] [stdout]    1:     0x610288646e7a - std::backtrace_rs::backtrace::trace_unsynchronized::h2ed7433f370e3eca
[INFO] [stdout]                                at /rustc/df4ca44d3fbc9301ee17f30f4d474e6ae4b05252/library/std/src/../../backtrace/src/backtrace/mod.rs:66:5
[INFO] [stdout]    2:     0x610288646e7a - std::sys::backtrace::_print_fmt::h916fac51166b18d7
[INFO] [stdout]                                at /rustc/df4ca44d3fbc9301ee17f30f4d474e6ae4b05252/library/std/src/sys/backtrace.rs:66:9
[INFO] [stdout]    3:     0x610288646e7a - <std::sys::backtrace::BacktraceLock::print::DisplayBacktrace as core::fmt::Display>::fmt::ha0a4c9b8ce3802e6
[INFO] [stdout]                                at /rustc/df4ca44d3fbc9301ee17f30f4d474e6ae4b05252/library/std/src/sys/backtrace.rs:39:26
[INFO] [stdout]    4:     0x610288668583 - core::fmt::rt::Argument::fmt::h4cfc8587d52b3eb5
[INFO] [stdout]                                at /rustc/df4ca44d3fbc9301ee17f30f4d474e6ae4b05252/library/core/src/fmt/rt.rs:177:76
[INFO] [stdout]    5:     0x610288668583 - core::fmt::write::h522cc39e5b36ae9f
[INFO] [stdout]                                at /rustc/df4ca44d3fbc9301ee17f30f4d474e6ae4b05252/library/core/src/fmt/mod.rs:1190:21
[INFO] [stdout]    6:     0x610288643363 - std::io::Write::write_fmt::hf1c1dcc8cc1287f0
[INFO] [stdout]                                at /rustc/df4ca44d3fbc9301ee17f30f4d474e6ae4b05252/library/std/src/io/mod.rs:1839:15
[INFO] [stdout]    7:     0x610288646cc2 - std::sys::backtrace::BacktraceLock::print::h4b9e00b29e9c0942
[INFO] [stdout]                                at /rustc/df4ca44d3fbc9301ee17f30f4d474e6ae4b05252/library/std/src/sys/backtrace.rs:42:9
[INFO] [stdout]    8:     0x610288647c8c - std::panicking::default_hook::{{closure}}::hb59b88280d0324d9
[INFO] [stdout]                                at /rustc/df4ca44d3fbc9301ee17f30f4d474e6ae4b05252/library/std/src/panicking.rs:268:22
[INFO] [stdout]    9:     0x610288647ad2 - std::panicking::default_hook::he1dd496665be4a29
[INFO] [stdout]                                at /rustc/df4ca44d3fbc9301ee17f30f4d474e6ae4b05252/library/std/src/panicking.rs:295:9
[INFO] [stdout]   10:     0x6102886482c7 - std::panicking::rust_panic_with_hook::h2ff17fe8f26dfcf8
[INFO] [stdout]                                at /rustc/df4ca44d3fbc9301ee17f30f4d474e6ae4b05252/library/std/src/panicking.rs:801:13
[INFO] [stdout]   11:     0x61028864815a - std::panicking::begin_panic_handler::{{closure}}::h4fad77951c07e101
[INFO] [stdout]                                at /rustc/df4ca44d3fbc9301ee17f30f4d474e6ae4b05252/library/std/src/panicking.rs:674:13
[INFO] [stdout]   12:     0x610288647359 - std::sys::backtrace::__rust_end_short_backtrace::hb1a25b3da5d0ea08
[INFO] [stdout]                                at /rustc/df4ca44d3fbc9301ee17f30f4d474e6ae4b05252/library/std/src/sys/backtrace.rs:170:18
[INFO] [stdout]   13:     0x610288647dec - rust_begin_unwind
[INFO] [stdout]                                at /rustc/df4ca44d3fbc9301ee17f30f4d474e6ae4b05252/library/std/src/panicking.rs:665:5
[INFO] [stdout]   14:     0x610288666ec0 - core::panicking::panic_fmt::ha9db07b529f9b256
[INFO] [stdout]                                at /rustc/df4ca44d3fbc9301ee17f30f4d474e6ae4b05252/library/core/src/panicking.rs:75:14
[INFO] [stdout]   15:     0x610288667306 - core::result::unwrap_failed::h5e8218e4d4338b8a
[INFO] [stdout]                                at /rustc/df4ca44d3fbc9301ee17f30f4d474e6ae4b05252/library/core/src/result.rs:1698:5
[INFO] [stdout]   16:     0x61028838f7e8 - rust_out::main::_doctest_main_src_download_rs_16_0::h0a79f4028d652bae
[INFO] [stdout]   17:     0x61028838f5c6 - rust_out::main::ha213a30daa5df4da
[INFO] [stdout]   18:     0x61028838da13 - core::ops::function::FnOnce::call_once::hf7edf7132571051c
[INFO] [stdout]   19:     0x61028838d716 - std::sys::backtrace::__rust_begin_short_backtrace::h32fd822fd2ba4079
[INFO] [stdout]   20:     0x61028838d6f9 - std::rt::lang_start::{{closure}}::h4039a1c394ed4f7c
[INFO] [stdout]   21:     0x61028863fcb7 - core::ops::function::impls::<impl core::ops::function::FnOnce<A> for &F>::call_once::hd87d66b906e0ccaf
[INFO] [stdout]                                at /rustc/df4ca44d3fbc9301ee17f30f4d474e6ae4b05252/library/core/src/ops/function.rs:284:13
[INFO] [stdout]   22:     0x61028863fcb7 - std::panicking::try::do_call::hae3703de71fc9e3a
[INFO] [stdout]                                at /rustc/df4ca44d3fbc9301ee17f30f4d474e6ae4b05252/library/std/src/panicking.rs:557:40
[INFO] [stdout]   23:     0x61028863fcb7 - std::panicking::try::h1178330e9a2b2645
[INFO] [stdout]                                at /rustc/df4ca44d3fbc9301ee17f30f4d474e6ae4b05252/library/std/src/panicking.rs:520:19
[INFO] [stdout]   24:     0x61028863fcb7 - std::panic::catch_unwind::h0acf49d2305d32ad
[INFO] [stdout]                                at /rustc/df4ca44d3fbc9301ee17f30f4d474e6ae4b05252/library/std/src/panic.rs:358:14
[INFO] [stdout]   25:     0x61028863fcb7 - std::rt::lang_start_internal::{{closure}}::h2d95182d798177be
[INFO] [stdout]                                at /rustc/df4ca44d3fbc9301ee17f30f4d474e6ae4b05252/library/std/src/rt.rs:174:48
[INFO] [stdout]   26:     0x61028863fcb7 - std::panicking::try::do_call::hb506f5bfe11fd30c
[INFO] [stdout]                                at /rustc/df4ca44d3fbc9301ee17f30f4d474e6ae4b05252/library/std/src/panicking.rs:557:40
[INFO] [stdout]   27:     0x61028863fcb7 - std::panicking::try::h54d825c46bd0fa95
[INFO] [stdout]                                at /rustc/df4ca44d3fbc9301ee17f30f4d474e6ae4b05252/library/std/src/panicking.rs:520:19
[INFO] [stdout]   28:     0x61028863fcb7 - std::panic::catch_unwind::hffbb0ad20c4e9fac
[INFO] [stdout]                                at /rustc/df4ca44d3fbc9301ee17f30f4d474e6ae4b05252/library/std/src/panic.rs:358:14
[INFO] [stdout]   29:     0x61028863fcb7 - std::rt::lang_start_internal::h52c291ef1962c925
[INFO] [stdout]                                at /rustc/df4ca44d3fbc9301ee17f30f4d474e6ae4b05252/library/std/src/rt.rs:174:20
[INFO] [stdout]   30:     0x61028838d6d7 - std::rt::lang_start::h8c6075cd6f225ba1
[INFO] [stdout]   31:     0x61028838fa35 - main
[INFO] [stdout]   32:     0x77730d594d90 - <unknown>
[INFO] [stdout]   33:     0x77730d594e40 - __libc_start_main
[INFO] [stdout]   34:     0x61028838a725 - _start
[INFO] [stdout]   35:                0x0 - <unknown>
[INFO] [stdout] 
[INFO] [stdout] 
[INFO] [stdout] 
[INFO] [stdout] failures:
[INFO] [stdout]     src/download.rs - download::download_file (line 16)
[INFO] [stdout] 
[INFO] [stdout] test result: FAILED. 15 passed; 1 failed; 0 ignored; 0 measured; 0 filtered out; finished in 1.78s
[INFO] [stdout] 
[INFO] [stderr] error: doctest failed, to rerun pass `--doc`
[INFO] running `Command { std: "docker" "inspect" "0b4d053ec515b7d531dfb453687f8d33d8a321a710140733693d535e09d60e8c", kill_on_drop: false }`
[INFO] running `Command { std: "docker" "rm" "-f" "0b4d053ec515b7d531dfb453687f8d33d8a321a710140733693d535e09d60e8c", kill_on_drop: false }`
[INFO] [stdout] 0b4d053ec515b7d531dfb453687f8d33d8a321a710140733693d535e09d60e8c
