[INFO] fetching crate liberty-db 0.6.6...
[INFO] testing liberty-db-0.6.6 against nightly-2024-10-28 for randomize-layout
[INFO] extracting crate liberty-db 0.6.6 into /workspace/builds/worker-4-tc1/source
[INFO] validating manifest of crates.io crate liberty-db 0.6.6 on toolchain nightly-2024-10-28
[INFO] running `Command { std: CARGO_HOME="/workspace/cargo-home" RUSTUP_HOME="/workspace/rustup-home" "/workspace/cargo-home/bin/cargo" "+nightly-2024-10-28" "metadata" "--manifest-path" "Cargo.toml" "--no-deps", kill_on_drop: false }`
[INFO] started tweaking crates.io crate liberty-db 0.6.6
[INFO] finished tweaking crates.io crate liberty-db 0.6.6
[INFO] tweaked toml for crates.io crate liberty-db 0.6.6 written to /workspace/builds/worker-4-tc1/source/Cargo.toml
[INFO] running `Command { std: CARGO_HOME="/workspace/cargo-home" RUSTUP_HOME="/workspace/rustup-home" "/workspace/cargo-home/bin/cargo" "+nightly-2024-10-28" "generate-lockfile" "--manifest-path" "Cargo.toml", kill_on_drop: false }`
[INFO] [stderr]     Updating crates.io index
[INFO] [stderr]      Locking 103 packages to latest compatible versions
[INFO] [stderr]       Adding duplicate v1.0.0 (available: v2.0.0)
[INFO] running `Command { std: CARGO_HOME="/workspace/cargo-home" RUSTUP_HOME="/workspace/rustup-home" "/workspace/cargo-home/bin/cargo" "+nightly-2024-10-28" "fetch" "--manifest-path" "Cargo.toml", kill_on_drop: false }`
[INFO] [stderr]  Downloading crates ...
[INFO] [stderr]   Downloaded duplicate v1.0.0
[INFO] [stderr]   Downloaded arcstr v1.2.0
[INFO] [stderr]   Downloaded liberty-macros v0.6.6
[INFO] [stderr]   Downloaded simple_logger v5.0.0
[INFO] [stderr]   Downloaded biodivine-lib-bdd v0.5.22
[INFO] [stderr]   Downloaded uom v0.36.0
[INFO] [stderr]   Downloaded mut_set v0.4.1
[INFO] [stderr]   Downloaded mut_set_derive v0.4.1
[INFO] running `Command { std: "docker" "create" "-v" "/var/lib/crater-agent-workspace/builds/worker-4-tc1/target:/opt/rustwide/target:rw,Z" "-v" "/var/lib/crater-agent-workspace/builds/worker-4-tc1/source:/opt/rustwide/workdir:ro,Z" "-v" "/var/lib/crater-agent-workspace/cargo-home:/opt/rustwide/cargo-home:ro,Z" "-v" "/var/lib/crater-agent-workspace/rustup-home:/opt/rustwide/rustup-home:ro,Z" "-e" "SOURCE_DIR=/opt/rustwide/workdir" "-e" "CARGO_TARGET_DIR=/opt/rustwide/target" "-e" "CARGO_HOME=/opt/rustwide/cargo-home" "-e" "RUSTUP_HOME=/opt/rustwide/rustup-home" "-w" "/opt/rustwide/workdir" "-m" "1610612736" "--user" "0:0" "--network" "none" "ghcr.io/rust-lang/crates-build-env/linux@sha256:4a844ea9eb2546a2d2c7022eacef16ef2e8229c7fbb2c7d4d55a9ceca922f72d" "/opt/rustwide/cargo-home/bin/cargo" "+nightly-2024-10-28" "metadata" "--no-deps" "--format-version=1", kill_on_drop: false }`
[INFO] [stdout] e3f6c805c3831e1b0428b20c1bded39f8d3fe2376befbc283adfb12a4e395060
[INFO] running `Command { std: "docker" "start" "-a" "e3f6c805c3831e1b0428b20c1bded39f8d3fe2376befbc283adfb12a4e395060", kill_on_drop: false }`
[INFO] running `Command { std: "docker" "inspect" "e3f6c805c3831e1b0428b20c1bded39f8d3fe2376befbc283adfb12a4e395060", kill_on_drop: false }`
[INFO] running `Command { std: "docker" "rm" "-f" "e3f6c805c3831e1b0428b20c1bded39f8d3fe2376befbc283adfb12a4e395060", kill_on_drop: false }`
[INFO] [stdout] e3f6c805c3831e1b0428b20c1bded39f8d3fe2376befbc283adfb12a4e395060
[INFO] running `Command { std: "docker" "create" "-v" "/var/lib/crater-agent-workspace/builds/worker-4-tc1/target:/opt/rustwide/target:rw,Z" "-v" "/var/lib/crater-agent-workspace/builds/worker-4-tc1/source:/opt/rustwide/workdir:ro,Z" "-v" "/var/lib/crater-agent-workspace/cargo-home:/opt/rustwide/cargo-home:ro,Z" "-v" "/var/lib/crater-agent-workspace/rustup-home:/opt/rustwide/rustup-home:ro,Z" "-e" "SOURCE_DIR=/opt/rustwide/workdir" "-e" "CARGO_TARGET_DIR=/opt/rustwide/target" "-e" "CARGO_INCREMENTAL=0" "-e" "RUST_BACKTRACE=full" "-e" "RUSTFLAGS=--cap-lints=forbid" "-e" "RUSTDOCFLAGS=--cap-lints=forbid" "-e" "CARGO_HOME=/opt/rustwide/cargo-home" "-e" "RUSTUP_HOME=/opt/rustwide/rustup-home" "-w" "/opt/rustwide/workdir" "-m" "1610612736" "--user" "0:0" "--network" "none" "ghcr.io/rust-lang/crates-build-env/linux@sha256:4a844ea9eb2546a2d2c7022eacef16ef2e8229c7fbb2c7d4d55a9ceca922f72d" "/opt/rustwide/cargo-home/bin/cargo" "+nightly-2024-10-28" "build" "--frozen" "--message-format=json", kill_on_drop: false }`
[INFO] [stdout] 85c358896eaa920a5f365c7c50b1d1b77653fbd780f62c2d33a2aff862b750a9
[INFO] running `Command { std: "docker" "start" "-a" "85c358896eaa920a5f365c7c50b1d1b77653fbd780f62c2d33a2aff862b750a9", kill_on_drop: false }`
[INFO] [stderr]    Compiling serde v1.0.214
[INFO] [stderr]    Compiling version_check v0.9.5
[INFO] [stderr]    Compiling syn v1.0.109
[INFO] [stderr]    Compiling rustversion v1.0.18
[INFO] [stderr]    Compiling typenum v1.17.0
[INFO] [stderr]    Compiling heck v0.5.0
[INFO] [stderr]    Compiling num-traits v0.2.19
[INFO] [stderr]    Compiling csv-core v0.1.11
[INFO] [stderr]    Compiling fxhash v0.2.1
[INFO] [stderr]    Compiling once_cell v1.20.2
[INFO] [stderr]    Compiling unicode-width v0.1.14
[INFO] [stderr]    Compiling minimal-lexical v0.2.1
[INFO] [stderr]    Compiling heck v0.4.1
[INFO] [stderr]    Compiling syn v2.0.86
[INFO] [stderr]    Compiling dirs-sys-next v0.1.2
[INFO] [stderr]    Compiling is-terminal v0.4.13
[INFO] [stderr]    Compiling either v1.13.0
[INFO] [stderr]    Compiling encode_unicode v1.0.0
[INFO] [stderr]    Compiling dirs-next v2.0.0
[INFO] [stderr]    Compiling strum v0.26.3
[INFO] [stderr]    Compiling nom v7.1.3
[INFO] [stderr]    Compiling term v0.7.0
[INFO] [stderr]    Compiling itertools v0.13.0
[INFO] [stderr]    Compiling proc-macro-error-attr v1.0.4
[INFO] [stderr]    Compiling proc-macro-error v1.0.4
[INFO] [stderr]    Compiling num-integer v0.1.46
[INFO] [stderr]    Compiling num-bigint v0.4.6
[INFO] [stderr]    Compiling duplicate v1.0.0
[INFO] [stderr]    Compiling derivative v2.2.0
[INFO] [stderr]    Compiling serde_derive v1.0.214
[INFO] [stderr]    Compiling zerocopy-derive v0.7.35
[INFO] [stderr]    Compiling mut_set_derive v0.4.1
[INFO] [stderr]    Compiling thiserror-impl v1.0.66
[INFO] [stderr]    Compiling liberty-macros v0.6.6
[INFO] [stderr]    Compiling strum_macros v0.26.4
[INFO] [stderr]    Compiling enum_dispatch v0.3.13
[INFO] [stderr]    Compiling zerocopy v0.7.35
[INFO] [stderr]    Compiling thiserror v1.0.66
[INFO] [stderr]    Compiling ppv-lite86 v0.2.20
[INFO] [stderr]    Compiling rand_chacha v0.3.1
[INFO] [stderr]    Compiling rand v0.8.5
[INFO] [stderr]    Compiling csv v1.3.0
[INFO] [stderr]    Compiling mut_set v0.4.1
[INFO] [stderr]    Compiling log v0.4.22
[INFO] [stderr]    Compiling ordered-float v4.4.0
[INFO] [stderr]    Compiling uom v0.36.0
[INFO] [stderr]    Compiling arcstr v1.2.0
[INFO] [stderr]    Compiling biodivine-lib-bdd v0.5.22
[INFO] [stderr]    Compiling prettytable-rs v0.10.0
[INFO] [stderr]    Compiling liberty-db v0.6.6 (/opt/rustwide/workdir)
[INFO] [stderr]     Finished `dev` profile [unoptimized + debuginfo] target(s) in 23.52s
[INFO] running `Command { std: "docker" "inspect" "85c358896eaa920a5f365c7c50b1d1b77653fbd780f62c2d33a2aff862b750a9", kill_on_drop: false }`
[INFO] running `Command { std: "docker" "rm" "-f" "85c358896eaa920a5f365c7c50b1d1b77653fbd780f62c2d33a2aff862b750a9", kill_on_drop: false }`
[INFO] [stdout] 85c358896eaa920a5f365c7c50b1d1b77653fbd780f62c2d33a2aff862b750a9
[INFO] running `Command { std: "docker" "create" "-v" "/var/lib/crater-agent-workspace/builds/worker-4-tc1/target:/opt/rustwide/target:rw,Z" "-v" "/var/lib/crater-agent-workspace/builds/worker-4-tc1/source:/opt/rustwide/workdir:ro,Z" "-v" "/var/lib/crater-agent-workspace/cargo-home:/opt/rustwide/cargo-home:ro,Z" "-v" "/var/lib/crater-agent-workspace/rustup-home:/opt/rustwide/rustup-home:ro,Z" "-e" "SOURCE_DIR=/opt/rustwide/workdir" "-e" "CARGO_TARGET_DIR=/opt/rustwide/target" "-e" "CARGO_INCREMENTAL=0" "-e" "RUST_BACKTRACE=full" "-e" "RUSTFLAGS=--cap-lints=forbid" "-e" "RUSTDOCFLAGS=--cap-lints=forbid" "-e" "CARGO_HOME=/opt/rustwide/cargo-home" "-e" "RUSTUP_HOME=/opt/rustwide/rustup-home" "-w" "/opt/rustwide/workdir" "-m" "1610612736" "--user" "0:0" "--network" "none" "ghcr.io/rust-lang/crates-build-env/linux@sha256:4a844ea9eb2546a2d2c7022eacef16ef2e8229c7fbb2c7d4d55a9ceca922f72d" "/opt/rustwide/cargo-home/bin/cargo" "+nightly-2024-10-28" "test" "--frozen" "--no-run" "--message-format=json", kill_on_drop: false }`
[INFO] [stdout] 18baf8793c1895bcfd5a3d942a80b6e423592484d1046c2d99ec10df4580bf2c
[INFO] running `Command { std: "docker" "start" "-a" "18baf8793c1895bcfd5a3d942a80b6e423592484d1046c2d99ec10df4580bf2c", kill_on_drop: false }`
[INFO] [stderr]    Compiling powerfmt v0.2.0
[INFO] [stderr]    Compiling num-conv v0.1.0
[INFO] [stderr]    Compiling time-core v0.1.2
[INFO] [stderr]    Compiling num_threads v0.1.7
[INFO] [stderr]    Compiling colored v2.1.0
[INFO] [stderr]    Compiling console v0.15.8
[INFO] [stderr]    Compiling similar v2.6.0
[INFO] [stderr]    Compiling time-macros v0.2.18
[INFO] [stderr]    Compiling deranged v0.3.11
[INFO] [stderr]    Compiling time v0.3.36
[INFO] [stderr]    Compiling simple_logger v5.0.0
[INFO] [stderr]    Compiling liberty-db v0.6.6 (/opt/rustwide/workdir)
[INFO] [stderr]     Finished `test` profile [unoptimized + debuginfo] target(s) in 11.19s
[INFO] running `Command { std: "docker" "inspect" "18baf8793c1895bcfd5a3d942a80b6e423592484d1046c2d99ec10df4580bf2c", kill_on_drop: false }`
[INFO] running `Command { std: "docker" "rm" "-f" "18baf8793c1895bcfd5a3d942a80b6e423592484d1046c2d99ec10df4580bf2c", kill_on_drop: false }`
[INFO] [stdout] 18baf8793c1895bcfd5a3d942a80b6e423592484d1046c2d99ec10df4580bf2c
[INFO] running `Command { std: "docker" "create" "-v" "/var/lib/crater-agent-workspace/builds/worker-4-tc1/target:/opt/rustwide/target:rw,Z" "-v" "/var/lib/crater-agent-workspace/builds/worker-4-tc1/source:/opt/rustwide/workdir:ro,Z" "-v" "/var/lib/crater-agent-workspace/cargo-home:/opt/rustwide/cargo-home:ro,Z" "-v" "/var/lib/crater-agent-workspace/rustup-home:/opt/rustwide/rustup-home:ro,Z" "-e" "SOURCE_DIR=/opt/rustwide/workdir" "-e" "CARGO_TARGET_DIR=/opt/rustwide/target" "-e" "CARGO_INCREMENTAL=0" "-e" "RUST_BACKTRACE=full" "-e" "RUSTFLAGS=--cap-lints=forbid" "-e" "RUSTDOCFLAGS=--cap-lints=forbid" "-e" "CARGO_HOME=/opt/rustwide/cargo-home" "-e" "RUSTUP_HOME=/opt/rustwide/rustup-home" "-w" "/opt/rustwide/workdir" "-m" "1610612736" "--user" "0:0" "--network" "none" "ghcr.io/rust-lang/crates-build-env/linux@sha256:4a844ea9eb2546a2d2c7022eacef16ef2e8229c7fbb2c7d4d55a9ceca922f72d" "/opt/rustwide/cargo-home/bin/cargo" "+nightly-2024-10-28" "test" "--frozen", kill_on_drop: false }`
[INFO] [stdout] d7282c0f049bb4c0eb387e60560d12bcebfcf4273d0c5b42b622fc68b069fe95
[INFO] running `Command { std: "docker" "start" "-a" "d7282c0f049bb4c0eb387e60560d12bcebfcf4273d0c5b42b622fc68b069fe95", kill_on_drop: false }`
[INFO] [stderr]     Finished `test` profile [unoptimized + debuginfo] target(s) in 0.08s
[INFO] [stderr]      Running unittests src/lib.rs (/opt/rustwide/target/debug/deps/liberty_db-fa371bd8ee6229ac)
[INFO] [stdout] 
[INFO] [stdout] running 42 tests
[INFO] [stdout] test ast::parser::test_key::test1 ... ok
[INFO] [stdout] test ast::parser::test_space::space_test ... ok
[INFO] [stdout] test ast::fmt::test::more_than_10_indent ... ok
[INFO] [stdout] test ast::parser::test_unquote::test1 ... ok
[INFO] [stdout] test ast::parser::test_end_group::test1 ... ok
[INFO] [stdout] test ast::parser::test_comment::test1 ... ok
[INFO] [stdout] test cell::items::test_sort::test_leakage_sort ... ok
[INFO] [stdout] test cell::items::test_statetable::statetable_test ... ok
[INFO] [stdout] test ast::fmt::test::unknown_complex ... ok
[INFO] [stdout] test ast::parser::test_key::test_complex ... ok
[INFO] [stdout] test cell::test::example_pin_opposite ... ok
[INFO] [stdout] test common::demo::test::pin_test ... ok
[INFO] [stdout] test common::demo::test::timing_test ... ok
[INFO] [stdout] test cell::test::example27 ... ok
[INFO] [stdout] test common::demo::test::cell_test ... ok
[INFO] [stdout] test common::table::test::compact_ccs_table ... ok
[INFO] [stdout] test common::table::test::table ... ok
[INFO] [stdout] test expression::boolean_expression::latch_ff::test::example19 ... ok
[INFO] [stdout] test expression::boolean_expression::latch_ff::test::example21 ... ok
[INFO] [stdout] test cell::test::example_pll ... ok
[INFO] [stdout] test expression::boolean_expression::latch_ff::test::example20 ... ok
[INFO] [stdout] test expression::boolean_expression::latch_ff::test::example22 ... ok
[INFO] [stdout] test expression::boolean_expression::latch_ff::test::jk_flip_flop ... ok
[INFO] [stdout] test expression::boolean_expression::latch_ff::test::example25 ... ok
[INFO] [stdout] test expression::boolean_expression::test::lid_bdd ... ok
[INFO] [stdout] test library::items::test::input_voltage ... ok
[INFO] [stdout] test expression::boolean_expression::latch_ff::test::special_boolean_expression ... ok
[INFO] [stdout] test expression::boolean_expression::test::if_else ... ok
[INFO] [stdout] test expression::boolean_expression::test::sdf ... ok
[INFO] [stdout] test library::items::test::base_curves ... ok
[INFO] [stdout] test expression::boolean_expression::latch_ff::test::example23 ... ok
[INFO] [stdout] test cell::test::example28 ... ok
[INFO] [stdout] test library::items::test_sensitization::sensitization ... ok
[INFO] [stdout] test expression::boolean_expression::latch_ff::test::example26 ... ok
[INFO] [stdout] test expression::boolean_expression::test::parse_hash ... ok
[INFO] [stdout] test expression::boolean_expression::test::parse_fmt_self_check ... ok
[INFO] [stdout] test cell::test::example23 ... ok
[INFO] [stdout] test library::test::define ... ok
[INFO] [stdout] test library::test::comment ... ok
[INFO] [stdout] test pin::items::test::two_value ... ok
[INFO] [stdout] test pin::test::pin_name_list ... ok
[INFO] [stdout] test pin::items::test::retention_pin ... ok
[INFO] [stderr]    Doc-tests liberty_db
[INFO] [stdout] 
[INFO] [stdout] test result: ok. 42 passed; 0 failed; 0 ignored; 0 measured; 0 filtered out; finished in 0.02s
[INFO] [stdout] 
[INFO] [stdout] 
[INFO] [stdout] running 1 test
[INFO] [stdout] test src/library/mod.rs - library::Library::fmt (line 577) ... FAILED
[INFO] [stdout] 
[INFO] [stdout] failures:
[INFO] [stdout] 
[INFO] [stdout] ---- src/library/mod.rs - library::Library::fmt (line 577) stdout ----
[INFO] [stdout] Test executable failed (exit status: 101).
[INFO] [stdout] 
[INFO] [stdout] stderr:
[INFO] [stdout] thread 'main' panicked at src/library/mod.rs:11:68:
[INFO] [stdout] called `Result::unwrap()` on an `Err` value: Os { code: 30, kind: ReadOnlyFilesystem, message: "Read-only file system" }
[INFO] [stdout] stack backtrace:
[INFO] [stdout]    0:     0x5712457719ea - std::backtrace_rs::backtrace::libunwind::trace::h207520d6e9873551
[INFO] [stdout]                                at /rustc/df4ca44d3fbc9301ee17f30f4d474e6ae4b05252/library/std/src/../../backtrace/src/backtrace/libunwind.rs:116:5
[INFO] [stdout]    1:     0x5712457719ea - std::backtrace_rs::backtrace::trace_unsynchronized::h2ed7433f370e3eca
[INFO] [stdout]                                at /rustc/df4ca44d3fbc9301ee17f30f4d474e6ae4b05252/library/std/src/../../backtrace/src/backtrace/mod.rs:66:5
[INFO] [stdout]    2:     0x5712457719ea - std::sys::backtrace::_print_fmt::h916fac51166b18d7
[INFO] [stdout]                                at /rustc/df4ca44d3fbc9301ee17f30f4d474e6ae4b05252/library/std/src/sys/backtrace.rs:66:9
[INFO] [stdout]    3:     0x5712457719ea - <std::sys::backtrace::BacktraceLock::print::DisplayBacktrace as core::fmt::Display>::fmt::ha0a4c9b8ce3802e6
[INFO] [stdout]                                at /rustc/df4ca44d3fbc9301ee17f30f4d474e6ae4b05252/library/std/src/sys/backtrace.rs:39:26
[INFO] [stdout]    4:     0x57124578e743 - core::fmt::rt::Argument::fmt::h4cfc8587d52b3eb5
[INFO] [stdout]                                at /rustc/df4ca44d3fbc9301ee17f30f4d474e6ae4b05252/library/core/src/fmt/rt.rs:177:76
[INFO] [stdout]    5:     0x57124578e743 - core::fmt::write::h522cc39e5b36ae9f
[INFO] [stdout]                                at /rustc/df4ca44d3fbc9301ee17f30f4d474e6ae4b05252/library/core/src/fmt/mod.rs:1190:21
[INFO] [stdout]    6:     0x57124576f333 - std::io::Write::write_fmt::hf1c1dcc8cc1287f0
[INFO] [stdout]                                at /rustc/df4ca44d3fbc9301ee17f30f4d474e6ae4b05252/library/std/src/io/mod.rs:1839:15
[INFO] [stdout]    7:     0x571245771832 - std::sys::backtrace::BacktraceLock::print::h4b9e00b29e9c0942
[INFO] [stdout]                                at /rustc/df4ca44d3fbc9301ee17f30f4d474e6ae4b05252/library/std/src/sys/backtrace.rs:42:9
[INFO] [stdout]    8:     0x5712457727fc - std::panicking::default_hook::{{closure}}::hb59b88280d0324d9
[INFO] [stdout]                                at /rustc/df4ca44d3fbc9301ee17f30f4d474e6ae4b05252/library/std/src/panicking.rs:268:22
[INFO] [stdout]    9:     0x571245772642 - std::panicking::default_hook::he1dd496665be4a29
[INFO] [stdout]                                at /rustc/df4ca44d3fbc9301ee17f30f4d474e6ae4b05252/library/std/src/panicking.rs:295:9
[INFO] [stdout]   10:     0x571245772df7 - std::panicking::rust_panic_with_hook::h2ff17fe8f26dfcf8
[INFO] [stdout]                                at /rustc/df4ca44d3fbc9301ee17f30f4d474e6ae4b05252/library/std/src/panicking.rs:801:13
[INFO] [stdout]   11:     0x571245772c8a - std::panicking::begin_panic_handler::{{closure}}::h4fad77951c07e101
[INFO] [stdout]                                at /rustc/df4ca44d3fbc9301ee17f30f4d474e6ae4b05252/library/std/src/panicking.rs:674:13
[INFO] [stdout]   12:     0x571245771ec9 - std::sys::backtrace::__rust_end_short_backtrace::hb1a25b3da5d0ea08
[INFO] [stdout]                                at /rustc/df4ca44d3fbc9301ee17f30f4d474e6ae4b05252/library/std/src/sys/backtrace.rs:170:18
[INFO] [stdout]   13:     0x57124577291c - rust_begin_unwind
[INFO] [stdout]                                at /rustc/df4ca44d3fbc9301ee17f30f4d474e6ae4b05252/library/std/src/panicking.rs:665:5
[INFO] [stdout]   14:     0x57124578d8f0 - core::panicking::panic_fmt::ha9db07b529f9b256
[INFO] [stdout]                                at /rustc/df4ca44d3fbc9301ee17f30f4d474e6ae4b05252/library/core/src/panicking.rs:75:14
[INFO] [stdout]   15:     0x57124578dd06 - core::result::unwrap_failed::h5e8218e4d4338b8a
[INFO] [stdout]                                at /rustc/df4ca44d3fbc9301ee17f30f4d474e6ae4b05252/library/core/src/result.rs:1698:5
[INFO] [stdout]   16:     0x571245713090 - rust_out::main::_doctest_main_src_library_mod_rs_577_0::ha432f78537ac4b29
[INFO] [stdout]   17:     0x571245712fb6 - rust_out::main::ha213a30daa5df4da
[INFO] [stdout]   18:     0x571245653cf3 - core::ops::function::FnOnce::call_once::hf7edf7132571051c
[INFO] [stdout]   19:     0x571245651cf6 - std::sys::backtrace::__rust_begin_short_backtrace::h32fd822fd2ba4079
[INFO] [stdout]   20:     0x571245651ca9 - std::rt::lang_start::{{closure}}::h4039a1c394ed4f7c
[INFO] [stdout]   21:     0x57124576d3f7 - core::ops::function::impls::<impl core::ops::function::FnOnce<A> for &F>::call_once::hd87d66b906e0ccaf
[INFO] [stdout]                                at /rustc/df4ca44d3fbc9301ee17f30f4d474e6ae4b05252/library/core/src/ops/function.rs:284:13
[INFO] [stdout]   22:     0x57124576d3f7 - std::panicking::try::do_call::hae3703de71fc9e3a
[INFO] [stdout]                                at /rustc/df4ca44d3fbc9301ee17f30f4d474e6ae4b05252/library/std/src/panicking.rs:557:40
[INFO] [stdout]   23:     0x57124576d3f7 - std::panicking::try::h1178330e9a2b2645
[INFO] [stdout]                                at /rustc/df4ca44d3fbc9301ee17f30f4d474e6ae4b05252/library/std/src/panicking.rs:520:19
[INFO] [stdout]   24:     0x57124576d3f7 - std::panic::catch_unwind::h0acf49d2305d32ad
[INFO] [stdout]                                at /rustc/df4ca44d3fbc9301ee17f30f4d474e6ae4b05252/library/std/src/panic.rs:358:14
[INFO] [stdout]   25:     0x57124576d3f7 - std::rt::lang_start_internal::{{closure}}::h2d95182d798177be
[INFO] [stdout]                                at /rustc/df4ca44d3fbc9301ee17f30f4d474e6ae4b05252/library/std/src/rt.rs:174:48
[INFO] [stdout]   26:     0x57124576d3f7 - std::panicking::try::do_call::hb506f5bfe11fd30c
[INFO] [stdout]                                at /rustc/df4ca44d3fbc9301ee17f30f4d474e6ae4b05252/library/std/src/panicking.rs:557:40
[INFO] [stdout]   27:     0x57124576d3f7 - std::panicking::try::h54d825c46bd0fa95
[INFO] [stdout]                                at /rustc/df4ca44d3fbc9301ee17f30f4d474e6ae4b05252/library/std/src/panicking.rs:520:19
[INFO] [stdout]   28:     0x57124576d3f7 - std::panic::catch_unwind::hffbb0ad20c4e9fac
[INFO] [stdout]                                at /rustc/df4ca44d3fbc9301ee17f30f4d474e6ae4b05252/library/std/src/panic.rs:358:14
[INFO] [stdout]   29:     0x57124576d3f7 - std::rt::lang_start_internal::h52c291ef1962c925
[INFO] [stdout]                                at /rustc/df4ca44d3fbc9301ee17f30f4d474e6ae4b05252/library/std/src/rt.rs:174:20
[INFO] [stdout]   30:     0x571245651c87 - std::rt::lang_start::h8c6075cd6f225ba1
[INFO] [stdout]   31:     0x5712457132c5 - main
[INFO] [stdout]   32:     0x7c171d972d90 - <unknown>
[INFO] [stdout]   33:     0x7c171d972e40 - __libc_start_main
[INFO] [stdout]   34:     0x57124562f3f5 - _start
[INFO] [stdout]   35:                0x0 - <unknown>
[INFO] [stdout] 
[INFO] [stdout] 
[INFO] [stdout] 
[INFO] [stdout] failures:
[INFO] [stdout]     src/library/mod.rs - library::Library::fmt (line 577)
[INFO] [stdout] 
[INFO] [stdout] test result: FAILED. 0 passed; 1 failed; 0 ignored; 0 measured; 0 filtered out; finished in 0.89s
[INFO] [stdout] 
[INFO] [stderr] error: doctest failed, to rerun pass `--doc`
[INFO] running `Command { std: "docker" "inspect" "d7282c0f049bb4c0eb387e60560d12bcebfcf4273d0c5b42b622fc68b069fe95", kill_on_drop: false }`
[INFO] running `Command { std: "docker" "rm" "-f" "d7282c0f049bb4c0eb387e60560d12bcebfcf4273d0c5b42b622fc68b069fe95", kill_on_drop: false }`
[INFO] [stdout] d7282c0f049bb4c0eb387e60560d12bcebfcf4273d0c5b42b622fc68b069fe95
