[INFO] fetching crate lib_game_detector 0.0.8...
[INFO] testing lib_game_detector-0.0.8 against nightly-2024-10-28 for randomize-layout
[INFO] extracting crate lib_game_detector 0.0.8 into /workspace/builds/worker-4-tc1/source
[INFO] validating manifest of crates.io crate lib_game_detector 0.0.8 on toolchain nightly-2024-10-28
[INFO] running `Command { std: CARGO_HOME="/workspace/cargo-home" RUSTUP_HOME="/workspace/rustup-home" "/workspace/cargo-home/bin/cargo" "+nightly-2024-10-28" "metadata" "--manifest-path" "Cargo.toml" "--no-deps", kill_on_drop: false }`
[INFO] started tweaking crates.io crate lib_game_detector 0.0.8
[INFO] finished tweaking crates.io crate lib_game_detector 0.0.8
[INFO] tweaked toml for crates.io crate lib_game_detector 0.0.8 written to /workspace/builds/worker-4-tc1/source/Cargo.toml
[INFO] crate crates.io crate lib_game_detector 0.0.8 already has a lockfile, it will not be regenerated
[INFO] running `Command { std: CARGO_HOME="/workspace/cargo-home" RUSTUP_HOME="/workspace/rustup-home" "/workspace/cargo-home/bin/cargo" "+nightly-2024-10-28" "fetch" "--manifest-path" "Cargo.toml", kill_on_drop: false }`
[INFO] [stderr]     Updating crates.io index
[INFO] [stderr]  Downloading crates ...
[INFO] [stderr]   Downloaded nom_locate v4.2.0
[INFO] [stderr]   Downloaded steam_shortcuts_util v1.1.8
[INFO] [stderr]   Downloaded divan-macros v0.1.14
[INFO] [stderr]   Downloaded crossbeam-utils v0.8.17
[INFO] [stderr]   Downloaded crossbeam-deque v0.8.4
[INFO] [stderr]   Downloaded crossbeam-epoch v0.9.16
[INFO] [stderr]   Downloaded regex-lite v0.1.5
[INFO] [stderr]   Downloaded divan v0.1.14
[INFO] [stderr]   Downloaded proc-macro2 v1.0.83
[INFO] [stderr]   Downloaded syn v2.0.65
[INFO] running `Command { std: "docker" "create" "-v" "/var/lib/crater-agent-workspace/builds/worker-4-tc1/target:/opt/rustwide/target:rw,Z" "-v" "/var/lib/crater-agent-workspace/builds/worker-4-tc1/source:/opt/rustwide/workdir:ro,Z" "-v" "/var/lib/crater-agent-workspace/cargo-home:/opt/rustwide/cargo-home:ro,Z" "-v" "/var/lib/crater-agent-workspace/rustup-home:/opt/rustwide/rustup-home:ro,Z" "-e" "SOURCE_DIR=/opt/rustwide/workdir" "-e" "CARGO_TARGET_DIR=/opt/rustwide/target" "-e" "CARGO_HOME=/opt/rustwide/cargo-home" "-e" "RUSTUP_HOME=/opt/rustwide/rustup-home" "-w" "/opt/rustwide/workdir" "-m" "1610612736" "--user" "0:0" "--network" "none" "ghcr.io/rust-lang/crates-build-env/linux@sha256:4a844ea9eb2546a2d2c7022eacef16ef2e8229c7fbb2c7d4d55a9ceca922f72d" "/opt/rustwide/cargo-home/bin/cargo" "+nightly-2024-10-28" "metadata" "--no-deps" "--format-version=1", kill_on_drop: false }`
[INFO] [stdout] 7fca70fffbc149e0df32694844726b0779cb1ba4f538c4b60e11c02a33a1b42f
[INFO] running `Command { std: "docker" "start" "-a" "7fca70fffbc149e0df32694844726b0779cb1ba4f538c4b60e11c02a33a1b42f", kill_on_drop: false }`
[INFO] running `Command { std: "docker" "inspect" "7fca70fffbc149e0df32694844726b0779cb1ba4f538c4b60e11c02a33a1b42f", kill_on_drop: false }`
[INFO] running `Command { std: "docker" "rm" "-f" "7fca70fffbc149e0df32694844726b0779cb1ba4f538c4b60e11c02a33a1b42f", kill_on_drop: false }`
[INFO] [stdout] 7fca70fffbc149e0df32694844726b0779cb1ba4f538c4b60e11c02a33a1b42f
[INFO] running `Command { std: "docker" "create" "-v" "/var/lib/crater-agent-workspace/builds/worker-4-tc1/target:/opt/rustwide/target:rw,Z" "-v" "/var/lib/crater-agent-workspace/builds/worker-4-tc1/source:/opt/rustwide/workdir:ro,Z" "-v" "/var/lib/crater-agent-workspace/cargo-home:/opt/rustwide/cargo-home:ro,Z" "-v" "/var/lib/crater-agent-workspace/rustup-home:/opt/rustwide/rustup-home:ro,Z" "-e" "SOURCE_DIR=/opt/rustwide/workdir" "-e" "CARGO_TARGET_DIR=/opt/rustwide/target" "-e" "CARGO_INCREMENTAL=0" "-e" "RUST_BACKTRACE=full" "-e" "RUSTFLAGS=--cap-lints=forbid" "-e" "RUSTDOCFLAGS=--cap-lints=forbid" "-e" "CARGO_HOME=/opt/rustwide/cargo-home" "-e" "RUSTUP_HOME=/opt/rustwide/rustup-home" "-w" "/opt/rustwide/workdir" "-m" "1610612736" "--user" "0:0" "--network" "none" "ghcr.io/rust-lang/crates-build-env/linux@sha256:4a844ea9eb2546a2d2c7022eacef16ef2e8229c7fbb2c7d4d55a9ceca922f72d" "/opt/rustwide/cargo-home/bin/cargo" "+nightly-2024-10-28" "build" "--frozen" "--message-format=json", kill_on_drop: false }`
[INFO] [stdout] b16d1dd09119324f648d21e38e307e9fcb51589deb07962fb972b4c2c8d6640f
[INFO] running `Command { std: "docker" "start" "-a" "b16d1dd09119324f648d21e38e307e9fcb51589deb07962fb972b4c2c8d6640f", kill_on_drop: false }`
[INFO] [stderr]    Compiling proc-macro2 v1.0.83
[INFO] [stderr]    Compiling unicode-ident v1.0.12
[INFO] [stderr]    Compiling libc v0.2.150
[INFO] [stderr]    Compiling minimal-lexical v0.2.1
[INFO] [stderr]    Compiling memchr v2.6.4
[INFO] [stderr]    Compiling option-ext v0.2.0
[INFO] [stderr]    Compiling bytecount v0.6.8
[INFO] [stderr]    Compiling anyhow v1.0.86
[INFO] [stderr]    Compiling thiserror v1.0.61
[INFO] [stderr]    Compiling once_cell v1.18.0
[INFO] [stderr]    Compiling crc32fast v1.4.2
[INFO] [stderr]    Compiling tracing-core v0.1.32
[INFO] [stderr]    Compiling either v1.9.0
[INFO] [stderr]    Compiling ascii v1.1.0
[INFO] [stderr]    Compiling pin-project-lite v0.2.13
[INFO] [stderr]    Compiling itertools v0.13.0
[INFO] [stderr]    Compiling nom v7.1.3
[INFO] [stderr]    Compiling quote v1.0.36
[INFO] [stderr]    Compiling dirs-sys v0.4.1
[INFO] [stderr]    Compiling directories v5.0.1
[INFO] [stderr]    Compiling syn v2.0.65
[INFO] [stderr]    Compiling nom_locate v4.2.0
[INFO] [stderr]    Compiling steam_shortcuts_util v1.1.8
[INFO] [stderr]    Compiling thiserror-impl v1.0.61
[INFO] [stderr]    Compiling tracing-attributes v0.1.27
[INFO] [stderr]    Compiling tracing v0.1.40
[INFO] [stderr]    Compiling lib_game_detector v0.0.8 (/opt/rustwide/workdir)
[INFO] [stderr]     Finished `dev` profile [unoptimized + debuginfo] target(s) in 15.50s
[INFO] running `Command { std: "docker" "inspect" "b16d1dd09119324f648d21e38e307e9fcb51589deb07962fb972b4c2c8d6640f", kill_on_drop: false }`
[INFO] running `Command { std: "docker" "rm" "-f" "b16d1dd09119324f648d21e38e307e9fcb51589deb07962fb972b4c2c8d6640f", kill_on_drop: false }`
[INFO] [stdout] b16d1dd09119324f648d21e38e307e9fcb51589deb07962fb972b4c2c8d6640f
[INFO] running `Command { std: "docker" "create" "-v" "/var/lib/crater-agent-workspace/builds/worker-4-tc1/target:/opt/rustwide/target:rw,Z" "-v" "/var/lib/crater-agent-workspace/builds/worker-4-tc1/source:/opt/rustwide/workdir:ro,Z" "-v" "/var/lib/crater-agent-workspace/cargo-home:/opt/rustwide/cargo-home:ro,Z" "-v" "/var/lib/crater-agent-workspace/rustup-home:/opt/rustwide/rustup-home:ro,Z" "-e" "SOURCE_DIR=/opt/rustwide/workdir" "-e" "CARGO_TARGET_DIR=/opt/rustwide/target" "-e" "CARGO_INCREMENTAL=0" "-e" "RUST_BACKTRACE=full" "-e" "RUSTFLAGS=--cap-lints=forbid" "-e" "RUSTDOCFLAGS=--cap-lints=forbid" "-e" "CARGO_HOME=/opt/rustwide/cargo-home" "-e" "RUSTUP_HOME=/opt/rustwide/rustup-home" "-w" "/opt/rustwide/workdir" "-m" "1610612736" "--user" "0:0" "--network" "none" "ghcr.io/rust-lang/crates-build-env/linux@sha256:4a844ea9eb2546a2d2c7022eacef16ef2e8229c7fbb2c7d4d55a9ceca922f72d" "/opt/rustwide/cargo-home/bin/cargo" "+nightly-2024-10-28" "test" "--frozen" "--no-run" "--message-format=json", kill_on_drop: false }`
[INFO] [stdout] 7bf5eaaca954aa0cac67fea70e040393a09818a436e337033cd4686af61660a2
[INFO] running `Command { std: "docker" "start" "-a" "7bf5eaaca954aa0cac67fea70e040393a09818a436e337033cd4686af61660a2", kill_on_drop: false }`
[INFO] [stderr]    Compiling autocfg v1.1.0
[INFO] [stderr]    Compiling rustix v0.38.28
[INFO] [stderr]    Compiling crossbeam-utils v0.8.17
[INFO] [stderr]    Compiling bitflags v2.4.1
[INFO] [stderr]    Compiling linux-raw-sys v0.4.12
[INFO] [stderr]    Compiling serde v1.0.193
[INFO] [stderr]    Compiling serde_derive v1.0.193
[INFO] [stderr]    Compiling tracing-core v0.1.32
[INFO] [stderr]    Compiling rayon-core v1.12.0
[INFO] [stderr]    Compiling anstyle v1.0.4
[INFO] [stderr]    Compiling memoffset v0.9.0
[INFO] [stderr]    Compiling num-traits v0.2.17
[INFO] [stderr]    Compiling clap_lex v0.6.0
[INFO] [stderr]    Compiling serde_json v1.0.108
[INFO] [stderr]    Compiling plotters-backend v0.3.5
[INFO] [stderr]    Compiling half v1.8.2
[INFO] [stderr]    Compiling regex-syntax v0.8.2
[INFO] [stderr]    Compiling crossbeam-epoch v0.9.16
[INFO] [stderr]    Compiling ryu v1.0.16
[INFO] [stderr]    Compiling itoa v1.0.10
[INFO] [stderr]    Compiling ciborium-io v0.2.1
[INFO] [stderr]    Compiling ciborium-ll v0.2.1
[INFO] [stderr]    Compiling crossbeam-deque v0.8.4
[INFO] [stderr]    Compiling plotters-svg v0.3.5
[INFO] [stderr]    Compiling test-case-core v3.3.1
[INFO] [stderr]    Compiling itertools v0.10.5
[INFO] [stderr]    Compiling lazy_static v1.4.0
[INFO] [stderr]    Compiling log v0.4.20
[INFO] [stderr]    Compiling terminal_size v0.3.0
[INFO] [stderr]    Compiling clap_builder v4.4.11
[INFO] [stderr]    Compiling regex-automata v0.4.3
[INFO] [stderr]    Compiling cast v0.3.0
[INFO] [stderr]    Compiling walkdir v2.4.0
[INFO] [stderr]    Compiling test-case-macros v3.3.1
[INFO] [stderr]    Compiling plotters v0.3.5
[INFO] [stderr]    Compiling criterion-plot v0.5.0
[INFO] [stderr]    Compiling rayon v1.8.0
[INFO] [stderr]    Compiling is-terminal v0.4.9
[INFO] [stderr]    Compiling tracing-log v0.2.0
[INFO] [stderr]    Compiling tracing v0.1.40
[INFO] [stderr]    Compiling sharded-slab v0.1.7
[INFO] [stderr]    Compiling divan-macros v0.1.14
[INFO] [stderr]    Compiling thread_local v1.1.8
[INFO] [stderr]    Compiling condtype v1.3.0
[INFO] [stderr]    Compiling oorandom v11.1.3
[INFO] [stderr]    Compiling regex v1.10.2
[INFO] [stderr]    Compiling clap v4.4.11
[INFO] [stderr]    Compiling anes v0.1.6
[INFO] [stderr]    Compiling regex-lite v0.1.5
[INFO] [stderr]    Compiling tracing-subscriber v0.3.18
[INFO] [stderr]    Compiling test-case v3.3.1
[INFO] [stderr]    Compiling lib_game_detector v0.0.8 (/opt/rustwide/workdir)
[INFO] [stderr]    Compiling divan v0.1.14
[INFO] [stderr]    Compiling ciborium v0.2.1
[INFO] [stderr]    Compiling tinytemplate v1.2.1
[INFO] [stderr]    Compiling criterion v0.5.1
[INFO] [stderr]     Finished `test` profile [unoptimized + debuginfo] target(s) in 29.49s
[INFO] running `Command { std: "docker" "inspect" "7bf5eaaca954aa0cac67fea70e040393a09818a436e337033cd4686af61660a2", kill_on_drop: false }`
[INFO] running `Command { std: "docker" "rm" "-f" "7bf5eaaca954aa0cac67fea70e040393a09818a436e337033cd4686af61660a2", kill_on_drop: false }`
[INFO] [stdout] 7bf5eaaca954aa0cac67fea70e040393a09818a436e337033cd4686af61660a2
[INFO] running `Command { std: "docker" "create" "-v" "/var/lib/crater-agent-workspace/builds/worker-4-tc1/target:/opt/rustwide/target:rw,Z" "-v" "/var/lib/crater-agent-workspace/builds/worker-4-tc1/source:/opt/rustwide/workdir:ro,Z" "-v" "/var/lib/crater-agent-workspace/cargo-home:/opt/rustwide/cargo-home:ro,Z" "-v" "/var/lib/crater-agent-workspace/rustup-home:/opt/rustwide/rustup-home:ro,Z" "-e" "SOURCE_DIR=/opt/rustwide/workdir" "-e" "CARGO_TARGET_DIR=/opt/rustwide/target" "-e" "CARGO_INCREMENTAL=0" "-e" "RUST_BACKTRACE=full" "-e" "RUSTFLAGS=--cap-lints=forbid" "-e" "RUSTDOCFLAGS=--cap-lints=forbid" "-e" "CARGO_HOME=/opt/rustwide/cargo-home" "-e" "RUSTUP_HOME=/opt/rustwide/rustup-home" "-w" "/opt/rustwide/workdir" "-m" "1610612736" "--user" "0:0" "--network" "none" "ghcr.io/rust-lang/crates-build-env/linux@sha256:4a844ea9eb2546a2d2c7022eacef16ef2e8229c7fbb2c7d4d55a9ceca922f72d" "/opt/rustwide/cargo-home/bin/cargo" "+nightly-2024-10-28" "test" "--frozen", kill_on_drop: false }`
[INFO] [stdout] 7cb74a7b9546219596bb1ac07260b57d07d8eb25c0d5b6c58144e07ffc1d626b
[INFO] running `Command { std: "docker" "start" "-a" "7cb74a7b9546219596bb1ac07260b57d07d8eb25c0d5b6c58144e07ffc1d626b", kill_on_drop: false }`
[INFO] [stderr]     Finished `test` profile [unoptimized + debuginfo] target(s) in 0.12s
[INFO] [stderr]      Running unittests src/lib.rs (/opt/rustwide/target/debug/deps/lib_game_detector-8abe2540be7c2169)
[INFO] [stdout] 
[INFO] [stdout] running 79 tests
[INFO] [stdout] test linux::launchers::heroic::heroic_amazon::tests::test_heroic_amazon_launcher::flatpak ... ok
[INFO] [stdout] test linux::launchers::bottles::tests::test_bottles_launcher::flatpak ... ok
[INFO] [stdout] test linux::launchers::heroic::heroic_epic::tests::test_heroic_epic_launcher::flatpak ... ok
[INFO] [stdout] test linux::launchers::heroic::heroic_epic::tests::test_heroic_epic_launcher::standard ... ok
[INFO] [stdout] test linux::launchers::heroic::heroic_amazon::tests::test_heroic_amazon_launcher::standard ... ok
[INFO] [stdout] test linux::launchers::bottles::tests::test_bottles_launcher::standard ... ok
[INFO] [stdout] test linux::launchers::heroic::heroic_gog::tests::test_heroic_gog_launcher::flatpak ... ok
[INFO] [stdout] test linux::launchers::minecraft::at::tests::test_minecraft_at_launcher::flatpak ... ok
[INFO] [stdout] test linux::launchers::heroic::heroic_gog::tests::test_heroic_gog_launcher::standard ... ok
[INFO] [stdout] test linux::launchers::minecraft::at::tests::test_minecraft_at_launcher::standard ... ok
[INFO] [stdout] test linux::launchers::minecraft::prism::tests::test_minecraft_prism_launcher::flatpak ... ok
[INFO] [stdout] test linux::launchers::minecraft::prism::tests::test_minecraft_prism_launcher::standard ... ok
[INFO] [stdout] test linux::launchers::lutris::tests::test_lutris_launcher::standard ... ok
[INFO] [stdout] test linux::launchers::minecraft::tests::test_minecraft_at_launcher::false_abc_abc_expects ... ok
[INFO] [stdout] test linux::launchers::lutris::tests::test_lutris_launcher::flatpak ... ok
[INFO] [stdout] test linux::launchers::minecraft::tests::test_minecraft_at_launcher::true_012_xyz_minecraft_012_xyz_expects ... ok
[INFO] [stdout] test linux::launchers::steam::steam_base::tests::test_steam_launcher::standard ... ok
[INFO] [stdout] test linux::launchers::minecraft::tests::test_minecraft_at_launcher::true_abc_minecraft_abc_expects ... ok
[INFO] [stdout] test parsers::tests::test_parse_double_quoted_key_value::_key1_val1_key2_val2_n_key1_val1_true_expects ... ok
[INFO] [stdout] test linux::launchers::steam::steam_shortcuts::tests::test_steam_shortcuts_launcher::flatpak ... ok
[INFO] [stdout] test linux::launchers::steam::steam_base::tests::test_steam_launcher::flatpak ... ok
[INFO] [stdout] test linux::launchers::steam::steam_shortcuts::tests::test_steam_shortcuts_launcher::standard ... ok
[INFO] [stdout] test linux::launchers::steam::steam_base::tests::test_steam_libraries ... ok
[INFO] [stdout] test parsers::tests::test_parse_double_quoted_key_value::_key1_val1_key2_val2_n_key2_val1_false_expects ... ok
[INFO] [stdout] test parsers::tests::test_parse_double_quoted_key_value::_key1_val2_key2_val2_n_key1_val1_false_expects ... ok
[INFO] [stdout] test parsers::tests::test_parse_double_quoted_key_value::_key_false_key_false_false_expects ... ok
[INFO] [stdout] test parsers::tests::test_parse_double_quoted_key_value::_key_value_key_value_false_expects ... ok
[INFO] [stdout] test parsers::tests::test_parse_double_quoted_key_value::_n_t_emn_abc_emn_abc_true_expects ... ok
[INFO] [stdout] test parsers::tests::test_parse_double_quoted_key_value::_t_key_new_nline_key_new_nline_true_expects ... ok
[INFO] [stdout] test parsers::tests::test_parse_double_quoted_key_value::_t_key_value_key_value_true_expects ... ok
[INFO] [stdout] test parsers::tests::test_parse_until_key_cfg::_key_value_key_true_expects ... ok
[INFO] [stdout] test parsers::tests::test_parse_until_key_cfg::_n_taio_value_aio_true_expects ... ok
[INFO] [stdout] test parsers::tests::test_parse_until_key_cfg::_key_value1_n_key_value2_n_key_false_expects ... ok
[INFO] [stdout] test parsers::tests::test_parse_double_quoted_key_value::_tkey_value_key_value_false_expects ... ok
[INFO] [stdout] test parsers::tests::test_parse_until_key_cfg::_wrong_key_value1_nabc_value2_n_abc_true_expects ... ok
[INFO] [stdout] test parsers::tests::test_parse_until_key_json::_key_value1_abc_false_expects ... ok
[INFO] [stdout] test parsers::tests::test_parse_until_key_json::_key_value_key_true_expects ... ok
[INFO] [stdout] test parsers::tests::test_parse_until_key_json::_n_t_aio_value_aio_true_expects ... ok
[INFO] [stdout] test parsers::tests::test_parse_until_key_json::_n_wrong_key_value1_n_key_value_n_key_true_expects ... ok
[INFO] [stdout] test parsers::tests::test_parse_until_key_json::_wrong_key_value1_n_abc_value2_n_abc_true_expects ... ok
[INFO] [stdout] test parsers::tests::test_parse_double_quoted_key_value::_n_tkey_value_key_value_false_expects ... ok
[INFO] [stdout] test parsers::tests::test_parse_until_key_cfg::_nwrong_key_value1_nkey_value_n_key_true_expects ... ok
[INFO] [stdout] test parsers::tests::test_parse_until_key_cfg::_key_value1_abc_false_expects ... ok
[INFO] [stdout] test parsers::tests::test_parse_until_key_yml::_key_value_key_false_expects ... ok
[INFO] [stdout] test parsers::tests::test_parse_until_key_yml::_key_value_key_true_expects ... ok
[INFO] [stdout] test parsers::tests::test_parse_until_key_json::_key_value1_n_abc_value2_n_key_false_expects ... ok
[INFO] [stdout] test parsers::tests::test_parse_until_key_yml::_lmn_value_lmn_true_expects ... ok
[INFO] [stdout] test parsers::tests::test_parse_until_key_yml::_n_twrong_key_value1_n_tabc_value2_n_abc_true_expects ... ok
[INFO] [stdout] test parsers::tests::test_parse_until_key_yml::_n_wrong_key_value1_n_key_value_n_key_false_expects ... ok
[INFO] [stdout] test parsers::tests::test_parse_until_key_yml::_nwrong_key_value1_nkey_value_n_key_true_expects ... ok
[INFO] [stdout] test parsers::tests::test_parse_until_key_yml::_key1_value1_nkey_value2_n_key_true_expects ... ok
[INFO] [stdout] test parsers::tests::test_parse_value_cfg::_data_n_twrong_key1_false_n_twrong_key2_value1_n_tkey_abc_n_key_value2_false_expects ... ok
[INFO] [stdout] test parsers::tests::test_parse_value_cfg::_key_no_new_nline_n_key_no_new_true_expects ... ok
[INFO] [stdout] test parsers::tests::test_parse_value_cfg::_key_value1_n_key_value_false_expects ... ok
[INFO] [stdout] test parsers::tests::test_parse_value_cfg::_key_value_with_space_n_key_value_with_space_true_expects ... ok
[INFO] [stdout] test parsers::tests::test_parse_value_cfg::_wrong_key1_false_nwrong_key2_value1_nabc_value2_n_abc_value2_true_expects ... ok
[INFO] [stdout] test parsers::tests::test_parse_value_cfg::_key_nvalue_key_value_false_expects ... ok
[INFO] [stdout] test parsers::tests::test_parse_value_json::_key_value_key_wrong_value_false_expects ... ok
[INFO] [stdout] test parsers::tests::test_parse_value_cfg::_key_value_key_value_false_expects ... ok
[INFO] [stdout] test parsers::tests::test_parse_value_json_unquoted::_key_true_key_true_false_expects ... ok
[INFO] [stdout] test parsers::tests::test_parse_value_json::_key_value_key_value_false_expects ... ok
[INFO] [stdout] test parsers::tests::test_parse_value_cfg::_nkey_value_key_value_true_expects ... ok
[INFO] [stdout] test parsers::tests::test_parse_value_json::_wrong_key1_false_wrong_key2_value1_n_key_value2_n_key_value2_true_expects ... ok
[INFO] [stdout] test parsers::tests::test_parse_value_json::_wrong_key1_false_wrong_key2_value1_n_key_value2_n_key_value2_false_expects ... ok
[INFO] [stdout] test parsers::tests::test_parse_value_json_unquoted::_key_true_key_true_true_expects ... ok
[INFO] [stdout] test parsers::tests::test_parse_value_json_unquoted::_key_true_key_false_false_expects ... ok
[INFO] [stdout] test parsers::tests::test_parse_value_json::_key_value_key_value_true_expects ... ok
[INFO] [stdout] test parsers::tests::test_parse_value_yml::_data_n_twrong_key1_false_n_twrong_key2_value1_n_tkey_abc_n_key_value2_false_expects ... ok
[INFO] [stdout] test parsers::tests::test_parse_value_json_unquoted::_key_value_key_value_false_expects ... ok
[INFO] [stdout] test utils::test::test_clean_game_title::_game_game_expects ... ok
[INFO] [stdout] test parsers::tests::test_parse_value_yml::_data_n_t_key_value_key_value_false_expects ... ok
[INFO] [stdout] test parsers::tests::test_parse_value_yml::_data_n_tkey_value_key_value_true_expects ... ok
[INFO] [stdout] test utils::test::test_clean_game_title::_soon_soon_expects ... ok
[INFO] [stdout] test parsers::tests::test_parse_value_json_unquoted::_wrong_key1_false_wrong_key2_value1_n_key_value2_n_key_value2_false_expects ... ok
[INFO] [stdout] test utils::test::test_clean_game_title::_t_i_t_l_e_title_expects ... ok
[INFO] [stdout] test parsers::tests::test_parse_value_json_unquoted::_wrong_key1_false_wrong_key2_value1_n_key_true_n_key_true_true_expects ... ok
[INFO] [stdout] test parsers::tests::test_parse_value_yml::_data_n_twrong_key1_false_n_twrong_key2_value1_n_tkey_value2_n_key_value2_true_expects ... ok
[INFO] [stdout] test parsers::tests::test_parse_value_yml::_key_value_key_value_false_expects ... ok
[INFO] [stdout] test utils::test::test_get_existing_image_path ... ok
[INFO] [stdout] 
[INFO] [stdout] test result: ok. 79 passed; 0 failed; 0 ignored; 0 measured; 0 filtered out; finished in 0.02s
[INFO] [stdout] 
[INFO] [stderr]      Running tests/integration_test.rs (/opt/rustwide/target/debug/deps/integration_test-0834511aa47b2b55)
[INFO] [stdout] 
[INFO] [stdout] running 1 test
[INFO] [stderr] error: test failed, to rerun pass `--test integration_test`
[INFO] [stdout] test test_detector ... FAILED
[INFO] [stdout] 
[INFO] [stdout] failures:
[INFO] [stdout] 
[INFO] [stdout] ---- test_detector stdout ----
[INFO] [stdout] thread 'test_detector' panicked at tests/integration_test.rs:7:5:
[INFO] [stdout] assertion failed: !detector.get_detected_launchers().is_empty()
[INFO] [stdout] stack backtrace:
[INFO] [stdout]    0:     0x59461aa67bea - std::backtrace_rs::backtrace::libunwind::trace::h207520d6e9873551
[INFO] [stdout]                                at /rustc/df4ca44d3fbc9301ee17f30f4d474e6ae4b05252/library/std/src/../../backtrace/src/backtrace/libunwind.rs:116:5
[INFO] [stdout]    1:     0x59461aa67bea - std::backtrace_rs::backtrace::trace_unsynchronized::h2ed7433f370e3eca
[INFO] [stdout]                                at /rustc/df4ca44d3fbc9301ee17f30f4d474e6ae4b05252/library/std/src/../../backtrace/src/backtrace/mod.rs:66:5
[INFO] [stdout]    2:     0x59461aa67bea - std::sys::backtrace::_print_fmt::h916fac51166b18d7
[INFO] [stdout]                                at /rustc/df4ca44d3fbc9301ee17f30f4d474e6ae4b05252/library/std/src/sys/backtrace.rs:66:9
[INFO] [stdout]    3:     0x59461aa67bea - <std::sys::backtrace::BacktraceLock::print::DisplayBacktrace as core::fmt::Display>::fmt::ha0a4c9b8ce3802e6
[INFO] [stdout]                                at /rustc/df4ca44d3fbc9301ee17f30f4d474e6ae4b05252/library/std/src/sys/backtrace.rs:39:26
[INFO] [stdout]    4:     0x59461aa90453 - core::fmt::rt::Argument::fmt::h4cfc8587d52b3eb5
[INFO] [stdout]                                at /rustc/df4ca44d3fbc9301ee17f30f4d474e6ae4b05252/library/core/src/fmt/rt.rs:177:76
[INFO] [stdout]    5:     0x59461aa90453 - core::fmt::write::h522cc39e5b36ae9f
[INFO] [stdout]                                at /rustc/df4ca44d3fbc9301ee17f30f4d474e6ae4b05252/library/core/src/fmt/mod.rs:1190:21
[INFO] [stdout]    6:     0x59461aa643c3 - std::io::Write::write_fmt::h7d3c26752da97734
[INFO] [stdout]                                at /rustc/df4ca44d3fbc9301ee17f30f4d474e6ae4b05252/library/std/src/io/mod.rs:1839:15
[INFO] [stdout]    7:     0x59461aa67a32 - std::sys::backtrace::BacktraceLock::print::h4b9e00b29e9c0942
[INFO] [stdout]                                at /rustc/df4ca44d3fbc9301ee17f30f4d474e6ae4b05252/library/std/src/sys/backtrace.rs:42:9
[INFO] [stdout]    8:     0x59461aa690fa - std::panicking::default_hook::{{closure}}::hb59b88280d0324d9
[INFO] [stdout]                                at /rustc/df4ca44d3fbc9301ee17f30f4d474e6ae4b05252/library/std/src/panicking.rs:268:22
[INFO] [stdout]    9:     0x59461aa68f04 - std::panicking::default_hook::he1dd496665be4a29
[INFO] [stdout]                                at /rustc/df4ca44d3fbc9301ee17f30f4d474e6ae4b05252/library/std/src/panicking.rs:292:9
[INFO] [stdout]   10:     0x59461a95f559 - <alloc::boxed::Box<F,A> as core::ops::function::Fn<Args>>::call::h4ff71de18744e1dc
[INFO] [stdout]                                at /rustc/df4ca44d3fbc9301ee17f30f4d474e6ae4b05252/library/alloc/src/boxed.rs:2468:9
[INFO] [stdout]   11:     0x59461a95f559 - test::test_main::{{closure}}::hcf7c055ce117aa81
[INFO] [stdout]                                at /rustc/df4ca44d3fbc9301ee17f30f4d474e6ae4b05252/library/test/src/lib.rs:133:21
[INFO] [stdout]   12:     0x59461aa697f8 - <alloc::boxed::Box<F,A> as core::ops::function::Fn<Args>>::call::h1d66c6bbd60c9692
[INFO] [stdout]                                at /rustc/df4ca44d3fbc9301ee17f30f4d474e6ae4b05252/library/alloc/src/boxed.rs:2468:9
[INFO] [stdout]   13:     0x59461aa697f8 - std::panicking::rust_panic_with_hook::h2ff17fe8f26dfcf8
[INFO] [stdout]                                at /rustc/df4ca44d3fbc9301ee17f30f4d474e6ae4b05252/library/std/src/panicking.rs:809:13
[INFO] [stdout]   14:     0x59461aa69586 - std::panicking::begin_panic_handler::{{closure}}::h4fad77951c07e101
[INFO] [stdout]                                at /rustc/df4ca44d3fbc9301ee17f30f4d474e6ae4b05252/library/std/src/panicking.rs:667:13
[INFO] [stdout]   15:     0x59461aa680c9 - std::sys::backtrace::__rust_end_short_backtrace::hb1a25b3da5d0ea08
[INFO] [stdout]                                at /rustc/df4ca44d3fbc9301ee17f30f4d474e6ae4b05252/library/std/src/sys/backtrace.rs:170:18
[INFO] [stdout]   16:     0x59461aa6924c - rust_begin_unwind
[INFO] [stdout]                                at /rustc/df4ca44d3fbc9301ee17f30f4d474e6ae4b05252/library/std/src/panicking.rs:665:5
[INFO] [stdout]   17:     0x59461aa8eae0 - core::panicking::panic_fmt::ha9db07b529f9b256
[INFO] [stdout]                                at /rustc/df4ca44d3fbc9301ee17f30f4d474e6ae4b05252/library/core/src/panicking.rs:75:14
[INFO] [stdout]   18:     0x59461aa8eb6c - core::panicking::panic::h993086813d94accc
[INFO] [stdout]                                at /rustc/df4ca44d3fbc9301ee17f30f4d474e6ae4b05252/library/core/src/panicking.rs:152:5
[INFO] [stdout]   19:     0x59461a9255eb - integration_test::test_detector::h311d1f2a072a0088
[INFO] [stdout]                                at /opt/rustwide/workdir/tests/integration_test.rs:7:5
[INFO] [stdout]   20:     0x59461a925247 - integration_test::test_detector::{{closure}}::h9a9b247d4d53db02
[INFO] [stdout]                                at /opt/rustwide/workdir/tests/integration_test.rs:4:23
[INFO] [stdout]   21:     0x59461a924c76 - core::ops::function::FnOnce::call_once::ha3b994dfa9abf73a
[INFO] [stdout]                                at /rustc/df4ca44d3fbc9301ee17f30f4d474e6ae4b05252/library/core/src/ops/function.rs:250:5
[INFO] [stdout]   22:     0x59461a963e2b - core::ops::function::FnOnce::call_once::h22c3ba5715e93f05
[INFO] [stdout]                                at /rustc/df4ca44d3fbc9301ee17f30f4d474e6ae4b05252/library/core/src/ops/function.rs:250:5
[INFO] [stdout]   23:     0x59461a963e2b - test::__rust_begin_short_backtrace::h8e82d8113d0da17f
[INFO] [stdout]                                at /rustc/df4ca44d3fbc9301ee17f30f4d474e6ae4b05252/library/test/src/lib.rs:621:18
[INFO] [stdout]   24:     0x59461a9637a7 - test::run_test_in_process::{{closure}}::h33235f4f20b7b7c7
[INFO] [stdout]                                at /rustc/df4ca44d3fbc9301ee17f30f4d474e6ae4b05252/library/test/src/lib.rs:644:60
[INFO] [stdout]   25:     0x59461a9637a7 - <core::panic::unwind_safe::AssertUnwindSafe<F> as core::ops::function::FnOnce<()>>::call_once::hb5043206310c586f
[INFO] [stdout]                                at /rustc/df4ca44d3fbc9301ee17f30f4d474e6ae4b05252/library/core/src/panic/unwind_safe.rs:272:9
[INFO] [stdout]   26:     0x59461a9637a7 - std::panicking::try::do_call::h9ad4731a60ab23e2
[INFO] [stdout]                                at /rustc/df4ca44d3fbc9301ee17f30f4d474e6ae4b05252/library/std/src/panicking.rs:557:40
[INFO] [stdout]   27:     0x59461a9637a7 - std::panicking::try::h3824d23db772a716
[INFO] [stdout]                                at /rustc/df4ca44d3fbc9301ee17f30f4d474e6ae4b05252/library/std/src/panicking.rs:520:19
[INFO] [stdout]   28:     0x59461a9637a7 - std::panic::catch_unwind::h5afd514605fde46b
[INFO] [stdout]                                at /rustc/df4ca44d3fbc9301ee17f30f4d474e6ae4b05252/library/std/src/panic.rs:358:14
[INFO] [stdout]   29:     0x59461a9637a7 - test::run_test_in_process::h0d5cbfa7067d1720
[INFO] [stdout]                                at /rustc/df4ca44d3fbc9301ee17f30f4d474e6ae4b05252/library/test/src/lib.rs:644:27
[INFO] [stdout]   30:     0x59461a9637a7 - test::run_test::{{closure}}::h708eb8872708115d
[INFO] [stdout]                                at /rustc/df4ca44d3fbc9301ee17f30f4d474e6ae4b05252/library/test/src/lib.rs:565:43
[INFO] [stdout]   31:     0x59461a926ec4 - test::run_test::{{closure}}::h392c51cee94713ab
[INFO] [stdout]                                at /rustc/df4ca44d3fbc9301ee17f30f4d474e6ae4b05252/library/test/src/lib.rs:595:41
[INFO] [stdout]   32:     0x59461a926ec4 - std::sys::backtrace::__rust_begin_short_backtrace::h2f40290710935a8b
[INFO] [stdout]                                at /rustc/df4ca44d3fbc9301ee17f30f4d474e6ae4b05252/library/std/src/sys/backtrace.rs:154:18
[INFO] [stdout]   33:     0x59461a92a66e - std::thread::Builder::spawn_unchecked_::{{closure}}::{{closure}}::h3fd968d89053a903
[INFO] [stdout]                                at /rustc/df4ca44d3fbc9301ee17f30f4d474e6ae4b05252/library/std/src/thread/mod.rs:541:17
[INFO] [stdout]   34:     0x59461a92a66e - <core::panic::unwind_safe::AssertUnwindSafe<F> as core::ops::function::FnOnce<()>>::call_once::h743f637ba4229880
[INFO] [stdout]                                at /rustc/df4ca44d3fbc9301ee17f30f4d474e6ae4b05252/library/core/src/panic/unwind_safe.rs:272:9
[INFO] [stdout]   35:     0x59461a92a66e - std::panicking::try::do_call::h07440897322525a6
[INFO] [stdout]                                at /rustc/df4ca44d3fbc9301ee17f30f4d474e6ae4b05252/library/std/src/panicking.rs:557:40
[INFO] [stdout]   36:     0x59461a92a66e - std::panicking::try::he5a2e00188156637
[INFO] [stdout]                                at /rustc/df4ca44d3fbc9301ee17f30f4d474e6ae4b05252/library/std/src/panicking.rs:520:19
[INFO] [stdout]   37:     0x59461a92a66e - std::panic::catch_unwind::hbaf3cae49b3c6433
[INFO] [stdout]                                at /rustc/df4ca44d3fbc9301ee17f30f4d474e6ae4b05252/library/std/src/panic.rs:358:14
[INFO] [stdout]   38:     0x59461a92a66e - std::thread::Builder::spawn_unchecked_::{{closure}}::h8e141ea224820bce
[INFO] [stdout]                                at /rustc/df4ca44d3fbc9301ee17f30f4d474e6ae4b05252/library/std/src/thread/mod.rs:540:30
[INFO] [stdout]   39:     0x59461a92a66e - core::ops::function::FnOnce::call_once{{vtable.shim}}::h90d312fedd7b8ea8
[INFO] [stdout]                                at /rustc/df4ca44d3fbc9301ee17f30f4d474e6ae4b05252/library/core/src/ops/function.rs:250:5
[INFO] [stdout]   40:     0x59461aa6e53b - <alloc::boxed::Box<F,A> as core::ops::function::FnOnce<Args>>::call_once::h69aa08ddb6adb8b6
[INFO] [stdout]                                at /rustc/df4ca44d3fbc9301ee17f30f4d474e6ae4b05252/library/alloc/src/boxed.rs:2454:9
[INFO] [stdout]   41:     0x59461aa6e53b - <alloc::boxed::Box<F,A> as core::ops::function::FnOnce<Args>>::call_once::h5aa36efdb79c806f
[INFO] [stdout]                                at /rustc/df4ca44d3fbc9301ee17f30f4d474e6ae4b05252/library/alloc/src/boxed.rs:2454:9
[INFO] [stdout]   42:     0x59461aa6e53b - std::sys::pal::unix::thread::Thread::new::thread_start::h6cd80a1b4be5158d
[INFO] [stdout]                                at /rustc/df4ca44d3fbc9301ee17f30f4d474e6ae4b05252/library/std/src/sys/pal/unix/thread.rs:105:17
[INFO] [stdout]   43:     0x7d475fd9fac3 - <unknown>
[INFO] [stdout]   44:     0x7d475fe30a04 - clone
[INFO] [stdout]   45:                0x0 - <unknown>
[INFO] [stdout] 
[INFO] [stdout] 
[INFO] [stdout] failures:
[INFO] [stdout]     test_detector
[INFO] [stdout] 
[INFO] [stdout] test result: FAILED. 0 passed; 1 failed; 0 ignored; 0 measured; 0 filtered out; finished in 0.04s
[INFO] [stdout] 
[INFO] running `Command { std: "docker" "inspect" "7cb74a7b9546219596bb1ac07260b57d07d8eb25c0d5b6c58144e07ffc1d626b", kill_on_drop: false }`
[INFO] running `Command { std: "docker" "rm" "-f" "7cb74a7b9546219596bb1ac07260b57d07d8eb25c0d5b6c58144e07ffc1d626b", kill_on_drop: false }`
[INFO] [stdout] 7cb74a7b9546219596bb1ac07260b57d07d8eb25c0d5b6c58144e07ffc1d626b
