[INFO] fetching crate lexical_scanner 0.1.18...
[INFO] testing lexical_scanner-0.1.18 against nightly-2024-10-28 for randomize-layout
[INFO] extracting crate lexical_scanner 0.1.18 into /workspace/builds/worker-3-tc1/source
[INFO] validating manifest of crates.io crate lexical_scanner 0.1.18 on toolchain nightly-2024-10-28
[INFO] running `Command { std: CARGO_HOME="/workspace/cargo-home" RUSTUP_HOME="/workspace/rustup-home" "/workspace/cargo-home/bin/cargo" "+nightly-2024-10-28" "metadata" "--manifest-path" "Cargo.toml" "--no-deps", kill_on_drop: false }`
[INFO] started tweaking crates.io crate lexical_scanner 0.1.18
[INFO] finished tweaking crates.io crate lexical_scanner 0.1.18
[INFO] tweaked toml for crates.io crate lexical_scanner 0.1.18 written to /workspace/builds/worker-3-tc1/source/Cargo.toml
[INFO] crate crates.io crate lexical_scanner 0.1.18 already has a lockfile, it will not be regenerated
[INFO] running `Command { std: CARGO_HOME="/workspace/cargo-home" RUSTUP_HOME="/workspace/rustup-home" "/workspace/cargo-home/bin/cargo" "+nightly-2024-10-28" "fetch" "--manifest-path" "Cargo.toml", kill_on_drop: false }`
[INFO] running `Command { std: "docker" "create" "-v" "/var/lib/crater-agent-workspace/builds/worker-3-tc1/target:/opt/rustwide/target:rw,Z" "-v" "/var/lib/crater-agent-workspace/builds/worker-3-tc1/source:/opt/rustwide/workdir:ro,Z" "-v" "/var/lib/crater-agent-workspace/cargo-home:/opt/rustwide/cargo-home:ro,Z" "-v" "/var/lib/crater-agent-workspace/rustup-home:/opt/rustwide/rustup-home:ro,Z" "-e" "SOURCE_DIR=/opt/rustwide/workdir" "-e" "CARGO_TARGET_DIR=/opt/rustwide/target" "-e" "CARGO_HOME=/opt/rustwide/cargo-home" "-e" "RUSTUP_HOME=/opt/rustwide/rustup-home" "-w" "/opt/rustwide/workdir" "-m" "1610612736" "--user" "0:0" "--network" "none" "ghcr.io/rust-lang/crates-build-env/linux@sha256:4a844ea9eb2546a2d2c7022eacef16ef2e8229c7fbb2c7d4d55a9ceca922f72d" "/opt/rustwide/cargo-home/bin/cargo" "+nightly-2024-10-28" "metadata" "--no-deps" "--format-version=1", kill_on_drop: false }`
[INFO] [stdout] dcd939b045a29a56bcc9d371b05060d62d59095f83e028d196a85454de0c9d44
[INFO] running `Command { std: "docker" "start" "-a" "dcd939b045a29a56bcc9d371b05060d62d59095f83e028d196a85454de0c9d44", kill_on_drop: false }`
[INFO] running `Command { std: "docker" "inspect" "dcd939b045a29a56bcc9d371b05060d62d59095f83e028d196a85454de0c9d44", kill_on_drop: false }`
[INFO] running `Command { std: "docker" "rm" "-f" "dcd939b045a29a56bcc9d371b05060d62d59095f83e028d196a85454de0c9d44", kill_on_drop: false }`
[INFO] [stdout] dcd939b045a29a56bcc9d371b05060d62d59095f83e028d196a85454de0c9d44
[INFO] running `Command { std: "docker" "create" "-v" "/var/lib/crater-agent-workspace/builds/worker-3-tc1/target:/opt/rustwide/target:rw,Z" "-v" "/var/lib/crater-agent-workspace/builds/worker-3-tc1/source:/opt/rustwide/workdir:ro,Z" "-v" "/var/lib/crater-agent-workspace/cargo-home:/opt/rustwide/cargo-home:ro,Z" "-v" "/var/lib/crater-agent-workspace/rustup-home:/opt/rustwide/rustup-home:ro,Z" "-e" "SOURCE_DIR=/opt/rustwide/workdir" "-e" "CARGO_TARGET_DIR=/opt/rustwide/target" "-e" "CARGO_INCREMENTAL=0" "-e" "RUST_BACKTRACE=full" "-e" "RUSTFLAGS=--cap-lints=forbid" "-e" "RUSTDOCFLAGS=--cap-lints=forbid" "-e" "CARGO_HOME=/opt/rustwide/cargo-home" "-e" "RUSTUP_HOME=/opt/rustwide/rustup-home" "-w" "/opt/rustwide/workdir" "-m" "1610612736" "--user" "0:0" "--network" "none" "ghcr.io/rust-lang/crates-build-env/linux@sha256:4a844ea9eb2546a2d2c7022eacef16ef2e8229c7fbb2c7d4d55a9ceca922f72d" "/opt/rustwide/cargo-home/bin/cargo" "+nightly-2024-10-28" "build" "--frozen" "--message-format=json", kill_on_drop: false }`
[INFO] [stdout] da83dae7f5bab04d6d43754b5f0dc30611173a79e7e933d42660bd76794d5608
[INFO] running `Command { std: "docker" "start" "-a" "da83dae7f5bab04d6d43754b5f0dc30611173a79e7e933d42660bd76794d5608", kill_on_drop: false }`
[INFO] [stderr]    Compiling lexical_scanner v0.1.18 (/opt/rustwide/workdir)
[INFO] [stderr]     Finished `dev` profile [unoptimized + debuginfo] target(s) in 0.33s
[INFO] running `Command { std: "docker" "inspect" "da83dae7f5bab04d6d43754b5f0dc30611173a79e7e933d42660bd76794d5608", kill_on_drop: false }`
[INFO] running `Command { std: "docker" "rm" "-f" "da83dae7f5bab04d6d43754b5f0dc30611173a79e7e933d42660bd76794d5608", kill_on_drop: false }`
[INFO] [stdout] da83dae7f5bab04d6d43754b5f0dc30611173a79e7e933d42660bd76794d5608
[INFO] running `Command { std: "docker" "create" "-v" "/var/lib/crater-agent-workspace/builds/worker-3-tc1/target:/opt/rustwide/target:rw,Z" "-v" "/var/lib/crater-agent-workspace/builds/worker-3-tc1/source:/opt/rustwide/workdir:ro,Z" "-v" "/var/lib/crater-agent-workspace/cargo-home:/opt/rustwide/cargo-home:ro,Z" "-v" "/var/lib/crater-agent-workspace/rustup-home:/opt/rustwide/rustup-home:ro,Z" "-e" "SOURCE_DIR=/opt/rustwide/workdir" "-e" "CARGO_TARGET_DIR=/opt/rustwide/target" "-e" "CARGO_INCREMENTAL=0" "-e" "RUST_BACKTRACE=full" "-e" "RUSTFLAGS=--cap-lints=forbid" "-e" "RUSTDOCFLAGS=--cap-lints=forbid" "-e" "CARGO_HOME=/opt/rustwide/cargo-home" "-e" "RUSTUP_HOME=/opt/rustwide/rustup-home" "-w" "/opt/rustwide/workdir" "-m" "1610612736" "--user" "0:0" "--network" "none" "ghcr.io/rust-lang/crates-build-env/linux@sha256:4a844ea9eb2546a2d2c7022eacef16ef2e8229c7fbb2c7d4d55a9ceca922f72d" "/opt/rustwide/cargo-home/bin/cargo" "+nightly-2024-10-28" "test" "--frozen" "--no-run" "--message-format=json", kill_on_drop: false }`
[INFO] [stdout] c98232f14db4d70eddff6cb13fb976b845e6554abb551aed02e02e31c516e13a
[INFO] running `Command { std: "docker" "start" "-a" "c98232f14db4d70eddff6cb13fb976b845e6554abb551aed02e02e31c516e13a", kill_on_drop: false }`
[INFO] [stderr]    Compiling lexical_scanner v0.1.18 (/opt/rustwide/workdir)
[INFO] [stderr]     Finished `test` profile [unoptimized + debuginfo] target(s) in 0.27s
[INFO] running `Command { std: "docker" "inspect" "c98232f14db4d70eddff6cb13fb976b845e6554abb551aed02e02e31c516e13a", kill_on_drop: false }`
[INFO] running `Command { std: "docker" "rm" "-f" "c98232f14db4d70eddff6cb13fb976b845e6554abb551aed02e02e31c516e13a", kill_on_drop: false }`
[INFO] [stdout] c98232f14db4d70eddff6cb13fb976b845e6554abb551aed02e02e31c516e13a
[INFO] running `Command { std: "docker" "create" "-v" "/var/lib/crater-agent-workspace/builds/worker-3-tc1/target:/opt/rustwide/target:rw,Z" "-v" "/var/lib/crater-agent-workspace/builds/worker-3-tc1/source:/opt/rustwide/workdir:ro,Z" "-v" "/var/lib/crater-agent-workspace/cargo-home:/opt/rustwide/cargo-home:ro,Z" "-v" "/var/lib/crater-agent-workspace/rustup-home:/opt/rustwide/rustup-home:ro,Z" "-e" "SOURCE_DIR=/opt/rustwide/workdir" "-e" "CARGO_TARGET_DIR=/opt/rustwide/target" "-e" "CARGO_INCREMENTAL=0" "-e" "RUST_BACKTRACE=full" "-e" "RUSTFLAGS=--cap-lints=forbid" "-e" "RUSTDOCFLAGS=--cap-lints=forbid" "-e" "CARGO_HOME=/opt/rustwide/cargo-home" "-e" "RUSTUP_HOME=/opt/rustwide/rustup-home" "-w" "/opt/rustwide/workdir" "-m" "1610612736" "--user" "0:0" "--network" "none" "ghcr.io/rust-lang/crates-build-env/linux@sha256:4a844ea9eb2546a2d2c7022eacef16ef2e8229c7fbb2c7d4d55a9ceca922f72d" "/opt/rustwide/cargo-home/bin/cargo" "+nightly-2024-10-28" "test" "--frozen", kill_on_drop: false }`
[INFO] [stdout] 07fba06714a1a3f0555ed1786a3ed971fbb57383e7b71c390cba11bd8f43230f
[INFO] running `Command { std: "docker" "start" "-a" "07fba06714a1a3f0555ed1786a3ed971fbb57383e7b71c390cba11bd8f43230f", kill_on_drop: false }`
[INFO] [stderr]     Finished `test` profile [unoptimized + debuginfo] target(s) in 0.00s
[INFO] [stderr]      Running unittests src/lib.rs (/opt/rustwide/target/debug/deps/lexical_scanner-543962497bb5c03e)
[INFO] [stdout] 
[INFO] [stdout] running 3 tests
[INFO] [stdout] test unit_test::test_basic_tokenizer ... ok
[INFO] [stdout] test unit_test::test_numeric_tokenizer ... ok
[INFO] [stdout] test unit_test::test_punctuation_tokenizer ... ok
[INFO] [stdout] 
[INFO] [stdout] test result: ok. 3 passed; 0 failed; 0 ignored; 0 measured; 0 filtered out; finished in 0.00s
[INFO] [stdout] 
[INFO] [stderr]      Running unittests src/main.rs (/opt/rustwide/target/debug/deps/lexical_scanner-a8538eb5702da67e)
[INFO] [stdout] 
[INFO] [stdout] running 0 tests
[INFO] [stdout] 
[INFO] [stdout] test result: ok. 0 passed; 0 failed; 0 ignored; 0 measured; 0 filtered out; finished in 0.00s
[INFO] [stdout] 
[INFO] [stderr]    Doc-tests lexical_scanner
[INFO] [stdout] 
[INFO] [stdout] running 3 tests
[INFO] [stdout] test src/lib.rs - lexer (line 19) ... FAILED
[INFO] [stdout] test src/lib.rs - lexer_as_str (line 150) ... FAILED
[INFO] [stdout] test src/lib.rs - lexer_with_user_keywords (line 207) ... FAILED
[INFO] [stdout] 
[INFO] [stdout] failures:
[INFO] [stdout] 
[INFO] [stdout] ---- src/lib.rs - lexer (line 19) stdout ----
[INFO] [stdout] error: `->` used for field access or method call
[INFO] [stdout]  --> src/lib.rs:25:7
[INFO] [stdout]   |
[INFO] [stdout] 9 | input -> : :: > >= >> < <= << => += -= *= /= &= ^= &= |= == != + - * / % ^ & && | || !  >>= <<= -> /// //! // /* */ /*! /**
[INFO] [stdout]   |       ^^
[INFO] [stdout]   |
[INFO] [stdout]   = help: the `.` operator will dereference the value if needed
[INFO] [stdout] help: try using `.` instead
[INFO] [stdout]   |
[INFO] [stdout] 9 | input . : :: > >= >> < <= << => += -= *= /= &= ^= &= |= == != + - * / % ^ & && | || !  >>= <<= -> /// //! // /* */ /*! /**
[INFO] [stdout]   |       ~
[INFO] [stdout] 
[INFO] [stdout] error: unexpected token: `:`
[INFO] [stdout]  --> src/lib.rs:25:10
[INFO] [stdout]   |
[INFO] [stdout] 9 | input -> : :: > >= >> < <= << => += -= *= /= &= ^= &= |= == != + - * / % ^ & && | || !  >>= <<= -> /// //! // /* */ /*! /**
[INFO] [stdout]   |          ^
[INFO] [stdout] 
[INFO] [stdout] error: expected one of `.`, `;`, `?`, `}`, or an operator, found `:`
[INFO] [stdout]  --> src/lib.rs:25:10
[INFO] [stdout]   |
[INFO] [stdout] 9 | input -> : :: > >= >> < <= << => += -= *= /= &= ^= &= |= == != + - * / % ^ & && | || !  >>= <<= -> /// //! // /* */ /*! /**
[INFO] [stdout]   |          ^ expected one of `.`, `;`, `?`, `}`, or an operator
[INFO] [stdout] 
[INFO] [stdout] error: aborting due to 3 previous errors
[INFO] [stdout] 
[INFO] [stdout] Couldn't compile the test.
[INFO] [stdout] ---- src/lib.rs - lexer_as_str (line 150) stdout ----
[INFO] [stdout] error: `->` used for field access or method call
[INFO] [stdout]   --> src/lib.rs:163:8
[INFO] [stdout]    |
[INFO] [stdout] 16 | output ->
[INFO] [stdout]    |        ^^
[INFO] [stdout]    |
[INFO] [stdout]    = help: the `.` operator will dereference the value if needed
[INFO] [stdout] help: try using `.` instead
[INFO] [stdout]    |
[INFO] [stdout] 16 | output .
[INFO] [stdout]    |        ~
[INFO] [stdout] 
[INFO] [stdout] error: expected `;`, found `1.`
[INFO] [stdout]   --> src/lib.rs:164:15
[INFO] [stdout]    |
[INFO] [stdout] 17 | 0. Word("The")
[INFO] [stdout]    |               ^ help: add `;` here
[INFO] [stdout] 18 | 1. WhiteSpace
[INFO] [stdout]    | -- unexpected token
[INFO] [stdout] 
[INFO] [stdout] error: expected one of `.`, `;`, `?`, `}`, or an operator, found `WhiteSpace`
[INFO] [stdout]   --> src/lib.rs:165:4
[INFO] [stdout]    |
[INFO] [stdout] 18 | 1. WhiteSpace
[INFO] [stdout]    |    ^^^^^^^^^^ expected one of `.`, `;`, `?`, `}`, or an operator
[INFO] [stdout] 
[INFO] [stdout] error: aborting due to 3 previous errors
[INFO] [stdout] 
[INFO] [stdout] Couldn't compile the test.
[INFO] [stdout] ---- src/lib.rs - lexer_with_user_keywords (line 207) stdout ----
[INFO] [stdout] error: expected `;`, found keyword `let`
[INFO] [stdout]   --> src/lib.rs:213:56
[INFO] [stdout]    |
[INFO] [stdout] 9  | let user_keywords = vec!["up", "down", "left", "right"]
[INFO] [stdout]    |                                                        ^ help: add `;` here
[INFO] [stdout] 10 | let token_list = lexical_scanner::lexer_with_user_keywords(text, user_keywords);
[INFO] [stdout]    | --- unexpected token
[INFO] [stdout] 
[INFO] [stdout] error: `->` used for field access or method call
[INFO] [stdout]   --> src/lib.rs:221:8
[INFO] [stdout]    |
[INFO] [stdout] 17 | output ->
[INFO] [stdout]    |        ^^
[INFO] [stdout]    |
[INFO] [stdout]    = help: the `.` operator will dereference the value if needed
[INFO] [stdout] help: try using `.` instead
[INFO] [stdout]    |
[INFO] [stdout] 17 | output .
[INFO] [stdout]    |        ~
[INFO] [stdout] 
[INFO] [stdout] error: expected `;`, found `1.`
[INFO] [stdout]   --> src/lib.rs:222:10
[INFO] [stdout]    |
[INFO] [stdout] 18 | 0. KW_Use
[INFO] [stdout]    |          ^ help: add `;` here
[INFO] [stdout] 19 | 1. WhiteSpace
[INFO] [stdout]    | -- unexpected token
[INFO] [stdout] 
[INFO] [stdout] error: expected one of `.`, `;`, `?`, `}`, or an operator, found `WhiteSpace`
[INFO] [stdout]   --> src/lib.rs:223:4
[INFO] [stdout]    |
[INFO] [stdout] 19 | 1. WhiteSpace
[INFO] [stdout]    |    ^^^^^^^^^^ expected one of `.`, `;`, `?`, `}`, or an operator
[INFO] [stdout] 
[INFO] [stdout] error[E0425]: cannot find value `text` in this scope
[INFO] [stdout]   --> src/lib.rs:214:60
[INFO] [stdout]    |
[INFO] [stdout] 10 | let token_list = lexical_scanner::lexer_with_user_keywords(text, user_keywords);
[INFO] [stdout]    |                                                            ^^^^ not found in this scope
[INFO] [stdout] 
[INFO] [stdout] error: aborting due to 5 previous errors
[INFO] [stdout] 
[INFO] [stdout] For more information about this error, try `rustc --explain E0425`.
[INFO] [stdout] Couldn't compile the test.
[INFO] [stdout] 
[INFO] [stdout] failures:
[INFO] [stdout]     src/lib.rs - lexer (line 19)
[INFO] [stdout]     src/lib.rs - lexer_as_str (line 150)
[INFO] [stdout]     src/lib.rs - lexer_with_user_keywords (line 207)
[INFO] [stdout] 
[INFO] [stdout] test result: FAILED. 0 passed; 3 failed; 0 ignored; 0 measured; 0 filtered out; finished in 0.05s
[INFO] [stdout] 
[INFO] [stderr] error: doctest failed, to rerun pass `--doc`
[INFO] running `Command { std: "docker" "inspect" "07fba06714a1a3f0555ed1786a3ed971fbb57383e7b71c390cba11bd8f43230f", kill_on_drop: false }`
[INFO] running `Command { std: "docker" "rm" "-f" "07fba06714a1a3f0555ed1786a3ed971fbb57383e7b71c390cba11bd8f43230f", kill_on_drop: false }`
[INFO] [stdout] 07fba06714a1a3f0555ed1786a3ed971fbb57383e7b71c390cba11bd8f43230f
