[INFO] fetching crate leven-distance 1.0.0...
[INFO] testing leven-distance-1.0.0 against nightly-2024-10-28 for randomize-layout
[INFO] extracting crate leven-distance 1.0.0 into /workspace/builds/worker-3-tc1/source
[INFO] validating manifest of crates.io crate leven-distance 1.0.0 on toolchain nightly-2024-10-28
[INFO] running `Command { std: CARGO_HOME="/workspace/cargo-home" RUSTUP_HOME="/workspace/rustup-home" "/workspace/cargo-home/bin/cargo" "+nightly-2024-10-28" "metadata" "--manifest-path" "Cargo.toml" "--no-deps", kill_on_drop: false }`
[INFO] started tweaking crates.io crate leven-distance 1.0.0
[INFO] finished tweaking crates.io crate leven-distance 1.0.0
[INFO] tweaked toml for crates.io crate leven-distance 1.0.0 written to /workspace/builds/worker-3-tc1/source/Cargo.toml
[INFO] running `Command { std: CARGO_HOME="/workspace/cargo-home" RUSTUP_HOME="/workspace/rustup-home" "/workspace/cargo-home/bin/cargo" "+nightly-2024-10-28" "generate-lockfile" "--manifest-path" "Cargo.toml", kill_on_drop: false }`
[INFO] running `Command { std: CARGO_HOME="/workspace/cargo-home" RUSTUP_HOME="/workspace/rustup-home" "/workspace/cargo-home/bin/cargo" "+nightly-2024-10-28" "fetch" "--manifest-path" "Cargo.toml", kill_on_drop: false }`
[INFO] running `Command { std: "docker" "create" "-v" "/var/lib/crater-agent-workspace/builds/worker-3-tc1/target:/opt/rustwide/target:rw,Z" "-v" "/var/lib/crater-agent-workspace/builds/worker-3-tc1/source:/opt/rustwide/workdir:ro,Z" "-v" "/var/lib/crater-agent-workspace/cargo-home:/opt/rustwide/cargo-home:ro,Z" "-v" "/var/lib/crater-agent-workspace/rustup-home:/opt/rustwide/rustup-home:ro,Z" "-e" "SOURCE_DIR=/opt/rustwide/workdir" "-e" "CARGO_TARGET_DIR=/opt/rustwide/target" "-e" "CARGO_HOME=/opt/rustwide/cargo-home" "-e" "RUSTUP_HOME=/opt/rustwide/rustup-home" "-w" "/opt/rustwide/workdir" "-m" "1610612736" "--user" "0:0" "--network" "none" "ghcr.io/rust-lang/crates-build-env/linux@sha256:4a844ea9eb2546a2d2c7022eacef16ef2e8229c7fbb2c7d4d55a9ceca922f72d" "/opt/rustwide/cargo-home/bin/cargo" "+nightly-2024-10-28" "metadata" "--no-deps" "--format-version=1", kill_on_drop: false }`
[INFO] [stdout] 30281d0cc7dac39010fcb2a238c25577a8becfa621751183e3cf98fd9b64c23c
[INFO] running `Command { std: "docker" "start" "-a" "30281d0cc7dac39010fcb2a238c25577a8becfa621751183e3cf98fd9b64c23c", kill_on_drop: false }`
[INFO] running `Command { std: "docker" "inspect" "30281d0cc7dac39010fcb2a238c25577a8becfa621751183e3cf98fd9b64c23c", kill_on_drop: false }`
[INFO] running `Command { std: "docker" "rm" "-f" "30281d0cc7dac39010fcb2a238c25577a8becfa621751183e3cf98fd9b64c23c", kill_on_drop: false }`
[INFO] [stdout] 30281d0cc7dac39010fcb2a238c25577a8becfa621751183e3cf98fd9b64c23c
[INFO] running `Command { std: "docker" "create" "-v" "/var/lib/crater-agent-workspace/builds/worker-3-tc1/target:/opt/rustwide/target:rw,Z" "-v" "/var/lib/crater-agent-workspace/builds/worker-3-tc1/source:/opt/rustwide/workdir:ro,Z" "-v" "/var/lib/crater-agent-workspace/cargo-home:/opt/rustwide/cargo-home:ro,Z" "-v" "/var/lib/crater-agent-workspace/rustup-home:/opt/rustwide/rustup-home:ro,Z" "-e" "SOURCE_DIR=/opt/rustwide/workdir" "-e" "CARGO_TARGET_DIR=/opt/rustwide/target" "-e" "CARGO_INCREMENTAL=0" "-e" "RUST_BACKTRACE=full" "-e" "RUSTFLAGS=--cap-lints=forbid" "-e" "RUSTDOCFLAGS=--cap-lints=forbid" "-e" "CARGO_HOME=/opt/rustwide/cargo-home" "-e" "RUSTUP_HOME=/opt/rustwide/rustup-home" "-w" "/opt/rustwide/workdir" "-m" "1610612736" "--user" "0:0" "--network" "none" "ghcr.io/rust-lang/crates-build-env/linux@sha256:4a844ea9eb2546a2d2c7022eacef16ef2e8229c7fbb2c7d4d55a9ceca922f72d" "/opt/rustwide/cargo-home/bin/cargo" "+nightly-2024-10-28" "build" "--frozen" "--message-format=json", kill_on_drop: false }`
[INFO] [stdout] 457ac417a9bde5b881540f621a0d8a1dbf6687e7251923213dc3bb8070f65e63
[INFO] running `Command { std: "docker" "start" "-a" "457ac417a9bde5b881540f621a0d8a1dbf6687e7251923213dc3bb8070f65e63", kill_on_drop: false }`
[INFO] [stderr]    Compiling leven-distance v1.0.0 (/opt/rustwide/workdir)
[INFO] [stderr]     Finished `dev` profile [unoptimized + debuginfo] target(s) in 0.27s
[INFO] running `Command { std: "docker" "inspect" "457ac417a9bde5b881540f621a0d8a1dbf6687e7251923213dc3bb8070f65e63", kill_on_drop: false }`
[INFO] running `Command { std: "docker" "rm" "-f" "457ac417a9bde5b881540f621a0d8a1dbf6687e7251923213dc3bb8070f65e63", kill_on_drop: false }`
[INFO] [stdout] 457ac417a9bde5b881540f621a0d8a1dbf6687e7251923213dc3bb8070f65e63
[INFO] running `Command { std: "docker" "create" "-v" "/var/lib/crater-agent-workspace/builds/worker-3-tc1/target:/opt/rustwide/target:rw,Z" "-v" "/var/lib/crater-agent-workspace/builds/worker-3-tc1/source:/opt/rustwide/workdir:ro,Z" "-v" "/var/lib/crater-agent-workspace/cargo-home:/opt/rustwide/cargo-home:ro,Z" "-v" "/var/lib/crater-agent-workspace/rustup-home:/opt/rustwide/rustup-home:ro,Z" "-e" "SOURCE_DIR=/opt/rustwide/workdir" "-e" "CARGO_TARGET_DIR=/opt/rustwide/target" "-e" "CARGO_INCREMENTAL=0" "-e" "RUST_BACKTRACE=full" "-e" "RUSTFLAGS=--cap-lints=forbid" "-e" "RUSTDOCFLAGS=--cap-lints=forbid" "-e" "CARGO_HOME=/opt/rustwide/cargo-home" "-e" "RUSTUP_HOME=/opt/rustwide/rustup-home" "-w" "/opt/rustwide/workdir" "-m" "1610612736" "--user" "0:0" "--network" "none" "ghcr.io/rust-lang/crates-build-env/linux@sha256:4a844ea9eb2546a2d2c7022eacef16ef2e8229c7fbb2c7d4d55a9ceca922f72d" "/opt/rustwide/cargo-home/bin/cargo" "+nightly-2024-10-28" "test" "--frozen" "--no-run" "--message-format=json", kill_on_drop: false }`
[INFO] [stdout] d55c524bedcb3c1e1fcc1f098e49746c64bd4ff84f211f485de0987e0a6604fb
[INFO] running `Command { std: "docker" "start" "-a" "d55c524bedcb3c1e1fcc1f098e49746c64bd4ff84f211f485de0987e0a6604fb", kill_on_drop: false }`
[INFO] [stderr]    Compiling leven-distance v1.0.0 (/opt/rustwide/workdir)
[INFO] [stderr]     Finished `test` profile [unoptimized + debuginfo] target(s) in 0.22s
[INFO] running `Command { std: "docker" "inspect" "d55c524bedcb3c1e1fcc1f098e49746c64bd4ff84f211f485de0987e0a6604fb", kill_on_drop: false }`
[INFO] running `Command { std: "docker" "rm" "-f" "d55c524bedcb3c1e1fcc1f098e49746c64bd4ff84f211f485de0987e0a6604fb", kill_on_drop: false }`
[INFO] [stdout] d55c524bedcb3c1e1fcc1f098e49746c64bd4ff84f211f485de0987e0a6604fb
[INFO] running `Command { std: "docker" "create" "-v" "/var/lib/crater-agent-workspace/builds/worker-3-tc1/target:/opt/rustwide/target:rw,Z" "-v" "/var/lib/crater-agent-workspace/builds/worker-3-tc1/source:/opt/rustwide/workdir:ro,Z" "-v" "/var/lib/crater-agent-workspace/cargo-home:/opt/rustwide/cargo-home:ro,Z" "-v" "/var/lib/crater-agent-workspace/rustup-home:/opt/rustwide/rustup-home:ro,Z" "-e" "SOURCE_DIR=/opt/rustwide/workdir" "-e" "CARGO_TARGET_DIR=/opt/rustwide/target" "-e" "CARGO_INCREMENTAL=0" "-e" "RUST_BACKTRACE=full" "-e" "RUSTFLAGS=--cap-lints=forbid" "-e" "RUSTDOCFLAGS=--cap-lints=forbid" "-e" "CARGO_HOME=/opt/rustwide/cargo-home" "-e" "RUSTUP_HOME=/opt/rustwide/rustup-home" "-w" "/opt/rustwide/workdir" "-m" "1610612736" "--user" "0:0" "--network" "none" "ghcr.io/rust-lang/crates-build-env/linux@sha256:4a844ea9eb2546a2d2c7022eacef16ef2e8229c7fbb2c7d4d55a9ceca922f72d" "/opt/rustwide/cargo-home/bin/cargo" "+nightly-2024-10-28" "test" "--frozen", kill_on_drop: false }`
[INFO] [stdout] e5c17d4cdab2ce14720c4b034d395de770cc8f53e594b12356aba4a9d7186f10
[INFO] running `Command { std: "docker" "start" "-a" "e5c17d4cdab2ce14720c4b034d395de770cc8f53e594b12356aba4a9d7186f10", kill_on_drop: false }`
[INFO] [stderr]     Finished `test` profile [unoptimized + debuginfo] target(s) in 0.01s
[INFO] [stderr]      Running unittests src/lib.rs (/opt/rustwide/target/debug/deps/leven_distance-80149ed7ffde628b)
[INFO] [stdout] 
[INFO] [stdout] running 0 tests
[INFO] [stderr]      Running tests/simple_test.rs (/opt/rustwide/target/debug/deps/simple_test-0882193efcd2721d)
[INFO] [stdout] 
[INFO] [stdout] test result: ok. 0 passed; 0 failed; 0 ignored; 0 measured; 0 filtered out; finished in 0.00s
[INFO] [stdout] 
[INFO] [stdout] 
[INFO] [stdout] running 2 tests
[INFO] [stdout] test cost_test ... ok
[INFO] [stdout] test default_test ... ok
[INFO] [stdout] 
[INFO] [stdout] test result: ok. 2 passed; 0 failed; 0 ignored; 0 measured; 0 filtered out; finished in 0.00s
[INFO] [stdout] 
[INFO] [stderr]    Doc-tests leven_distance
[INFO] [stdout] 
[INFO] [stdout] running 7 tests
[INFO] [stdout] test src/levenshtein.rs - levenshtein::Levenshtein::set_delete_cost (line 74) ... FAILED
[INFO] [stdout] test src/levenshtein.rs - levenshtein::Levenshtein::set_replace_cost (line 58) ... FAILED
[INFO] [stdout] test src/levenshtein.rs - levenshtein::Levenshtein::calculate (line 93) ... FAILED
[INFO] [stdout] test src/levenshtein.rs - levenshtein::Levenshtein::new (line 26) ... FAILED
[INFO] [stdout] test src/levenshtein.rs - levenshtein::Levenshtein::set_insert_cost (line 42) ... FAILED
[INFO] [stdout] test src/structures.rs - structures::Results::sequence (line 47) ... FAILED
[INFO] [stdout] test src/structures.rs - structures::Results::distance (line 29) ... FAILED
[INFO] [stdout] 
[INFO] [stdout] failures:
[INFO] [stdout] 
[INFO] [stdout] ---- src/levenshtein.rs - levenshtein::Levenshtein::set_delete_cost (line 74) stdout ----
[INFO] [stdout] error[E0433]: failed to resolve: use of undeclared type `Levenshtein`
[INFO] [stdout]  --> src/levenshtein.rs:75:23
[INFO] [stdout]   |
[INFO] [stdout] 3 | let mut levenshtein = Levenshtein::new();
[INFO] [stdout]   |                       ^^^^^^^^^^^ use of undeclared type `Levenshtein`
[INFO] [stdout]   |
[INFO] [stdout] help: consider importing this struct
[INFO] [stdout]   |
[INFO] [stdout] 2 + use leven_distance::Levenshtein;
[INFO] [stdout]   |
[INFO] [stdout] 
[INFO] [stdout] error: aborting due to 1 previous error
[INFO] [stdout] 
[INFO] [stdout] For more information about this error, try `rustc --explain E0433`.
[INFO] [stdout] Couldn't compile the test.
[INFO] [stdout] ---- src/levenshtein.rs - levenshtein::Levenshtein::set_replace_cost (line 58) stdout ----
[INFO] [stdout] error[E0433]: failed to resolve: use of undeclared type `Levenshtein`
[INFO] [stdout]  --> src/levenshtein.rs:59:23
[INFO] [stdout]   |
[INFO] [stdout] 3 | let mut levenshtein = Levenshtein::new();
[INFO] [stdout]   |                       ^^^^^^^^^^^ use of undeclared type `Levenshtein`
[INFO] [stdout]   |
[INFO] [stdout] help: consider importing this struct
[INFO] [stdout]   |
[INFO] [stdout] 2 + use leven_distance::Levenshtein;
[INFO] [stdout]   |
[INFO] [stdout] 
[INFO] [stdout] error: aborting due to 1 previous error
[INFO] [stdout] 
[INFO] [stdout] For more information about this error, try `rustc --explain E0433`.
[INFO] [stdout] Couldn't compile the test.
[INFO] [stdout] ---- src/levenshtein.rs - levenshtein::Levenshtein::calculate (line 93) stdout ----
[INFO] [stdout] error[E0433]: failed to resolve: use of undeclared type `Levenshtein`
[INFO] [stdout]  --> src/levenshtein.rs:94:19
[INFO] [stdout]   |
[INFO] [stdout] 3 | let levenshtein = Levenshtein::new();
[INFO] [stdout]   |                   ^^^^^^^^^^^ use of undeclared type `Levenshtein`
[INFO] [stdout]   |
[INFO] [stdout] help: consider importing this struct
[INFO] [stdout]   |
[INFO] [stdout] 2 + use leven_distance::Levenshtein;
[INFO] [stdout]   |
[INFO] [stdout] 
[INFO] [stdout] error: aborting due to 1 previous error
[INFO] [stdout] 
[INFO] [stdout] For more information about this error, try `rustc --explain E0433`.
[INFO] [stdout] Couldn't compile the test.
[INFO] [stdout] ---- src/levenshtein.rs - levenshtein::Levenshtein::new (line 26) stdout ----
[INFO] [stdout] error[E0433]: failed to resolve: use of undeclared type `Levenshtein`
[INFO] [stdout]  --> src/levenshtein.rs:27:19
[INFO] [stdout]   |
[INFO] [stdout] 3 | let levenshtein = Levenshtein::new();
[INFO] [stdout]   |                   ^^^^^^^^^^^ use of undeclared type `Levenshtein`
[INFO] [stdout]   |
[INFO] [stdout] help: consider importing this struct
[INFO] [stdout]   |
[INFO] [stdout] 2 + use leven_distance::Levenshtein;
[INFO] [stdout]   |
[INFO] [stdout] 
[INFO] [stdout] error: aborting due to 1 previous error
[INFO] [stdout] 
[INFO] [stdout] For more information about this error, try `rustc --explain E0433`.
[INFO] [stdout] Couldn't compile the test.
[INFO] [stdout] ---- src/levenshtein.rs - levenshtein::Levenshtein::set_insert_cost (line 42) stdout ----
[INFO] [stdout] error[E0433]: failed to resolve: use of undeclared type `Levenshtein`
[INFO] [stdout]  --> src/levenshtein.rs:43:23
[INFO] [stdout]   |
[INFO] [stdout] 3 | let mut levenshtein = Levenshtein::new();
[INFO] [stdout]   |                       ^^^^^^^^^^^ use of undeclared type `Levenshtein`
[INFO] [stdout]   |
[INFO] [stdout] help: consider importing this struct
[INFO] [stdout]   |
[INFO] [stdout] 2 + use leven_distance::Levenshtein;
[INFO] [stdout]   |
[INFO] [stdout] 
[INFO] [stdout] error: aborting due to 1 previous error
[INFO] [stdout] 
[INFO] [stdout] For more information about this error, try `rustc --explain E0433`.
[INFO] [stdout] Couldn't compile the test.
[INFO] [stdout] ---- src/structures.rs - structures::Results::sequence (line 47) stdout ----
[INFO] [stdout] error[E0433]: failed to resolve: use of undeclared type `Results`
[INFO] [stdout]  --> src/structures.rs:48:15
[INFO] [stdout]   |
[INFO] [stdout] 3 | let results = Results::new(3, vec![vec![0, 1, 2], vec![1, 2, 3]]);
[INFO] [stdout]   |               ^^^^^^^ use of undeclared type `Results`
[INFO] [stdout]   |
[INFO] [stdout] help: an enum with a similar name exists
[INFO] [stdout]   |
[INFO] [stdout] 3 | let results = Result::new(3, vec![vec![0, 1, 2], vec![1, 2, 3]]);
[INFO] [stdout]   |               ~~~~~~
[INFO] [stdout] help: consider importing this struct
[INFO] [stdout]   |
[INFO] [stdout] 2 + use leven_distance::Results;
[INFO] [stdout]   |
[INFO] [stdout] 
[INFO] [stdout] error: aborting due to 1 previous error
[INFO] [stdout] 
[INFO] [stdout] For more information about this error, try `rustc --explain E0433`.
[INFO] [stdout] Couldn't compile the test.
[INFO] [stdout] ---- src/structures.rs - structures::Results::distance (line 29) stdout ----
[INFO] [stdout] error[E0433]: failed to resolve: use of undeclared type `Results`
[INFO] [stdout]  --> src/structures.rs:30:15
[INFO] [stdout]   |
[INFO] [stdout] 3 | let results = Results::new(3, vec![vec![0, 1, 2], vec![1, 2, 3]]);
[INFO] [stdout]   |               ^^^^^^^ use of undeclared type `Results`
[INFO] [stdout]   |
[INFO] [stdout] help: an enum with a similar name exists
[INFO] [stdout]   |
[INFO] [stdout] 3 | let results = Result::new(3, vec![vec![0, 1, 2], vec![1, 2, 3]]);
[INFO] [stdout]   |               ~~~~~~
[INFO] [stdout] help: consider importing this struct
[INFO] [stdout]   |
[INFO] [stdout] 2 + use leven_distance::Results;
[INFO] [stdout]   |
[INFO] [stdout] 
[INFO] [stdout] error: aborting due to 1 previous error
[INFO] [stdout] 
[INFO] [stdout] For more information about this error, try `rustc --explain E0433`.
[INFO] [stdout] Couldn't compile the test.
[INFO] [stdout] 
[INFO] [stdout] failures:
[INFO] [stdout]     src/levenshtein.rs - levenshtein::Levenshtein::calculate (line 93)
[INFO] [stdout]     src/levenshtein.rs - levenshtein::Levenshtein::new (line 26)
[INFO] [stdout]     src/levenshtein.rs - levenshtein::Levenshtein::set_delete_cost (line 74)
[INFO] [stdout]     src/levenshtein.rs - levenshtein::Levenshtein::set_insert_cost (line 42)
[INFO] [stdout]     src/levenshtein.rs - levenshtein::Levenshtein::set_replace_cost (line 58)
[INFO] [stdout]     src/structures.rs - structures::Results::distance (line 29)
[INFO] [stdout]     src/structures.rs - structures::Results::sequence (line 47)
[INFO] [stdout] 
[INFO] [stdout] test result: FAILED. 0 passed; 7 failed; 0 ignored; 0 measured; 0 filtered out; finished in 0.11s
[INFO] [stdout] 
[INFO] [stderr] error: doctest failed, to rerun pass `--doc`
[INFO] running `Command { std: "docker" "inspect" "e5c17d4cdab2ce14720c4b034d395de770cc8f53e594b12356aba4a9d7186f10", kill_on_drop: false }`
[INFO] running `Command { std: "docker" "rm" "-f" "e5c17d4cdab2ce14720c4b034d395de770cc8f53e594b12356aba4a9d7186f10", kill_on_drop: false }`
[INFO] [stdout] e5c17d4cdab2ce14720c4b034d395de770cc8f53e594b12356aba4a9d7186f10
