[INFO] fetching crate lets_expect 0.5.1...
[INFO] testing lets_expect-0.5.1 against nightly-2024-10-28+rustflags=-Zrandomize-layout for randomize-layout
[INFO] extracting crate lets_expect 0.5.1 into /workspace/builds/worker-6-tc2/source
[INFO] validating manifest of crates.io crate lets_expect 0.5.1 on toolchain nightly-2024-10-28
[INFO] running `Command { std: CARGO_HOME="/workspace/cargo-home" RUSTUP_HOME="/workspace/rustup-home" "/workspace/cargo-home/bin/cargo" "+nightly-2024-10-28" "metadata" "--manifest-path" "Cargo.toml" "--no-deps", kill_on_drop: false }`
[INFO] started tweaking crates.io crate lets_expect 0.5.1
[INFO] finished tweaking crates.io crate lets_expect 0.5.1
[INFO] tweaked toml for crates.io crate lets_expect 0.5.1 written to /workspace/builds/worker-6-tc2/source/Cargo.toml
[INFO] running `Command { std: CARGO_HOME="/workspace/cargo-home" RUSTUP_HOME="/workspace/rustup-home" "/workspace/cargo-home/bin/cargo" "+nightly-2024-10-28" "generate-lockfile" "--manifest-path" "Cargo.toml", kill_on_drop: false }`
[INFO] [stderr]     Updating crates.io index
[INFO] [stderr]      Locking 49 packages to latest compatible versions
[INFO] running `Command { std: CARGO_HOME="/workspace/cargo-home" RUSTUP_HOME="/workspace/rustup-home" "/workspace/cargo-home/bin/cargo" "+nightly-2024-10-28" "fetch" "--manifest-path" "Cargo.toml", kill_on_drop: false }`
[INFO] running `Command { std: "docker" "create" "-v" "/var/lib/crater-agent-workspace/builds/worker-6-tc2/target:/opt/rustwide/target:rw,Z" "-v" "/var/lib/crater-agent-workspace/builds/worker-6-tc2/source:/opt/rustwide/workdir:ro,Z" "-v" "/var/lib/crater-agent-workspace/cargo-home:/opt/rustwide/cargo-home:ro,Z" "-v" "/var/lib/crater-agent-workspace/rustup-home:/opt/rustwide/rustup-home:ro,Z" "-e" "SOURCE_DIR=/opt/rustwide/workdir" "-e" "CARGO_TARGET_DIR=/opt/rustwide/target" "-e" "CARGO_HOME=/opt/rustwide/cargo-home" "-e" "RUSTUP_HOME=/opt/rustwide/rustup-home" "-w" "/opt/rustwide/workdir" "-m" "1610612736" "--user" "0:0" "--network" "none" "ghcr.io/rust-lang/crates-build-env/linux@sha256:4a844ea9eb2546a2d2c7022eacef16ef2e8229c7fbb2c7d4d55a9ceca922f72d" "/opt/rustwide/cargo-home/bin/cargo" "+nightly-2024-10-28" "metadata" "--no-deps" "--format-version=1", kill_on_drop: false }`
[INFO] [stdout] 5277106bc25ae1c5a58d42140fc2062066d320ad921d041a4f03fa64fe72bd0e
[INFO] running `Command { std: "docker" "start" "-a" "5277106bc25ae1c5a58d42140fc2062066d320ad921d041a4f03fa64fe72bd0e", kill_on_drop: false }`
[INFO] running `Command { std: "docker" "inspect" "5277106bc25ae1c5a58d42140fc2062066d320ad921d041a4f03fa64fe72bd0e", kill_on_drop: false }`
[INFO] running `Command { std: "docker" "rm" "-f" "5277106bc25ae1c5a58d42140fc2062066d320ad921d041a4f03fa64fe72bd0e", kill_on_drop: false }`
[INFO] [stdout] 5277106bc25ae1c5a58d42140fc2062066d320ad921d041a4f03fa64fe72bd0e
[INFO] running `Command { std: "docker" "create" "-v" "/var/lib/crater-agent-workspace/builds/worker-6-tc2/target:/opt/rustwide/target:rw,Z" "-v" "/var/lib/crater-agent-workspace/builds/worker-6-tc2/source:/opt/rustwide/workdir:ro,Z" "-v" "/var/lib/crater-agent-workspace/cargo-home:/opt/rustwide/cargo-home:ro,Z" "-v" "/var/lib/crater-agent-workspace/rustup-home:/opt/rustwide/rustup-home:ro,Z" "-e" "SOURCE_DIR=/opt/rustwide/workdir" "-e" "CARGO_TARGET_DIR=/opt/rustwide/target" "-e" "CARGO_INCREMENTAL=0" "-e" "RUST_BACKTRACE=full" "-e" "RUSTFLAGS=--cap-lints=forbid -Zrandomize-layout" "-e" "RUSTDOCFLAGS=--cap-lints=forbid" "-e" "CARGO_HOME=/opt/rustwide/cargo-home" "-e" "RUSTUP_HOME=/opt/rustwide/rustup-home" "-w" "/opt/rustwide/workdir" "-m" "1610612736" "--user" "0:0" "--network" "none" "ghcr.io/rust-lang/crates-build-env/linux@sha256:4a844ea9eb2546a2d2c7022eacef16ef2e8229c7fbb2c7d4d55a9ceca922f72d" "/opt/rustwide/cargo-home/bin/cargo" "+nightly-2024-10-28" "build" "--frozen" "--message-format=json", kill_on_drop: false }`
[INFO] [stdout] 3d619751507201a5865b06d7e26a63c4e9a2b777c24053aaf885245ce2bcdfce
[INFO] running `Command { std: "docker" "start" "-a" "3d619751507201a5865b06d7e26a63c4e9a2b777c24053aaf885245ce2bcdfce", kill_on_drop: false }`
[INFO] [stderr]    Compiling proc-macro2 v1.0.89
[INFO] [stderr]    Compiling unicode-ident v1.0.13
[INFO] [stderr]    Compiling syn v1.0.109
[INFO] [stderr]    Compiling lazy_static v1.5.0
[INFO] [stderr]    Compiling english-numbers v0.3.3
[INFO] [stderr]    Compiling topological-sort v0.2.2
[INFO] [stderr]    Compiling colored v2.1.0
[INFO] [stderr]    Compiling quote v1.0.37
[INFO] [stderr]    Compiling lets_expect_core v0.5.1
[INFO] [stderr]    Compiling lets_expect_assertions v0.5.1
[INFO] [stderr]    Compiling lets_expect_macro v0.5.1
[INFO] [stderr]    Compiling lets_expect v0.5.1 (/opt/rustwide/workdir)
[INFO] [stderr]     Finished `dev` profile [unoptimized + debuginfo] target(s) in 7.16s
[INFO] running `Command { std: "docker" "inspect" "3d619751507201a5865b06d7e26a63c4e9a2b777c24053aaf885245ce2bcdfce", kill_on_drop: false }`
[INFO] running `Command { std: "docker" "rm" "-f" "3d619751507201a5865b06d7e26a63c4e9a2b777c24053aaf885245ce2bcdfce", kill_on_drop: false }`
[INFO] [stdout] 3d619751507201a5865b06d7e26a63c4e9a2b777c24053aaf885245ce2bcdfce
[INFO] running `Command { std: "docker" "create" "-v" "/var/lib/crater-agent-workspace/builds/worker-6-tc2/target:/opt/rustwide/target:rw,Z" "-v" "/var/lib/crater-agent-workspace/builds/worker-6-tc2/source:/opt/rustwide/workdir:ro,Z" "-v" "/var/lib/crater-agent-workspace/cargo-home:/opt/rustwide/cargo-home:ro,Z" "-v" "/var/lib/crater-agent-workspace/rustup-home:/opt/rustwide/rustup-home:ro,Z" "-e" "SOURCE_DIR=/opt/rustwide/workdir" "-e" "CARGO_TARGET_DIR=/opt/rustwide/target" "-e" "CARGO_INCREMENTAL=0" "-e" "RUST_BACKTRACE=full" "-e" "RUSTFLAGS=--cap-lints=forbid -Zrandomize-layout" "-e" "RUSTDOCFLAGS=--cap-lints=forbid" "-e" "CARGO_HOME=/opt/rustwide/cargo-home" "-e" "RUSTUP_HOME=/opt/rustwide/rustup-home" "-w" "/opt/rustwide/workdir" "-m" "1610612736" "--user" "0:0" "--network" "none" "ghcr.io/rust-lang/crates-build-env/linux@sha256:4a844ea9eb2546a2d2c7022eacef16ef2e8229c7fbb2c7d4d55a9ceca922f72d" "/opt/rustwide/cargo-home/bin/cargo" "+nightly-2024-10-28" "test" "--frozen" "--no-run" "--message-format=json", kill_on_drop: false }`
[INFO] [stdout] 5b4c24c0fbf6764e41d4fcffa73a99c640e98e4d57cac2594483a8ac797d0236
[INFO] running `Command { std: "docker" "start" "-a" "5b4c24c0fbf6764e41d4fcffa73a99c640e98e4d57cac2594483a8ac797d0236", kill_on_drop: false }`
[INFO] [stderr]    Compiling futures-core v0.3.31
[INFO] [stderr]    Compiling bytes v1.8.0
[INFO] [stderr]    Compiling tokio v1.41.0
[INFO] [stderr]    Compiling syn v2.0.86
[INFO] [stderr]    Compiling tokio-stream v0.1.16
[INFO] [stderr]    Compiling async-stream-impl v0.3.6
[INFO] [stderr]    Compiling async-stream v0.3.6
[INFO] [stderr]    Compiling tokio-test v0.4.4
[INFO] [stderr]    Compiling lets_expect v0.5.1 (/opt/rustwide/workdir)
[INFO] [stderr]     Finished `test` profile [unoptimized + debuginfo] target(s) in 6.49s
[INFO] running `Command { std: "docker" "inspect" "5b4c24c0fbf6764e41d4fcffa73a99c640e98e4d57cac2594483a8ac797d0236", kill_on_drop: false }`
[INFO] running `Command { std: "docker" "rm" "-f" "5b4c24c0fbf6764e41d4fcffa73a99c640e98e4d57cac2594483a8ac797d0236", kill_on_drop: false }`
[INFO] [stdout] 5b4c24c0fbf6764e41d4fcffa73a99c640e98e4d57cac2594483a8ac797d0236
[INFO] running `Command { std: "docker" "create" "-v" "/var/lib/crater-agent-workspace/builds/worker-6-tc2/target:/opt/rustwide/target:rw,Z" "-v" "/var/lib/crater-agent-workspace/builds/worker-6-tc2/source:/opt/rustwide/workdir:ro,Z" "-v" "/var/lib/crater-agent-workspace/cargo-home:/opt/rustwide/cargo-home:ro,Z" "-v" "/var/lib/crater-agent-workspace/rustup-home:/opt/rustwide/rustup-home:ro,Z" "-e" "SOURCE_DIR=/opt/rustwide/workdir" "-e" "CARGO_TARGET_DIR=/opt/rustwide/target" "-e" "CARGO_INCREMENTAL=0" "-e" "RUST_BACKTRACE=full" "-e" "RUSTFLAGS=--cap-lints=forbid -Zrandomize-layout" "-e" "RUSTDOCFLAGS=--cap-lints=forbid" "-e" "CARGO_HOME=/opt/rustwide/cargo-home" "-e" "RUSTUP_HOME=/opt/rustwide/rustup-home" "-w" "/opt/rustwide/workdir" "-m" "1610612736" "--user" "0:0" "--network" "none" "ghcr.io/rust-lang/crates-build-env/linux@sha256:4a844ea9eb2546a2d2c7022eacef16ef2e8229c7fbb2c7d4d55a9ceca922f72d" "/opt/rustwide/cargo-home/bin/cargo" "+nightly-2024-10-28" "test" "--frozen", kill_on_drop: false }`
[INFO] [stdout] b687b6b235c63297e59a85d302e98c8ee29a1021d14a442281f7bd494f9a2e2f
[INFO] running `Command { std: "docker" "start" "-a" "b687b6b235c63297e59a85d302e98c8ee29a1021d14a442281f7bd494f9a2e2f", kill_on_drop: false }`
[INFO] [stderr]     Finished `test` profile [unoptimized + debuginfo] target(s) in 0.06s
[INFO] [stderr]      Running unittests src/lib.rs (/opt/rustwide/target/debug/deps/lets_expect-023f21e89ebb896a)
[INFO] [stdout] 
[INFO] [stdout] running 0 tests
[INFO] [stdout] 
[INFO] [stdout] test result: ok. 0 passed; 0 failed; 0 ignored; 0 measured; 0 filtered out; finished in 0.00s
[INFO] [stdout] 
[INFO] [stderr]      Running tests/array.rs (/opt/rustwide/target/debug/deps/array-4d9a0c9f6231b332)
[INFO] [stdout] 
[INFO] [stdout] running 8 tests
[INFO] [stdout] test tests::expect_array::to_have_data_at_range_from_one_to_vec_equal_vec ... ok
[INFO] [stdout] test tests::expect_array_of_non_copy_type::to_make_ref_unrelated_array_data_at_zero_equal_vec ... ok
[INFO] [stdout] test tests::expect_array::to_have_data_at_zero_equal_one ... ok
[INFO] [stdout] test tests::expect_array_of_non_copy_type::to_have_ref_data_at_one_equal_vec ... ok
[INFO] [stdout] test tests::expect_empty_array_as_array_of_zero_u8::to_have_len_equal_zero ... ok
[INFO] [stdout] test tests::expect_one_two_three::to_contain_valid_elements ... ok
[INFO] [stdout] test tests::expect_one_two_three::to_have_mut_iter_all_be_greater_than_zero ... ok
[INFO] [stdout] test tests::expect_one_two_three::to_have_mut_iter_any_be_less_or_equal_to_one ... ok
[INFO] [stderr]      Running tests/before_and_after.rs (/opt/rustwide/target/debug/deps/before_and_after-b01a4c138eebeda5)
[INFO] [stdout] 
[INFO] [stdout] test result: ok. 8 passed; 0 failed; 0 ignored; 0 measured; 0 filtered out; finished in 0.00s
[INFO] [stdout] 
[INFO] [stdout] 
[INFO] [stdout] running 5 tests
[INFO] [stdout] test tests::expect_messages_len::to_equal_one ... ok
[INFO] [stdout] test tests::expect_messages_push_string::to_change_messages_len_from_one_and_to_two ... ok
[INFO] [stdout] test tests::expect_messages_to_not_be_empty ... ok
[INFO] [stdout] test tests::when_there_are_two_messages::expect_messages_len::to_equal_two ... ok
[INFO] [stdout] test tests::when_there_are_two_messages::expect_second_message::to_equal_string ... ok
[INFO] [stdout] 
[INFO] [stdout] test result: ok. 5 passed; 0 failed; 0 ignored; 0 measured; 0 filtered out; finished in 0.00s
[INFO] [stdout] 
[INFO] [stderr]      Running tests/change.rs (/opt/rustwide/target/debug/deps/change-936b5fb99da44d1b)
[INFO] [stdout] 
[INFO] [stdout] running 1 test
[INFO] [stdout] test tests::expect_point_x_is_five::to_change_only_x ... ok
[INFO] [stdout] 
[INFO] [stdout] test result: ok. 1 passed; 0 failed; 0 ignored; 0 measured; 0 filtered out; finished in 0.00s
[INFO] [stdout] 
[INFO] [stderr]      Running tests/custom_assertion.rs (/opt/rustwide/target/debug/deps/custom_assertion-eb79aa8d99a6dbb8)
[INFO] [stdout] 
[INFO] [stdout] running 1 test
[INFO] [stdout] test tests::expect_point::to_have_valid_coordinates ... ok
[INFO] [stdout] 
[INFO] [stdout] test result: ok. 1 passed; 0 failed; 0 ignored; 0 measured; 0 filtered out; finished in 0.00s
[INFO] [stdout] 
[INFO] [stderr]      Running tests/custom_change_assertion.rs (/opt/rustwide/target/debug/deps/custom_change_assertion-536a3aa2ac4c9413)
[INFO] [stdout] 
[INFO] [stdout] running 1 test
[INFO] [stdout] test tests::expect_a_multiply_equal_five::to_change_a_by_multiplying_by_five ... ok
[INFO] [stdout] 
[INFO] [stdout] test result: ok. 1 passed; 0 failed; 0 ignored; 0 measured; 0 filtered out; finished in 0.00s
[INFO] [stdout] 
[INFO] [stderr]      Running tests/enums.rs (/opt/rustwide/target/debug/deps/enums-71be5d9ac6608748)
[INFO] [stdout] 
[INFO] [stdout] running 2 tests
[INFO] [stdout] test tests::expect_response_usercreated::to_be_user_created ... ok
[INFO] [stdout] test tests::expect_response_validationfailed_string::to_match_email ... ok
[INFO] [stdout] 
[INFO] [stdout] test result: ok. 2 passed; 0 failed; 0 ignored; 0 measured; 0 filtered out; finished in 0.00s
[INFO] [stderr]      Running tests/have.rs (/opt/rustwide/target/debug/deps/have-14b81b9d50cb50c6)
[INFO] [stdout] 
[INFO] [stdout] 
[INFO] [stdout] running 6 tests
[INFO] [stdout] test tests::expect_a_plus_b::to_have_valid_coordinates ... ok
[INFO] [stdout] test tests::expect_segment::to_access_the_same_value_twice ... ok
[INFO] [stdout] test tests::expect_a_plus_b::when_valid_sum_is_string_to_string::to_have_to_string_equal_valid_sum ... ok
[INFO] [stdout] test tests::expect_segment::to_have_valid_coordinates ... ok
[INFO] [stdout] test tests::expect_struct_with_nested_fields::to_have_nested_field_equal_two ... ok
[INFO] [stdout] test tests::expect_struct_with_nested_fields::to_have_valid_fields ... ok
[INFO] [stdout] 
[INFO] [stdout] test result: ok. 6 passed; 0 failed; 0 ignored; 0 measured; 0 filtered out; finished in 0.00s
[INFO] [stdout] 
[INFO] [stderr]      Running tests/let.rs (/opt/rustwide/target/debug/deps/let-6eec5c57dcb7a90c)
[INFO] [stdout] 
[INFO] [stdout] running 6 tests
[INFO] [stdout] test tests::expect_a::to_equal_one ... ok
[INFO] [stdout] test tests::expect_a_plus_b_plus_c_equals_five::to_be_true ... ok
[INFO] [stdout] test tests::expect_multiplied_by_2::when_value_is_number_1267650600228229401496703205376::to_equal_number_2535301200456458802993406410752 ... ok
[INFO] [stdout] test tests::expect_multiplied_by_2::when_value_is_value_times_three::to_equal_thirty ... ok
[INFO] [stdout] test tests::expect_multiplied_by_2::when_value_is_ten::to_equal_twenty ... ok
[INFO] [stdout] test tests::expect_a_plus_b::to_equal_four ... ok
[INFO] [stdout] 
[INFO] [stdout] test result: ok. 6 passed; 0 failed; 0 ignored; 0 measured; 0 filtered out; finished in 0.00s
[INFO] [stdout] 
[INFO] [stderr]      Running tests/make.rs (/opt/rustwide/target/debug/deps/make-1e8a3e1f3bd91c08)
[INFO] [stdout] 
[INFO] [stdout] running 2 tests
[INFO] [stdout] test tests::expect_point_x_is_five::to_have_valid_coordinates ... ok
[INFO] [stdout] test tests::expect_segment::to_pass_the_same_make_assertion_twice ... ok
[INFO] [stderr]      Running tests/mut.rs (/opt/rustwide/target/debug/deps/mut-f655782b9892a8d7)
[INFO] [stdout] 
[INFO] [stdout] test result: ok. 2 passed; 0 failed; 0 ignored; 0 measured; 0 filtered out; finished in 0.00s
[INFO] [stdout] 
[INFO] [stdout] 
[INFO] [stdout] running 2 tests
[INFO] [stderr]      Running tests/options.rs (/opt/rustwide/target/debug/deps/options-639fd82254e262ad)
[INFO] [stdout] test tests::expect_a::to_equal_2 ... ok
[INFO] [stdout] test tests::expect_a_add_equal_one::when_a_is_one::to_change_a_from_one_and_to_two ... ok
[INFO] [stdout] 
[INFO] [stdout] test result: ok. 2 passed; 0 failed; 0 ignored; 0 measured; 0 filtered out; finished in 0.00s
[INFO] [stdout] 
[INFO] [stdout] 
[INFO] [stdout] running 3 tests
[INFO] [stdout] test tests::expect_none_as_option::to_be_none ... ok
[INFO] [stdout] test tests::expect_some_one_as_option::to_be_some ... ok
[INFO] [stdout] test tests::expect_some_one_as_option::to_be_some_and_equal_one ... ok
[INFO] [stdout] 
[INFO] [stderr]      Running tests/panic.rs (/opt/rustwide/target/debug/deps/panic-d684c693c7b17a65)
[INFO] [stdout] test result: ok. 3 passed; 0 failed; 0 ignored; 0 measured; 0 filtered out; finished in 0.00s
[INFO] [stdout] 
[INFO] [stdout] 
[INFO] [stdout] running 2 tests
[INFO] [stdout] test tests::expect_true::to_not_panic ... ok
[INFO] [stdout] test tests::expect_panic::to_panic ... ok
[INFO] [stderr]      Running tests/point.rs (/opt/rustwide/target/debug/deps/point-7584d6d906e6495f)
[INFO] [stdout] 
[INFO] [stdout] test result: ok. 2 passed; 0 failed; 0 ignored; 0 measured; 0 filtered out; finished in 0.03s
[INFO] [stdout] 
[INFO] [stdout] 
[INFO] [stdout] running 0 tests
[INFO] [stdout] 
[INFO] [stdout] test result: ok. 0 passed; 0 failed; 0 ignored; 0 measured; 0 filtered out; finished in 0.00s
[INFO] [stdout] 
[INFO] [stderr]      Running tests/ranges.rs (/opt/rustwide/target/debug/deps/ranges-89abb96fde59a19b)
[INFO] [stdout] 
[INFO] [stdout] running 1 test
[INFO] [stdout] test tests::expect_range_from_one_to_four::to_contain_expected_values ... ok
[INFO] [stdout] 
[INFO] [stdout] test result: ok. 1 passed; 0 failed; 0 ignored; 0 measured; 0 filtered out; finished in 0.00s
[INFO] [stdout] 
[INFO] [stderr]      Running tests/results.rs (/opt/rustwide/target/debug/deps/results-22b108c011163aa9)
[INFO] [stdout] 
[INFO] [stdout] running 4 tests
[INFO] [stdout] test tests::expect_ok_one_as_result::to_be_ok ... ok
[INFO] [stdout] test tests::expect_err_two_as_result::to_be_err ... ok
[INFO] [stdout] test tests::expect_ok_one_as_result::to_be_ok_and_equal_one ... ok
[INFO] [stdout] test tests::expect_err_two_as_result::to_be_err_and_equal_two ... ok
[INFO] [stdout] 
[INFO] [stdout] test result: ok. 4 passed; 0 failed; 0 ignored; 0 measured; 0 filtered out; finished in 0.00s
[INFO] [stdout] 
[INFO] [stderr]      Running tests/story.rs (/opt/rustwide/target/debug/deps/story-5a7c828ec99a6661)
[INFO] [stdout] 
[INFO] [stdout] running 1 test
[INFO] [stdout] test tests::login_is_successful ... ok
[INFO] [stdout] 
[INFO] [stdout] test result: ok. 1 passed; 0 failed; 0 ignored; 0 measured; 0 filtered out; finished in 0.00s
[INFO] [stdout] 
[INFO] [stderr]      Running tests/to.rs (/opt/rustwide/target/debug/deps/to-a0fba7040a48dc5f)
[INFO] [stdout] 
[INFO] [stdout] running 4 tests
[INFO] [stdout] test tests::expect_two_plus_three::to_not_equal_six ... ok
[INFO] [stdout] test tests::expect_two_plus_two::to_equal_four ... ok
[INFO] [stdout] test tests::expect_two_plus_four::to_equal_6 ... ok
[INFO] [stdout] test tests::expect_two_plus_three::to_equal_five ... ok
[INFO] [stdout] 
[INFO] [stdout] test result: ok. 4 passed; 0 failed; 0 ignored; 0 measured; 0 filtered out; finished in 0.00s
[INFO] [stdout] 
[INFO] [stderr]      Running tests/tokio.rs (/opt/rustwide/target/debug/deps/tokio-b323525586f84791)
[INFO] [stderr]      Running tests/vecs.rs (/opt/rustwide/target/debug/deps/vecs-c55c520237b23880)
[INFO] [stdout] 
[INFO] [stdout] running 0 tests
[INFO] [stdout] 
[INFO] [stdout] test result: ok. 0 passed; 0 failed; 0 ignored; 0 measured; 0 filtered out; finished in 0.00s
[INFO] [stdout] 
[INFO] [stdout] 
[INFO] [stdout] running 7 tests
[INFO] [stdout] test tests::expect_mut_vec_iter::to_all_be_greater_than_zero ... ok
[INFO] [stdout] test tests::expect_mut_vec::to_have_remove_one_equal_two ... ok
[INFO] [stdout] test tests::expect_vec::to_contain_expected_values ... ok
[INFO] [stdout] test tests::expect_vec::to_have_mut_iter_all_be_greater_than_zero ... ok
[INFO] [stdout] test tests::expect_vec_one_to_five::to_have_contains_four_be_true ... ok
[INFO] [stdout] test tests::expect_vec::to_have_first_equal_some_one ... ok
[INFO] [stdout] test tests::expect_vec_remove_one::when_vec_is_vec::to_equal_two ... ok
[INFO] [stderr]      Running tests/when.rs (/opt/rustwide/target/debug/deps/when-c681a32706cd5276)
[INFO] [stdout] 
[INFO] [stdout] test result: ok. 7 passed; 0 failed; 0 ignored; 0 measured; 0 filtered out; finished in 0.00s
[INFO] [stdout] 
[INFO] [stdout] 
[INFO] [stdout] running 5 tests
[INFO] [stdout] test tests::expect_a_plus_b_plus_c::when_a_is_two::when_b_is_one_c_is_one::to_equal_4 ... ok
[INFO] [stdout] test tests::expect_a_plus_b_plus_c::when_everything_is_three::to_equal_nine ... ok
[INFO] [stdout] test tests::expect_a_plus_b_plus_c::when_c_is_three::expect_two_plus_c_plus_ten::to_equal_fifteen ... ok
[INFO] [stdout] test tests::expect_array::when_array_is_one_two_three::to_equal_one_two_three ... ok
[INFO] [stdout] test tests::expect_a_plus_b_plus_c::when_all_numbers_are_negative::to_equal_neg_six ... ok
[INFO] [stdout] 
[INFO] [stdout] test result: ok. 5 passed; 0 failed; 0 ignored; 0 measured; 0 filtered out; finished in 0.00s
[INFO] [stdout] 
[INFO] [stderr]    Doc-tests lets_expect
[INFO] [stdout] 
[INFO] [stdout] running 36 tests
[INFO] [stdout] test src/lib.rs - (line 1104) ... FAILED
[INFO] [stdout] test src/lib.rs - (line 1114) ... FAILED
[INFO] [stdout] test src/lib.rs - (line 245) ... ok
[INFO] [stdout] test src/lib.rs - (line 140) ... ok
[INFO] [stdout] test src/lib.rs - (line 1032) ... ok
[INFO] [stdout] test src/lib.rs - (line 410) ... ok
[INFO] [stdout] test src/lib.rs - (line 1054) ... ok
[INFO] [stdout] test src/lib.rs - (line 282) ... ok
[INFO] [stdout] test src/lib.rs - (line 333) ... ok
[INFO] [stdout] test src/lib.rs - (line 268) ... ok
[INFO] [stdout] test src/lib.rs - (line 3) ... ok
[INFO] [stdout] test src/lib.rs - (line 300) ... ok
[INFO] [stdout] test src/lib.rs - (line 386) ... ok
[INFO] [stdout] test src/lib.rs - (line 366) ... ok
[INFO] [stdout] test src/lib.rs - (line 350) ... ok
[INFO] [stdout] test src/lib.rs - (line 435) ... ok
[INFO] [stdout] test src/lib.rs - (line 451) ... ok
[INFO] [stdout] test src/lib.rs - (line 485) ... ok
[INFO] [stdout] test src/lib.rs - (line 473) ... ok
[INFO] [stdout] test src/lib.rs - (line 532) ... ok
[INFO] [stdout] test src/lib.rs - (line 647) ... ok
[INFO] [stdout] test src/lib.rs - (line 501) ... ok
[INFO] [stdout] test src/lib.rs - (line 555) ... ok
[INFO] [stdout] test src/lib.rs - (line 781) ... ok
[INFO] [stdout] test src/lib.rs - (line 681) ... ok
[INFO] [stdout] test src/lib.rs - (line 619) ... ok
[INFO] [stdout] test src/lib.rs - (line 751) ... ok
[INFO] [stdout] test src/lib.rs - (line 795) ... ok
[INFO] [stdout] test src/lib.rs - (line 830) ... ok
[INFO] [stdout] test src/lib.rs - (line 810) ... ok
[INFO] [stdout] test src/lib.rs - (line 73) ... ok
[INFO] [stdout] test src/lib.rs - (line 949) ... ok
[INFO] [stdout] test src/lib.rs - (line 906) ... ok
[INFO] [stdout] test src/lib.rs - (line 859) ... ok
[INFO] [stdout] test src/lib.rs - (line 928) ... ok
[INFO] [stdout] test src/lib.rs - (line 984) ... ok
[INFO] [stdout] 
[INFO] [stdout] failures:
[INFO] [stdout] 
[INFO] [stdout] ---- src/lib.rs - (line 1104) stdout ----
[INFO] [stdout] error: Unknown mode
[INFO] [stdout]  --> src/lib.rs:1107:17
[INFO] [stdout]   |
[INFO] [stdout] 6 | lets_expect! { #tokio_test
[INFO] [stdout]   |                 ^^^^^^^^^^
[INFO] [stdout] 
[INFO] [stdout] error: aborting due to 1 previous error
[INFO] [stdout] 
[INFO] [stdout] Couldn't compile the test.
[INFO] [stdout] ---- src/lib.rs - (line 1114) stdout ----
[INFO] [stdout] error[E0433]: failed to resolve: use of undeclared crate or module `tokio`
[INFO] [stdout]  --> src/lib.rs:1120:15
[INFO] [stdout]   |
[INFO] [stdout] 9 | let spawned = tokio::spawn(async move {
[INFO] [stdout]   |               ^^^^^ use of undeclared crate or module `tokio`
[INFO] [stdout] 
[INFO] [stdout] error: aborting due to 1 previous error
[INFO] [stdout] 
[INFO] [stdout] For more information about this error, try `rustc --explain E0433`.
[INFO] [stdout] Couldn't compile the test.
[INFO] [stdout] 
[INFO] [stdout] failures:
[INFO] [stdout]     src/lib.rs - (line 1104)
[INFO] [stdout]     src/lib.rs - (line 1114)
[INFO] [stdout] 
[INFO] [stdout] test result: FAILED. 34 passed; 2 failed; 0 ignored; 0 measured; 0 filtered out; finished in 1.53s
[INFO] [stdout] 
[INFO] [stderr] error: doctest failed, to rerun pass `--doc`
[INFO] running `Command { std: "docker" "inspect" "b687b6b235c63297e59a85d302e98c8ee29a1021d14a442281f7bd494f9a2e2f", kill_on_drop: false }`
[INFO] running `Command { std: "docker" "rm" "-f" "b687b6b235c63297e59a85d302e98c8ee29a1021d14a442281f7bd494f9a2e2f", kill_on_drop: false }`
[INFO] [stdout] b687b6b235c63297e59a85d302e98c8ee29a1021d14a442281f7bd494f9a2e2f
