[INFO] fetching crate leptos_twelements 0.0.7...
[INFO] testing leptos_twelements-0.0.7 against nightly-2024-10-28 for randomize-layout
[INFO] extracting crate leptos_twelements 0.0.7 into /workspace/builds/worker-6-tc1/source
[INFO] validating manifest of crates.io crate leptos_twelements 0.0.7 on toolchain nightly-2024-10-28
[INFO] running `Command { std: CARGO_HOME="/workspace/cargo-home" RUSTUP_HOME="/workspace/rustup-home" "/workspace/cargo-home/bin/cargo" "+nightly-2024-10-28" "metadata" "--manifest-path" "Cargo.toml" "--no-deps", kill_on_drop: false }`
[INFO] removed /workspace/builds/worker-6-tc1/source/rust-toolchain.toml
[INFO] started tweaking crates.io crate leptos_twelements 0.0.7
[INFO] finished tweaking crates.io crate leptos_twelements 0.0.7
[INFO] tweaked toml for crates.io crate leptos_twelements 0.0.7 written to /workspace/builds/worker-6-tc1/source/Cargo.toml
[INFO] running `Command { std: CARGO_HOME="/workspace/cargo-home" RUSTUP_HOME="/workspace/rustup-home" "/workspace/cargo-home/bin/cargo" "+nightly-2024-10-28" "generate-lockfile" "--manifest-path" "Cargo.toml", kill_on_drop: false }`
[INFO] [stderr]     Updating crates.io index
[INFO] [stderr]      Locking 219 packages to latest compatible versions
[INFO] [stderr]       Adding axum v0.6.20 (available: v0.7.7)
[INFO] [stderr]       Adding leptos v0.5.7 (available: v0.6.15)
[INFO] [stderr]       Adding leptos_meta v0.5.7 (available: v0.6.15)
[INFO] running `Command { std: CARGO_HOME="/workspace/cargo-home" RUSTUP_HOME="/workspace/rustup-home" "/workspace/cargo-home/bin/cargo" "+nightly-2024-10-28" "fetch" "--manifest-path" "Cargo.toml", kill_on_drop: false }`
[INFO] [stderr]  Downloading crates ...
[INFO] [stderr]   Downloaded leptos_server v0.5.7
[INFO] [stderr]   Downloaded leptos_meta v0.5.7
[INFO] [stderr]   Downloaded server_fn v0.5.7
[INFO] [stderr]   Downloaded leptos v0.5.7
[INFO] [stderr]   Downloaded gloo-net v0.2.6
[INFO] [stderr]   Downloaded server_fn_macro_default v0.5.7
[INFO] [stderr]   Downloaded attribute-derive-macro v0.8.1
[INFO] [stderr]   Downloaded leptos_config v0.5.7
[INFO] [stderr]   Downloaded manyhow v0.8.1
[INFO] [stderr]   Downloaded manyhow-macros v0.8.1
[INFO] [stderr]   Downloaded quote-use-macros v0.7.2
[INFO] [stderr]   Downloaded quote-use v0.7.2
[INFO] [stderr]   Downloaded leptos_hot_reload v0.5.7
[INFO] [stderr]   Downloaded attribute-derive v0.8.1
[INFO] [stderr]   Downloaded leptos_macro v0.5.7
[INFO] [stderr]   Downloaded leptos_reactive v0.5.7
[INFO] [stderr]   Downloaded leptos_dom v0.5.7
[INFO] [stderr]   Downloaded server_fn_macro v0.5.7
[INFO] running `Command { std: "docker" "create" "-v" "/var/lib/crater-agent-workspace/builds/worker-6-tc1/target:/opt/rustwide/target:rw,Z" "-v" "/var/lib/crater-agent-workspace/builds/worker-6-tc1/source:/opt/rustwide/workdir:ro,Z" "-v" "/var/lib/crater-agent-workspace/cargo-home:/opt/rustwide/cargo-home:ro,Z" "-v" "/var/lib/crater-agent-workspace/rustup-home:/opt/rustwide/rustup-home:ro,Z" "-e" "SOURCE_DIR=/opt/rustwide/workdir" "-e" "CARGO_TARGET_DIR=/opt/rustwide/target" "-e" "CARGO_HOME=/opt/rustwide/cargo-home" "-e" "RUSTUP_HOME=/opt/rustwide/rustup-home" "-w" "/opt/rustwide/workdir" "-m" "1610612736" "--user" "0:0" "--network" "none" "ghcr.io/rust-lang/crates-build-env/linux@sha256:4a844ea9eb2546a2d2c7022eacef16ef2e8229c7fbb2c7d4d55a9ceca922f72d" "/opt/rustwide/cargo-home/bin/cargo" "+nightly-2024-10-28" "metadata" "--no-deps" "--format-version=1", kill_on_drop: false }`
[INFO] [stdout] a3bea4383ae88a11bed8de86c8c5bf1c4428fb1a92cec7a5406b70a9c4391f63
[INFO] running `Command { std: "docker" "start" "-a" "a3bea4383ae88a11bed8de86c8c5bf1c4428fb1a92cec7a5406b70a9c4391f63", kill_on_drop: false }`
[INFO] running `Command { std: "docker" "inspect" "a3bea4383ae88a11bed8de86c8c5bf1c4428fb1a92cec7a5406b70a9c4391f63", kill_on_drop: false }`
[INFO] running `Command { std: "docker" "rm" "-f" "a3bea4383ae88a11bed8de86c8c5bf1c4428fb1a92cec7a5406b70a9c4391f63", kill_on_drop: false }`
[INFO] [stdout] a3bea4383ae88a11bed8de86c8c5bf1c4428fb1a92cec7a5406b70a9c4391f63
[INFO] running `Command { std: "docker" "create" "-v" "/var/lib/crater-agent-workspace/builds/worker-6-tc1/target:/opt/rustwide/target:rw,Z" "-v" "/var/lib/crater-agent-workspace/builds/worker-6-tc1/source:/opt/rustwide/workdir:ro,Z" "-v" "/var/lib/crater-agent-workspace/cargo-home:/opt/rustwide/cargo-home:ro,Z" "-v" "/var/lib/crater-agent-workspace/rustup-home:/opt/rustwide/rustup-home:ro,Z" "-e" "SOURCE_DIR=/opt/rustwide/workdir" "-e" "CARGO_TARGET_DIR=/opt/rustwide/target" "-e" "CARGO_INCREMENTAL=0" "-e" "RUST_BACKTRACE=full" "-e" "RUSTFLAGS=--cap-lints=forbid" "-e" "RUSTDOCFLAGS=--cap-lints=forbid" "-e" "CARGO_HOME=/opt/rustwide/cargo-home" "-e" "RUSTUP_HOME=/opt/rustwide/rustup-home" "-w" "/opt/rustwide/workdir" "-m" "1610612736" "--user" "0:0" "--network" "none" "ghcr.io/rust-lang/crates-build-env/linux@sha256:4a844ea9eb2546a2d2c7022eacef16ef2e8229c7fbb2c7d4d55a9ceca922f72d" "/opt/rustwide/cargo-home/bin/cargo" "+nightly-2024-10-28" "build" "--frozen" "--message-format=json", kill_on_drop: false }`
[INFO] [stdout] 2f4a6c2562d1300c85bd8706396e596aadbab025b712f4b8f6d79dbe3eb7928e
[INFO] running `Command { std: "docker" "start" "-a" "2f4a6c2562d1300c85bd8706396e596aadbab025b712f4b8f6d79dbe3eb7928e", kill_on_drop: false }`
[INFO] [stderr]    Compiling unicode-ident v1.0.13
[INFO] [stderr]    Compiling proc-macro2 v1.0.89
[INFO] [stderr]    Compiling version_check v0.9.5
[INFO] [stderr]    Compiling once_cell v1.20.2
[INFO] [stderr]    Compiling serde v1.0.214
[INFO] [stderr]    Compiling pin-project-lite v0.2.15
[INFO] [stderr]    Compiling wasm-bindgen-shared v0.2.95
[INFO] [stderr]    Compiling futures-core v0.3.31
[INFO] [stderr]    Compiling futures-sink v0.3.31
[INFO] [stderr]    Compiling bumpalo v3.16.0
[INFO] [stderr]    Compiling slab v0.4.9
[INFO] [stderr]    Compiling thiserror v1.0.66
[INFO] [stderr]    Compiling futures-io v0.3.31
[INFO] [stderr]    Compiling wasm-bindgen v0.2.95
[INFO] [stderr]    Compiling hashbrown v0.15.0
[INFO] [stderr]    Compiling smallvec v1.13.2
[INFO] [stderr]    Compiling bytes v1.8.0
[INFO] [stderr]    Compiling futures-channel v0.3.31
[INFO] [stderr]    Compiling futures-task v0.3.31
[INFO] [stderr]    Compiling tracing-core v0.1.32
[INFO] [stderr]    Compiling socket2 v0.5.7
[INFO] [stderr]    Compiling mio v1.0.2
[INFO] [stderr]    Compiling percent-encoding v2.3.1
[INFO] [stderr]    Compiling tinyvec_macros v0.1.1
[INFO] [stderr]    Compiling fnv v1.0.7
[INFO] [stderr]    Compiling unicode-xid v0.2.6
[INFO] [stderr]    Compiling tinyvec v1.8.0
[INFO] [stderr]    Compiling httparse v1.9.5
[INFO] [stderr]    Compiling lock_api v0.4.12
[INFO] [stderr]    Compiling proc-macro-error-attr v1.0.4
[INFO] [stderr]    Compiling proc-macro-error v1.0.4
[INFO] [stderr]    Compiling form_urlencoded v1.2.1
[INFO] [stderr]    Compiling proc-macro2-diagnostics v0.10.1
[INFO] [stderr]    Compiling xxhash-rust v0.8.12
[INFO] [stderr]    Compiling unicode-bidi v0.3.17
[INFO] [stderr]    Compiling try-lock v0.2.5
[INFO] [stderr]    Compiling serde_json v1.0.132
[INFO] [stderr]    Compiling parking_lot_core v0.9.10
[INFO] [stderr]    Compiling http v0.2.12
[INFO] [stderr]    Compiling want v0.3.1
[INFO] [stderr]    Compiling slotmap v1.0.7
[INFO] [stderr]    Compiling half v2.4.1
[INFO] [stderr]    Compiling camino v1.1.9
[INFO] [stderr]    Compiling tokio v1.41.0
[INFO] [stderr]    Compiling indexmap v2.6.0
[INFO] [stderr]    Compiling httpdate v1.0.3
[INFO] [stderr]    Compiling scopeguard v1.2.0
[INFO] [stderr]    Compiling tower-service v0.3.3
[INFO] [stderr]    Compiling ciborium-io v0.2.2
[INFO] [stderr]    Compiling lazy_static v1.5.0
[INFO] [stderr]    Compiling quote v1.0.37
[INFO] [stderr]    Compiling anyhow v1.0.92
[INFO] [stderr]    Compiling yansi v1.0.1
[INFO] [stderr]    Compiling base64 v0.21.7
[INFO] [stderr]    Compiling paste v1.0.15
[INFO] [stderr]    Compiling ciborium-ll v0.2.2
[INFO] [stderr]    Compiling syn v2.0.86
[INFO] [stderr]    Compiling proc-macro-utils v0.8.0
[INFO] [stderr]    Compiling encoding_rs v0.8.35
[INFO] [stderr]    Compiling unicode-normalization v0.1.24
[INFO] [stderr]    Compiling utf8-width v0.1.7
[INFO] [stderr]    Compiling prettyplease v0.2.25
[INFO] [stderr]    Compiling same-file v1.0.6
[INFO] [stderr]    Compiling const_format_proc_macros v0.2.33
[INFO] [stderr]    Compiling collection_literals v1.0.1
[INFO] [stderr]    Compiling either v1.13.0
[INFO] [stderr]    Compiling interpolator v0.5.0
[INFO] [stderr]    Compiling ipnet v2.10.1
[INFO] [stderr]    Compiling mime v0.3.17
[INFO] [stderr]    Compiling sync_wrapper v0.1.2
[INFO] [stderr]    Compiling http-body v0.4.6
[INFO] [stderr]    Compiling walkdir v2.5.0
[INFO] [stderr]    Compiling itertools v0.12.1
[INFO] [stderr]    Compiling parking_lot v0.12.3
[INFO] [stderr]    Compiling manyhow-macros v0.8.1
[INFO] [stderr]    Compiling html-escape v0.2.13
[INFO] [stderr]    Compiling idna v0.5.0
[INFO] [stderr]    Compiling getrandom v0.2.15
[INFO] [stderr]    Compiling aho-corasick v1.1.3
[INFO] [stderr]    Compiling unicode-segmentation v1.12.0
[INFO] [stderr]    Compiling minimal-lexical v0.2.1
[INFO] [stderr]    Compiling rustc-hash v1.1.0
[INFO] [stderr]    Compiling regex-syntax v0.8.5
[INFO] [stderr]    Compiling self_cell v1.0.4
[INFO] [stderr]    Compiling uuid v1.11.0
[INFO] [stderr]    Compiling const_format v0.2.33
[INFO] [stderr]    Compiling pathdiff v0.2.2
[INFO] [stderr]    Compiling pad-adapter v0.1.1
[INFO] [stderr]    Compiling url v2.5.2
[INFO] [stderr]    Compiling nom v7.1.3
[INFO] [stderr]    Compiling drain_filter_polyfill v0.1.3
[INFO] [stderr]    Compiling inventory v0.3.15
[INFO] [stderr]    Compiling convert_case v0.6.0
[INFO] [stderr]    Compiling regex-automata v0.4.8
[INFO] [stderr]    Compiling tokio-util v0.7.12
[INFO] [stderr]    Compiling wasm-bindgen-backend v0.2.95
[INFO] [stderr]    Compiling manyhow v0.8.1
[INFO] [stderr]    Compiling serde_derive v1.0.214
[INFO] [stderr]    Compiling thiserror-impl v1.0.66
[INFO] [stderr]    Compiling futures-macro v0.3.31
[INFO] [stderr]    Compiling tracing-attributes v0.1.27
[INFO] [stderr]    Compiling derive-where v1.2.7
[INFO] [stderr]    Compiling syn_derive v0.1.8
[INFO] [stderr]    Compiling pin-project-internal v1.1.7
[INFO] [stderr]    Compiling async-trait v0.1.83
[INFO] [stderr]    Compiling typed-builder-macro v0.18.2
[INFO] [stderr]    Compiling async-recursion v1.1.1
[INFO] [stderr]    Compiling regex v1.11.1
[INFO] [stderr]    Compiling wasm-bindgen-macro-support v0.2.95
[INFO] [stderr]    Compiling futures-util v0.3.31
[INFO] [stderr]    Compiling pin-project v1.1.7
[INFO] [stderr]    Compiling rstml v0.11.2
[INFO] [stderr]    Compiling tracing v0.1.40
[INFO] [stderr]    Compiling typed-builder v0.18.2
[INFO] [stderr]    Compiling quote-use-macros v0.7.2
[INFO] [stderr]    Compiling wasm-bindgen-macro v0.2.95
[INFO] [stderr]    Compiling quote-use v0.7.2
[INFO] [stderr]    Compiling attribute-derive-macro v0.8.1
[INFO] [stderr]    Compiling js-sys v0.3.72
[INFO] [stderr]    Compiling attribute-derive v0.8.1
[INFO] [stderr]    Compiling h2 v0.3.26
[INFO] [stderr]    Compiling futures-executor v0.3.31
[INFO] [stderr]    Compiling futures v0.3.31
[INFO] [stderr]    Compiling serde_urlencoded v0.7.1
[INFO] [stderr]    Compiling serde_qs v0.12.0
[INFO] [stderr]    Compiling ciborium v0.2.2
[INFO] [stderr]    Compiling toml v0.5.11
[INFO] [stderr]    Compiling serde-wasm-bindgen v0.5.0
[INFO] [stderr]    Compiling wasm-bindgen-futures v0.4.45
[INFO] [stderr]    Compiling web-sys v0.3.72
[INFO] [stderr]    Compiling serde-wasm-bindgen v0.6.5
[INFO] [stderr]    Compiling server_fn_macro v0.5.7
[INFO] [stderr]    Compiling leptos_hot_reload v0.5.7
[INFO] [stderr]    Compiling server_fn_macro_default v0.5.7
[INFO] [stderr]    Compiling leptos_macro v0.5.7
[INFO] [stderr]    Compiling config v0.13.4
[INFO] [stderr]    Compiling leptos_reactive v0.5.7
[INFO] [stderr]    Compiling hyper v0.14.31
[INFO] [stderr]    Compiling leptos_config v0.5.7
[INFO] [stderr]    Compiling reqwest v0.11.27
[INFO] [stderr]    Compiling server_fn v0.5.7
[INFO] [stderr]    Compiling leptos_server v0.5.7
[INFO] [stderr]    Compiling leptos_dom v0.5.7
[INFO] [stderr]    Compiling leptos v0.5.7
[INFO] [stderr]    Compiling leptos_meta v0.5.7
[INFO] [stderr]    Compiling leptos_twelements v0.0.7 (/opt/rustwide/workdir)
[INFO] [stderr]     Finished `dev` profile [unoptimized + debuginfo] target(s) in 22.56s
[INFO] running `Command { std: "docker" "inspect" "2f4a6c2562d1300c85bd8706396e596aadbab025b712f4b8f6d79dbe3eb7928e", kill_on_drop: false }`
[INFO] running `Command { std: "docker" "rm" "-f" "2f4a6c2562d1300c85bd8706396e596aadbab025b712f4b8f6d79dbe3eb7928e", kill_on_drop: false }`
[INFO] [stdout] 2f4a6c2562d1300c85bd8706396e596aadbab025b712f4b8f6d79dbe3eb7928e
[INFO] running `Command { std: "docker" "create" "-v" "/var/lib/crater-agent-workspace/builds/worker-6-tc1/target:/opt/rustwide/target:rw,Z" "-v" "/var/lib/crater-agent-workspace/builds/worker-6-tc1/source:/opt/rustwide/workdir:ro,Z" "-v" "/var/lib/crater-agent-workspace/cargo-home:/opt/rustwide/cargo-home:ro,Z" "-v" "/var/lib/crater-agent-workspace/rustup-home:/opt/rustwide/rustup-home:ro,Z" "-e" "SOURCE_DIR=/opt/rustwide/workdir" "-e" "CARGO_TARGET_DIR=/opt/rustwide/target" "-e" "CARGO_INCREMENTAL=0" "-e" "RUST_BACKTRACE=full" "-e" "RUSTFLAGS=--cap-lints=forbid" "-e" "RUSTDOCFLAGS=--cap-lints=forbid" "-e" "CARGO_HOME=/opt/rustwide/cargo-home" "-e" "RUSTUP_HOME=/opt/rustwide/rustup-home" "-w" "/opt/rustwide/workdir" "-m" "1610612736" "--user" "0:0" "--network" "none" "ghcr.io/rust-lang/crates-build-env/linux@sha256:4a844ea9eb2546a2d2c7022eacef16ef2e8229c7fbb2c7d4d55a9ceca922f72d" "/opt/rustwide/cargo-home/bin/cargo" "+nightly-2024-10-28" "test" "--frozen" "--no-run" "--message-format=json", kill_on_drop: false }`
[INFO] [stdout] 24cb2ccfc6ec783d43cf9ae71c4d40cbc76b3aae259b30e164133695503c894a
[INFO] running `Command { std: "docker" "start" "-a" "24cb2ccfc6ec783d43cf9ae71c4d40cbc76b3aae259b30e164133695503c894a", kill_on_drop: false }`
[INFO] [stderr]    Compiling leptos_twelements v0.0.7 (/opt/rustwide/workdir)
[INFO] [stderr]     Finished `test` profile [unoptimized + debuginfo] target(s) in 0.94s
[INFO] running `Command { std: "docker" "inspect" "24cb2ccfc6ec783d43cf9ae71c4d40cbc76b3aae259b30e164133695503c894a", kill_on_drop: false }`
[INFO] running `Command { std: "docker" "rm" "-f" "24cb2ccfc6ec783d43cf9ae71c4d40cbc76b3aae259b30e164133695503c894a", kill_on_drop: false }`
[INFO] [stdout] 24cb2ccfc6ec783d43cf9ae71c4d40cbc76b3aae259b30e164133695503c894a
[INFO] running `Command { std: "docker" "create" "-v" "/var/lib/crater-agent-workspace/builds/worker-6-tc1/target:/opt/rustwide/target:rw,Z" "-v" "/var/lib/crater-agent-workspace/builds/worker-6-tc1/source:/opt/rustwide/workdir:ro,Z" "-v" "/var/lib/crater-agent-workspace/cargo-home:/opt/rustwide/cargo-home:ro,Z" "-v" "/var/lib/crater-agent-workspace/rustup-home:/opt/rustwide/rustup-home:ro,Z" "-e" "SOURCE_DIR=/opt/rustwide/workdir" "-e" "CARGO_TARGET_DIR=/opt/rustwide/target" "-e" "CARGO_INCREMENTAL=0" "-e" "RUST_BACKTRACE=full" "-e" "RUSTFLAGS=--cap-lints=forbid" "-e" "RUSTDOCFLAGS=--cap-lints=forbid" "-e" "CARGO_HOME=/opt/rustwide/cargo-home" "-e" "RUSTUP_HOME=/opt/rustwide/rustup-home" "-w" "/opt/rustwide/workdir" "-m" "1610612736" "--user" "0:0" "--network" "none" "ghcr.io/rust-lang/crates-build-env/linux@sha256:4a844ea9eb2546a2d2c7022eacef16ef2e8229c7fbb2c7d4d55a9ceca922f72d" "/opt/rustwide/cargo-home/bin/cargo" "+nightly-2024-10-28" "test" "--frozen", kill_on_drop: false }`
[INFO] [stdout] 460d38b118cec0a6cee75a7594234869416a4ead05ae79735dc14df204c0e4ad
[INFO] running `Command { std: "docker" "start" "-a" "460d38b118cec0a6cee75a7594234869416a4ead05ae79735dc14df204c0e4ad", kill_on_drop: false }`
[INFO] [stderr]     Finished `test` profile [unoptimized + debuginfo] target(s) in 0.12s
[INFO] [stderr]      Running unittests src/lib.rs (/opt/rustwide/target/debug/deps/leptos_twelements-9ecb1672bffd6b8a)
[INFO] [stdout] 
[INFO] [stdout] running 0 tests
[INFO] [stdout] 
[INFO] [stdout] test result: ok. 0 passed; 0 failed; 0 ignored; 0 measured; 0 filtered out; finished in 0.00s
[INFO] [stdout] 
[INFO] [stderr]    Doc-tests leptos_twelements
[INFO] [stdout] 
[INFO] [stdout] running 4 tests
[INFO] [stdout] test src/utils.rs - utils::HtmlElementAttributeExt::attr_valueless (line 11) ... FAILED
[INFO] [stdout] test src/utils.rs - utils::HtmlElementAttributeExt::attr_valueless (line 19) ... FAILED
[INFO] [stdout] test src/components/modal.rs - components::modal::Modal<ButtonsFn,ButtonsView>::view (line 48) ... FAILED
[INFO] [stdout] test src/methods/ripple.rs - methods::ripple::Ripple::apply (line 48) ... FAILED
[INFO] [stdout] 
[INFO] [stdout] failures:
[INFO] [stdout] 
[INFO] [stdout] ---- src/utils.rs - utils::HtmlElementAttributeExt::attr_valueless (line 11) stdout ----
[INFO] [stdout] error[E0425]: cannot find function `button` in this scope
[INFO] [stdout]  --> src/utils.rs:13:1
[INFO] [stdout]   |
[INFO] [stdout] 4 | button()
[INFO] [stdout]   | ^^^^^^ not found in this scope
[INFO] [stdout]   |
[INFO] [stdout] help: consider importing this function
[INFO] [stdout]   |
[INFO] [stdout] 2 + use leptos::html::button;
[INFO] [stdout]   |
[INFO] [stdout] 
[INFO] [stdout] error[E0425]: cannot find value `is_diabled` in this scope
[INFO] [stdout]  --> src/utils.rs:14:32
[INFO] [stdout]   |
[INFO] [stdout] 5 |    .attr_valueless("disabled", is_diabled)
[INFO] [stdout]   |                                ^^^^^^^^^^ help: a local variable with a similar name exists: `is_disabled`
[INFO] [stdout] 
[INFO] [stdout] error: aborting due to 2 previous errors
[INFO] [stdout] 
[INFO] [stdout] For more information about this error, try `rustc --explain E0425`.
[INFO] [stdout] Couldn't compile the test.
[INFO] [stdout] ---- src/utils.rs - utils::HtmlElementAttributeExt::attr_valueless (line 19) stdout ----
[INFO] [stdout] error[E0425]: cannot find function `create_signal` in this scope
[INFO] [stdout]  --> src/utils.rs:20:19
[INFO] [stdout]   |
[INFO] [stdout] 3 | let is_disabled = create_signal(cx, false);
[INFO] [stdout]   |                   ^^^^^^^^^^^^^ not found in this scope
[INFO] [stdout]   |
[INFO] [stdout] help: consider importing this function
[INFO] [stdout]   |
[INFO] [stdout] 2 + use leptos::create_signal;
[INFO] [stdout]   |
[INFO] [stdout] 
[INFO] [stdout] error[E0425]: cannot find value `cx` in this scope
[INFO] [stdout]  --> src/utils.rs:20:33
[INFO] [stdout]   |
[INFO] [stdout] 3 | let is_disabled = create_signal(cx, false);
[INFO] [stdout]   |                                 ^^ not found in this scope
[INFO] [stdout] 
[INFO] [stdout] error[E0425]: cannot find function `button` in this scope
[INFO] [stdout]  --> src/utils.rs:21:1
[INFO] [stdout]   |
[INFO] [stdout] 4 | button()
[INFO] [stdout]   | ^^^^^^ not found in this scope
[INFO] [stdout]   |
[INFO] [stdout] help: consider importing this function
[INFO] [stdout]   |
[INFO] [stdout] 2 + use leptos::html::button;
[INFO] [stdout]   |
[INFO] [stdout] 
[INFO] [stdout] error: aborting due to 3 previous errors
[INFO] [stdout] 
[INFO] [stdout] For more information about this error, try `rustc --explain E0425`.
[INFO] [stdout] Couldn't compile the test.
[INFO] [stdout] ---- src/components/modal.rs - components::modal::Modal<ButtonsFn,ButtonsView>::view (line 48) stdout ----
[INFO] [stdout] error[E0432]: unresolved import `leptos_twelements::Modal`
[INFO] [stdout]  --> src/components/modal.rs:51:5
[INFO] [stdout]   |
[INFO] [stdout] 6 | use leptos_twelements::Modal;
[INFO] [stdout]   |     ^^^^^^^^^^^^^^^^^^^^^^^^ no `Modal` in the root
[INFO] [stdout]   |
[INFO] [stdout] help: consider importing this struct instead
[INFO] [stdout]   |
[INFO] [stdout] 6 | use leptos_twelements::components::Modal;
[INFO] [stdout]   |     ~~~~~~~~~~~~~~~~~~~~~~~~~~~~~~~~~~~~
[INFO] [stdout] 
[INFO] [stdout] error[E0425]: cannot find value `Button` in this scope
[INFO] [stdout]   --> src/components/modal.rs:58:8
[INFO] [stdout]    |
[INFO] [stdout] 13 |       <Button on_click=move |_| modal.show()>{"Show modal"}</Button>
[INFO] [stdout]    |        ^^^^^^ not found in this scope
[INFO] [stdout]    |
[INFO] [stdout] help: consider importing this function
[INFO] [stdout]    |
[INFO] [stdout] 2  + use leptos_twelements::components::Button;
[INFO] [stdout]    |
[INFO] [stdout] 
[INFO] [stdout] error: aborting due to 2 previous errors
[INFO] [stdout] 
[INFO] [stdout] Some errors have detailed explanations: E0425, E0432.
[INFO] [stdout] For more information about an error, try `rustc --explain E0425`.
[INFO] [stdout] Couldn't compile the test.
[INFO] [stdout] ---- src/methods/ripple.rs - methods::ripple::Ripple::apply (line 48) stdout ----
[INFO] [stdout] error: expected identifier, found keyword `ref`
[INFO] [stdout]   --> src/methods/ripple.rs:58:15
[INFO] [stdout]    |
[INFO] [stdout] 13 |       <Button ref=button_ref>{"Click me"}</Button>
[INFO] [stdout]    |               ^^^ expected identifier, found keyword
[INFO] [stdout]    |
[INFO] [stdout] help: escape `ref` to use it as an identifier
[INFO] [stdout]    |
[INFO] [stdout] 13 |       <Button r#ref=button_ref>{"Click me"}</Button>
[INFO] [stdout]    |               ++
[INFO] [stdout] 
[INFO] [stdout] error[E0423]: expected value, found struct `Button`
[INFO] [stdout]     --> src/methods/ripple.rs:58:8
[INFO] [stdout]      |
[INFO] [stdout] 8    |   #[component]
[INFO] [stdout]      |   ------------ similarly named function `MyButton` defined here
[INFO] [stdout] ...
[INFO] [stdout] 13   |         <Button ref=button_ref>{"Click me"}</Button>
[INFO] [stdout]      |          ^^^^^^
[INFO] [stdout]      |
[INFO] [stdout]     ::: /opt/rustwide/cargo-home/registry/src/index.crates.io-6f17d22bba15001f/leptos_dom-0.5.7/src/html.rs:1432:1
[INFO] [stdout]      |
[INFO] [stdout] 1432 | / generate_html_tags![
[INFO] [stdout] 1433 | |   // ==========================
[INFO] [stdout] 1434 | |   //        Main root
[INFO] [stdout] 1435 | |   // ==========================
[INFO] [stdout] ...    |
[INFO] [stdout] 1721 | |   template HtmlTemplateElement,
[INFO] [stdout] 1722 | | ];
[INFO] [stdout]      | |_- `Button` defined here
[INFO] [stdout]      |
[INFO] [stdout] help: a function with a similar name exists
[INFO] [stdout]      |
[INFO] [stdout] 13   |       <MyButton ref=button_ref>{"Click me"}</Button>
[INFO] [stdout]      |        ~~~~~~~~
[INFO] [stdout] help: consider importing this function instead
[INFO] [stdout]      |
[INFO] [stdout] 2    + use leptos_twelements::components::Button;
[INFO] [stdout]      |
[INFO] [stdout] 
[INFO] [stdout] error[E0624]: associated function `apply` is private
[INFO] [stdout]   --> src/methods/ripple.rs:56:29
[INFO] [stdout]    |
[INFO] [stdout] 11 |      let button_ref = Ripple::apply(Some(ripple));
[INFO] [stdout]    |                               ^^^^^ private associated function
[INFO] [stdout]    |
[INFO] [stdout]   ::: /opt/rustwide/workdir/src/methods/ripple.rs:61:5
[INFO] [stdout]    |
[INFO] [stdout] 61 | /     pub(crate) fn apply<T: ElementDescriptor + Clone + 'static>(
[INFO] [stdout] 62 | |         element_ref: NodeRef<T>,
[INFO] [stdout] 63 | |         ripple: impl Into<MaybeSignal<Option<Ripple>>>,
[INFO] [stdout] 64 | |     ) {
[INFO] [stdout]    | |_____- private associated function defined here
[INFO] [stdout] 
[INFO] [stdout] error[E0061]: this function takes 2 arguments but 1 argument was supplied
[INFO] [stdout]   --> src/methods/ripple.rs:56:21
[INFO] [stdout]    |
[INFO] [stdout] 11 |    let button_ref = Ripple::apply(Some(ripple));
[INFO] [stdout]    |                     ^^^^^^^^^^^^^ ------------ argument #1 of type `NodeRef<_>` is missing
[INFO] [stdout]    |
[INFO] [stdout] note: associated function defined here
[INFO] [stdout]   --> /opt/rustwide/workdir/src/methods/ripple.rs:61:19
[INFO] [stdout]    |
[INFO] [stdout] 61 |     pub(crate) fn apply<T: ElementDescriptor + Clone + 'static>(
[INFO] [stdout]    |                   ^^^^^
[INFO] [stdout] help: provide the argument
[INFO] [stdout]    |
[INFO] [stdout] 11 |    let button_ref = Ripple::apply(/* element_ref */, Some(ripple));
[INFO] [stdout]    |                                  ~~~~~~~~~~~~~~~~~~~~~~~~~~~~~~~~~
[INFO] [stdout] 
[INFO] [stdout] error: aborting due to 4 previous errors
[INFO] [stdout] 
[INFO] [stdout] Some errors have detailed explanations: E0061, E0423, E0624.
[INFO] [stdout] For more information about an error, try `rustc --explain E0061`.
[INFO] [stdout] Couldn't compile the test.
[INFO] [stdout] 
[INFO] [stdout] failures:
[INFO] [stdout]     src/components/modal.rs - components::modal::Modal<ButtonsFn,ButtonsView>::view (line 48)
[INFO] [stdout]     src/methods/ripple.rs - methods::ripple::Ripple::apply (line 48)
[INFO] [stdout]     src/utils.rs - utils::HtmlElementAttributeExt::attr_valueless (line 11)
[INFO] [stdout]     src/utils.rs - utils::HtmlElementAttributeExt::attr_valueless (line 19)
[INFO] [stdout] 
[INFO] [stdout] test result: FAILED. 0 passed; 4 failed; 0 ignored; 0 measured; 0 filtered out; finished in 0.11s
[INFO] [stdout] 
[INFO] [stderr] error: doctest failed, to rerun pass `--doc`
[INFO] running `Command { std: "docker" "inspect" "460d38b118cec0a6cee75a7594234869416a4ead05ae79735dc14df204c0e4ad", kill_on_drop: false }`
[INFO] running `Command { std: "docker" "rm" "-f" "460d38b118cec0a6cee75a7594234869416a4ead05ae79735dc14df204c0e4ad", kill_on_drop: false }`
[INFO] [stdout] 460d38b118cec0a6cee75a7594234869416a4ead05ae79735dc14df204c0e4ad
