[INFO] fetching crate leptos-mview 0.3.2...
[INFO] testing leptos-mview-0.3.2 against nightly-2024-10-28+rustflags=-Zrandomize-layout for randomize-layout
[INFO] extracting crate leptos-mview 0.3.2 into /workspace/builds/worker-5-tc2/source
[INFO] validating manifest of crates.io crate leptos-mview 0.3.2 on toolchain nightly-2024-10-28
[INFO] running `Command { std: CARGO_HOME="/workspace/cargo-home" RUSTUP_HOME="/workspace/rustup-home" "/workspace/cargo-home/bin/cargo" "+nightly-2024-10-28" "metadata" "--manifest-path" "Cargo.toml" "--no-deps", kill_on_drop: false }`
[INFO] started tweaking crates.io crate leptos-mview 0.3.2
[INFO] removed 0 missing tests
[INFO] finished tweaking crates.io crate leptos-mview 0.3.2
[INFO] tweaked toml for crates.io crate leptos-mview 0.3.2 written to /workspace/builds/worker-5-tc2/source/Cargo.toml
[INFO] running `Command { std: CARGO_HOME="/workspace/cargo-home" RUSTUP_HOME="/workspace/rustup-home" "/workspace/cargo-home/bin/cargo" "+nightly-2024-10-28" "generate-lockfile" "--manifest-path" "Cargo.toml", kill_on_drop: false }`
[INFO] [stderr]     Updating crates.io index
[INFO] [stderr]      Locking 168 packages to latest compatible versions
[INFO] running `Command { std: CARGO_HOME="/workspace/cargo-home" RUSTUP_HOME="/workspace/rustup-home" "/workspace/cargo-home/bin/cargo" "+nightly-2024-10-28" "fetch" "--manifest-path" "Cargo.toml", kill_on_drop: false }`
[INFO] running `Command { std: "docker" "create" "-v" "/var/lib/crater-agent-workspace/builds/worker-5-tc2/target:/opt/rustwide/target:rw,Z" "-v" "/var/lib/crater-agent-workspace/builds/worker-5-tc2/source:/opt/rustwide/workdir:ro,Z" "-v" "/var/lib/crater-agent-workspace/cargo-home:/opt/rustwide/cargo-home:ro,Z" "-v" "/var/lib/crater-agent-workspace/rustup-home:/opt/rustwide/rustup-home:ro,Z" "-e" "SOURCE_DIR=/opt/rustwide/workdir" "-e" "CARGO_TARGET_DIR=/opt/rustwide/target" "-e" "CARGO_HOME=/opt/rustwide/cargo-home" "-e" "RUSTUP_HOME=/opt/rustwide/rustup-home" "-w" "/opt/rustwide/workdir" "-m" "1610612736" "--user" "0:0" "--network" "none" "ghcr.io/rust-lang/crates-build-env/linux@sha256:4a844ea9eb2546a2d2c7022eacef16ef2e8229c7fbb2c7d4d55a9ceca922f72d" "/opt/rustwide/cargo-home/bin/cargo" "+nightly-2024-10-28" "metadata" "--no-deps" "--format-version=1", kill_on_drop: false }`
[INFO] [stdout] 42007a6b18b2b6bd8c39980ff591eb592cd1015bff20f2e77d332498f9981595
[INFO] running `Command { std: "docker" "start" "-a" "42007a6b18b2b6bd8c39980ff591eb592cd1015bff20f2e77d332498f9981595", kill_on_drop: false }`
[INFO] running `Command { std: "docker" "inspect" "42007a6b18b2b6bd8c39980ff591eb592cd1015bff20f2e77d332498f9981595", kill_on_drop: false }`
[INFO] running `Command { std: "docker" "rm" "-f" "42007a6b18b2b6bd8c39980ff591eb592cd1015bff20f2e77d332498f9981595", kill_on_drop: false }`
[INFO] [stdout] 42007a6b18b2b6bd8c39980ff591eb592cd1015bff20f2e77d332498f9981595
[INFO] running `Command { std: "docker" "create" "-v" "/var/lib/crater-agent-workspace/builds/worker-5-tc2/target:/opt/rustwide/target:rw,Z" "-v" "/var/lib/crater-agent-workspace/builds/worker-5-tc2/source:/opt/rustwide/workdir:ro,Z" "-v" "/var/lib/crater-agent-workspace/cargo-home:/opt/rustwide/cargo-home:ro,Z" "-v" "/var/lib/crater-agent-workspace/rustup-home:/opt/rustwide/rustup-home:ro,Z" "-e" "SOURCE_DIR=/opt/rustwide/workdir" "-e" "CARGO_TARGET_DIR=/opt/rustwide/target" "-e" "CARGO_INCREMENTAL=0" "-e" "RUST_BACKTRACE=full" "-e" "RUSTFLAGS=--cap-lints=forbid -Zrandomize-layout" "-e" "RUSTDOCFLAGS=--cap-lints=forbid" "-e" "CARGO_HOME=/opt/rustwide/cargo-home" "-e" "RUSTUP_HOME=/opt/rustwide/rustup-home" "-w" "/opt/rustwide/workdir" "-m" "1610612736" "--user" "0:0" "--network" "none" "ghcr.io/rust-lang/crates-build-env/linux@sha256:4a844ea9eb2546a2d2c7022eacef16ef2e8229c7fbb2c7d4d55a9ceca922f72d" "/opt/rustwide/cargo-home/bin/cargo" "+nightly-2024-10-28" "build" "--frozen" "--message-format=json", kill_on_drop: false }`
[INFO] [stdout] 431d3d6d44124f6a2499eeaaeed065b48ff54b4dceff11560864bd59327ea740
[INFO] running `Command { std: "docker" "start" "-a" "431d3d6d44124f6a2499eeaaeed065b48ff54b4dceff11560864bd59327ea740", kill_on_drop: false }`
[INFO] [stderr]    Compiling proc-macro-error-attr v1.0.4
[INFO] [stderr]    Compiling proc-macro-error v1.0.4
[INFO] [stderr]    Compiling leptos-mview-core v0.3.2
[INFO] [stderr]    Compiling leptos-mview-macro v0.3.2
[INFO] [stderr]    Compiling leptos-mview v0.3.2 (/opt/rustwide/workdir)
[INFO] [stderr]     Finished `dev` profile [unoptimized + debuginfo] target(s) in 0.98s
[INFO] running `Command { std: "docker" "inspect" "431d3d6d44124f6a2499eeaaeed065b48ff54b4dceff11560864bd59327ea740", kill_on_drop: false }`
[INFO] running `Command { std: "docker" "rm" "-f" "431d3d6d44124f6a2499eeaaeed065b48ff54b4dceff11560864bd59327ea740", kill_on_drop: false }`
[INFO] [stdout] 431d3d6d44124f6a2499eeaaeed065b48ff54b4dceff11560864bd59327ea740
[INFO] running `Command { std: "docker" "create" "-v" "/var/lib/crater-agent-workspace/builds/worker-5-tc2/target:/opt/rustwide/target:rw,Z" "-v" "/var/lib/crater-agent-workspace/builds/worker-5-tc2/source:/opt/rustwide/workdir:ro,Z" "-v" "/var/lib/crater-agent-workspace/cargo-home:/opt/rustwide/cargo-home:ro,Z" "-v" "/var/lib/crater-agent-workspace/rustup-home:/opt/rustwide/rustup-home:ro,Z" "-e" "SOURCE_DIR=/opt/rustwide/workdir" "-e" "CARGO_TARGET_DIR=/opt/rustwide/target" "-e" "CARGO_INCREMENTAL=0" "-e" "RUST_BACKTRACE=full" "-e" "RUSTFLAGS=--cap-lints=forbid -Zrandomize-layout" "-e" "RUSTDOCFLAGS=--cap-lints=forbid" "-e" "CARGO_HOME=/opt/rustwide/cargo-home" "-e" "RUSTUP_HOME=/opt/rustwide/rustup-home" "-w" "/opt/rustwide/workdir" "-m" "1610612736" "--user" "0:0" "--network" "none" "ghcr.io/rust-lang/crates-build-env/linux@sha256:4a844ea9eb2546a2d2c7022eacef16ef2e8229c7fbb2c7d4d55a9ceca922f72d" "/opt/rustwide/cargo-home/bin/cargo" "+nightly-2024-10-28" "test" "--frozen" "--no-run" "--message-format=json", kill_on_drop: false }`
[INFO] [stdout] 96bae4a390e15212a8beef9a4d22169baf52ae2a20411da8a54b6a323f80dec6
[INFO] running `Command { std: "docker" "start" "-a" "96bae4a390e15212a8beef9a4d22169baf52ae2a20411da8a54b6a323f80dec6", kill_on_drop: false }`
[INFO] [stderr]    Compiling proc-macro2 v1.0.89
[INFO] [stderr]    Compiling wasm-bindgen-shared v0.2.95
[INFO] [stderr]    Compiling log v0.4.22
[INFO] [stderr]    Compiling bumpalo v3.16.0
[INFO] [stderr]    Compiling wasm-bindgen v0.2.95
[INFO] [stderr]    Compiling smallvec v1.13.2
[INFO] [stderr]    Compiling futures-core v0.3.31
[INFO] [stderr]    Compiling slab v0.4.9
[INFO] [stderr]    Compiling futures-sink v0.3.31
[INFO] [stderr]    Compiling pin-project-lite v0.2.15
[INFO] [stderr]    Compiling parking_lot_core v0.9.10
[INFO] [stderr]    Compiling lock_api v0.4.12
[INFO] [stderr]    Compiling scopeguard v1.2.0
[INFO] [stderr]    Compiling convert_case v0.6.0
[INFO] [stderr]    Compiling pin-utils v0.1.0
[INFO] [stderr]    Compiling futures-io v0.3.31
[INFO] [stderr]    Compiling unicode-xid v0.2.6
[INFO] [stderr]    Compiling futures-task v0.3.31
[INFO] [stderr]    Compiling tinyvec_macros v0.1.1
[INFO] [stderr]    Compiling proc-macro2-diagnostics v0.10.1
[INFO] [stderr]    Compiling futures-channel v0.3.31
[INFO] [stderr]    Compiling tinyvec v1.8.0
[INFO] [stderr]    Compiling xxhash-rust v0.8.12
[INFO] [stderr]    Compiling slotmap v1.0.7
[INFO] [stderr]    Compiling tracing-core v0.1.32
[INFO] [stderr]    Compiling unicode-bidi v0.3.17
[INFO] [stderr]    Compiling winnow v0.6.20
[INFO] [stderr]    Compiling camino v1.1.9
[INFO] [stderr]    Compiling anyhow v1.0.92
[INFO] [stderr]    Compiling yansi v1.0.1
[INFO] [stderr]    Compiling serde v1.0.214
[INFO] [stderr]    Compiling http v1.1.0
[INFO] [stderr]    Compiling form_urlencoded v1.2.1
[INFO] [stderr]    Compiling utf8-width v0.1.7
[INFO] [stderr]    Compiling interpolator v0.5.0
[INFO] [stderr]    Compiling same-file v1.0.6
[INFO] [stderr]    Compiling collection_literals v1.0.1
[INFO] [stderr]    Compiling hashbrown v0.14.5
[INFO] [stderr]    Compiling itertools v0.12.1
[INFO] [stderr]    Compiling parking_lot v0.12.3
[INFO] [stderr]    Compiling walkdir v2.5.0
[INFO] [stderr]    Compiling html-escape v0.2.13
[INFO] [stderr]    Compiling send_wrapper v0.6.0
[INFO] [stderr]    Compiling getrandom v0.2.15
[INFO] [stderr]    Compiling self_cell v1.0.4
[INFO] [stderr]    Compiling base64 v0.22.1
[INFO] [stderr]    Compiling rustc-hash v1.1.0
[INFO] [stderr]    Compiling quote v1.0.37
[INFO] [stderr]    Compiling minimal-lexical v0.2.1
[INFO] [stderr]    Compiling uuid v1.11.0
[INFO] [stderr]    Compiling target-triple v0.1.3
[INFO] [stderr]    Compiling pathdiff v0.2.2
[INFO] [stderr]    Compiling drain_filter_polyfill v0.1.3
[INFO] [stderr]    Compiling inventory v0.3.15
[INFO] [stderr]    Compiling pad-adapter v0.1.1
[INFO] [stderr]    Compiling termcolor v1.4.1
[INFO] [stderr]    Compiling glob v0.3.1
[INFO] [stderr]    Compiling unicode-normalization v0.1.24
[INFO] [stderr]    Compiling syn v2.0.86
[INFO] [stderr]    Compiling proc-macro-utils v0.8.0
[INFO] [stderr]    Compiling proc-macro-utils v0.10.0
[INFO] [stderr]    Compiling nom v7.1.3
[INFO] [stderr]    Compiling dashmap v5.5.3
[INFO] [stderr]    Compiling proc-macro-error-attr v1.0.4
[INFO] [stderr]    Compiling const_format_proc_macros v0.2.33
[INFO] [stderr]    Compiling proc-macro-error-attr2 v2.0.0
[INFO] [stderr]    Compiling proc-macro-error v1.0.4
[INFO] [stderr]    Compiling proc-macro-error2 v2.0.1
[INFO] [stderr]    Compiling idna v0.5.0
[INFO] [stderr]    Compiling manyhow-macros v0.10.4
[INFO] [stderr]    Compiling const_format v0.2.33
[INFO] [stderr]    Compiling url v2.5.2
[INFO] [stderr]    Compiling wasm-bindgen-backend v0.2.95
[INFO] [stderr]    Compiling server_fn_macro v0.6.15
[INFO] [stderr]    Compiling manyhow v0.10.4
[INFO] [stderr]    Compiling prettyplease v0.2.25
[INFO] [stderr]    Compiling leptos-mview-core v0.3.2
[INFO] [stderr]    Compiling serde_derive v1.0.214
[INFO] [stderr]    Compiling thiserror-impl v1.0.66
[INFO] [stderr]    Compiling futures-macro v0.3.31
[INFO] [stderr]    Compiling pin-project-internal v1.1.7
[INFO] [stderr]    Compiling tracing-attributes v0.1.27
[INFO] [stderr]    Compiling quote-use-macros v0.8.4
[INFO] [stderr]    Compiling syn_derive v0.1.8
[INFO] [stderr]    Compiling derive-where v1.2.7
[INFO] [stderr]    Compiling server_fn_macro_default v0.6.15
[INFO] [stderr]    Compiling typed-builder-macro v0.18.2
[INFO] [stderr]    Compiling async-recursion v1.1.1
[INFO] [stderr]    Compiling leptos-mview-macro v0.3.2
[INFO] [stderr]    Compiling leptos-mview v0.3.2 (/opt/rustwide/workdir)
[INFO] [stderr]    Compiling quote-use v0.8.4
[INFO] [stderr]    Compiling attribute-derive-macro v0.9.2
[INFO] [stderr]    Compiling wasm-bindgen-macro-support v0.2.95
[INFO] [stderr]    Compiling futures-util v0.3.31
[INFO] [stderr]    Compiling pin-project v1.1.7
[INFO] [stderr]    Compiling thiserror v1.0.66
[INFO] [stderr]    Compiling rstml v0.11.2
[INFO] [stderr]    Compiling typed-builder v0.18.2
[INFO] [stderr]    Compiling tracing v0.1.40
[INFO] [stderr]    Compiling attribute-derive v0.9.2
[INFO] [stderr]    Compiling wasm-bindgen-macro v0.2.95
[INFO] [stderr]    Compiling js-sys v0.3.72
[INFO] [stderr]    Compiling futures-executor v0.3.31
[INFO] [stderr]    Compiling futures v0.3.31
[INFO] [stderr]    Compiling web-sys v0.3.72
[INFO] [stderr]    Compiling wasm-bindgen-futures v0.4.45
[INFO] [stderr]    Compiling serde_json v1.0.132
[INFO] [stderr]    Compiling serde_spanned v0.6.8
[INFO] [stderr]    Compiling toml_datetime v0.6.8
[INFO] [stderr]    Compiling ciborium v0.2.2
[INFO] [stderr]    Compiling oco_ref v0.1.1
[INFO] [stderr]    Compiling serde_qs v0.12.0
[INFO] [stderr]    Compiling serde-wasm-bindgen v0.6.5
[INFO] [stderr]    Compiling toml_edit v0.22.22
[INFO] [stderr]    Compiling leptos_hot_reload v0.6.15
[INFO] [stderr]    Compiling leptos_macro v0.6.15
[INFO] [stderr]    Compiling toml v0.8.19
[INFO] [stderr]    Compiling config v0.14.1
[INFO] [stderr]    Compiling trybuild v1.0.101
[INFO] [stderr]    Compiling leptos_config v0.6.15
[INFO] [stderr]    Compiling gloo-utils v0.2.0
[INFO] [stderr]    Compiling leptos_reactive v0.6.15
[INFO] [stderr]    Compiling gloo-net v0.6.0
[INFO] [stderr]    Compiling wasm-streams v0.4.2
[INFO] [stderr]    Compiling server_fn v0.6.15
[INFO] [stderr]    Compiling leptos_dom v0.6.15
[INFO] [stderr]    Compiling leptos_server v0.6.15
[INFO] [stderr]    Compiling leptos v0.6.15
[INFO] [stderr]     Finished `test` profile [unoptimized + debuginfo] target(s) in 24.11s
[INFO] running `Command { std: "docker" "inspect" "96bae4a390e15212a8beef9a4d22169baf52ae2a20411da8a54b6a323f80dec6", kill_on_drop: false }`
[INFO] running `Command { std: "docker" "rm" "-f" "96bae4a390e15212a8beef9a4d22169baf52ae2a20411da8a54b6a323f80dec6", kill_on_drop: false }`
[INFO] [stdout] 96bae4a390e15212a8beef9a4d22169baf52ae2a20411da8a54b6a323f80dec6
[INFO] running `Command { std: "docker" "create" "-v" "/var/lib/crater-agent-workspace/builds/worker-5-tc2/target:/opt/rustwide/target:rw,Z" "-v" "/var/lib/crater-agent-workspace/builds/worker-5-tc2/source:/opt/rustwide/workdir:ro,Z" "-v" "/var/lib/crater-agent-workspace/cargo-home:/opt/rustwide/cargo-home:ro,Z" "-v" "/var/lib/crater-agent-workspace/rustup-home:/opt/rustwide/rustup-home:ro,Z" "-e" "SOURCE_DIR=/opt/rustwide/workdir" "-e" "CARGO_TARGET_DIR=/opt/rustwide/target" "-e" "CARGO_INCREMENTAL=0" "-e" "RUST_BACKTRACE=full" "-e" "RUSTFLAGS=--cap-lints=forbid -Zrandomize-layout" "-e" "RUSTDOCFLAGS=--cap-lints=forbid" "-e" "CARGO_HOME=/opt/rustwide/cargo-home" "-e" "RUSTUP_HOME=/opt/rustwide/rustup-home" "-w" "/opt/rustwide/workdir" "-m" "1610612736" "--user" "0:0" "--network" "none" "ghcr.io/rust-lang/crates-build-env/linux@sha256:4a844ea9eb2546a2d2c7022eacef16ef2e8229c7fbb2c7d4d55a9ceca922f72d" "/opt/rustwide/cargo-home/bin/cargo" "+nightly-2024-10-28" "test" "--frozen", kill_on_drop: false }`
[INFO] [stdout] 05ef74b2a2e9e35f0968222c8c718db00ca7a19efbd086d6ecc1b49e3c6408fd
[INFO] running `Command { std: "docker" "start" "-a" "05ef74b2a2e9e35f0968222c8c718db00ca7a19efbd086d6ecc1b49e3c6408fd", kill_on_drop: false }`
[INFO] [stderr]     Finished `test` profile [unoptimized + debuginfo] target(s) in 0.12s
[INFO] [stderr]      Running unittests src/lib.rs (/opt/rustwide/target/debug/deps/leptos_mview-a99f1d25021a2155)
[INFO] [stdout] 
[INFO] [stdout] running 0 tests
[INFO] [stdout] 
[INFO] [stdout] test result: ok. 0 passed; 0 failed; 0 ignored; 0 measured; 0 filtered out; finished in 0.00s
[INFO] [stdout] 
[INFO] [stderr]      Running tests/component.rs (/opt/rustwide/target/debug/deps/component-bf145c135c6bac55)
[INFO] [stdout] 
[INFO] [stdout] running 9 tests
[INFO] [stdout] test clones ... ok
[INFO] [stdout] test class_dir ... ok
[INFO] [stdout] test generics ... ok
[INFO] [stdout] test children_args ... ok
[INFO] [stdout] test ids ... ok
[INFO] [stdout] test let_patterns ... ok
[INFO] [stdout] test slot_peek ... ok
[INFO] [stdout] test selectors ... ok
[INFO] [stdout] test qualified_paths ... ok
[INFO] [stdout] 
[INFO] [stdout] test result: ok. 9 passed; 0 failed; 0 ignored; 0 measured; 0 filtered out; finished in 0.00s
[INFO] [stdout] 
[INFO] [stderr]      Running tests/html.rs (/opt/rustwide/target/debug/deps/html-4aef091de4662135)
[INFO] [stdout] 
[INFO] [stdout] running 7 tests
[INFO] [stdout] test directive_before_attr ... ok
[INFO] [stdout] test a_bunch ... ok
[INFO] [stdout] test mixed_class_creation ... ok
[INFO] [stdout] test multiple_directives ... ok
[INFO] [stdout] test multi_element_is_fragment ... ok
[INFO] [stdout] test single_element ... ok
[INFO] [stdout] test string_directives ... ok
[INFO] [stdout] 
[INFO] [stdout] test result: ok. 7 passed; 0 failed; 0 ignored; 0 measured; 0 filtered out; finished in 0.00s
[INFO] [stdout] 
[INFO] [stderr]      Running tests/paren_children.rs (/opt/rustwide/target/debug/deps/paren_children-3f025365eb85bcd5)
[INFO] [stdout] 
[INFO] [stdout] running 3 tests
[INFO] [stdout] test component_closure ... ok
[INFO] [stdout] test component_child ... ok
[INFO] [stdout] test html_child ... ok
[INFO] [stdout] 
[INFO] [stdout] test result: ok. 3 passed; 0 failed; 0 ignored; 0 measured; 0 filtered out; finished in 0.00s
[INFO] [stdout] 
[INFO] [stderr]      Running tests/slots.rs (/opt/rustwide/target/debug/deps/slots-b10ee6c13204c2bd)
[INFO] [stdout] 
[INFO] [stdout] running 7 tests
[INFO] [stdout] test clone_in_slot ... ok
[INFO] [stdout] test accept_multiple_use_single ... ok
[INFO] [stdout] test optional_slots ... ok
[INFO] [stdout] test extra_slot_attrs ... ok
[INFO] [stdout] test children_and_slots ... ok
[INFO] [stdout] test multiple_slots ... ok
[INFO] [stdout] test test_example ... ok
[INFO] [stdout] 
[INFO] [stdout] test result: ok. 7 passed; 0 failed; 0 ignored; 0 measured; 0 filtered out; finished in 0.00s
[INFO] [stdout] 
[INFO] [stderr]      Running tests/spread.rs (/opt/rustwide/target/debug/deps/spread-efaa6f72fa88f838)
[INFO] [stdout] 
[INFO] [stdout] running 3 tests
[INFO] [stdout] test spread_html_element ... ok
[INFO] [stdout] test spread_in_component ... ok
[INFO] [stdout] test spread_on_component ... ok
[INFO] [stdout] 
[INFO] [stdout] test result: ok. 3 passed; 0 failed; 0 ignored; 0 measured; 0 filtered out; finished in 0.00s
[INFO] [stdout] 
[INFO] [stderr]      Running tests/ui.rs (/opt/rustwide/target/debug/deps/ui-3a519915ebd45fb1)
[INFO] [stdout] 
[INFO] [stdout] running 1 test
[INFO] [stderr]    Compiling proc-macro2 v1.0.89
[INFO] [stderr]    Compiling unicode-ident v1.0.13
[INFO] [stderr]    Compiling version_check v0.9.5
[INFO] [stderr]    Compiling serde v1.0.214
[INFO] [stderr]    Compiling autocfg v1.4.0
[INFO] [stderr]    Compiling once_cell v1.20.2
[INFO] [stderr]    Compiling memchr v2.7.4
[INFO] [stderr]    Compiling wasm-bindgen-shared v0.2.95
[INFO] [stderr]    Compiling cfg-if v1.0.0
[INFO] [stderr]    Compiling libc v0.2.161
[INFO] [stderr]    Compiling log v0.4.22
[INFO] [stderr]    Compiling thiserror v1.0.66
[INFO] [stderr]    Compiling bumpalo v3.16.0
[INFO] [stderr]    Compiling smallvec v1.13.2
[INFO] [stderr]    Compiling wasm-bindgen v0.2.95
[INFO] [stderr]    Compiling parking_lot_core v0.9.10
[INFO] [stderr]    Compiling futures-core v0.3.31
[INFO] [stderr]    Compiling futures-sink v0.3.31
[INFO] [stderr]    Compiling pin-project-lite v0.2.15
[INFO] [stderr]    Compiling unicode-xid v0.2.6
[INFO] [stderr]    Compiling hashbrown v0.15.0
[INFO] [stderr]    Compiling equivalent v1.0.1
[INFO] [stderr]    Compiling itoa v1.0.11
[INFO] [stderr]    Compiling futures-channel v0.3.31
[INFO] [stderr]    Compiling futures-task v0.3.31
[INFO] [stderr]    Compiling futures-io v0.3.31
[INFO] [stderr]    Compiling serde_json v1.0.132
[INFO] [stderr]    Compiling pin-utils v0.1.0
[INFO] [stderr]    Compiling unicode-segmentation v1.12.0
[INFO] [stderr]    Compiling ryu v1.0.18
[INFO] [stderr]    Compiling tinyvec_macros v0.1.1
[INFO] [stderr]    Compiling percent-encoding v2.3.1
[INFO] [stderr]    Compiling tinyvec v1.8.0
[INFO] [stderr]    Compiling xxhash-rust v0.8.12
[INFO] [stderr]    Compiling half v2.4.1
[INFO] [stderr]    Compiling unicode-bidi v0.3.17
[INFO] [stderr]    Compiling camino v1.1.9
[INFO] [stderr]    Compiling anyhow v1.0.92
[INFO] [stderr]    Compiling proc-macro-error-attr v1.0.4
[INFO] [stderr]    Compiling proc-macro-error v1.0.4
[INFO] [stderr]    Compiling proc-macro2-diagnostics v0.10.1
[INFO] [stderr]    Compiling slotmap v1.0.7
[INFO] [stderr]    Compiling fnv v1.0.7
[INFO] [stderr]    Compiling scopeguard v1.2.0
[INFO] [stderr]    Compiling convert_case v0.6.0
[INFO] [stderr]    Compiling lock_api v0.4.12
[INFO] [stderr]    Compiling slab v0.4.9
[INFO] [stderr]    Compiling ciborium-io v0.2.2
[INFO] [stderr]    Compiling yansi v1.0.1
[INFO] [stderr]    Compiling paste v1.0.15
[INFO] [stderr]    Compiling bytes v1.8.0
[INFO] [stderr]    Compiling indexmap v2.6.0
[INFO] [stderr]    Compiling quote v1.0.37
[INFO] [stderr]    Compiling ciborium-ll v0.2.2
[INFO] [stderr]    Compiling form_urlencoded v1.2.1
[INFO] [stderr]    Compiling tracing-core v0.1.32
[INFO] [stderr]    Compiling hashbrown v0.14.5
[INFO] [stderr]    Compiling winnow v0.6.20
[INFO] [stderr]    Compiling interpolator v0.5.0
[INFO] [stderr]    Compiling syn v2.0.86
[INFO] [stderr]    Compiling proc-macro-utils v0.10.0
[INFO] [stderr]    Compiling proc-macro-utils v0.8.0
[INFO] [stderr]    Compiling same-file v1.0.6
[INFO] [stderr]    Compiling collection_literals v1.0.1
[INFO] [stderr]    Compiling unicode-normalization v0.1.24
[INFO] [stderr]    Compiling http v1.1.0
[INFO] [stderr]    Compiling prettyplease v0.2.25
[INFO] [stderr]    Compiling walkdir v2.5.0
[INFO] [stderr]    Compiling parking_lot v0.12.3
[INFO] [stderr]    Compiling getrandom v0.2.15
[INFO] [stderr]    Compiling aho-corasick v1.1.3
[INFO] [stderr]    Compiling const_format_proc_macros v0.2.33
[INFO] [stderr]    Compiling idna v0.5.0
[INFO] [stderr]    Compiling dashmap v5.5.3
[INFO] [stderr]    Compiling manyhow-macros v0.10.4
[INFO] [stderr]    Compiling proc-macro-error-attr2 v2.0.0
[INFO] [stderr]    Compiling send_wrapper v0.6.0
[INFO] [stderr]    Compiling self_cell v1.0.4
[INFO] [stderr]    Compiling either v1.13.0
[INFO] [stderr]    Compiling regex-syntax v0.8.5
[INFO] [stderr]    Compiling minimal-lexical v0.2.1
[INFO] [stderr]    Compiling utf8-width v0.1.7
[INFO] [stderr]    Compiling rustc-hash v1.1.0
[INFO] [stderr]    Compiling url v2.5.2
[INFO] [stderr]    Compiling base64 v0.22.1
[INFO] [stderr]    Compiling itertools v0.12.1
[INFO] [stderr]    Compiling nom v7.1.3
[INFO] [stderr]    Compiling html-escape v0.2.13
[INFO] [stderr]    Compiling proc-macro-error2 v2.0.1
[INFO] [stderr]    Compiling uuid v1.11.0
[INFO] [stderr]    Compiling pathdiff v0.2.2
[INFO] [stderr]    Compiling drain_filter_polyfill v0.1.3
[INFO] [stderr]    Compiling pad-adapter v0.1.1
[INFO] [stderr]    Compiling inventory v0.3.15
[INFO] [stderr]    Compiling lazy_static v1.5.0
[INFO] [stderr]    Compiling const_format v0.2.33
[INFO] [stderr]    Compiling regex-automata v0.4.8
[INFO] [stderr]    Compiling wasm-bindgen-backend v0.2.95
[INFO] [stderr]    Compiling server_fn_macro v0.6.15
[INFO] [stderr]    Compiling manyhow v0.10.4
[INFO] [stderr]    Compiling leptos-mview-core v0.3.2
[INFO] [stderr]    Compiling regex v1.11.1
[INFO] [stderr]    Compiling wasm-bindgen-macro-support v0.2.95
[INFO] [stderr]    Compiling serde_derive v1.0.214
[INFO] [stderr]    Compiling thiserror-impl v1.0.66
[INFO] [stderr]    Compiling futures-macro v0.3.31
[INFO] [stderr]    Compiling pin-project-internal v1.1.7
[INFO] [stderr]    Compiling tracing-attributes v0.1.27
[INFO] [stderr]    Compiling quote-use-macros v0.8.4
[INFO] [stderr]    Compiling syn_derive v0.1.8
[INFO] [stderr]    Compiling server_fn_macro_default v0.6.15
[INFO] [stderr]    Compiling derive-where v1.2.7
[INFO] [stderr]    Compiling typed-builder-macro v0.18.2
[INFO] [stderr]    Compiling async-recursion v1.1.1
[INFO] [stderr]    Compiling leptos-mview-macro v0.3.2
[INFO] [stderr]    Compiling quote-use v0.8.4
[INFO] [stderr]    Compiling attribute-derive-macro v0.9.2
[INFO] [stderr]    Compiling leptos-mview v0.3.2 (/opt/rustwide/workdir)
[INFO] [stderr]    Compiling futures-util v0.3.31
[INFO] [stderr]    Compiling wasm-bindgen-macro v0.2.95
[INFO] [stderr]    Compiling rstml v0.11.2
[INFO] [stderr]    Compiling pin-project v1.1.7
[INFO] [stderr]    Compiling tracing v0.1.40
[INFO] [stderr]    Compiling typed-builder v0.18.2
[INFO] [stderr]    Compiling attribute-derive v0.9.2
[INFO] [stderr]    Compiling js-sys v0.3.72
[INFO] [stderr]    Compiling futures-executor v0.3.31
[INFO] [stderr]    Compiling futures v0.3.31
[INFO] [stderr]    Compiling web-sys v0.3.72
[INFO] [stderr]    Compiling wasm-bindgen-futures v0.4.45
[INFO] [stderr]    Compiling leptos_hot_reload v0.6.15
[INFO] [stderr]    Compiling toml_datetime v0.6.8
[INFO] [stderr]    Compiling serde_spanned v0.6.8
[INFO] [stderr]    Compiling oco_ref v0.1.1
[INFO] [stderr]    Compiling serde-wasm-bindgen v0.6.5
[INFO] [stderr]    Compiling ciborium v0.2.2
[INFO] [stderr]    Compiling serde_qs v0.12.0
[INFO] [stderr]    Compiling toml_edit v0.22.22
[INFO] [stderr]    Compiling leptos_macro v0.6.15
[INFO] [stderr]    Compiling toml v0.8.19
[INFO] [stderr]    Compiling config v0.14.1
[INFO] [stderr]    Compiling leptos_config v0.6.15
[INFO] [stderr]    Compiling gloo-utils v0.2.0
[INFO] [stderr]    Compiling leptos_reactive v0.6.15
[INFO] [stderr]    Compiling gloo-net v0.6.0
[INFO] [stderr]    Compiling wasm-streams v0.4.2
[INFO] [stderr]    Compiling server_fn v0.6.15
[INFO] [stderr]    Compiling leptos_server v0.6.15
[INFO] [stderr]    Compiling leptos_dom v0.6.15
[INFO] [stderr]    Compiling leptos v0.6.15
[INFO] [stderr]    Compiling leptos-mview-tests v0.0.0 (/opt/rustwide/target/tests/trybuild/leptos-mview)
[INFO] [stderr]     Finished `dev` profile [unoptimized + debuginfo] target(s) in 24.93s
[INFO] [stderr] 
[INFO] [stderr] 
[INFO] [stderr] test tests/ui/pass/many_braces.rs [should pass] ... ok
[INFO] [stderr] test tests/ui/pass/use_directive.rs [should pass] ... ok
[INFO] [stderr] test tests/ui/errors/com_builder_spans.rs [should fail to compile] ... mismatch
[INFO] [stderr] 
[INFO] [stderr] EXPECTED:
[INFO] [stderr] ┈┈┈┈┈┈┈┈┈┈┈┈┈┈┈┈┈┈┈┈┈┈┈┈┈┈┈┈┈┈┈┈┈┈┈┈┈┈┈┈┈┈┈┈┈┈┈┈┈┈┈┈┈┈┈┈┈┈┈┈
[INFO] [stderr] warning: use of deprecated method `leptos::ForPropsBuilder::<IF, I, T, EF, N, KF, K, ((IF,), (), __children)>::build`: Missing required field key
[INFO] [stderr]   --> tests/ui/errors/com_builder_spans.rs:10:9
[INFO] [stderr]    |
[INFO] [stderr] 10 |         For each=[[1, 2, 3]] |i| { {i} }
[INFO] [stderr]    |         ^^^
[INFO] [stderr]    |
[INFO] [stderr]    = note: `#[warn(deprecated)]` on by default
[INFO] [stderr] 
[INFO] [stderr] error[E0061]: this method takes 1 argument but 0 arguments were supplied
[INFO] [stderr]   --> tests/ui/errors/com_builder_spans.rs:10:9
[INFO] [stderr]    |
[INFO] [stderr] 10 |         For each=[[1, 2, 3]] |i| { {i} }
[INFO] [stderr]    |         ^^^ an argument of type `ForPropsBuilder_Error_Missing_required_field_key` is missing
[INFO] [stderr]    |
[INFO] [stderr] note: method defined here
[INFO] [stderr]   --> $CARGO/leptos-0.6.12/src/for_loop.rs
[INFO] [stderr]    |
[INFO] [stderr]    | #[component(transparent)]
[INFO] [stderr]    | ^^^^^^^^^^^^^^^^^^^^^^^^^
[INFO] [stderr]    = note: this error originates in the derive macro `::leptos::typed_builder_macro::TypedBuilder` (in Nightly builds, run with -Z macro-backtrace for more info)
[INFO] [stderr] help: provide the argument
[INFO] [stderr]    |
[INFO] [stderr] 10 |         For(/* ForPropsBuilder_Error_Missing_required_field_key */) each=[[1, 2, 3]] |i| { {i} }
[INFO] [stderr]    |            ++++++++++++++++++++++++++++++++++++++++++++++++++++++++
[INFO] [stderr] 
[INFO] [stderr] error[E0277]: expected a `Fn()` closure, found `str`
[INFO] [stderr]   --> tests/ui/errors/com_builder_spans.rs:17:14
[INFO] [stderr]    |
[INFO] [stderr] 17 |         Show when={"no"} {
[INFO] [stderr]    |              ^^^^ expected an `Fn()` closure, found `str`
[INFO] [stderr]    |
[INFO] [stderr]    = help: the trait `std::ops::Fn<()>` is not implemented for `str`, which is required by `&str: FnOnce()`
[INFO] [stderr]    = note: wrap the `str` in a closure with no arguments: `|| { /* code */ }`
[INFO] [stderr]    = note: required for `&str` to implement `FnOnce<()>`
[INFO] [stderr] note: required by a bound in `ShowPropsBuilder::<W, (__children, (), __fallback)>::when`
[INFO] [stderr]   --> $CARGO/leptos-0.6.12/src/show.rs
[INFO] [stderr]    |
[INFO] [stderr]    |     when: W,
[INFO] [stderr]    |     ---- required by a bound in this associated function
[INFO] [stderr] ...
[INFO] [stderr]    |     W: Fn() -> bool + 'static,
[INFO] [stderr]    |                ^^^^ required by this bound in `ShowPropsBuilder::<W, (__children, (), __fallback)>::when`
[INFO] [stderr] 
[INFO] [stderr] error[E0277]: expected a `Fn()` closure, found `str`
[INFO] [stderr]   --> tests/ui/errors/com_builder_spans.rs:17:9
[INFO] [stderr]    |
[INFO] [stderr] 17 |         Show when={"no"} {
[INFO] [stderr]    |         ^^^^ expected an `Fn()` closure, found `str`
[INFO] [stderr]    |
[INFO] [stderr]    = help: the trait `std::ops::Fn<()>` is not implemented for `str`, which is required by `&str: Fn()`
[INFO] [stderr]    = note: wrap the `str` in a closure with no arguments: `|| { /* code */ }`
[INFO] [stderr]    = note: required for `&str` to implement `std::ops::Fn<()>`
[INFO] [stderr] note: required by a bound in `leptos::Show`
[INFO] [stderr]   --> $CARGO/leptos-0.6.12/src/show.rs
[INFO] [stderr]    |
[INFO] [stderr]    | pub fn Show<W>(
[INFO] [stderr]    |        ---- required by a bound in this function
[INFO] [stderr] ...
[INFO] [stderr]    |     W: Fn() -> bool + 'static,
[INFO] [stderr]    |        ^^^^^^^^^^^^ required by this bound in `Show`
[INFO] [stderr] 
[INFO] [stderr] error[E0599]: the method `children` exists for struct `ShowPropsBuilder<&str, ((), (&str,), ())>`, but its trait bounds were not satisfied
[INFO] [stderr]   --> tests/ui/errors/com_builder_spans.rs:18:13
[INFO] [stderr]    |
[INFO] [stderr] 16 |       _ = mview! {
[INFO] [stderr]    |  _________-
[INFO] [stderr] 17 | |         Show when={"no"} {
[INFO] [stderr] 18 | |             "hi"
[INFO] [stderr]    | |            -^^^^ method cannot be called on `ShowPropsBuilder<&str, ((), (&str,), ())>` due to unsatisfied trait bounds
[INFO] [stderr]    | |____________|
[INFO] [stderr]    |
[INFO] [stderr]    |
[INFO] [stderr]    = note: the following trait bounds were not satisfied:
[INFO] [stderr]            `str: std::ops::Fn<()>`
[INFO] [stderr]            which is required by `<&str as FnOnce<()>>::Output = bool`
[INFO] [stderr]            `str: FnOnce<()>`
[INFO] [stderr]            which is required by `<&str as FnOnce<()>>::Output = bool`
[INFO] [stderr] 
[INFO] [stderr] error[E0277]: expected a `Fn()` closure, found `bool`
[INFO] [stderr]   --> tests/ui/errors/com_builder_spans.rs:25:14
[INFO] [stderr]    |
[INFO] [stderr] 25 |         Show when={true} {
[INFO] [stderr]    |              ^^^^ expected an `Fn()` closure, found `bool`
[INFO] [stderr]    |
[INFO] [stderr]    = help: the trait `std::ops::Fn<()>` is not implemented for `bool`
[INFO] [stderr]    = note: wrap the `bool` in a closure with no arguments: `|| { /* code */ }`
[INFO] [stderr] note: required by a bound in `ShowPropsBuilder::<W, (__children, (), __fallback)>::when`
[INFO] [stderr]   --> $CARGO/leptos-0.6.12/src/show.rs
[INFO] [stderr]    |
[INFO] [stderr]    |     when: W,
[INFO] [stderr]    |     ---- required by a bound in this associated function
[INFO] [stderr] ...
[INFO] [stderr]    |     W: Fn() -> bool + 'static,
[INFO] [stderr]    |        ^^^^^^^^^^^^ required by this bound in `ShowPropsBuilder::<W, (__children, (), __fallback)>::when`
[INFO] [stderr] 
[INFO] [stderr] error[E0277]: expected a `Fn()` closure, found `bool`
[INFO] [stderr]   --> tests/ui/errors/com_builder_spans.rs:25:9
[INFO] [stderr]    |
[INFO] [stderr] 25 |         Show when={true} {
[INFO] [stderr]    |         ^^^^ expected an `Fn()` closure, found `bool`
[INFO] [stderr]    |
[INFO] [stderr]    = help: the trait `std::ops::Fn<()>` is not implemented for `bool`, which is required by `fn(ShowProps<_>) -> impl leptos::IntoView {leptos::Show::<_>}: leptos::Component<_>`
[INFO] [stderr]    = note: wrap the `bool` in a closure with no arguments: `|| { /* code */ }`
[INFO] [stderr]    = note: required for `ShowProps<bool>` to implement `leptos::Props`
[INFO] [stderr]    = note: required for `fn(ShowProps<bool>) -> impl leptos::IntoView {leptos::Show::<bool>}` to implement `leptos::Component<ShowProps<bool>>`
[INFO] [stderr] note: required by a bound in `component_props_builder`
[INFO] [stderr]   --> $CARGO/leptos-0.6.12/src/lib.rs
[INFO] [stderr]    |
[INFO] [stderr]    | pub fn component_props_builder<P: PropsOrNoPropsBuilder>(
[INFO] [stderr]    |        ----------------------- required by a bound in this function
[INFO] [stderr]    |     _f: &impl Component<P>,
[INFO] [stderr]    |               ^^^^^^^^^^^^ required by this bound in `component_props_builder`
[INFO] [stderr] 
[INFO] [stderr] error[E0599]: the method `children` exists for struct `ShowPropsBuilder<bool, ((), (bool,), ())>`, but its trait bounds were not satisfied
[INFO] [stderr]   --> tests/ui/errors/com_builder_spans.rs:26:13
[INFO] [stderr]    |
[INFO] [stderr] 24 |       _ = mview! {
[INFO] [stderr]    |  _________-
[INFO] [stderr] 25 | |         Show when={true} {
[INFO] [stderr] 26 | |             "hi"
[INFO] [stderr]    | |            -^^^^ method cannot be called on `ShowPropsBuilder<bool, ((), (bool,), ())>` due to unsatisfied trait bounds
[INFO] [stderr]    | |____________|
[INFO] [stderr]    |
[INFO] [stderr]    |
[INFO] [stderr]    = note: the following trait bounds were not satisfied:
[INFO] [stderr]            `bool: std::ops::Fn<()>`
[INFO] [stderr]            `bool: FnOnce<()>`
[INFO] [stderr]            which is required by `<bool as FnOnce<()>>::Output = bool`
[INFO] [stderr] 
[INFO] [stderr] error[E0308]: mismatched types
[INFO] [stderr]   --> tests/ui/errors/com_builder_spans.rs:37:21
[INFO] [stderr]    |
[INFO] [stderr] 37 |         Thing label=[false];
[INFO] [stderr]    |               ----- ^^^^^^^ expected `&str`, found closure
[INFO] [stderr]    |               |
[INFO] [stderr]    |               arguments to this method are incorrect
[INFO] [stderr]    |
[INFO] [stderr]    = note: expected reference `&'static str`
[INFO] [stderr]                 found closure `{closure@$DIR/tests/ui/errors/com_builder_spans.rs:37:21: 37:28}`
[INFO] [stderr] note: method defined here
[INFO] [stderr]   --> tests/ui/errors/com_builder_spans.rs:33:14
[INFO] [stderr]    |
[INFO] [stderr] 33 |     fn Thing(label: &'static str) -> impl IntoView { label }
[INFO] [stderr]    |              ^^^^^--------------
[INFO] [stderr] 
[INFO] [stderr] error[E0308]: mismatched types
[INFO] [stderr]   --> tests/ui/errors/com_builder_spans.rs:48:15
[INFO] [stderr]    |
[INFO] [stderr] 48 |         Thing |s| { "hello" }
[INFO] [stderr]    |               ^^^ expected `Box<dyn FnOnce() -> Fragment>`, found closure
[INFO] [stderr]    |
[INFO] [stderr]    = note: expected struct `Box<(dyn FnOnce() -> Fragment + 'static)>`
[INFO] [stderr]              found closure `{closure@$DIR/tests/ui/errors/com_builder_spans.rs:48:15: 48:18}`
[INFO] [stderr] 
[INFO] [stderr] error[E0283]: type annotations needed
[INFO] [stderr]   --> tests/ui/errors/com_builder_spans.rs:57:9
[INFO] [stderr]    |
[INFO] [stderr] 57 |         Await future=[async { 3 }] { "no args" }
[INFO] [stderr]    |         ^^^^^ cannot infer type of the type parameter `V` declared on the function `Await`
[INFO] [stderr]    |
[INFO] [stderr]    = note: cannot satisfy `_: leptos::IntoView`
[INFO] [stderr]    = help: the following types implement trait `leptos::IntoView`:
[INFO] [stderr]              &'static str
[INFO] [stderr]              &Fragment
[INFO] [stderr]              &leptos::View
[INFO] [stderr]              &std::string::String
[INFO] [stderr]              ()
[INFO] [stderr]              (A, B)
[INFO] [stderr]              (A, B, C)
[INFO] [stderr]              (A, B, C, D)
[INFO] [stderr]            and $N others
[INFO] [stderr] note: required by a bound in `leptos::Await`
[INFO] [stderr]   --> $CARGO/leptos-0.6.12/src/await_.rs
[INFO] [stderr]    |
[INFO] [stderr]    | pub fn Await<T, Fut, FF, VF, V>(
[INFO] [stderr]    |        ----- required by a bound in this function
[INFO] [stderr] ...
[INFO] [stderr]    |     V: IntoView,
[INFO] [stderr]    |        ^^^^^^^^ required by this bound in `Await`
[INFO] [stderr] help: consider specifying the generic arguments
[INFO] [stderr]    |
[INFO] [stderr] 57 |         Await::<i32, _, _, VF, V> future=[async { 3 }] { "no args" }
[INFO] [stderr]    |              ++++++++++++++++++++
[INFO] [stderr] 
[INFO] [stderr] error[E0283]: type annotations needed
[INFO] [stderr]   --> tests/ui/errors/com_builder_spans.rs:57:9
[INFO] [stderr]    |
[INFO] [stderr] 57 |         Await future=[async { 3 }] { "no args" }
[INFO] [stderr]    |         ^^^^^ cannot infer type of the type parameter `VF` declared on the function `Await`
[INFO] [stderr]    |
[INFO] [stderr]    = note: multiple `impl`s satisfying `_: ToChildren<{closure@$DIR/tests/ui/errors/com_builder_spans.rs:57:38: 57:47}>` found in the `leptos` crate:
[INFO] [stderr]            - impl<F> ToChildren<F> for Box<(dyn FnMut() -> Fragment + 'static)>
[INFO] [stderr]              where <F as FnOnce<()>>::Output == Fragment, F: FnMut(), F: 'static;
[INFO] [stderr]            - impl<F> ToChildren<F> for Box<(dyn FnOnce() -> Fragment + 'static)>
[INFO] [stderr]              where <F as FnOnce<()>>::Output == Fragment, F: FnOnce(), F: 'static;
[INFO] [stderr]            - impl<F> ToChildren<F> for Box<(dyn std::ops::Fn() -> Fragment + 'static)>
[INFO] [stderr]              where <F as FnOnce<()>>::Output == Fragment, F: Fn(), F: 'static;
[INFO] [stderr]            - impl<F> ToChildren<F> for Rc<(dyn std::ops::Fn() -> Fragment + 'static)>
[INFO] [stderr]              where <F as FnOnce<()>>::Output == Fragment, F: Fn(), F: 'static;
[INFO] [stderr] help: consider specifying the generic arguments
[INFO] [stderr]    |
[INFO] [stderr] 57 |         Await::<i32, _, _, VF, V> future=[async { 3 }] { "no args" }
[INFO] [stderr]    |              ++++++++++++++++++++
[INFO] [stderr] ┈┈┈┈┈┈┈┈┈┈┈┈┈┈┈┈┈┈┈┈┈┈┈┈┈┈┈┈┈┈┈┈┈┈┈┈┈┈┈┈┈┈┈┈┈┈┈┈┈┈┈┈┈┈┈┈┈┈┈┈
[INFO] [stderr] 
[INFO] [stderr] ACTUAL OUTPUT:
[INFO] [stderr] ┈┈┈┈┈┈┈┈┈┈┈┈┈┈┈┈┈┈┈┈┈┈┈┈┈┈┈┈┈┈┈┈┈┈┈┈┈┈┈┈┈┈┈┈┈┈┈┈┈┈┈┈┈┈┈┈┈┈┈┈
[INFO] [stderr] warning: use of deprecated method `leptos::ForPropsBuilder::<IF, I, T, EF, N, KF, K, ((IF,), (), __children)>::build`: Missing required field key
[INFO] [stderr]   --> tests/ui/errors/com_builder_spans.rs:10:9
[INFO] [stderr]    |
[INFO] [stderr] 10 |         For each=[[1, 2, 3]] |i| { {i} }
[INFO] [stderr]    |         ^^^
[INFO] [stderr]    |
[INFO] [stderr]    = note: `#[warn(deprecated)]` on by default
[INFO] [stderr] 
[INFO] [stderr] error[E0061]: this method takes 1 argument but 0 arguments were supplied
[INFO] [stderr]   --> tests/ui/errors/com_builder_spans.rs:10:9
[INFO] [stderr]    |
[INFO] [stderr] 10 |         For each=[[1, 2, 3]] |i| { {i} }
[INFO] [stderr]    |         ^^^ argument #1 of type `ForPropsBuilder_Error_Missing_required_field_key` is missing
[INFO] [stderr]    |
[INFO] [stderr] note: method defined here
[INFO] [stderr]   --> $CARGO/leptos-0.6.15/src/for_loop.rs
[INFO] [stderr]    |
[INFO] [stderr]    | #[component(transparent)]
[INFO] [stderr]    | ^^^^^^^^^^^^^^^^^^^^^^^^^
[INFO] [stderr]    = note: this error originates in the derive macro `::leptos::typed_builder_macro::TypedBuilder` (in Nightly builds, run with -Z macro-backtrace for more info)
[INFO] [stderr] help: provide the argument
[INFO] [stderr]    |
[INFO] [stderr] 10 |         For(/* ForPropsBuilder_Error_Missing_required_field_key */) each=[[1, 2, 3]] |i| { {i} }
[INFO] [stderr]    |            ++++++++++++++++++++++++++++++++++++++++++++++++++++++++
[INFO] [stderr] 
[INFO] [stderr] error[E0277]: expected a `Fn()` closure, found `str`
[INFO] [stderr]   --> tests/ui/errors/com_builder_spans.rs:17:14
[INFO] [stderr]    |
[INFO] [stderr] 17 |         Show when={"no"} {
[INFO] [stderr]    |              ^^^^ expected an `Fn()` closure, found `str`
[INFO] [stderr]    |
[INFO] [stderr]    = help: the trait `Fn()` is not implemented for `str`, which is required by `&str: FnOnce()`
[INFO] [stderr]    = note: wrap the `str` in a closure with no arguments: `|| { /* code */ }`
[INFO] [stderr]    = note: required for `&str` to implement `FnOnce()`
[INFO] [stderr] note: required by a bound in `ShowPropsBuilder::<W, (__children, (), __fallback)>::when`
[INFO] [stderr]   --> $CARGO/leptos-0.6.15/src/show.rs
[INFO] [stderr]    |
[INFO] [stderr]    |     when: W,
[INFO] [stderr]    |     ---- required by a bound in this associated function
[INFO] [stderr] ...
[INFO] [stderr]    |     W: Fn() -> bool + 'static,
[INFO] [stderr]    |                ^^^^ required by this bound in `ShowPropsBuilder::<W, (__children, (), __fallback)>::when`
[INFO] [stderr] 
[INFO] [stderr] error[E0277]: expected a `Fn()` closure, found `str`
[INFO] [stderr]   --> tests/ui/errors/com_builder_spans.rs:17:9
[INFO] [stderr]    |
[INFO] [stderr] 17 |         Show when={"no"} {
[INFO] [stderr]    |         ^^^^ expected an `Fn()` closure, found `str`
[INFO] [stderr]    |
[INFO] [stderr]    = help: the trait `Fn()` is not implemented for `str`, which is required by `&str: Fn()`
[INFO] [stderr]    = note: wrap the `str` in a closure with no arguments: `|| { /* code */ }`
[INFO] [stderr]    = note: required for `&str` to implement `Fn()`
[INFO] [stderr] note: required by a bound in `leptos::Show`
[INFO] [stderr]   --> $CARGO/leptos-0.6.15/src/show.rs
[INFO] [stderr]    |
[INFO] [stderr]    | pub fn Show<W>(
[INFO] [stderr]    |        ---- required by a bound in this function
[INFO] [stderr] ...
[INFO] [stderr]    |     W: Fn() -> bool + 'static,
[INFO] [stderr]    |        ^^^^^^^^^^^^ required by this bound in `Show`
[INFO] [stderr] 
[INFO] [stderr] error[E0599]: the method `children` exists for struct `ShowPropsBuilder<&str, ((), (&str,), ())>`, but its trait bounds were not satisfied
[INFO] [stderr]   --> tests/ui/errors/com_builder_spans.rs:18:13
[INFO] [stderr]    |
[INFO] [stderr] 16 |       _ = mview! {
[INFO] [stderr]    |  _________-
[INFO] [stderr] 17 | |         Show when={"no"} {
[INFO] [stderr] 18 | |             "hi"
[INFO] [stderr]    | |            -^^^^ method cannot be called on `ShowPropsBuilder<&str, ((), (&str,), ())>` due to unsatisfied trait bounds
[INFO] [stderr]    | |____________|
[INFO] [stderr]    |
[INFO] [stderr]    |
[INFO] [stderr]    = note: the following trait bounds were not satisfied:
[INFO] [stderr]            `str: std::ops::Fn<()>`
[INFO] [stderr]            which is required by `<&str as FnOnce<()>>::Output = bool`
[INFO] [stderr]            `str: FnOnce<()>`
[INFO] [stderr]            which is required by `<&str as FnOnce<()>>::Output = bool`
[INFO] [stderr] 
[INFO] [stderr] error[E0277]: expected a `Fn()` closure, found `bool`
[INFO] [stderr]   --> tests/ui/errors/com_builder_spans.rs:25:14
[INFO] [stderr]    |
[INFO] [stderr] 25 |         Show when={true} {
[INFO] [stderr]    |              ^^^^ expected an `Fn()` closure, found `bool`
[INFO] [stderr]    |
[INFO] [stderr]    = help: the trait `Fn()` is not implemented for `bool`
[INFO] [stderr]    = note: wrap the `bool` in a closure with no arguments: `|| { /* code */ }`
[INFO] [stderr] note: required by a bound in `ShowPropsBuilder::<W, (__children, (), __fallback)>::when`
[INFO] [stderr]   --> $CARGO/leptos-0.6.15/src/show.rs
[INFO] [stderr]    |
[INFO] [stderr]    |     when: W,
[INFO] [stderr]    |     ---- required by a bound in this associated function
[INFO] [stderr] ...
[INFO] [stderr]    |     W: Fn() -> bool + 'static,
[INFO] [stderr]    |        ^^^^^^^^^^^^ required by this bound in `ShowPropsBuilder::<W, (__children, (), __fallback)>::when`
[INFO] [stderr] 
[INFO] [stderr] error[E0277]: expected a `Fn()` closure, found `bool`
[INFO] [stderr]   --> tests/ui/errors/com_builder_spans.rs:25:9
[INFO] [stderr]    |
[INFO] [stderr] 25 |         Show when={true} {
[INFO] [stderr]    |         ^^^^ expected an `Fn()` closure, found `bool`
[INFO] [stderr]    |
[INFO] [stderr]    = help: the trait `Fn()` is not implemented for `bool`, which is required by `fn(ShowProps<_>) -> impl leptos::IntoView {leptos::Show::<_>}: leptos::Component<_>`
[INFO] [stderr]    = note: wrap the `bool` in a closure with no arguments: `|| { /* code */ }`
[INFO] [stderr]    = note: required for `ShowProps<bool>` to implement `leptos::Props`
[INFO] [stderr]    = note: required for `fn(ShowProps<bool>) -> impl leptos::IntoView {leptos::Show::<bool>}` to implement `leptos::Component<ShowProps<bool>>`
[INFO] [stderr] note: required by a bound in `component_props_builder`
[INFO] [stderr]   --> $CARGO/leptos-0.6.15/src/lib.rs
[INFO] [stderr]    |
[INFO] [stderr]    | pub fn component_props_builder<P: PropsOrNoPropsBuilder>(
[INFO] [stderr]    |        ----------------------- required by a bound in this function
[INFO] [stderr]    |     _f: &impl Component<P>,
[INFO] [stderr]    |               ^^^^^^^^^^^^ required by this bound in `component_props_builder`
[INFO] [stderr] 
[INFO] [stderr] error[E0599]: the method `children` exists for struct `ShowPropsBuilder<bool, ((), (bool,), ())>`, but its trait bounds were not satisfied
[INFO] [stderr]   --> tests/ui/errors/com_builder_spans.rs:26:13
[INFO] [stderr]    |
[INFO] [stderr] 24 |       _ = mview! {
[INFO] [stderr]    |  _________-
[INFO] [stderr] 25 | |         Show when={true} {
[INFO] [stderr] 26 | |             "hi"
[INFO] [stderr]    | |            -^^^^ method cannot be called on `ShowPropsBuilder<bool, ((), (bool,), ())>` due to unsatisfied trait bounds
[INFO] [stderr]    | |____________|
[INFO] [stderr]    |
[INFO] [stderr]    |
[INFO] [stderr]    = note: the following trait bounds were not satisfied:
[INFO] [stderr]            `bool: std::ops::Fn<()>`
[INFO] [stderr]            `bool: FnOnce<()>`
[INFO] [stderr]            which is required by `<bool as FnOnce<()>>::Output = bool`
[INFO] [stderr] 
[INFO] [stderr] error[E0308]: mismatched types
[INFO] [stderr]   --> tests/ui/errors/com_builder_spans.rs:37:21
[INFO] [stderr]    |
[INFO] [stderr] 37 |         Thing label=[false];
[INFO] [stderr]    |               ----- ^^^^^^^ expected `&str`, found closure
[INFO] [stderr]    |               |
[INFO] [stderr]    |               arguments to this method are incorrect
[INFO] [stderr]    |
[INFO] [stderr]    = note: expected reference `&'static str`
[INFO] [stderr]                 found closure `{closure@$DIR/tests/ui/errors/com_builder_spans.rs:37:21: 37:28}`
[INFO] [stderr] note: method defined here
[INFO] [stderr]   --> tests/ui/errors/com_builder_spans.rs:33:14
[INFO] [stderr]    |
[INFO] [stderr] 33 |     fn Thing(label: &'static str) -> impl IntoView { label }
[INFO] [stderr]    |              ^^^^^--------------
[INFO] [stderr] 
[INFO] [stderr] error[E0308]: mismatched types
[INFO] [stderr]   --> tests/ui/errors/com_builder_spans.rs:48:15
[INFO] [stderr]    |
[INFO] [stderr] 48 |         Thing |s| { "hello" }
[INFO] [stderr]    |               ^^^ expected `Box<dyn FnOnce() -> Fragment>`, found closure
[INFO] [stderr]    |
[INFO] [stderr]    = note: expected struct `Box<(dyn FnOnce() -> Fragment + 'static)>`
[INFO] [stderr]              found closure `{closure@$DIR/tests/ui/errors/com_builder_spans.rs:48:15: 48:18}`
[INFO] [stderr] 
[INFO] [stderr] error[E0283]: type annotations needed
[INFO] [stderr]   --> tests/ui/errors/com_builder_spans.rs:57:9
[INFO] [stderr]    |
[INFO] [stderr] 57 |         Await future=[async { 3 }] { "no args" }
[INFO] [stderr]    |         ^^^^^ cannot infer type of the type parameter `V` declared on the function `Await`
[INFO] [stderr]    |
[INFO] [stderr]    = note: cannot satisfy `_: leptos::IntoView`
[INFO] [stderr]    = help: the following types implement trait `leptos::IntoView`:
[INFO] [stderr]              &'static str
[INFO] [stderr]              &Fragment
[INFO] [stderr]              &leptos::View
[INFO] [stderr]              &std::string::String
[INFO] [stderr]              ()
[INFO] [stderr]              (A, B)
[INFO] [stderr]              (A, B, C)
[INFO] [stderr]              (A, B, C, D)
[INFO] [stderr]            and $N others
[INFO] [stderr] note: required by a bound in `leptos::Await`
[INFO] [stderr]   --> $CARGO/leptos-0.6.15/src/await_.rs
[INFO] [stderr]    |
[INFO] [stderr]    | pub fn Await<T, Fut, FF, VF, V>(
[INFO] [stderr]    |        ----- required by a bound in this function
[INFO] [stderr] ...
[INFO] [stderr]    |     V: IntoView,
[INFO] [stderr]    |        ^^^^^^^^ required by this bound in `Await`
[INFO] [stderr] help: consider specifying the generic arguments
[INFO] [stderr]    |
[INFO] [stderr] 57 |         Await::<i32, _, _, VF, V> future=[async { 3 }] { "no args" }
[INFO] [stderr]    |              ++++++++++++++++++++
[INFO] [stderr] 
[INFO] [stderr] error[E0283]: type annotations needed
[INFO] [stderr]   --> tests/ui/errors/com_builder_spans.rs:57:9
[INFO] [stderr]    |
[INFO] [stderr] 57 |         Await future=[async { 3 }] { "no args" }
[INFO] [stderr]    |         ^^^^^ cannot infer type of the type parameter `VF` declared on the function `Await`
[INFO] [stderr]    |
[INFO] [stderr]    = note: multiple `impl`s satisfying `_: ToChildren<{closure@$DIR/tests/ui/errors/com_builder_spans.rs:57:38: 57:47}>` found in the `leptos` crate:
[INFO] [stderr]            - impl<F> ToChildren<F> for Box<(dyn FnMut() -> Fragment + 'static)>
[INFO] [stderr]              where <F as FnOnce<()>>::Output == Fragment, F: FnMut(), F: 'static;
[INFO] [stderr]            - impl<F> ToChildren<F> for Box<(dyn FnOnce() -> Fragment + 'static)>
[INFO] [stderr]              where <F as FnOnce<()>>::Output == Fragment, F: FnOnce(), F: 'static;
[INFO] [stderr]            - impl<F> ToChildren<F> for Box<(dyn std::ops::Fn() -> Fragment + 'static)>
[INFO] [stderr]              where <F as FnOnce<()>>::Output == Fragment, F: Fn(), F: 'static;
[INFO] [stderr]            - impl<F> ToChildren<F> for Rc<(dyn std::ops::Fn() -> Fragment + 'static)>
[INFO] [stderr]              where <F as FnOnce<()>>::Output == Fragment, F: Fn(), F: 'static;
[INFO] [stderr] help: consider specifying the generic arguments
[INFO] [stderr]    |
[INFO] [stderr] 57 |         Await::<i32, _, _, VF, V> future=[async { 3 }] { "no args" }
[INFO] [stderr]    |              ++++++++++++++++++++
[INFO] [stderr] ┈┈┈┈┈┈┈┈┈┈┈┈┈┈┈┈┈┈┈┈┈┈┈┈┈┈┈┈┈┈┈┈┈┈┈┈┈┈┈┈┈┈┈┈┈┈┈┈┈┈┈┈┈┈┈┈┈┈┈┈
[INFO] [stderr] note: If the actual output is the correct output you can bless it by rerunning
[INFO] [stderr]       your test with the environment variable TRYBUILD=overwrite
[INFO] [stderr] 
[INFO] [stderr] test tests/ui/errors/com_dyn_classes.rs [should fail to compile] ... mismatch
[INFO] [stderr] 
[INFO] [stderr] EXPECTED:
[INFO] [stderr] ┈┈┈┈┈┈┈┈┈┈┈┈┈┈┈┈┈┈┈┈┈┈┈┈┈┈┈┈┈┈┈┈┈┈┈┈┈┈┈┈┈┈┈┈┈┈┈┈┈┈┈┈┈┈┈┈┈┈┈┈
[INFO] [stderr] error[E0618]: expected function, found `bool`
[INFO] [stderr]   --> tests/ui/errors/com_dyn_classes.rs:16:30
[INFO] [stderr]    |
[INFO] [stderr] 16 |         AComponent class:red=true;
[INFO] [stderr]    |                              ^^^^ call expression requires function
[INFO] [stderr] 
[INFO] [stderr] error[E0308]: mismatched types
[INFO] [stderr]   --> tests/ui/errors/com_dyn_classes.rs:22:30
[INFO] [stderr]    |
[INFO] [stderr] 22 |         AComponent class:red=["not this"];
[INFO] [stderr]    |                              ^^^^^^^^^^^^
[INFO] [stderr]    |                              |
[INFO] [stderr]    |                              expected `bool`, found `&str`
[INFO] [stderr]    |                              arguments to this function are incorrect
[INFO] [stderr]    |
[INFO] [stderr] note: method defined here
[INFO] [stderr]   --> $RUST/core/src/bool.rs
[INFO] [stderr]    |
[INFO] [stderr]    |     pub fn then_some<T>(self, t: T) -> Option<T> {
[INFO] [stderr]    |            ^^^^^^^^^
[INFO] [stderr] 
[INFO] [stderr] error[E0599]: no method named `class` found for struct `EmptyPropsBuilder` in the current scope
[INFO] [stderr]   --> tests/ui/errors/com_dyn_classes.rs:34:17
[INFO] [stderr]    |
[INFO] [stderr] 33 |       _ = mview! {
[INFO] [stderr]    |  _________-
[INFO] [stderr] 34 | |         Nothing class:red=[true];
[INFO] [stderr]    | |                -^^^^^ method not found in `EmptyPropsBuilder`
[INFO] [stderr]    | |________________|
[INFO] [stderr]    |
[INFO] [stderr] 
[INFO] [stderr] error[E0599]: no method named `class` found for struct `EmptyPropsBuilder` in the current scope
[INFO] [stderr]   --> tests/ui/errors/com_dyn_classes.rs:40:16
[INFO] [stderr]    |
[INFO] [stderr] 39 |       _ = mview! {
[INFO] [stderr]    |  _________-
[INFO] [stderr] 40 | |         Nothing.red;
[INFO] [stderr]    | |               -^ method not found in `EmptyPropsBuilder`
[INFO] [stderr]    | |_______________|
[INFO] [stderr]    |
[INFO] [stderr] 
[INFO] [stderr] error[E0599]: no method named `id` found for struct `EmptyPropsBuilder` in the current scope
[INFO] [stderr]   --> tests/ui/errors/com_dyn_classes.rs:46:17
[INFO] [stderr]    |
[INFO] [stderr] 45 |       _ = mview! {
[INFO] [stderr]    |  _________-
[INFO] [stderr] 46 | |         Nothing #unique;
[INFO] [stderr]    | |                -^ method not found in `EmptyPropsBuilder`
[INFO] [stderr]    | |________________|
[INFO] [stderr]    |
[INFO] [stderr] ┈┈┈┈┈┈┈┈┈┈┈┈┈┈┈┈┈┈┈┈┈┈┈┈┈┈┈┈┈┈┈┈┈┈┈┈┈┈┈┈┈┈┈┈┈┈┈┈┈┈┈┈┈┈┈┈┈┈┈┈
[INFO] [stderr] 
[INFO] [stderr] ACTUAL OUTPUT:
[INFO] [stderr] ┈┈┈┈┈┈┈┈┈┈┈┈┈┈┈┈┈┈┈┈┈┈┈┈┈┈┈┈┈┈┈┈┈┈┈┈┈┈┈┈┈┈┈┈┈┈┈┈┈┈┈┈┈┈┈┈┈┈┈┈
[INFO] [stderr] error[E0618]: expected function, found `bool`
[INFO] [stderr]   --> tests/ui/errors/com_dyn_classes.rs:16:30
[INFO] [stderr]    |
[INFO] [stderr] 16 |         AComponent class:red=true;
[INFO] [stderr]    |                              ^^^^ call expression requires function
[INFO] [stderr] 
[INFO] [stderr] error[E0308]: mismatched types
[INFO] [stderr]   --> tests/ui/errors/com_dyn_classes.rs:22:30
[INFO] [stderr]    |
[INFO] [stderr] 22 |         AComponent class:red=["not this"];
[INFO] [stderr]    |                              ^^^^^^^^^^^^
[INFO] [stderr]    |                              |
[INFO] [stderr]    |                              expected `bool`, found `&str`
[INFO] [stderr]    |                              arguments to this function are incorrect
[INFO] [stderr]    |
[INFO] [stderr] note: method defined here
[INFO] [stderr]   --> $RUST/core/src/bool.rs
[INFO] [stderr] 
[INFO] [stderr] error[E0599]: no method named `class` found for struct `EmptyPropsBuilder` in the current scope
[INFO] [stderr]   --> tests/ui/errors/com_dyn_classes.rs:34:17
[INFO] [stderr]    |
[INFO] [stderr] 33 |       _ = mview! {
[INFO] [stderr]    |  _________-
[INFO] [stderr] 34 | |         Nothing class:red=[true];
[INFO] [stderr]    | |                -^^^^^ method not found in `EmptyPropsBuilder`
[INFO] [stderr]    | |________________|
[INFO] [stderr]    |
[INFO] [stderr] 
[INFO] [stderr] error[E0599]: no method named `class` found for struct `EmptyPropsBuilder` in the current scope
[INFO] [stderr]   --> tests/ui/errors/com_dyn_classes.rs:40:16
[INFO] [stderr]    |
[INFO] [stderr] 39 |       _ = mview! {
[INFO] [stderr]    |  _________-
[INFO] [stderr] 40 | |         Nothing.red;
[INFO] [stderr]    | |               -^ method not found in `EmptyPropsBuilder`
[INFO] [stderr]    | |_______________|
[INFO] [stderr]    |
[INFO] [stderr] 
[INFO] [stderr] error[E0599]: no method named `id` found for struct `EmptyPropsBuilder` in the current scope
[INFO] [stderr]   --> tests/ui/errors/com_dyn_classes.rs:46:17
[INFO] [stderr]    |
[INFO] [stderr] 45 |       _ = mview! {
[INFO] [stderr]    |  _________-
[INFO] [stderr] 46 | |         Nothing #unique;
[INFO] [stderr]    | |                -^ method not found in `EmptyPropsBuilder`
[INFO] [stderr]    | |________________|
[INFO] [stderr]    |
[INFO] [stderr] ┈┈┈┈┈┈┈┈┈┈┈┈┈┈┈┈┈┈┈┈┈┈┈┈┈┈┈┈┈┈┈┈┈┈┈┈┈┈┈┈┈┈┈┈┈┈┈┈┈┈┈┈┈┈┈┈┈┈┈┈
[INFO] [stderr] note: If the actual output is the correct output you can bless it by rerunning
[INFO] [stderr]       your test with the environment variable TRYBUILD=overwrite
[INFO] [stderr] 
[INFO] [stderr] test tests/ui/errors/invalid_child.rs [should fail to compile] ... mismatch
[INFO] [stderr] 
[INFO] [stderr] EXPECTED:
[INFO] [stderr] ┈┈┈┈┈┈┈┈┈┈┈┈┈┈┈┈┈┈┈┈┈┈┈┈┈┈┈┈┈┈┈┈┈┈┈┈┈┈┈┈┈┈┈┈┈┈┈┈┈┈┈┈┈┈┈┈┈┈┈┈
[INFO] [stderr] error: invalid child: expected literal, block, bracket or element
[INFO] [stderr]  --> tests/ui/errors/invalid_child.rs:6:9
[INFO] [stderr]   |
[INFO] [stderr] 6 |         (a)
[INFO] [stderr]   |         ^
[INFO] [stderr] 
[INFO] [stderr] error: extra semi-colon found
[INFO] [stderr]   --> tests/ui/errors/invalid_child.rs:37:27
[INFO] [stderr]    |
[INFO] [stderr] 37 |         div { "hi there" };
[INFO] [stderr]    |                           ^
[INFO] [stderr]    |
[INFO] [stderr]    = help: remove this semi-colon
[INFO] [stderr] 
[INFO] [stderr] error[E0277]: the trait bound `&&str: IntoView` is not satisfied
[INFO] [stderr]   --> tests/ui/errors/invalid_child.rs:17:14
[INFO] [stderr]    |
[INFO] [stderr] 17 |             {value}
[INFO] [stderr]    |             -^^^^^-
[INFO] [stderr]    |             ||
[INFO] [stderr]    |             |the trait `std::ops::Fn<()>` is not implemented for `&&str`, which is required by `&&str: IntoView`
[INFO] [stderr]    |             required by a bound introduced by this call
[INFO] [stderr]    |
[INFO] [stderr]    = help: the following other types implement trait `IntoView`:
[INFO] [stderr]              &'static str
[INFO] [stderr]              &Fragment
[INFO] [stderr]              &leptos::View
[INFO] [stderr]              &std::string::String
[INFO] [stderr]              ()
[INFO] [stderr]              (A, B)
[INFO] [stderr]              (A, B, C)
[INFO] [stderr]              (A, B, C, D)
[INFO] [stderr]            and $N others
[INFO] [stderr]    = note: required for `&str` to implement `FnOnce<()>`
[INFO] [stderr]    = note: required for `&&str` to implement `IntoView`
[INFO] [stderr] note: required by a bound in `leptos::HtmlElement::<El>::child`
[INFO] [stderr]   --> $CARGO/leptos_dom-0.6.12/src/html.rs
[INFO] [stderr]    |
[INFO] [stderr]    |     pub fn child(self, child: impl IntoView) -> Self {
[INFO] [stderr]    |                                    ^^^^^^^^ required by this bound in `HtmlElement::<El>::child`
[INFO] [stderr] 
[INFO] [stderr] error[E0277]: the trait bound `std::iter::Map<std::vec::IntoIter<&str>, {closure@$DIR/tests/ui/errors/invalid_child.rs:27:22: 27:33}>: IntoView` is not satisfied
[INFO] [stderr]   --> tests/ui/errors/invalid_child.rs:25:14
[INFO] [stderr]    |
[INFO] [stderr] 25 |                {values
[INFO] [stderr]    |   _____________-^
[INFO] [stderr]    |  |_____________|
[INFO] [stderr]    | ||
[INFO] [stderr] 26 | ||                 .into_iter()
[INFO] [stderr] 27 | ||                 .map(|val: &str| {
[INFO] [stderr] 28 | ||                     mview! { li({val}) }
[INFO] [stderr] 29 | ||                 })
[INFO] [stderr]    | ||__________________^ the trait `std::ops::Fn<()>` is not implemented for `std::iter::Map<std::vec::IntoIter<&str>, {closure@$DIR/tests/ui/errors/invalid_child.rs:27:22: 27:33}>`, which is required by `std::iter::Map<std::vec::IntoIter<&str>, {closure@$DIR/tests/ui/errors/invalid_child.rs:27:22: 27:33}>: IntoView`
[INFO] [stderr] 30 | |              }
[INFO] [stderr]    | |______________- required by a bound introduced by this call
[INFO] [stderr]    |
[INFO] [stderr]    = help: the following other types implement trait `IntoView`:
[INFO] [stderr]              &'static str
[INFO] [stderr]              &Fragment
[INFO] [stderr]              &leptos::View
[INFO] [stderr]              &std::string::String
[INFO] [stderr]              ()
[INFO] [stderr]              (A, B)
[INFO] [stderr]              (A, B, C)
[INFO] [stderr]              (A, B, C, D)
[INFO] [stderr]            and $N others
[INFO] [stderr]    = note: required for `std::iter::Map<std::vec::IntoIter<&str>, {closure@$DIR/tests/ui/errors/invalid_child.rs:27:22: 27:33}>` to implement `IntoView`
[INFO] [stderr] note: required by a bound in `leptos::HtmlElement::<El>::child`
[INFO] [stderr]   --> $CARGO/leptos_dom-0.6.12/src/html.rs
[INFO] [stderr]    |
[INFO] [stderr]    |     pub fn child(self, child: impl IntoView) -> Self {
[INFO] [stderr]    |                                    ^^^^^^^^ required by this bound in `HtmlElement::<El>::child`
[INFO] [stderr] 
[INFO] [stderr] warning: unreachable call
[INFO] [stderr]   --> tests/ui/errors/invalid_child.rs:45:13
[INFO] [stderr]    |
[INFO] [stderr] 45 |             {todo!()}
[INFO] [stderr]    |             ^-------^
[INFO] [stderr]    |             ||
[INFO] [stderr]    |             |any code following this expression is unreachable
[INFO] [stderr]    |             unreachable call
[INFO] [stderr]    |
[INFO] [stderr]    = note: `#[warn(unreachable_code)]` on by default
[INFO] [stderr] 
[INFO] [stderr] warning: unused variable: `a`
[INFO] [stderr]  --> tests/ui/errors/invalid_child.rs:4:9
[INFO] [stderr]   |
[INFO] [stderr] 4 |     let a = "a";
[INFO] [stderr]   |         ^ help: if this is intentional, prefix it with an underscore: `_a`
[INFO] [stderr]   |
[INFO] [stderr]   = note: `#[warn(unused_variables)]` on by default
[INFO] [stderr] ┈┈┈┈┈┈┈┈┈┈┈┈┈┈┈┈┈┈┈┈┈┈┈┈┈┈┈┈┈┈┈┈┈┈┈┈┈┈┈┈┈┈┈┈┈┈┈┈┈┈┈┈┈┈┈┈┈┈┈┈
[INFO] [stderr] 
[INFO] [stderr] ACTUAL OUTPUT:
[INFO] [stderr] ┈┈┈┈┈┈┈┈┈┈┈┈┈┈┈┈┈┈┈┈┈┈┈┈┈┈┈┈┈┈┈┈┈┈┈┈┈┈┈┈┈┈┈┈┈┈┈┈┈┈┈┈┈┈┈┈┈┈┈┈
[INFO] [stderr] error: invalid child: expected literal, block, bracket or element
[INFO] [stderr]  --> tests/ui/errors/invalid_child.rs:6:9
[INFO] [stderr]   |
[INFO] [stderr] 6 |         (a)
[INFO] [stderr]   |         ^
[INFO] [stderr] 
[INFO] [stderr] error: extra semi-colon found
[INFO] [stderr]   --> tests/ui/errors/invalid_child.rs:37:27
[INFO] [stderr]    |
[INFO] [stderr] 37 |         div { "hi there" };
[INFO] [stderr]    |                           ^
[INFO] [stderr]    |
[INFO] [stderr]    = help: remove this semi-colon
[INFO] [stderr] 
[INFO] [stderr] error[E0277]: the trait bound `&&str: IntoView` is not satisfied
[INFO] [stderr]   --> tests/ui/errors/invalid_child.rs:17:14
[INFO] [stderr]    |
[INFO] [stderr] 17 |             {value}
[INFO] [stderr]    |             -^^^^^-
[INFO] [stderr]    |             ||
[INFO] [stderr]    |             |the trait `Fn()` is not implemented for `str`, which is required by `&&str: IntoView`
[INFO] [stderr]    |             required by a bound introduced by this call
[INFO] [stderr]    |
[INFO] [stderr]    = help: the trait `IntoView` is implemented for `&str`
[INFO] [stderr]    = note: required for `&str` to implement `FnOnce()`
[INFO] [stderr]    = note: required for `&&str` to implement `IntoView`
[INFO] [stderr] note: required by a bound in `leptos::HtmlElement::<El>::child`
[INFO] [stderr]   --> $CARGO/leptos_dom-0.6.15/src/html.rs
[INFO] [stderr]    |
[INFO] [stderr]    |     pub fn child(self, child: impl IntoView) -> Self {
[INFO] [stderr]    |                                    ^^^^^^^^ required by this bound in `HtmlElement::<El>::child`
[INFO] [stderr] 
[INFO] [stderr] error[E0277]: the trait bound `std::iter::Map<std::vec::IntoIter<&str>, {closure@$DIR/tests/ui/errors/invalid_child.rs:27:22: 27:33}>: IntoView` is not satisfied
[INFO] [stderr]   --> tests/ui/errors/invalid_child.rs:25:14
[INFO] [stderr]    |
[INFO] [stderr] 25 |                {values
[INFO] [stderr]    |  ______________-^
[INFO] [stderr]    | | ______________|
[INFO] [stderr] 26 | ||                 .into_iter()
[INFO] [stderr] 27 | ||                 .map(|val: &str| {
[INFO] [stderr] 28 | ||                     mview! { li({val}) }
[INFO] [stderr] 29 | ||                 })
[INFO] [stderr]    | ||__________________^ the trait `Fn()` is not implemented for `std::iter::Map<std::vec::IntoIter<&str>, {closure@$DIR/tests/ui/errors/invalid_child.rs:27:22: 27:33}>`, which is required by `std::iter::Map<std::vec::IntoIter<&str>, {closure@$DIR/tests/ui/errors/invalid_child.rs:27:22: 27:33}>: IntoView`
[INFO] [stderr] 30 | |              }
[INFO] [stderr]    | |______________- required by a bound introduced by this call
[INFO] [stderr]    |
[INFO] [stderr]    = help: the following other types implement trait `IntoView`:
[INFO] [stderr]              &'static str
[INFO] [stderr]              &Fragment
[INFO] [stderr]              &leptos::View
[INFO] [stderr]              &std::string::String
[INFO] [stderr]              ()
[INFO] [stderr]              (A, B)
[INFO] [stderr]              (A, B, C)
[INFO] [stderr]              (A, B, C, D)
[INFO] [stderr]            and $N others
[INFO] [stderr]    = note: required for `std::iter::Map<std::vec::IntoIter<&str>, {closure@$DIR/tests/ui/errors/invalid_child.rs:27:22: 27:33}>` to implement `IntoView`
[INFO] [stderr] note: required by a bound in `leptos::HtmlElement::<El>::child`
[INFO] [stderr]   --> $CARGO/leptos_dom-0.6.15/src/html.rs
[INFO] [stderr]    |
[INFO] [stderr]    |     pub fn child(self, child: impl IntoView) -> Self {
[INFO] [stderr]    |                                    ^^^^^^^^ required by this bound in `HtmlElement::<El>::child`
[INFO] [stderr] 
[INFO] [stderr] warning: unreachable call
[INFO] [stderr]   --> tests/ui/errors/invalid_child.rs:45:13
[INFO] [stderr]    |
[INFO] [stderr] 45 |             {todo!()}
[INFO] [stderr]    |             ^-------^
[INFO] [stderr]    |             ||
[INFO] [stderr]    |             |any code following this expression is unreachable
[INFO] [stderr]    |             unreachable call
[INFO] [stderr]    |
[INFO] [stderr]    = note: `#[warn(unreachable_code)]` on by default
[INFO] [stderr] 
[INFO] [stderr] warning: this function depends on never type fallback being `()`
[INFO] [stderr]   --> tests/ui/errors/invalid_child.rs:42:1
[INFO] [stderr]    |
[INFO] [stderr] 42 | fn unreachable_code() {
[INFO] [stderr]    | ^^^^^^^^^^^^^^^^^^^^^
[INFO] [stderr]    |
[INFO] [stderr]    = warning: this was previously accepted by the compiler but is being phased out; it will become a hard error in a future release!
[INFO] [stderr]    = note: for more information, see issue #123748 <https://github.com/rust-lang/rust/issues/123748>
[INFO] [stderr]    = help: specify the types explicitly
[INFO] [stderr] note: in edition 2024, the requirement `!: Fn()` will fail
[INFO] [stderr]   --> tests/ui/errors/invalid_child.rs:45:14
[INFO] [stderr]    |
[INFO] [stderr] 45 |             {todo!()}
[INFO] [stderr]    |              ^^^^^^^
[INFO] [stderr]    = note: `#[warn(dependency_on_unit_never_type_fallback)]` on by default
[INFO] [stderr] 
[INFO] [stderr] warning: unused variable: `a`
[INFO] [stderr]  --> tests/ui/errors/invalid_child.rs:4:9
[INFO] [stderr]   |
[INFO] [stderr] 4 |     let a = "a";
[INFO] [stderr]   |         ^ help: if this is intentional, prefix it with an underscore: `_a`
[INFO] [stderr]   |
[INFO] [stderr]   = note: `#[warn(unused_variables)]` on by default
[INFO] [stderr] ┈┈┈┈┈┈┈┈┈┈┈┈┈┈┈┈┈┈┈┈┈┈┈┈┈┈┈┈┈┈┈┈┈┈┈┈┈┈┈┈┈┈┈┈┈┈┈┈┈┈┈┈┈┈┈┈┈┈┈┈
[INFO] [stderr] note: If the actual output is the correct output you can bless it by rerunning
[INFO] [stderr]       your test with the environment variable TRYBUILD=overwrite
[INFO] [stderr] 
[INFO] [stderr] test tests/ui/errors/invalid_directive.rs [should fail to compile] ... ok
[INFO] [stderr] test tests/ui/errors/invalid_value.rs [should fail to compile] ... mismatch
[INFO] [stderr] 
[INFO] [stderr] EXPECTED:
[INFO] [stderr] ┈┈┈┈┈┈┈┈┈┈┈┈┈┈┈┈┈┈┈┈┈┈┈┈┈┈┈┈┈┈┈┈┈┈┈┈┈┈┈┈┈┈┈┈┈┈┈┈┈┈┈┈┈┈┈┈┈┈┈┈
[INFO] [stderr] error: expected value after =
[INFO] [stderr]  --> tests/ui/errors/invalid_value.rs:5:15
[INFO] [stderr]   |
[INFO] [stderr] 5 |         div a=a {}
[INFO] [stderr]   |               ^
[INFO] [stderr]   |
[INFO] [stderr]   = help: you may have meant to wrap this in braces
[INFO] [stderr] 
[INFO] [stderr] error: expected value after =
[INFO] [stderr]   --> tests/ui/errors/invalid_value.rs:19:16
[INFO] [stderr]    |
[INFO] [stderr] 19 |         a href=();
[INFO] [stderr]    |                ^
[INFO] [stderr] 
[INFO] [stderr] error: extra semi-colon found
[INFO] [stderr]   --> tests/ui/errors/invalid_value.rs:19:18
[INFO] [stderr]    |
[INFO] [stderr] 19 |         a href=();
[INFO] [stderr]    |                  ^
[INFO] [stderr]    |
[INFO] [stderr]    = help: remove this semi-colon
[INFO] [stderr] 
[INFO] [stderr] error: expected value after =
[INFO] [stderr]   --> tests/ui/errors/invalid_value.rs:27:15
[INFO] [stderr]    |
[INFO] [stderr] 27 |         a href=
[INFO] [stderr]    |               ^
[INFO] [stderr] 
[INFO] [stderr] error: unterminated element
[INFO] [stderr]   --> tests/ui/errors/invalid_value.rs:27:9
[INFO] [stderr]    |
[INFO] [stderr] 27 |         a href=
[INFO] [stderr]    |         ^
[INFO] [stderr]    |
[INFO] [stderr]    = help: add a `;` to terminate the element with no children
[INFO] [stderr] 
[INFO] [stderr] error[E0277]: the trait bound `MissingValueAfterEq: IntoAttribute` is not satisfied
[INFO] [stderr]  --> tests/ui/errors/invalid_value.rs:5:15
[INFO] [stderr]   |
[INFO] [stderr] 4 |       _ = mview! {
[INFO] [stderr]   |  _________-
[INFO] [stderr] 5 | |         div a=a {}
[INFO] [stderr]   | |               ^ the trait `std::ops::Fn<()>` is not implemented for `MissingValueAfterEq`, which is required by `MissingValueAfterEq: IntoAttribute`
[INFO] [stderr] 6 | |     };
[INFO] [stderr]   | |_____- required by a bound introduced by this call
[INFO] [stderr]   |
[INFO] [stderr]   = help: the following other types implement trait `IntoAttribute`:
[INFO] [stderr]             &'static str
[INFO] [stderr]             &std::string::String
[INFO] [stderr]             Arguments<'_>
[INFO] [stderr]             Cow<'static, str>
[INFO] [stderr]             Nonce
[INFO] [stderr]             Oco<'static, str>
[INFO] [stderr]             Rc<str>
[INFO] [stderr]             TextProp
[INFO] [stderr]           and $N others
[INFO] [stderr]   = note: required for `MissingValueAfterEq` to implement `IntoAttribute`
[INFO] [stderr] note: required by a bound in `leptos::HtmlElement::<El>::attr`
[INFO] [stderr]  --> $CARGO/leptos_dom-0.6.12/src/html.rs
[INFO] [stderr]   |
[INFO] [stderr]   |     pub fn attr(
[INFO] [stderr]   |            ---- required by a bound in this associated function
[INFO] [stderr] ...
[INFO] [stderr]   |         attr: impl IntoAttribute,
[INFO] [stderr]   |                    ^^^^^^^^^^^^^ required by this bound in `HtmlElement::<El>::attr`
[INFO] [stderr] 
[INFO] [stderr] error[E0061]: this method takes 1 argument but 0 arguments were supplied
[INFO] [stderr]   --> tests/ui/errors/invalid_value.rs:11:14
[INFO] [stderr]    |
[INFO] [stderr] 11 |           div {..};
[INFO] [stderr]    |  ______________^^-
[INFO] [stderr] 12 | |     };
[INFO] [stderr]    | |_____- an argument is missing
[INFO] [stderr]    |
[INFO] [stderr] note: method defined here
[INFO] [stderr]   --> $CARGO/leptos_dom-0.6.12/src/html.rs
[INFO] [stderr]    |
[INFO] [stderr]    |     pub fn attrs(
[INFO] [stderr]    |            ^^^^^
[INFO] [stderr] help: provide the argument
[INFO] [stderr]    |
[INFO] [stderr] 10 |     _ = ..(/* attrs */);
[INFO] [stderr]    |         ~~~~~~~~~~~~~~~
[INFO] [stderr] 
[INFO] [stderr] error[E0277]: the trait bound `(): IntoAttribute` is not satisfied
[INFO] [stderr]   --> tests/ui/errors/invalid_value.rs:18:16
[INFO] [stderr]    |
[INFO] [stderr] 17 |       _ = mview! {
[INFO] [stderr]    |  _________-
[INFO] [stderr] 18 | |         a href={};
[INFO] [stderr]    | |                ^^ the trait `std::ops::Fn<()>` is not implemented for `()`, which is required by `(): IntoAttribute`
[INFO] [stderr] 19 | |         a href=();
[INFO] [stderr] 20 | |         a href=[];
[INFO] [stderr] 21 | |     };
[INFO] [stderr]    | |_____- required by a bound introduced by this call
[INFO] [stderr]    |
[INFO] [stderr]    = help: the following other types implement trait `IntoAttribute`:
[INFO] [stderr]              &'static str
[INFO] [stderr]              &std::string::String
[INFO] [stderr]              Arguments<'_>
[INFO] [stderr]              Cow<'static, str>
[INFO] [stderr]              Nonce
[INFO] [stderr]              Oco<'static, str>
[INFO] [stderr]              Rc<str>
[INFO] [stderr]              TextProp
[INFO] [stderr]            and $N others
[INFO] [stderr]    = note: required for `()` to implement `IntoAttribute`
[INFO] [stderr] note: required by a bound in `leptos::HtmlElement::<El>::attr`
[INFO] [stderr]   --> $CARGO/leptos_dom-0.6.12/src/html.rs
[INFO] [stderr]    |
[INFO] [stderr]    |     pub fn attr(
[INFO] [stderr]    |            ---- required by a bound in this associated function
[INFO] [stderr] ...
[INFO] [stderr]    |         attr: impl IntoAttribute,
[INFO] [stderr]    |                    ^^^^^^^^^^^^^ required by this bound in `HtmlElement::<El>::attr`
[INFO] [stderr] 
[INFO] [stderr] error[E0277]: the trait bound `MissingValueAfterEq: IntoAttribute` is not satisfied
[INFO] [stderr]   --> tests/ui/errors/invalid_value.rs:19:16
[INFO] [stderr]    |
[INFO] [stderr] 17 |       _ = mview! {
[INFO] [stderr]    |  _________-
[INFO] [stderr] 18 | |         a href={};
[INFO] [stderr] 19 | |         a href=();
[INFO] [stderr]    | |                ^ the trait `std::ops::Fn<()>` is not implemented for `MissingValueAfterEq`, which is required by `MissingValueAfterEq: IntoAttribute`
[INFO] [stderr] 20 | |         a href=[];
[INFO] [stderr] 21 | |     };
[INFO] [stderr]    | |_____- required by a bound introduced by this call
[INFO] [stderr]    |
[INFO] [stderr]    = help: the following other types implement trait `IntoAttribute`:
[INFO] [stderr]              &'static str
[INFO] [stderr]              &std::string::String
[INFO] [stderr]              Arguments<'_>
[INFO] [stderr]              Cow<'static, str>
[INFO] [stderr]              Nonce
[INFO] [stderr]              Oco<'static, str>
[INFO] [stderr]              Rc<str>
[INFO] [stderr]              TextProp
[INFO] [stderr]            and $N others
[INFO] [stderr]    = note: required for `MissingValueAfterEq` to implement `IntoAttribute`
[INFO] [stderr] note: required by a bound in `leptos::HtmlElement::<El>::attr`
[INFO] [stderr]   --> $CARGO/leptos_dom-0.6.12/src/html.rs
[INFO] [stderr]    |
[INFO] [stderr]    |     pub fn attr(
[INFO] [stderr]    |            ---- required by a bound in this associated function
[INFO] [stderr] ...
[INFO] [stderr]    |         attr: impl IntoAttribute,
[INFO] [stderr]    |                    ^^^^^^^^^^^^^ required by this bound in `HtmlElement::<El>::attr`
[INFO] [stderr] 
[INFO] [stderr] error[E0277]: expected a `Fn()` closure, found `()`
[INFO] [stderr]   --> tests/ui/errors/invalid_value.rs:20:16
[INFO] [stderr]    |
[INFO] [stderr] 17 |       _ = mview! {
[INFO] [stderr]    |  _________-
[INFO] [stderr] 18 | |         a href={};
[INFO] [stderr] 19 | |         a href=();
[INFO] [stderr] 20 | |         a href=[];
[INFO] [stderr]    | |                ^^ expected an `Fn()` closure, found `()`
[INFO] [stderr] 21 | |     };
[INFO] [stderr]    | |_____- required by a bound introduced by this call
[INFO] [stderr]    |
[INFO] [stderr]    = help: the trait `std::ops::Fn<()>` is not implemented for `()`, which is required by `{closure@$DIR/tests/ui/errors/invalid_value.rs:20:16: 20:18}: IntoAttribute`
[INFO] [stderr]    = note: wrap the `()` in a closure with no arguments: `|| { /* code */ }`
[INFO] [stderr]    = help: the following other types implement trait `IntoAttribute`:
[INFO] [stderr]              &'static str
[INFO] [stderr]              &std::string::String
[INFO] [stderr]              Arguments<'_>
[INFO] [stderr]              Cow<'static, str>
[INFO] [stderr]              Nonce
[INFO] [stderr]              Oco<'static, str>
[INFO] [stderr]              Rc<str>
[INFO] [stderr]              TextProp
[INFO] [stderr]            and $N others
[INFO] [stderr]    = note: required for `()` to implement `IntoAttribute`
[INFO] [stderr]    = note: 1 redundant requirement hidden
[INFO] [stderr]    = note: required for `{closure@$DIR/tests/ui/errors/invalid_value.rs:20:16: 20:18}` to implement `IntoAttribute`
[INFO] [stderr] note: required by a bound in `leptos::HtmlElement::<El>::attr`
[INFO] [stderr]   --> $CARGO/leptos_dom-0.6.12/src/html.rs
[INFO] [stderr]    |
[INFO] [stderr]    |     pub fn attr(
[INFO] [stderr]    |            ---- required by a bound in this associated function
[INFO] [stderr] ...
[INFO] [stderr]    |         attr: impl IntoAttribute,
[INFO] [stderr]    |                    ^^^^^^^^^^^^^ required by this bound in `HtmlElement::<El>::attr`
[INFO] [stderr] 
[INFO] [stderr] error[E0277]: the trait bound `MissingValueAfterEq: IntoAttribute` is not satisfied
[INFO] [stderr]   --> tests/ui/errors/invalid_value.rs:27:15
[INFO] [stderr]    |
[INFO] [stderr] 26 |       _ = mview! {
[INFO] [stderr]    |  _________-
[INFO] [stderr] 27 | |         a href=
[INFO] [stderr]    | |               ^ the trait `std::ops::Fn<()>` is not implemented for `MissingValueAfterEq`, which is required by `MissingValueAfterEq: IntoAttribute`
[INFO] [stderr] 28 | |     };
[INFO] [stderr]    | |_____- required by a bound introduced by this call
[INFO] [stderr]    |
[INFO] [stderr]    = help: the following other types implement trait `IntoAttribute`:
[INFO] [stderr]              &'static str
[INFO] [stderr]              &std::string::String
[INFO] [stderr]              Arguments<'_>
[INFO] [stderr]              Cow<'static, str>
[INFO] [stderr]              Nonce
[INFO] [stderr]              Oco<'static, str>
[INFO] [stderr]              Rc<str>
[INFO] [stderr]              TextProp
[INFO] [stderr]            and $N others
[INFO] [stderr]    = note: required for `MissingValueAfterEq` to implement `IntoAttribute`
[INFO] [stderr] note: required by a bound in `leptos::HtmlElement::<El>::attr`
[INFO] [stderr]   --> $CARGO/leptos_dom-0.6.12/src/html.rs
[INFO] [stderr]    |
[INFO] [stderr]    |     pub fn attr(
[INFO] [stderr]    |            ---- required by a bound in this associated function
[INFO] [stderr] ...
[INFO] [stderr]    |         attr: impl IntoAttribute,
[INFO] [stderr]    |                    ^^^^^^^^^^^^^ required by this bound in `HtmlElement::<El>::attr`
[INFO] [stderr] ┈┈┈┈┈┈┈┈┈┈┈┈┈┈┈┈┈┈┈┈┈┈┈┈┈┈┈┈┈┈┈┈┈┈┈┈┈┈┈┈┈┈┈┈┈┈┈┈┈┈┈┈┈┈┈┈┈┈┈┈
[INFO] [stderr] 
[INFO] [stderr] ACTUAL OUTPUT:
[INFO] [stderr] ┈┈┈┈┈┈┈┈┈┈┈┈┈┈┈┈┈┈┈┈┈┈┈┈┈┈┈┈┈┈┈┈┈┈┈┈┈┈┈┈┈┈┈┈┈┈┈┈┈┈┈┈┈┈┈┈┈┈┈┈
[INFO] [stderr] error: expected value after =
[INFO] [stderr]  --> tests/ui/errors/invalid_value.rs:5:15
[INFO] [stderr]   |
[INFO] [stderr] 5 |         div a=a {}
[INFO] [stderr]   |               ^
[INFO] [stderr]   |
[INFO] [stderr]   = help: you may have meant to wrap this in braces
[INFO] [stderr] 
[INFO] [stderr] error: expected value after =
[INFO] [stderr]   --> tests/ui/errors/invalid_value.rs:19:16
[INFO] [stderr]    |
[INFO] [stderr] 19 |         a href=();
[INFO] [stderr]    |                ^
[INFO] [stderr] 
[INFO] [stderr] error: extra semi-colon found
[INFO] [stderr]   --> tests/ui/errors/invalid_value.rs:19:18
[INFO] [stderr]    |
[INFO] [stderr] 19 |         a href=();
[INFO] [stderr]    |                  ^
[INFO] [stderr]    |
[INFO] [stderr]    = help: remove this semi-colon
[INFO] [stderr] 
[INFO] [stderr] error: expected value after =
[INFO] [stderr]   --> tests/ui/errors/invalid_value.rs:27:15
[INFO] [stderr]    |
[INFO] [stderr] 27 |         a href=
[INFO] [stderr]    |               ^
[INFO] [stderr] 
[INFO] [stderr] error: unterminated element
[INFO] [stderr]   --> tests/ui/errors/invalid_value.rs:27:9
[INFO] [stderr]    |
[INFO] [stderr] 27 |         a href=
[INFO] [stderr]    |         ^
[INFO] [stderr]    |
[INFO] [stderr]    = help: add a `;` to terminate the element with no children
[INFO] [stderr] 
[INFO] [stderr] error[E0277]: the trait bound `MissingValueAfterEq: IntoAttribute` is not satisfied
[INFO] [stderr]  --> tests/ui/errors/invalid_value.rs:5:15
[INFO] [stderr]   |
[INFO] [stderr] 4 |       _ = mview! {
[INFO] [stderr]   |  _________-
[INFO] [stderr] 5 | |         div a=a {}
[INFO] [stderr]   | |               ^ the trait `Fn()` is not implemented for `MissingValueAfterEq`, which is required by `MissingValueAfterEq: IntoAttribute`
[INFO] [stderr] 6 | |     };
[INFO] [stderr]   | |_____- required by a bound introduced by this call
[INFO] [stderr]   |
[INFO] [stderr]   = help: the following other types implement trait `IntoAttribute`:
[INFO] [stderr]             &'static str
[INFO] [stderr]             &std::string::String
[INFO] [stderr]             Arguments<'_>
[INFO] [stderr]             Cow<'static, str>
[INFO] [stderr]             Nonce
[INFO] [stderr]             Oco<'static, str>
[INFO] [stderr]             Rc<str>
[INFO] [stderr]             TextProp
[INFO] [stderr]           and $N others
[INFO] [stderr]   = note: required for `MissingValueAfterEq` to implement `IntoAttribute`
[INFO] [stderr] note: required by a bound in `leptos::HtmlElement::<El>::attr`
[INFO] [stderr]  --> $CARGO/leptos_dom-0.6.15/src/html.rs
[INFO] [stderr]   |
[INFO] [stderr]   |     pub fn attr(
[INFO] [stderr]   |            ---- required by a bound in this associated function
[INFO] [stderr] ...
[INFO] [stderr]   |         attr: impl IntoAttribute,
[INFO] [stderr]   |                    ^^^^^^^^^^^^^ required by this bound in `HtmlElement::<El>::attr`
[INFO] [stderr] 
[INFO] [stderr] error[E0061]: this method takes 1 argument but 0 arguments were supplied
[INFO] [stderr]   --> tests/ui/errors/invalid_value.rs:11:14
[INFO] [stderr]    |
[INFO] [stderr] 11 |           div {..};
[INFO] [stderr]    |  ______________^^-
[INFO] [stderr] 12 | |     };
[INFO] [stderr]    | |_____- argument #1 is missing
[INFO] [stderr]    |
[INFO] [stderr] note: method defined here
[INFO] [stderr]   --> $CARGO/leptos_dom-0.6.15/src/html.rs
[INFO] [stderr]    |
[INFO] [stderr]    |     pub fn attrs(
[INFO] [stderr]    |            ^^^^^
[INFO] [stderr] help: provide the argument
[INFO] [stderr]    |
[INFO] [stderr] 10 |     _ = ..(/* attrs */);
[INFO] [stderr]    |         ~~~~~~~~~~~~~~~
[INFO] [stderr] 
[INFO] [stderr] error[E0277]: the trait bound `(): IntoAttribute` is not satisfied
[INFO] [stderr]   --> tests/ui/errors/invalid_value.rs:18:16
[INFO] [stderr]    |
[INFO] [stderr] 17 |       _ = mview! {
[INFO] [stderr]    |  _________-
[INFO] [stderr] 18 | |         a href={};
[INFO] [stderr]    | |                ^^ the trait `Fn()` is not implemented for `()`, which is required by `(): IntoAttribute`
[INFO] [stderr] 19 | |         a href=();
[INFO] [stderr] 20 | |         a href=[];
[INFO] [stderr] 21 | |     };
[INFO] [stderr]    | |_____- required by a bound introduced by this call
[INFO] [stderr]    |
[INFO] [stderr]    = help: the following other types implement trait `IntoAttribute`:
[INFO] [stderr]              &'static str
[INFO] [stderr]              &std::string::String
[INFO] [stderr]              Arguments<'_>
[INFO] [stderr]              Cow<'static, str>
[INFO] [stderr]              Nonce
[INFO] [stderr]              Oco<'static, str>
[INFO] [stderr]              Rc<str>
[INFO] [stderr]              TextProp
[INFO] [stderr]            and $N others
[INFO] [stderr]    = note: required for `()` to implement `IntoAttribute`
[INFO] [stderr] note: required by a bound in `leptos::HtmlElement::<El>::attr`
[INFO] [stderr]   --> $CARGO/leptos_dom-0.6.15/src/html.rs
[INFO] [stderr]    |
[INFO] [stderr]    |     pub fn attr(
[INFO] [stderr]    |            ---- required by a bound in this associated function
[INFO] [stderr] ...
[INFO] [stderr]    |         attr: impl IntoAttribute,
[INFO] [stderr]    |                    ^^^^^^^^^^^^^ required by this bound in `HtmlElement::<El>::attr`
[INFO] [stderr] 
[INFO] [stderr] error[E0277]: the trait bound `MissingValueAfterEq: IntoAttribute` is not satisfied
[INFO] [stderr]   --> tests/ui/errors/invalid_value.rs:19:16
[INFO] [stderr]    |
[INFO] [stderr] 17 |       _ = mview! {
[INFO] [stderr]    |  _________-
[INFO] [stderr] 18 | |         a href={};
[INFO] [stderr] 19 | |         a href=();
[INFO] [stderr]    | |                ^ the trait `Fn()` is not implemented for `MissingValueAfterEq`, which is required by `MissingValueAfterEq: IntoAttribute`
[INFO] [stderr] 20 | |         a href=[];
[INFO] [stderr] 21 | |     };
[INFO] [stderr]    | |_____- required by a bound introduced by this call
[INFO] [stderr]    |
[INFO] [stderr]    = help: the following other types implement trait `IntoAttribute`:
[INFO] [stderr]              &'static str
[INFO] [stderr]              &std::string::String
[INFO] [stderr]              Arguments<'_>
[INFO] [stderr]              Cow<'static, str>
[INFO] [stderr]              Nonce
[INFO] [stderr]              Oco<'static, str>
[INFO] [stderr]              Rc<str>
[INFO] [stderr]              TextProp
[INFO] [stderr]            and $N others
[INFO] [stderr]    = note: required for `MissingValueAfterEq` to implement `IntoAttribute`
[INFO] [stderr] note: required by a bound in `leptos::HtmlElement::<El>::attr`
[INFO] [stderr]   --> $CARGO/leptos_dom-0.6.15/src/html.rs
[INFO] [stderr]    |
[INFO] [stderr]    |     pub fn attr(
[INFO] [stderr]    |            ---- required by a bound in this associated function
[INFO] [stderr] ...
[INFO] [stderr]    |         attr: impl IntoAttribute,
[INFO] [stderr]    |                    ^^^^^^^^^^^^^ required by this bound in `HtmlElement::<El>::attr`
[INFO] [stderr] 
[INFO] [stderr] error[E0277]: expected a `Fn()` closure, found `()`
[INFO] [stderr]   --> tests/ui/errors/invalid_value.rs:20:16
[INFO] [stderr]    |
[INFO] [stderr] 17 |       _ = mview! {
[INFO] [stderr]    |  _________-
[INFO] [stderr] 18 | |         a href={};
[INFO] [stderr] 19 | |         a href=();
[INFO] [stderr] 20 | |         a href=[];
[INFO] [stderr]    | |                ^^ expected an `Fn()` closure, found `()`
[INFO] [stderr] 21 | |     };
[INFO] [stderr]    | |_____- required by a bound introduced by this call
[INFO] [stderr]    |
[INFO] [stderr]    = help: the trait `Fn()` is not implemented for `()`, which is required by `{closure@$DIR/tests/ui/errors/invalid_value.rs:20:16: 20:18}: IntoAttribute`
[INFO] [stderr]    = note: wrap the `()` in a closure with no arguments: `|| { /* code */ }`
[INFO] [stderr]    = help: the following other types implement trait `IntoAttribute`:
[INFO] [stderr]              &'static str
[INFO] [stderr]              &std::string::String
[INFO] [stderr]              Arguments<'_>
[INFO] [stderr]              Cow<'static, str>
[INFO] [stderr]              Nonce
[INFO] [stderr]              Oco<'static, str>
[INFO] [stderr]              Rc<str>
[INFO] [stderr]              TextProp
[INFO] [stderr]            and $N others
[INFO] [stderr]    = note: required for `()` to implement `IntoAttribute`
[INFO] [stderr]    = note: 1 redundant requirement hidden
[INFO] [stderr]    = note: required for `{closure@$DIR/tests/ui/errors/invalid_value.rs:20:16: 20:18}` to implement `IntoAttribute`
[INFO] [stderr] note: required by a bound in `leptos::HtmlElement::<El>::attr`
[INFO] [stderr]   --> $CARGO/leptos_dom-0.6.15/src/html.rs
[INFO] [stderr]    |
[INFO] [stderr]    |     pub fn attr(
[INFO] [stderr]    |            ---- required by a bound in this associated function
[INFO] [stderr] ...
[INFO] [stderr]    |         attr: impl IntoAttribute,
[INFO] [stderr]    |                    ^^^^^^^^^^^^^ required by this bound in `HtmlElement::<El>::attr`
[INFO] [stderr] 
[INFO] [stderr] error[E0277]: the trait bound `MissingValueAfterEq: IntoAttribute` is not satisfied
[INFO] [stderr]   --> tests/ui/errors/invalid_value.rs:27:15
[INFO] [stderr]    |
[INFO] [stderr] 26 |       _ = mview! {
[INFO] [stderr]    |  _________-
[INFO] [stderr] 27 | |         a href=
[INFO] [stderr]    | |               ^ the trait `Fn()` is not implemented for `MissingValueAfterEq`, which is required by `MissingValueAfterEq: IntoAttribute`
[INFO] [stderr] 28 | |     };
[INFO] [stderr]    | |_____- required by a bound introduced by this call
[INFO] [stderr]    |
[INFO] [stderr]    = help: the following other types implement trait `IntoAttribute`:
[INFO] [stderr]              &'static str
[INFO] [stderr]              &std::string::String
[INFO] [stderr]              Arguments<'_>
[INFO] [stderr]              Cow<'static, str>
[INFO] [stderr]              Nonce
[INFO] [stderr]              Oco<'static, str>
[INFO] [stderr]              Rc<str>
[INFO] [stderr]              TextProp
[INFO] [stderr]            and $N others
[INFO] [stderr]    = note: required for `MissingValueAfterEq` to implement `IntoAttribute`
[INFO] [stderr] note: required by a bound in `leptos::HtmlElement::<El>::attr`
[INFO] [stderr]   --> $CARGO/leptos_dom-0.6.15/src/html.rs
[INFO] [stderr]    |
[INFO] [stderr]    |     pub fn attr(
[INFO] [stderr]    |            ---- required by a bound in this associated function
[INFO] [stderr] ...
[INFO] [stderr]    |         attr: impl IntoAttribute,
[INFO] [stderr]    |                    ^^^^^^^^^^^^^ required by this bound in `HtmlElement::<El>::attr`
[INFO] [stderr] ┈┈┈┈┈┈┈┈┈┈┈┈┈┈┈┈┈┈┈┈┈┈┈┈┈┈┈┈┈┈┈┈┈┈┈┈┈┈┈┈┈┈┈┈┈┈┈┈┈┈┈┈┈┈┈┈┈┈┈┈
[INFO] [stderr] note: If the actual output is the correct output you can bless it by rerunning
[INFO] [stderr]       your test with the environment variable TRYBUILD=overwrite
[INFO] [stderr] 
[INFO] [stderr] test tests/ui/errors/misc_partial.rs [should fail to compile] ... mismatch
[INFO] [stderr] 
[INFO] [stderr] EXPECTED:
[INFO] [stderr] ┈┈┈┈┈┈┈┈┈┈┈┈┈┈┈┈┈┈┈┈┈┈┈┈┈┈┈┈┈┈┈┈┈┈┈┈┈┈┈┈┈┈┈┈┈┈┈┈┈┈┈┈┈┈┈┈┈┈┈┈
[INFO] [stderr] error: expected value after =
[INFO] [stderr]  --> tests/ui/errors/misc_partial.rs:6:24
[INFO] [stderr]   |
[INFO] [stderr] 6 |             span class=test
[INFO] [stderr]   |                        ^^^^
[INFO] [stderr]   |
[INFO] [stderr]   = help: you may have meant to wrap this in braces
[INFO] [stderr] 
[INFO] [stderr] error: unterminated element
[INFO] [stderr]  --> tests/ui/errors/misc_partial.rs:6:13
[INFO] [stderr]   |
[INFO] [stderr] 6 |             span class=test
[INFO] [stderr]   |             ^^^^
[INFO] [stderr]   |
[INFO] [stderr]   = help: add a `;` to terminate the element with no children
[INFO] [stderr] 
[INFO] [stderr] error: unexpected end of input, expected a kebab-cased ident
[INFO] [stderr]   --> tests/ui/errors/misc_partial.rs:15:9
[INFO] [stderr]    |
[INFO] [stderr] 15 |         }
[INFO] [stderr]    |         ^
[INFO] [stderr] 
[INFO] [stderr] error[E0277]: the trait bound `MissingValueAfterEq: IntoAttribute` is not satisfied
[INFO] [stderr]  --> tests/ui/errors/misc_partial.rs:6:24
[INFO] [stderr]   |
[INFO] [stderr] 4 |       _ = mview! {
[INFO] [stderr]   |  _________-
[INFO] [stderr] 5 | |         div class:x={true} {
[INFO] [stderr] 6 | |             span class=test
[INFO] [stderr]   | |                        ^^^^ the trait `std::ops::Fn<()>` is not implemented for `MissingValueAfterEq`, which is required by `MissingValueAfterEq: IntoAttribute`
[INFO] [stderr] 7 | |         }
[INFO] [stderr] 8 | |     }
[INFO] [stderr]   | |_____- required by a bound introduced by this call
[INFO] [stderr]   |
[INFO] [stderr]   = help: the following other types implement trait `IntoAttribute`:
[INFO] [stderr]             &'static str
[INFO] [stderr]             &std::string::String
[INFO] [stderr]             Arguments<'_>
[INFO] [stderr]             Cow<'static, str>
[INFO] [stderr]             Nonce
[INFO] [stderr]             Oco<'static, str>
[INFO] [stderr]             Rc<str>
[INFO] [stderr]             TextProp
[INFO] [stderr]           and $N others
[INFO] [stderr]   = note: required for `MissingValueAfterEq` to implement `IntoAttribute`
[INFO] [stderr] note: required by a bound in `leptos::HtmlElement::<El>::attr`
[INFO] [stderr]  --> $CARGO/leptos_dom-0.6.12/src/html.rs
[INFO] [stderr]   |
[INFO] [stderr]   |     pub fn attr(
[INFO] [stderr]   |            ---- required by a bound in this associated function
[INFO] [stderr] ...
[INFO] [stderr]   |         attr: impl IntoAttribute,
[INFO] [stderr]   |                    ^^^^^^^^^^^^^ required by this bound in `HtmlElement::<El>::attr`
[INFO] [stderr] ┈┈┈┈┈┈┈┈┈┈┈┈┈┈┈┈┈┈┈┈┈┈┈┈┈┈┈┈┈┈┈┈┈┈┈┈┈┈┈┈┈┈┈┈┈┈┈┈┈┈┈┈┈┈┈┈┈┈┈┈
[INFO] [stderr] 
[INFO] [stderr] ACTUAL OUTPUT:
[INFO] [stderr] ┈┈┈┈┈┈┈┈┈┈┈┈┈┈┈┈┈┈┈┈┈┈┈┈┈┈┈┈┈┈┈┈┈┈┈┈┈┈┈┈┈┈┈┈┈┈┈┈┈┈┈┈┈┈┈┈┈┈┈┈
[INFO] [stderr] error: expected value after =
[INFO] [stderr]  --> tests/ui/errors/misc_partial.rs:6:24
[INFO] [stderr]   |
[INFO] [stderr] 6 |             span class=test
[INFO] [stderr]   |                        ^^^^
[INFO] [stderr]   |
[INFO] [stderr]   = help: you may have meant to wrap this in braces
[INFO] [stderr] 
[INFO] [stderr] error: unterminated element
[INFO] [stderr]  --> tests/ui/errors/misc_partial.rs:6:13
[INFO] [stderr]   |
[INFO] [stderr] 6 |             span class=test
[INFO] [stderr]   |             ^^^^
[INFO] [stderr]   |
[INFO] [stderr]   = help: add a `;` to terminate the element with no children
[INFO] [stderr] 
[INFO] [stderr] error: unexpected end of input, expected a kebab-cased ident
[INFO] [stderr]   --> tests/ui/errors/misc_partial.rs:15:9
[INFO] [stderr]    |
[INFO] [stderr] 15 |         }
[INFO] [stderr]    |         ^
[INFO] [stderr] 
[INFO] [stderr] error[E0277]: the trait bound `MissingValueAfterEq: IntoAttribute` is not satisfied
[INFO] [stderr]  --> tests/ui/errors/misc_partial.rs:6:24
[INFO] [stderr]   |
[INFO] [stderr] 4 |       _ = mview! {
[INFO] [stderr]   |  _________-
[INFO] [stderr] 5 | |         div class:x={true} {
[INFO] [stderr] 6 | |             span class=test
[INFO] [stderr]   | |                        ^^^^ the trait `Fn()` is not implemented for `MissingValueAfterEq`, which is required by `MissingValueAfterEq: IntoAttribute`
[INFO] [stderr] 7 | |         }
[INFO] [stderr] 8 | |     }
[INFO] [stderr]   | |_____- required by a bound introduced by this call
[INFO] [stderr]   |
[INFO] [stderr]   = help: the following other types implement trait `IntoAttribute`:
[INFO] [stderr]             &'static str
[INFO] [stderr]             &std::string::String
[INFO] [stderr]             Arguments<'_>
[INFO] [stderr]             Cow<'static, str>
[INFO] [stderr]             Nonce
[INFO] [stderr]             Oco<'static, str>
[INFO] [stderr]             Rc<str>
[INFO] [stderr]             TextProp
[INFO] [stderr]           and $N others
[INFO] [stderr]   = note: required for `MissingValueAfterEq` to implement `IntoAttribute`
[INFO] [stderr] note: required by a bound in `leptos::HtmlElement::<El>::attr`
[INFO] [stderr]  --> $CARGO/leptos_dom-0.6.15/src/html.rs
[INFO] [stderr]   |
[INFO] [stderr]   |     pub fn attr(
[INFO] [stderr]   |            ---- required by a bound in this associated function
[INFO] [stderr] ...
[INFO] [stderr]   |         attr: impl IntoAttribute,
[INFO] [stderr]   |                    ^^^^^^^^^^^^^ required by this bound in `HtmlElement::<El>::attr`
[INFO] [stderr] ┈┈┈┈┈┈┈┈┈┈┈┈┈┈┈┈┈┈┈┈┈┈┈┈┈┈┈┈┈┈┈┈┈┈┈┈┈┈┈┈┈┈┈┈┈┈┈┈┈┈┈┈┈┈┈┈┈┈┈┈
[INFO] [stderr] note: If the actual output is the correct output you can bless it by rerunning
[INFO] [stderr]       your test with the environment variable TRYBUILD=overwrite
[INFO] [stderr] 
[INFO] [stderr] test tests/ui/errors/no_children_after_closure.rs [should fail to compile] ... mismatch
[INFO] [stderr] 
[INFO] [stderr] EXPECTED:
[INFO] [stderr] ┈┈┈┈┈┈┈┈┈┈┈┈┈┈┈┈┈┈┈┈┈┈┈┈┈┈┈┈┈┈┈┈┈┈┈┈┈┈┈┈┈┈┈┈┈┈┈┈┈┈┈┈┈┈┈┈┈┈┈┈
[INFO] [stderr] error: expected children block after closure arguments
[INFO] [stderr]  --> tests/ui/errors/no_children_after_closure.rs:8:16
[INFO] [stderr]   |
[INFO] [stderr] 8 |         |data| "no"
[INFO] [stderr]   |                ^^^^
[INFO] [stderr] 
[INFO] [stderr] warning: use of deprecated method `leptos::AwaitPropsBuilder::<T, Fut, FF, VF, V, ((FF,), __blocking, __local, ())>::build`: Missing required field children
[INFO] [stderr]  --> tests/ui/errors/no_children_after_closure.rs:6:9
[INFO] [stderr]   |
[INFO] [stderr] 6 |         Await
[INFO] [stderr]   |         ^^^^^
[INFO] [stderr]   |
[INFO] [stderr]   = note: `#[warn(deprecated)]` on by default
[INFO] [stderr] 
[INFO] [stderr] error[E0061]: this method takes 1 argument but 0 arguments were supplied
[INFO] [stderr]  --> tests/ui/errors/no_children_after_closure.rs:6:9
[INFO] [stderr]   |
[INFO] [stderr] 6 |         Await
[INFO] [stderr]   |         ^^^^^ an argument of type `AwaitPropsBuilder_Error_Missing_required_field_children` is missing
[INFO] [stderr]   |
[INFO] [stderr] note: method defined here
[INFO] [stderr]  --> $CARGO/leptos-0.6.12/src/await_.rs
[INFO] [stderr]   |
[INFO] [stderr]   | #[component]
[INFO] [stderr]   | ^^^^^^^^^^^^
[INFO] [stderr]   = note: this error originates in the derive macro `::leptos::typed_builder_macro::TypedBuilder` (in Nightly builds, run with -Z macro-backtrace for more info)
[INFO] [stderr] help: provide the argument
[INFO] [stderr]   |
[INFO] [stderr] 6 |         Await(/* AwaitPropsBuilder_Error_Missing_required_field_children */)
[INFO] [stderr]   |              +++++++++++++++++++++++++++++++++++++++++++++++++++++++++++++++
[INFO] [stderr] ┈┈┈┈┈┈┈┈┈┈┈┈┈┈┈┈┈┈┈┈┈┈┈┈┈┈┈┈┈┈┈┈┈┈┈┈┈┈┈┈┈┈┈┈┈┈┈┈┈┈┈┈┈┈┈┈┈┈┈┈
[INFO] [stderr] 
[INFO] [stderr] ACTUAL OUTPUT:
[INFO] [stderr] ┈┈┈┈┈┈┈┈┈┈┈┈┈┈┈┈┈┈┈┈┈┈┈┈┈┈┈┈┈┈┈┈┈┈┈┈┈┈┈┈┈┈┈┈┈┈┈┈┈┈┈┈┈┈┈┈┈┈┈┈
[INFO] [stderr] error: expected children block after closure arguments
[INFO] [stderr]  --> tests/ui/errors/no_children_after_closure.rs:8:16
[INFO] [stderr]   |
[INFO] [stderr] 8 |         |data| "no"
[INFO] [stderr]   |                ^^^^
[INFO] [stderr] 
[INFO] [stderr] warning: use of deprecated method `leptos::AwaitPropsBuilder::<T, Fut, FF, VF, V, ((FF,), __blocking, __local, ())>::build`: Missing required field children
[INFO] [stderr]  --> tests/ui/errors/no_children_after_closure.rs:6:9
[INFO] [stderr]   |
[INFO] [stderr] 6 |         Await
[INFO] [stderr]   |         ^^^^^
[INFO] [stderr]   |
[INFO] [stderr]   = note: `#[warn(deprecated)]` on by default
[INFO] [stderr] 
[INFO] [stderr] error[E0061]: this method takes 1 argument but 0 arguments were supplied
[INFO] [stderr]  --> tests/ui/errors/no_children_after_closure.rs:6:9
[INFO] [stderr]   |
[INFO] [stderr] 6 |         Await
[INFO] [stderr]   |         ^^^^^ argument #1 of type `AwaitPropsBuilder_Error_Missing_required_field_children` is missing
[INFO] [stderr]   |
[INFO] [stderr] note: method defined here
[INFO] [stderr]  --> $CARGO/leptos-0.6.15/src/await_.rs
[INFO] [stderr]   |
[INFO] [stderr]   | #[component]
[INFO] [stderr]   | ^^^^^^^^^^^^
[INFO] [stderr]   = note: this error originates in the derive macro `::leptos::typed_builder_macro::TypedBuilder` (in Nightly builds, run with -Z macro-backtrace for more info)
[INFO] [stderr] help: provide the argument
[INFO] [stderr]   |
[INFO] [stderr] 6 |         Await(/* AwaitPropsBuilder_Error_Missing_required_field_children */)
[INFO] [stderr]   |              +++++++++++++++++++++++++++++++++++++++++++++++++++++++++++++++
[INFO] [stderr] ┈┈┈┈┈┈┈┈┈┈┈┈┈┈┈┈┈┈┈┈┈┈┈┈┈┈┈┈┈┈┈┈┈┈┈┈┈┈┈┈┈┈┈┈┈┈┈┈┈┈┈┈┈┈┈┈┈┈┈┈
[INFO] [stderr] note: If the actual output is the correct output you can bless it by rerunning
[INFO] [stderr]       your test with the environment variable TRYBUILD=overwrite
[INFO] [stderr] 
[INFO] [stderr] test tests/ui/errors/non_str_child.rs [should fail to compile] ... ok
[INFO] [stderr] test tests/ui/errors/return_expression.rs [should fail to compile] ... mismatch
[INFO] [stderr] 
[INFO] [stderr] EXPECTED:
[INFO] [stderr] ┈┈┈┈┈┈┈┈┈┈┈┈┈┈┈┈┈┈┈┈┈┈┈┈┈┈┈┈┈┈┈┈┈┈┈┈┈┈┈┈┈┈┈┈┈┈┈┈┈┈┈┈┈┈┈┈┈┈┈┈
[INFO] [stderr] error: expected value after =
[INFO] [stderr]  --> tests/ui/errors/return_expression.rs:6:19
[INFO] [stderr]   |
[INFO] [stderr] 6 |         div class=;
[INFO] [stderr]   |                   ^
[INFO] [stderr] 
[INFO] [stderr] error[E0277]: the trait bound `MissingValueAfterEq: IntoAttribute` is not satisfied
[INFO] [stderr]  --> tests/ui/errors/return_expression.rs:6:19
[INFO] [stderr]   |
[INFO] [stderr] 5 |       let expr = mview! {
[INFO] [stderr]   |  ________________-
[INFO] [stderr] 6 | |         div class=;
[INFO] [stderr]   | |                   ^ the trait `std::ops::Fn<()>` is not implemented for `MissingValueAfterEq`, which is required by `MissingValueAfterEq: IntoAttribute`
[INFO] [stderr] 7 | |     };
[INFO] [stderr]   | |_____- required by a bound introduced by this call
[INFO] [stderr]   |
[INFO] [stderr]   = help: the following other types implement trait `IntoAttribute`:
[INFO] [stderr]             &'static str
[INFO] [stderr]             &std::string::String
[INFO] [stderr]             Arguments<'_>
[INFO] [stderr]             Cow<'static, str>
[INFO] [stderr]             Nonce
[INFO] [stderr]             Oco<'static, str>
[INFO] [stderr]             Rc<str>
[INFO] [stderr]             TextProp
[INFO] [stderr]           and $N others
[INFO] [stderr]   = note: required for `MissingValueAfterEq` to implement `IntoAttribute`
[INFO] [stderr] note: required by a bound in `leptos::HtmlElement::<El>::attr`
[INFO] [stderr]  --> $CARGO/leptos_dom-0.6.12/src/html.rs
[INFO] [stderr]   |
[INFO] [stderr]   |     pub fn attr(
[INFO] [stderr]   |            ---- required by a bound in this associated function
[INFO] [stderr] ...
[INFO] [stderr]   |         attr: impl IntoAttribute,
[INFO] [stderr]   |                    ^^^^^^^^^^^^^ required by this bound in `HtmlElement::<El>::attr`
[INFO] [stderr] ┈┈┈┈┈┈┈┈┈┈┈┈┈┈┈┈┈┈┈┈┈┈┈┈┈┈┈┈┈┈┈┈┈┈┈┈┈┈┈┈┈┈┈┈┈┈┈┈┈┈┈┈┈┈┈┈┈┈┈┈
[INFO] [stderr] 
[INFO] [stderr] ACTUAL OUTPUT:
[INFO] [stderr] ┈┈┈┈┈┈┈┈┈┈┈┈┈┈┈┈┈┈┈┈┈┈┈┈┈┈┈┈┈┈┈┈┈┈┈┈┈┈┈┈┈┈┈┈┈┈┈┈┈┈┈┈┈┈┈┈┈┈┈┈
[INFO] [stderr] error: expected value after =
[INFO] [stderr]  --> tests/ui/errors/return_expression.rs:6:19
[INFO] [stderr]   |
[INFO] [stderr] 6 |         div class=;
[INFO] [stderr]   |                   ^
[INFO] [stderr] 
[INFO] [stderr] error[E0277]: the trait bound `MissingValueAfterEq: IntoAttribute` is not satisfied
[INFO] [stderr]  --> tests/ui/errors/return_expression.rs:6:19
[INFO] [stderr]   |
[INFO] [stderr] 5 |       let expr = mview! {
[INFO] [stderr]   |  ________________-
[INFO] [stderr] 6 | |         div class=;
[INFO] [stderr]   | |                   ^ the trait `Fn()` is not implemented for `MissingValueAfterEq`, which is required by `MissingValueAfterEq: IntoAttribute`
[INFO] [stderr] 7 | |     };
[INFO] [stderr]   | |_____- required by a bound introduced by this call
[INFO] [stderr]   |
[INFO] [stderr]   = help: the following other types implement trait `IntoAttribute`:
[INFO] [stderr]             &'static str
[INFO] [stderr]             &std::string::String
[INFO] [stderr]             Arguments<'_>
[INFO] [stderr]             Cow<'static, str>
[INFO] [stderr]             Nonce
[INFO] [stderr]             Oco<'static, str>
[INFO] [stderr]             Rc<str>
[INFO] [stderr]             TextProp
[INFO] [stderr]           and $N others
[INFO] [stderr]   = note: required for `MissingValueAfterEq` to implement `IntoAttribute`
[INFO] [stderr] note: required by a bound in `leptos::HtmlElement::<El>::attr`
[INFO] [stderr]  --> $CARGO/leptos_dom-0.6.15/src/html.rs
[INFO] [stderr]   |
[INFO] [stderr]   |     pub fn attr(
[INFO] [stderr]   |            ---- required by a bound in this associated function
[INFO] [stderr] ...
[INFO] [stderr]   |         attr: impl IntoAttribute,
[INFO] [stderr]   |                    ^^^^^^^^^^^^^ required by this bound in `HtmlElement::<El>::attr`
[INFO] [stderr] ┈┈┈┈┈┈┈┈┈┈┈┈┈┈┈┈┈┈┈┈┈┈┈┈┈┈┈┈┈┈┈┈┈┈┈┈┈┈┈┈┈┈┈┈┈┈┈┈┈┈┈┈┈┈┈┈┈┈┈┈
[INFO] [stderr] note: If the actual output is the correct output you can bless it by rerunning
[INFO] [stderr]       your test with the environment variable TRYBUILD=overwrite
[INFO] [stderr] 
[INFO] [stderr] test tests/ui/errors/slot_builder_spans.rs [should fail to compile] ... mismatch
[INFO] [stderr] 
[INFO] [stderr] EXPECTED:
[INFO] [stderr] ┈┈┈┈┈┈┈┈┈┈┈┈┈┈┈┈┈┈┈┈┈┈┈┈┈┈┈┈┈┈┈┈┈┈┈┈┈┈┈┈┈┈┈┈┈┈┈┈┈┈┈┈┈┈┈┈┈┈┈┈
[INFO] [stderr] warning: use of deprecated method `SChildrenBuilder::<((), __children)>::build`: Missing required field an_attr
[INFO] [stderr]   --> tests/ui/errors/slot_builder_spans.rs:22:18
[INFO] [stderr]    |
[INFO] [stderr] 22 |             slot:SChildren { "hi" }
[INFO] [stderr]    |                  ^^^^^^^^^
[INFO] [stderr]    |
[INFO] [stderr]    = note: `#[warn(deprecated)]` on by default
[INFO] [stderr] 
[INFO] [stderr] error[E0061]: this method takes 1 argument but 0 arguments were supplied
[INFO] [stderr]   --> tests/ui/errors/slot_builder_spans.rs:22:18
[INFO] [stderr]    |
[INFO] [stderr] 22 |             slot:SChildren { "hi" }
[INFO] [stderr]    |                  ^^^^^^^^^ an argument of type `SChildrenBuilder_Error_Missing_required_field_an_attr` is missing
[INFO] [stderr]    |
[INFO] [stderr] note: method defined here
[INFO] [stderr]   --> tests/ui/errors/slot_builder_spans.rs:10:1
[INFO] [stderr]    |
[INFO] [stderr] 10 | #[slot]
[INFO] [stderr]    | ^^^^^^^
[INFO] [stderr]    = note: this error originates in the derive macro `::leptos::typed_builder_macro::TypedBuilder` (in Nightly builds, run with -Z macro-backtrace for more info)
[INFO] [stderr] help: provide the argument
[INFO] [stderr]    |
[INFO] [stderr] 22 |             slot:SChildren(/* SChildrenBuilder_Error_Missing_required_field_an_attr */) { "hi" }
[INFO] [stderr]    |                           +++++++++++++++++++++++++++++++++++++++++++++++++++++++++++++
[INFO] [stderr] 
[INFO] [stderr] error[E0308]: mismatched types
[INFO] [stderr]   --> tests/ui/errors/slot_builder_spans.rs:29:49
[INFO] [stderr]    |
[INFO] [stderr] 29 |         TakesSChildren { slot:SChildren an_attr="no" { "what" } }
[INFO] [stderr]    |                                         ------- ^^^^ expected `i32`, found `&str`
[INFO] [stderr]    |                                         |
[INFO] [stderr]    |                                         arguments to this method are incorrect
[INFO] [stderr]    |
[INFO] [stderr] note: method defined here
[INFO] [stderr]   --> tests/ui/errors/slot_builder_spans.rs:12:5
[INFO] [stderr]    |
[INFO] [stderr] 12 |     an_attr: i32,
[INFO] [stderr]    |     ^^^^^^^-----
[INFO] [stderr] 
[INFO] [stderr] error[E0308]: mismatched types
[INFO] [stderr]   --> tests/ui/errors/slot_builder_spans.rs:37:38
[INFO] [stderr]    |
[INFO] [stderr] 37 |             slot:SChildren an_attr=1 |s| { "this is " {s} }
[INFO] [stderr]    |                                      ^^^ expected `Rc<dyn Fn() -> Fragment>`, found closure
[INFO] [stderr]    |
[INFO] [stderr]    = note: expected struct `Rc<(dyn std::ops::Fn() -> Fragment + 'static)>`
[INFO] [stderr]              found closure `{closure@$DIR/tests/ui/errors/slot_builder_spans.rs:37:38: 37:41}`
[INFO] [stderr] 
[INFO] [stderr] error[E0599]: no method named `children` found for struct `SNoChildrenBuilder` in the current scope
[INFO] [stderr]   --> tests/ui/errors/slot_builder_spans.rs:53:42
[INFO] [stderr]    |
[INFO] [stderr] 42 |   #[slot]
[INFO] [stderr]    |   ------- method `children` not found for this struct
[INFO] [stderr] ...
[INFO] [stderr] 51 |       _ = mview! {
[INFO] [stderr]    |  _________-
[INFO] [stderr] 52 | |         TakesSNoChildren {
[INFO] [stderr] 53 | |             slot:SNoChildren an_attr=5 { "hey!" }
[INFO] [stderr]    | |                                         -^^^^^^ method not found in `SNoChildrenBuilder<((i32,),)>`
[INFO] [stderr]    | |_________________________________________|
[INFO] [stderr]    |
[INFO] [stderr] 
[INFO] [stderr] error[E0277]: the trait bound `leptos::Callback<i32, leptos::View>: ToChildren<{closure@$DIR/tests/ui/errors/slot_builder_spans.rs:73:37: 73:43}>` is not satisfied
[INFO] [stderr]   --> tests/ui/errors/slot_builder_spans.rs:71:9
[INFO] [stderr]    |
[INFO] [stderr] 71 |       _ = mview! {
[INFO] [stderr]    |  _________^
[INFO] [stderr] 72 | |         TakesSClosureChildren {
[INFO] [stderr] 73 | |             slot:SClosureChildren { "hey!" }
[INFO] [stderr] 74 | |         }
[INFO] [stderr] 75 | |     };
[INFO] [stderr]    | |_____^ the trait `ToChildren<{closure@$DIR/tests/ui/errors/slot_builder_spans.rs:73:37: 73:43}>` is not implemented for `leptos::Callback<i32, leptos::View>`
[INFO] [stderr]    |
[INFO] [stderr]    = help: the following other types implement trait `ToChildren<F>`:
[INFO] [stderr]              Box<(dyn FnMut() -> Fragment + 'static)>
[INFO] [stderr]              Box<(dyn FnOnce() -> Fragment + 'static)>
[INFO] [stderr]              Box<(dyn std::ops::Fn() -> Fragment + 'static)>
[INFO] [stderr]              Rc<(dyn std::ops::Fn() -> Fragment + 'static)>
[INFO] [stderr]    = note: this error originates in the macro `mview` (in Nightly builds, run with -Z macro-backtrace for more info)
[INFO] [stderr] ┈┈┈┈┈┈┈┈┈┈┈┈┈┈┈┈┈┈┈┈┈┈┈┈┈┈┈┈┈┈┈┈┈┈┈┈┈┈┈┈┈┈┈┈┈┈┈┈┈┈┈┈┈┈┈┈┈┈┈┈
[INFO] [stderr] 
[INFO] [stderr] ACTUAL OUTPUT:
[INFO] [stderr] ┈┈┈┈┈┈┈┈┈┈┈┈┈┈┈┈┈┈┈┈┈┈┈┈┈┈┈┈┈┈┈┈┈┈┈┈┈┈┈┈┈┈┈┈┈┈┈┈┈┈┈┈┈┈┈┈┈┈┈┈
[INFO] [stderr] warning: use of deprecated method `SChildrenBuilder::<((), __children)>::build`: Missing required field an_attr
[INFO] [stderr]   --> tests/ui/errors/slot_builder_spans.rs:22:18
[INFO] [stderr]    |
[INFO] [stderr] 22 |             slot:SChildren { "hi" }
[INFO] [stderr]    |                  ^^^^^^^^^
[INFO] [stderr]    |
[INFO] [stderr]    = note: `#[warn(deprecated)]` on by default
[INFO] [stderr] 
[INFO] [stderr] error[E0061]: this method takes 1 argument but 0 arguments were supplied
[INFO] [stderr]   --> tests/ui/errors/slot_builder_spans.rs:22:18
[INFO] [stderr]    |
[INFO] [stderr] 22 |             slot:SChildren { "hi" }
[INFO] [stderr]    |                  ^^^^^^^^^ argument #1 of type `SChildrenBuilder_Error_Missing_required_field_an_attr` is missing
[INFO] [stderr]    |
[INFO] [stderr] note: method defined here
[INFO] [stderr]   --> tests/ui/errors/slot_builder_spans.rs:10:1
[INFO] [stderr]    |
[INFO] [stderr] 10 | #[slot]
[INFO] [stderr]    | ^^^^^^^
[INFO] [stderr]    = note: this error originates in the derive macro `::leptos::typed_builder_macro::TypedBuilder` (in Nightly builds, run with -Z macro-backtrace for more info)
[INFO] [stderr] help: provide the argument
[INFO] [stderr]    |
[INFO] [stderr] 22 |             slot:SChildren(/* SChildrenBuilder_Error_Missing_required_field_an_attr */) { "hi" }
[INFO] [stderr]    |                           +++++++++++++++++++++++++++++++++++++++++++++++++++++++++++++
[INFO] [stderr] 
[INFO] [stderr] error[E0308]: mismatched types
[INFO] [stderr]   --> tests/ui/errors/slot_builder_spans.rs:29:49
[INFO] [stderr]    |
[INFO] [stderr] 29 |         TakesSChildren { slot:SChildren an_attr="no" { "what" } }
[INFO] [stderr]    |                                         ------- ^^^^ expected `i32`, found `&str`
[INFO] [stderr]    |                                         |
[INFO] [stderr]    |                                         arguments to this method are incorrect
[INFO] [stderr]    |
[INFO] [stderr] note: method defined here
[INFO] [stderr]   --> tests/ui/errors/slot_builder_spans.rs:12:5
[INFO] [stderr]    |
[INFO] [stderr] 12 |     an_attr: i32,
[INFO] [stderr]    |     ^^^^^^^-----
[INFO] [stderr] 
[INFO] [stderr] error[E0308]: mismatched types
[INFO] [stderr]   --> tests/ui/errors/slot_builder_spans.rs:37:38
[INFO] [stderr]    |
[INFO] [stderr] 37 |             slot:SChildren an_attr=1 |s| { "this is " {s} }
[INFO] [stderr]    |                                      ^^^ expected `Rc<dyn Fn() -> Fragment>`, found closure
[INFO] [stderr]    |
[INFO] [stderr]    = note: expected struct `Rc<(dyn std::ops::Fn() -> Fragment + 'static)>`
[INFO] [stderr]              found closure `{closure@$DIR/tests/ui/errors/slot_builder_spans.rs:37:38: 37:41}`
[INFO] [stderr] 
[INFO] [stderr] error[E0599]: no method named `children` found for struct `SNoChildrenBuilder` in the current scope
[INFO] [stderr]   --> tests/ui/errors/slot_builder_spans.rs:53:42
[INFO] [stderr]    |
[INFO] [stderr] 42 |   #[slot]
[INFO] [stderr]    |   ------- method `children` not found for this struct
[INFO] [stderr] ...
[INFO] [stderr] 51 |       _ = mview! {
[INFO] [stderr]    |  _________-
[INFO] [stderr] 52 | |         TakesSNoChildren {
[INFO] [stderr] 53 | |             slot:SNoChildren an_attr=5 { "hey!" }
[INFO] [stderr]    | |                                         -^^^^^^ method not found in `SNoChildrenBuilder<((i32,),)>`
[INFO] [stderr]    | |_________________________________________|
[INFO] [stderr]    |
[INFO] [stderr] 
[INFO] [stderr] error[E0277]: the trait bound `leptos::Callback<i32, leptos::View>: ToChildren<{closure@$DIR/tests/ui/errors/slot_builder_spans.rs:73:37: 73:43}>` is not satisfied
[INFO] [stderr]   --> tests/ui/errors/slot_builder_spans.rs:71:9
[INFO] [stderr]    |
[INFO] [stderr] 71 |       _ = mview! {
[INFO] [stderr]    |  _________^
[INFO] [stderr] 72 | |         TakesSClosureChildren {
[INFO] [stderr] 73 | |             slot:SClosureChildren { "hey!" }
[INFO] [stderr] 74 | |         }
[INFO] [stderr] 75 | |     };
[INFO] [stderr]    | |_____^ the trait `ToChildren<{closure@$DIR/tests/ui/errors/slot_builder_spans.rs:73:37: 73:43}>` is not implemented for `leptos::Callback<i32, leptos::View>`
[INFO] [stderr]    |
[INFO] [stderr]    = help: the following other types implement trait `ToChildren<F>`:
[INFO] [stderr]              Box<(dyn FnMut() -> Fragment + 'static)>
[INFO] [stderr]              Box<(dyn FnOnce() -> Fragment + 'static)>
[INFO] [stderr]              Box<(dyn std::ops::Fn() -> Fragment + 'static)>
[INFO] [stderr]              Rc<(dyn std::ops::Fn() -> Fragment + 'static)>
[INFO] [stderr]    = note: this error originates in the macro `mview` (in Nightly builds, run with -Z macro-backtrace for more info)
[INFO] [stderr] ┈┈┈┈┈┈┈┈┈┈┈┈┈┈┈┈┈┈┈┈┈┈┈┈┈┈┈┈┈┈┈┈┈┈┈┈┈┈┈┈┈┈┈┈┈┈┈┈┈┈┈┈┈┈┈┈┈┈┈┈
[INFO] [stderr] note: If the actual output is the correct output you can bless it by rerunning
[INFO] [stderr]       your test with the environment variable TRYBUILD=overwrite
[INFO] [stderr] 
[INFO] [stderr] test tests/ui/errors/slot_unsupported_dirs.rs [should fail to compile] ... ok
[INFO] [stderr] test tests/ui/errors/unsupported_attrs.rs [should fail to compile] ... ok
[INFO] [stderr] test tests/ui/errors/unterminated_element.rs [should fail to compile] ... ok
[INFO] [stderr] test tests/ui/errors/unterminated_element_error.rs [should fail to compile] ... ok
[INFO] [stderr] test tests/ui/errors/use_directive.rs [should fail to compile] ... mismatch
[INFO] [stderr] 
[INFO] [stderr] EXPECTED:
[INFO] [stderr] ┈┈┈┈┈┈┈┈┈┈┈┈┈┈┈┈┈┈┈┈┈┈┈┈┈┈┈┈┈┈┈┈┈┈┈┈┈┈┈┈┈┈┈┈┈┈┈┈┈┈┈┈┈┈┈┈┈┈┈┈
[INFO] [stderr] error[E0277]: the trait bound `i32: From<()>` is not satisfied
[INFO] [stderr]   --> tests/ui/errors/use_directive.rs:10:17
[INFO] [stderr]    |
[INFO] [stderr] 10 |         div use:arg_dir;
[INFO] [stderr]    |                 ^^^^^^^ the trait `From<()>` is not implemented for `i32`, which is required by `(): Into<_>`
[INFO] [stderr]    |
[INFO] [stderr]    = help: the following other types implement trait `From<T>`:
[INFO] [stderr]              <i32 as From<bool>>
[INFO] [stderr]              <i32 as From<i16>>
[INFO] [stderr]              <i32 as From<i8>>
[INFO] [stderr]              <i32 as From<u16>>
[INFO] [stderr]              <i32 as From<u8>>
[INFO] [stderr]    = note: required for `()` to implement `Into<i32>`
[INFO] [stderr] 
[INFO] [stderr] error[E0277]: the trait bound `(): From<{integer}>` is not satisfied
[INFO] [stderr]   --> tests/ui/errors/use_directive.rs:16:29
[INFO] [stderr]    |
[INFO] [stderr] 15 |       _ = mview! {
[INFO] [stderr]    |  _________-
[INFO] [stderr] 16 | |         span use:no_arg_dir=2;
[INFO] [stderr]    | |                             ^ the trait `From<{integer}>` is not implemented for `()`, which is required by `{integer}: Into<_>`
[INFO] [stderr] 17 | |     };
[INFO] [stderr]    | |_____- required by a bound introduced by this call
[INFO] [stderr]    |
[INFO] [stderr]    = help: the following other types implement trait `From<T>`:
[INFO] [stderr]              <(T, T) as From<[T; 2]>>
[INFO] [stderr]              <(T, T, T) as From<[T; 3]>>
[INFO] [stderr]              <(T, T, T, T) as From<[T; 4]>>
[INFO] [stderr]              <(T, T, T, T, T) as From<[T; 5]>>
[INFO] [stderr]              <(T, T, T, T, T, T) as From<[T; 6]>>
[INFO] [stderr]              <(T, T, T, T, T, T, T) as From<[T; 7]>>
[INFO] [stderr]              <(T, T, T, T, T, T, T, T) as From<[T; 8]>>
[INFO] [stderr]              <(T, T, T, T, T, T, T, T, T) as From<[T; 9]>>
[INFO] [stderr]            and $N others
[INFO] [stderr]    = note: required for `{integer}` to implement `Into<()>`
[INFO] [stderr] ┈┈┈┈┈┈┈┈┈┈┈┈┈┈┈┈┈┈┈┈┈┈┈┈┈┈┈┈┈┈┈┈┈┈┈┈┈┈┈┈┈┈┈┈┈┈┈┈┈┈┈┈┈┈┈┈┈┈┈┈
[INFO] [stderr] 
[INFO] [stderr] ACTUAL OUTPUT:
[INFO] [stderr] ┈┈┈┈┈┈┈┈┈┈┈┈┈┈┈┈┈┈┈┈┈┈┈┈┈┈┈┈┈┈┈┈┈┈┈┈┈┈┈┈┈┈┈┈┈┈┈┈┈┈┈┈┈┈┈┈┈┈┈┈
[INFO] [stderr] error[E0277]: the trait bound `i32: From<()>` is not satisfied
[INFO] [stderr]   --> tests/ui/errors/use_directive.rs:10:17
[INFO] [stderr]    |
[INFO] [stderr] 10 |         div use:arg_dir;
[INFO] [stderr]    |                 ^^^^^^^ the trait `From<()>` is not implemented for `i32`, which is required by `(): Into<_>`
[INFO] [stderr]    |
[INFO] [stderr]    = help: the following other types implement trait `From<T>`:
[INFO] [stderr]              `i32` implements `From<bool>`
[INFO] [stderr]              `i32` implements `From<i16>`
[INFO] [stderr]              `i32` implements `From<i8>`
[INFO] [stderr]              `i32` implements `From<u16>`
[INFO] [stderr]              `i32` implements `From<u8>`
[INFO] [stderr]    = note: required for `()` to implement `Into<i32>`
[INFO] [stderr] 
[INFO] [stderr] error[E0277]: the trait bound `(): From<{integer}>` is not satisfied
[INFO] [stderr]   --> tests/ui/errors/use_directive.rs:16:29
[INFO] [stderr]    |
[INFO] [stderr] 15 |       _ = mview! {
[INFO] [stderr]    |  _________-
[INFO] [stderr] 16 | |         span use:no_arg_dir=2;
[INFO] [stderr]    | |                             ^ the trait `From<{integer}>` is not implemented for `()`, which is required by `{integer}: Into<_>`
[INFO] [stderr] 17 | |     };
[INFO] [stderr]    | |_____- required by a bound introduced by this call
[INFO] [stderr]    |
[INFO] [stderr]    = help: the following other types implement trait `From<T>`:
[INFO] [stderr]              `(T, T)` implements `From<[T; 2]>`
[INFO] [stderr]              `(T, T, T)` implements `From<[T; 3]>`
[INFO] [stderr]              `(T, T, T, T)` implements `From<[T; 4]>`
[INFO] [stderr]              `(T, T, T, T, T)` implements `From<[T; 5]>`
[INFO] [stderr]              `(T, T, T, T, T, T)` implements `From<[T; 6]>`
[INFO] [stderr]              `(T, T, T, T, T, T, T)` implements `From<[T; 7]>`
[INFO] [stderr]              `(T, T, T, T, T, T, T, T)` implements `From<[T; 8]>`
[INFO] [stderr]              `(T, T, T, T, T, T, T, T, T)` implements `From<[T; 9]>`
[INFO] [stderr]            and $N others
[INFO] [stderr]    = note: required for `{integer}` to implement `Into<()>`
[INFO] [stderr] ┈┈┈┈┈┈┈┈┈┈┈┈┈┈┈┈┈┈┈┈┈┈┈┈┈┈┈┈┈┈┈┈┈┈┈┈┈┈┈┈┈┈┈┈┈┈┈┈┈┈┈┈┈┈┈┈┈┈┈┈
[INFO] [stderr] note: If the actual output is the correct output you can bless it by rerunning
[INFO] [stderr]       your test with the environment variable TRYBUILD=overwrite
[INFO] [stderr] 
[INFO] [stderr] 
[INFO] [stderr] 
[INFO] [stdout] test ui ... FAILED
[INFO] [stdout] 
[INFO] [stdout] failures:
[INFO] [stdout] 
[INFO] [stdout] ---- ui stdout ----
[INFO] [stdout] thread 'ui' panicked at /opt/rustwide/cargo-home/registry/src/index.crates.io-6f17d22bba15001f/trybuild-1.0.101/src/run.rs:101:13:
[INFO] [stdout] 9 of 17 tests failed
[INFO] [stdout] stack backtrace:
[INFO] [stdout]    0:     0x55d576152caa - std::backtrace_rs::backtrace::libunwind::trace::h207520d6e9873551
[INFO] [stdout]                                at /rustc/df4ca44d3fbc9301ee17f30f4d474e6ae4b05252/library/std/src/../../backtrace/src/backtrace/libunwind.rs:116:5
[INFO] [stdout]    1:     0x55d576152caa - std::backtrace_rs::backtrace::trace_unsynchronized::h2ed7433f370e3eca
[INFO] [stdout]                                at /rustc/df4ca44d3fbc9301ee17f30f4d474e6ae4b05252/library/std/src/../../backtrace/src/backtrace/mod.rs:66:5
[INFO] [stdout]    2:     0x55d576152caa - std::sys::backtrace::_print_fmt::h916fac51166b18d7
[INFO] [stdout]                                at /rustc/df4ca44d3fbc9301ee17f30f4d474e6ae4b05252/library/std/src/sys/backtrace.rs:66:9
[INFO] [stdout]    3:     0x55d576152caa - <std::sys::backtrace::BacktraceLock::print::DisplayBacktrace as core::fmt::Display>::fmt::ha0a4c9b8ce3802e6
[INFO] [stdout]                                at /rustc/df4ca44d3fbc9301ee17f30f4d474e6ae4b05252/library/std/src/sys/backtrace.rs:39:26
[INFO] [stdout]    4:     0x55d57617d153 - core::fmt::rt::Argument::fmt::h4cfc8587d52b3eb5
[INFO] [stdout]                                at /rustc/df4ca44d3fbc9301ee17f30f4d474e6ae4b05252/library/core/src/fmt/rt.rs:177:76
[INFO] [stdout]    5:     0x55d57617d153 - core::fmt::write::h522cc39e5b36ae9f
[INFO] [stdout]                                at /rustc/df4ca44d3fbc9301ee17f30f4d474e6ae4b05252/library/core/src/fmt/mod.rs:1190:21
[INFO] [stdout]    6:     0x55d57614ece3 - std::io::Write::write_fmt::h7d3c26752da97734
[INFO] [stdout]                                at /rustc/df4ca44d3fbc9301ee17f30f4d474e6ae4b05252/library/std/src/io/mod.rs:1839:15
[INFO] [stdout]    7:     0x55d576152af2 - std::sys::backtrace::BacktraceLock::print::h4b9e00b29e9c0942
[INFO] [stdout]                                at /rustc/df4ca44d3fbc9301ee17f30f4d474e6ae4b05252/library/std/src/sys/backtrace.rs:42:9
[INFO] [stdout]    8:     0x55d57615473a - std::panicking::default_hook::{{closure}}::hb59b88280d0324d9
[INFO] [stdout]                                at /rustc/df4ca44d3fbc9301ee17f30f4d474e6ae4b05252/library/std/src/panicking.rs:268:22
[INFO] [stdout]    9:     0x55d576154544 - std::panicking::default_hook::he1dd496665be4a29
[INFO] [stdout]                                at /rustc/df4ca44d3fbc9301ee17f30f4d474e6ae4b05252/library/std/src/panicking.rs:292:9
[INFO] [stdout]   10:     0x55d57611b239 - <alloc::boxed::Box<F,A> as core::ops::function::Fn<Args>>::call::h4ff71de18744e1dc
[INFO] [stdout]                                at /rustc/df4ca44d3fbc9301ee17f30f4d474e6ae4b05252/library/alloc/src/boxed.rs:2468:9
[INFO] [stdout]   11:     0x55d57611b239 - test::test_main::{{closure}}::hcf7c055ce117aa81
[INFO] [stdout]                                at /rustc/df4ca44d3fbc9301ee17f30f4d474e6ae4b05252/library/test/src/lib.rs:133:21
[INFO] [stdout]   12:     0x55d576154e38 - <alloc::boxed::Box<F,A> as core::ops::function::Fn<Args>>::call::h1d66c6bbd60c9692
[INFO] [stdout]                                at /rustc/df4ca44d3fbc9301ee17f30f4d474e6ae4b05252/library/alloc/src/boxed.rs:2468:9
[INFO] [stdout]   13:     0x55d576154e38 - std::panicking::rust_panic_with_hook::h2ff17fe8f26dfcf8
[INFO] [stdout]                                at /rustc/df4ca44d3fbc9301ee17f30f4d474e6ae4b05252/library/std/src/panicking.rs:809:13
[INFO] [stdout]   14:     0x55d576154bfa - std::panicking::begin_panic_handler::{{closure}}::h4fad77951c07e101
[INFO] [stdout]                                at /rustc/df4ca44d3fbc9301ee17f30f4d474e6ae4b05252/library/std/src/panicking.rs:674:13
[INFO] [stdout]   15:     0x55d576153189 - std::sys::backtrace::__rust_end_short_backtrace::hb1a25b3da5d0ea08
[INFO] [stdout]                                at /rustc/df4ca44d3fbc9301ee17f30f4d474e6ae4b05252/library/std/src/sys/backtrace.rs:170:18
[INFO] [stdout]   16:     0x55d57615488c - rust_begin_unwind
[INFO] [stdout]                                at /rustc/df4ca44d3fbc9301ee17f30f4d474e6ae4b05252/library/std/src/panicking.rs:665:5
[INFO] [stdout]   17:     0x55d57617b500 - core::panicking::panic_fmt::ha9db07b529f9b256
[INFO] [stdout]                                at /rustc/df4ca44d3fbc9301ee17f30f4d474e6ae4b05252/library/core/src/panicking.rs:75:14
[INFO] [stdout]   18:     0x55d575ef86cf - trybuild::run::<impl trybuild::Runner>::run::h630737222ebcc257
[INFO] [stdout]                                at /opt/rustwide/cargo-home/registry/src/index.crates.io-6f17d22bba15001f/trybuild-1.0.101/src/run.rs:101:13
[INFO] [stdout]   19:     0x55d575efdc08 - <trybuild::TestCases as core::ops::drop::Drop>::drop::h1b12e8aa0f954b71
[INFO] [stdout]                                at /opt/rustwide/cargo-home/registry/src/index.crates.io-6f17d22bba15001f/trybuild-1.0.101/src/lib.rs:340:13
[INFO] [stdout]   20:     0x55d575e29cf7 - core::ptr::drop_in_place<trybuild::TestCases>::he6d2a4782b169ae1
[INFO] [stdout]                                at /rustc/df4ca44d3fbc9301ee17f30f4d474e6ae4b05252/library/core/src/ptr/mod.rs:521:1
[INFO] [stdout]   21:     0x55d575e2a59b - ui::ui::h5e46b8da19064aa2
[INFO] [stdout]                                at /opt/rustwide/workdir/tests/ui.rs:6:1
[INFO] [stdout]   22:     0x55d575e2a517 - ui::ui::{{closure}}::h9526c36193bf6893
[INFO] [stdout]                                at /opt/rustwide/workdir/tests/ui.rs:2:8
[INFO] [stdout]   23:     0x55d575e29ca6 - core::ops::function::FnOnce::call_once::he7d79d4c0566c749
[INFO] [stdout]                                at /rustc/df4ca44d3fbc9301ee17f30f4d474e6ae4b05252/library/core/src/ops/function.rs:250:5
[INFO] [stdout]   24:     0x55d57611fb0b - core::ops::function::FnOnce::call_once::h22c3ba5715e93f05
[INFO] [stdout]                                at /rustc/df4ca44d3fbc9301ee17f30f4d474e6ae4b05252/library/core/src/ops/function.rs:250:5
[INFO] [stdout]   25:     0x55d57611fb0b - test::__rust_begin_short_backtrace::h8e82d8113d0da17f
[INFO] [stdout]                                at /rustc/df4ca44d3fbc9301ee17f30f4d474e6ae4b05252/library/test/src/lib.rs:621:18
[INFO] [stdout]   26:     0x55d57611f487 - test::run_test_in_process::{{closure}}::h33235f4f20b7b7c7
[INFO] [stdout]                                at /rustc/df4ca44d3fbc9301ee17f30f4d474e6ae4b05252/library/test/src/lib.rs:644:60
[INFO] [stdout]   27:     0x55d57611f487 - <core::panic::unwind_safe::AssertUnwindSafe<F> as core::ops::function::FnOnce<()>>::call_once::hb5043206310c586f
[INFO] [stdout]                                at /rustc/df4ca44d3fbc9301ee17f30f4d474e6ae4b05252/library/core/src/panic/unwind_safe.rs:272:9
[INFO] [stdout]   28:     0x55d57611f487 - std::panicking::try::do_call::h9ad4731a60ab23e2
[INFO] [stdout]                                at /rustc/df4ca44d3fbc9301ee17f30f4d474e6ae4b05252/library/std/src/panicking.rs:557:40
[INFO] [stdout]   29:     0x55d57611f487 - std::panicking::try::h3824d23db772a716
[INFO] [stdout]                                at /rustc/df4ca44d3fbc9301ee17f30f4d474e6ae4b05252/library/std/src/panicking.rs:520:19
[INFO] [stdout]   30:     0x55d57611f487 - std::panic::catch_unwind::h5afd514605fde46b
[INFO] [stdout]                                at /rustc/df4ca44d3fbc9301ee17f30f4d474e6ae4b05252/library/std/src/panic.rs:358:14
[INFO] [stdout]   31:     0x55d57611f487 - test::run_test_in_process::h0d5cbfa7067d1720
[INFO] [stdout]                                at /rustc/df4ca44d3fbc9301ee17f30f4d474e6ae4b05252/library/test/src/lib.rs:644:27
[INFO] [stdout]   32:     0x55d57611f487 - test::run_test::{{closure}}::h708eb8872708115d
[INFO] [stdout]                                at /rustc/df4ca44d3fbc9301ee17f30f4d474e6ae4b05252/library/test/src/lib.rs:565:43
[INFO] [stdout]   33:     0x55d5760e2ba4 - test::run_test::{{closure}}::h392c51cee94713ab
[INFO] [stdout]                                at /rustc/df4ca44d3fbc9301ee17f30f4d474e6ae4b05252/library/test/src/lib.rs:595:41
[INFO] [stdout]   34:     0x55d5760e2ba4 - std::sys::backtrace::__rust_begin_short_backtrace::h2f40290710935a8b
[INFO] [stdout]                                at /rustc/df4ca44d3fbc9301ee17f30f4d474e6ae4b05252/library/std/src/sys/backtrace.rs:154:18
[INFO] [stdout]   35:     0x55d5760e634e - std::thread::Builder::spawn_unchecked_::{{closure}}::{{closure}}::h3fd968d89053a903
[INFO] [stdout]                                at /rustc/df4ca44d3fbc9301ee17f30f4d474e6ae4b05252/library/std/src/thread/mod.rs:541:17
[INFO] [stdout]   36:     0x55d5760e634e - <core::panic::unwind_safe::AssertUnwindSafe<F> as core::ops::function::FnOnce<()>>::call_once::h743f637ba4229880
[INFO] [stdout]                                at /rustc/df4ca44d3fbc9301ee17f30f4d474e6ae4b05252/library/core/src/panic/unwind_safe.rs:272:9
[INFO] [stdout]   37:     0x55d5760e634e - std::panicking::try::do_call::h07440897322525a6
[INFO] [stdout]                                at /rustc/df4ca44d3fbc9301ee17f30f4d474e6ae4b05252/library/std/src/panicking.rs:557:40
[INFO] [stdout]   38:     0x55d5760e634e - std::panicking::try::he5a2e00188156637
[INFO] [stdout]                                at /rustc/df4ca44d3fbc9301ee17f30f4d474e6ae4b05252/library/std/src/panicking.rs:520:19
[INFO] [stdout]   39:     0x55d5760e634e - std::panic::catch_unwind::hbaf3cae49b3c6433
[INFO] [stdout]                                at /rustc/df4ca44d3fbc9301ee17f30f4d474e6ae4b05252/library/std/src/panic.rs:358:14
[INFO] [stdout]   40:     0x55d5760e634e - std::thread::Builder::spawn_unchecked_::{{closure}}::h8e141ea224820bce
[INFO] [stdout]                                at /rustc/df4ca44d3fbc9301ee17f30f4d474e6ae4b05252/library/std/src/thread/mod.rs:540:30
[INFO] [stdout]   41:     0x55d5760e634e - core::ops::function::FnOnce::call_once{{vtable.shim}}::h90d312fedd7b8ea8
[INFO] [stdout]                                at /rustc/df4ca44d3fbc9301ee17f30f4d474e6ae4b05252/library/core/src/ops/function.rs:250:5
[INFO] [stdout]   42:     0x55d576159bfb - <alloc::boxed::Box<F,A> as core::ops::function::FnOnce<Args>>::call_once::h69aa08ddb6adb8b6
[INFO] [stdout]                                at /rustc/df4ca44d3fbc9301ee17f30f4d474e6ae4b05252/library/alloc/src/boxed.rs:2454:9
[INFO] [stdout]   43:     0x55d576159bfb - <alloc::boxed::Box<F,A> as core::ops::function::FnOnce<Args>>::call_once::h5aa36efdb79c806f
[INFO] [stdout]                                at /rustc/df4ca44d3fbc9301ee17f30f4d474e6ae4b05252/library/alloc/src/boxed.rs:2454:9
[INFO] [stdout]   44:     0x55d576159bfb - std::sys::pal::unix::thread::Thread::new::thread_start::h6cd80a1b4be5158d
[INFO] [stdout]                                at /rustc/df4ca44d3fbc9301ee17f30f4d474e6ae4b05252/library/std/src/sys/pal/unix/thread.rs:105:17
[INFO] [stdout]   45:     0x7f82525baac3 - <unknown>
[INFO] [stdout]   46:     0x7f825264ba04 - clone
[INFO] [stdout]   47:                0x0 - <unknown>
[INFO] [stdout] 
[INFO] [stdout] 
[INFO] [stdout] failures:
[INFO] [stdout]     ui
[INFO] [stdout] 
[INFO] [stdout] test result: FAILED. 0 passed; 1 failed; 0 ignored; 0 measured; 0 filtered out; finished in 31.70s
[INFO] [stdout] 
[INFO] [stderr] error: test failed, to rerun pass `--test ui`
[INFO] running `Command { std: "docker" "inspect" "05ef74b2a2e9e35f0968222c8c718db00ca7a19efbd086d6ecc1b49e3c6408fd", kill_on_drop: false }`
[INFO] running `Command { std: "docker" "rm" "-f" "05ef74b2a2e9e35f0968222c8c718db00ca7a19efbd086d6ecc1b49e3c6408fd", kill_on_drop: false }`
[INFO] [stdout] 05ef74b2a2e9e35f0968222c8c718db00ca7a19efbd086d6ecc1b49e3c6408fd
