[INFO] fetching crate ldap-test-server 0.1.0...
[INFO] testing ldap-test-server-0.1.0 against nightly-2024-10-28 for randomize-layout
[INFO] extracting crate ldap-test-server 0.1.0 into /workspace/builds/worker-2-tc1/source
[INFO] validating manifest of crates.io crate ldap-test-server 0.1.0 on toolchain nightly-2024-10-28
[INFO] running `Command { std: CARGO_HOME="/workspace/cargo-home" RUSTUP_HOME="/workspace/rustup-home" "/workspace/cargo-home/bin/cargo" "+nightly-2024-10-28" "metadata" "--manifest-path" "Cargo.toml" "--no-deps", kill_on_drop: false }`
[INFO] started tweaking crates.io crate ldap-test-server 0.1.0
[INFO] removed 0 missing tests
[INFO] finished tweaking crates.io crate ldap-test-server 0.1.0
[INFO] tweaked toml for crates.io crate ldap-test-server 0.1.0 written to /workspace/builds/worker-2-tc1/source/Cargo.toml
[INFO] running `Command { std: CARGO_HOME="/workspace/cargo-home" RUSTUP_HOME="/workspace/rustup-home" "/workspace/cargo-home/bin/cargo" "+nightly-2024-10-28" "generate-lockfile" "--manifest-path" "Cargo.toml", kill_on_drop: false }`
[INFO] [stderr]     Updating crates.io index
[INFO] [stderr]      Locking 242 packages to latest compatible versions
[INFO] [stderr]       Adding cucumber v0.20.2 (available: v0.21.1)
[INFO] [stderr]       Adding rcgen v0.12.1 (available: v0.13.1)
[INFO] running `Command { std: CARGO_HOME="/workspace/cargo-home" RUSTUP_HOME="/workspace/rustup-home" "/workspace/cargo-home/bin/cargo" "+nightly-2024-10-28" "fetch" "--manifest-path" "Cargo.toml", kill_on_drop: false }`
[INFO] [stderr]  Downloading crates ...
[INFO] [stderr]   Downloaded portpicker v0.1.1
[INFO] [stderr]   Downloaded rasn-ldap v0.14.0
[INFO] [stderr]   Downloaded lber v0.4.2
[INFO] [stderr]   Downloaded lazy-regex-proc_macros v3.3.0
[INFO] [stderr]   Downloaded cucumber-expressions v0.3.0
[INFO] [stderr]   Downloaded synthez-codegen v0.3.1
[INFO] [stderr]   Downloaded rasn-derive v0.14.0
[INFO] [stderr]   Downloaded synthez-core v0.3.1
[INFO] [stderr]   Downloaded typed-builder-macro v0.15.2
[INFO] [stderr]   Downloaded typed-builder v0.15.2
[INFO] [stderr]   Downloaded peg-macros v0.6.3
[INFO] [stderr]   Downloaded gherkin v0.14.0
[INFO] [stderr]   Downloaded cucumber-codegen v0.20.2
[INFO] [stderr]   Downloaded peg v0.6.3
[INFO] [stderr]   Downloaded konst v0.3.9
[INFO] [stderr]   Downloaded lazy-regex v3.3.0
[INFO] [stderr]   Downloaded smart-default v0.7.1
[INFO] [stderr]   Downloaded cucumber v0.20.2
[INFO] [stderr]   Downloaded jzon v0.12.5
[INFO] [stderr]   Downloaded rasn v0.14.0
[INFO] [stderr]   Downloaded konst_kernel v0.3.9
[INFO] [stderr]   Downloaded ldap-rs v0.4.3
[INFO] [stderr]   Downloaded ldap3 v0.11.5
[INFO] [stderr]   Downloaded synthez v0.3.1
[INFO] [stderr]   Downloaded peg-runtime v0.6.3
[INFO] [stderr]   Downloaded bitvec-nom2 v0.2.1
[INFO] running `Command { std: "docker" "create" "-v" "/var/lib/crater-agent-workspace/builds/worker-2-tc1/target:/opt/rustwide/target:rw,Z" "-v" "/var/lib/crater-agent-workspace/builds/worker-2-tc1/source:/opt/rustwide/workdir:ro,Z" "-v" "/var/lib/crater-agent-workspace/cargo-home:/opt/rustwide/cargo-home:ro,Z" "-v" "/var/lib/crater-agent-workspace/rustup-home:/opt/rustwide/rustup-home:ro,Z" "-e" "SOURCE_DIR=/opt/rustwide/workdir" "-e" "CARGO_TARGET_DIR=/opt/rustwide/target" "-e" "CARGO_HOME=/opt/rustwide/cargo-home" "-e" "RUSTUP_HOME=/opt/rustwide/rustup-home" "-w" "/opt/rustwide/workdir" "-m" "1610612736" "--user" "0:0" "--network" "none" "ghcr.io/rust-lang/crates-build-env/linux@sha256:4a844ea9eb2546a2d2c7022eacef16ef2e8229c7fbb2c7d4d55a9ceca922f72d" "/opt/rustwide/cargo-home/bin/cargo" "+nightly-2024-10-28" "metadata" "--no-deps" "--format-version=1", kill_on_drop: false }`
[INFO] [stdout] 2554d816187b44f177a5790e2c8873c2e6570acadd4de20dfcd40d6966a098b5
[INFO] running `Command { std: "docker" "start" "-a" "2554d816187b44f177a5790e2c8873c2e6570acadd4de20dfcd40d6966a098b5", kill_on_drop: false }`
[INFO] running `Command { std: "docker" "inspect" "2554d816187b44f177a5790e2c8873c2e6570acadd4de20dfcd40d6966a098b5", kill_on_drop: false }`
[INFO] running `Command { std: "docker" "rm" "-f" "2554d816187b44f177a5790e2c8873c2e6570acadd4de20dfcd40d6966a098b5", kill_on_drop: false }`
[INFO] [stdout] 2554d816187b44f177a5790e2c8873c2e6570acadd4de20dfcd40d6966a098b5
[INFO] running `Command { std: "docker" "create" "-v" "/var/lib/crater-agent-workspace/builds/worker-2-tc1/target:/opt/rustwide/target:rw,Z" "-v" "/var/lib/crater-agent-workspace/builds/worker-2-tc1/source:/opt/rustwide/workdir:ro,Z" "-v" "/var/lib/crater-agent-workspace/cargo-home:/opt/rustwide/cargo-home:ro,Z" "-v" "/var/lib/crater-agent-workspace/rustup-home:/opt/rustwide/rustup-home:ro,Z" "-e" "SOURCE_DIR=/opt/rustwide/workdir" "-e" "CARGO_TARGET_DIR=/opt/rustwide/target" "-e" "CARGO_INCREMENTAL=0" "-e" "RUST_BACKTRACE=full" "-e" "RUSTFLAGS=--cap-lints=forbid" "-e" "RUSTDOCFLAGS=--cap-lints=forbid" "-e" "CARGO_HOME=/opt/rustwide/cargo-home" "-e" "RUSTUP_HOME=/opt/rustwide/rustup-home" "-w" "/opt/rustwide/workdir" "-m" "1610612736" "--user" "0:0" "--network" "none" "ghcr.io/rust-lang/crates-build-env/linux@sha256:4a844ea9eb2546a2d2c7022eacef16ef2e8229c7fbb2c7d4d55a9ceca922f72d" "/opt/rustwide/cargo-home/bin/cargo" "+nightly-2024-10-28" "build" "--frozen" "--message-format=json", kill_on_drop: false }`
[INFO] [stdout] 93834a7b26d2208027109b851224bece8cf38ebf3527235c51c23121c6133755
[INFO] running `Command { std: "docker" "start" "-a" "93834a7b26d2208027109b851224bece8cf38ebf3527235c51c23121c6133755", kill_on_drop: false }`
[INFO] [stderr]    Compiling crossbeam-utils v0.8.20
[INFO] [stderr]    Compiling rayon-core v1.12.1
[INFO] [stderr]    Compiling either v1.13.0
[INFO] [stderr]    Compiling rustix v0.38.38
[INFO] [stderr]    Compiling time v0.3.36
[INFO] [stderr]    Compiling zerocopy-derive v0.7.35
[INFO] [stderr]    Compiling base64 v0.22.1
[INFO] [stderr]    Compiling bitflags v2.6.0
[INFO] [stderr]    Compiling linux-raw-sys v0.4.14
[INFO] [stderr]    Compiling ring v0.17.8
[INFO] [stderr]    Compiling fastrand v2.1.1
[INFO] [stderr]    Compiling tokio v1.41.0
[INFO] [stderr]    Compiling pem v3.0.4
[INFO] [stderr]    Compiling crossbeam-epoch v0.9.18
[INFO] [stderr]    Compiling crossbeam-channel v0.5.13
[INFO] [stderr]    Compiling crossbeam-deque v0.8.5
[INFO] [stderr]    Compiling crossbeam-queue v0.3.11
[INFO] [stderr]    Compiling yasna v0.5.2
[INFO] [stderr]    Compiling crossbeam v0.8.4
[INFO] [stderr]    Compiling rayon v1.10.0
[INFO] [stderr]    Compiling zerocopy v0.7.35
[INFO] [stderr]    Compiling rcgen v0.12.1
[INFO] [stderr]    Compiling tempfile v3.13.0
[INFO] [stderr]    Compiling ppv-lite86 v0.2.20
[INFO] [stderr]    Compiling rand_chacha v0.3.1
[INFO] [stderr]    Compiling rand v0.8.5
[INFO] [stderr]    Compiling jwalk v0.8.1
[INFO] [stderr]    Compiling portpicker v0.1.1
[INFO] [stderr]    Compiling dircpy v0.3.19
[INFO] [stderr]    Compiling ldap-test-server v0.1.0 (/opt/rustwide/workdir)
[INFO] [stderr]     Finished `dev` profile [unoptimized + debuginfo] target(s) in 5.15s
[INFO] running `Command { std: "docker" "inspect" "93834a7b26d2208027109b851224bece8cf38ebf3527235c51c23121c6133755", kill_on_drop: false }`
[INFO] running `Command { std: "docker" "rm" "-f" "93834a7b26d2208027109b851224bece8cf38ebf3527235c51c23121c6133755", kill_on_drop: false }`
[INFO] [stdout] 93834a7b26d2208027109b851224bece8cf38ebf3527235c51c23121c6133755
[INFO] running `Command { std: "docker" "create" "-v" "/var/lib/crater-agent-workspace/builds/worker-2-tc1/target:/opt/rustwide/target:rw,Z" "-v" "/var/lib/crater-agent-workspace/builds/worker-2-tc1/source:/opt/rustwide/workdir:ro,Z" "-v" "/var/lib/crater-agent-workspace/cargo-home:/opt/rustwide/cargo-home:ro,Z" "-v" "/var/lib/crater-agent-workspace/rustup-home:/opt/rustwide/rustup-home:ro,Z" "-e" "SOURCE_DIR=/opt/rustwide/workdir" "-e" "CARGO_TARGET_DIR=/opt/rustwide/target" "-e" "CARGO_INCREMENTAL=0" "-e" "RUST_BACKTRACE=full" "-e" "RUSTFLAGS=--cap-lints=forbid" "-e" "RUSTDOCFLAGS=--cap-lints=forbid" "-e" "CARGO_HOME=/opt/rustwide/cargo-home" "-e" "RUSTUP_HOME=/opt/rustwide/rustup-home" "-w" "/opt/rustwide/workdir" "-m" "1610612736" "--user" "0:0" "--network" "none" "ghcr.io/rust-lang/crates-build-env/linux@sha256:4a844ea9eb2546a2d2c7022eacef16ef2e8229c7fbb2c7d4d55a9ceca922f72d" "/opt/rustwide/cargo-home/bin/cargo" "+nightly-2024-10-28" "test" "--frozen" "--no-run" "--message-format=json", kill_on_drop: false }`
[INFO] [stdout] 16ebd148cd17392434522736d2f72d80f9aa10be7ba6a3669ad391add942149b
[INFO] running `Command { std: "docker" "start" "-a" "16ebd148cd17392434522736d2f72d80f9aa10be7ba6a3669ad391add942149b", kill_on_drop: false }`
[INFO] [stderr]    Compiling memchr v2.7.4
[INFO] [stderr]    Compiling either v1.13.0
[INFO] [stderr]    Compiling minimal-lexical v0.2.1
[INFO] [stderr]    Compiling vcpkg v0.2.15
[INFO] [stderr]    Compiling thiserror-impl v1.0.66
[INFO] [stderr]    Compiling syn v1.0.109
[INFO] [stderr]    Compiling num-traits v0.2.19
[INFO] [stderr]    Compiling rustix v0.38.38
[INFO] [stderr]    Compiling rayon v1.10.0
[INFO] [stderr]    Compiling libc v0.2.161
[INFO] [stderr]    Compiling radium v0.7.0
[INFO] [stderr]    Compiling serde v1.0.214
[INFO] [stderr]    Compiling nom v7.1.3
[INFO] [stderr]    Compiling aho-corasick v1.1.3
[INFO] [stderr]    Compiling openssl-sys v0.9.104
[INFO] [stderr]    Compiling thiserror v1.0.66
[INFO] [stderr]    Compiling regex-automata v0.4.8
[INFO] [stderr]    Compiling tokio v1.41.0
[INFO] [stderr]    Compiling futures-macro v0.3.31
[INFO] [stderr]    Compiling gimli v0.31.1
[INFO] [stderr]    Compiling openssl v0.10.68
[INFO] [stderr]    Compiling doc-comment v0.3.3
[INFO] [stderr]    Compiling foreign-types-shared v0.1.1
[INFO] [stderr]    Compiling typewit_proc_macros v1.8.1
[INFO] [stderr]    Compiling tap v1.0.1
[INFO] [stderr]    Compiling serde_json v1.0.132
[INFO] [stderr]    Compiling typewit v1.9.0
[INFO] [stderr]    Compiling wyz v0.5.1
[INFO] [stderr]    Compiling futures-util v0.3.31
[INFO] [stderr]    Compiling miniz_oxide v0.8.0
[INFO] [stderr]    Compiling foreign-types v0.3.2
[INFO] [stderr]    Compiling regex v1.11.1
[INFO] [stderr]    Compiling addr2line v0.24.2
[INFO] [stderr]    Compiling getrandom v0.2.15
[INFO] [stderr]    Compiling object v0.36.5
[INFO] [stderr]    Compiling sealed v0.5.0
[INFO] [stderr]    Compiling openssl-macros v0.1.1
[INFO] [stderr]    Compiling rustc-demangle v0.1.24
[INFO] [stderr]    Compiling itoa v1.0.11
[INFO] [stderr]    Compiling native-tls v0.2.12
[INFO] [stderr]    Compiling ryu v1.0.18
[INFO] [stderr]    Compiling funty v2.0.0
[INFO] [stderr]    Compiling ucd-trie v0.1.7
[INFO] [stderr]    Compiling bytecount v0.6.8
[INFO] [stderr]    Compiling utf8parse v0.2.2
[INFO] [stderr]    Compiling nom_locate v4.2.0
[INFO] [stderr]    Compiling bitvec v1.0.1
[INFO] [stderr]    Compiling anstyle-parse v0.2.6
[INFO] [stderr]    Compiling pest v2.7.14
[INFO] [stderr]    Compiling backtrace v0.3.74
[INFO] [stderr]    Compiling futures-executor v0.3.31
[INFO] [stderr]    Compiling synthez-core v0.3.1
[INFO] [stderr]    Compiling uuid v1.11.0
[INFO] [stderr]    Compiling snafu-derive v0.7.5
[INFO] [stderr]    Compiling konst_kernel v0.3.9
[INFO] [stderr]    Compiling num-integer v0.1.46
[INFO] [stderr]    Compiling bstr v1.10.0
[INFO] [stderr]    Compiling itertools v0.10.5
[INFO] [stderr]    Compiling derive_more v0.99.18
[INFO] [stderr]    Compiling is_terminal_polyfill v1.70.1
[INFO] [stderr]    Compiling colorchoice v1.0.3
[INFO] [stderr]    Compiling regex-syntax v0.7.5
[INFO] [stderr]    Compiling heck v0.5.0
[INFO] [stderr]    Compiling anstyle-query v1.1.2
[INFO] [stderr]    Compiling anstyle v1.0.9
[INFO] [stderr]    Compiling const_panic v0.2.10
[INFO] [stderr]    Compiling peg-runtime v0.6.3
[INFO] [stderr]    Compiling openssl-probe v0.1.5
[INFO] [stderr]    Compiling anstream v0.6.17
[INFO] [stderr]    Compiling peg-macros v0.6.3
[INFO] [stderr]    Compiling konst v0.3.9
[INFO] [stderr]    Compiling rasn-derive v0.14.0
[INFO] [stderr]    Compiling snafu v0.7.5
[INFO] [stderr]    Compiling globset v0.4.15
[INFO] [stderr]    Compiling bitvec-nom2 v0.2.1
[INFO] [stderr]    Compiling num-bigint v0.4.6
[INFO] [stderr]    Compiling pest_meta v2.7.14
[INFO] [stderr]    Compiling synthez-codegen v0.3.1
[INFO] [stderr]    Compiling gherkin v0.14.0
[INFO] [stderr]    Compiling futures v0.3.31
[INFO] [stderr]    Compiling terminal_size v0.4.0
[INFO] [stderr]    Compiling chrono v0.4.38
[INFO] [stderr]    Compiling typed-builder-macro v0.15.2
[INFO] [stderr]    Compiling strsim v0.11.1
[INFO] [stderr]    Compiling smawk v0.3.2
[INFO] [stderr]    Compiling jzon v0.12.5
[INFO] [stderr]    Compiling clap_lex v0.7.2
[INFO] [stderr]    Compiling rustversion v1.0.18
[INFO] [stderr]    Compiling arrayvec v0.7.6
[INFO] [stderr]    Compiling unicode-linebreak v0.1.5
[INFO] [stderr]    Compiling textwrap v0.16.1
[INFO] [stderr]    Compiling rasn v0.14.0
[INFO] [stderr]    Compiling typed-builder v0.15.2
[INFO] [stderr]    Compiling clap_builder v4.5.20
[INFO] [stderr]    Compiling pest_generator v2.7.14
[INFO] [stderr]    Compiling synthez v0.3.1
[INFO] [stderr]    Compiling peg v0.6.3
[INFO] [stderr]    Compiling cucumber-expressions v0.3.0
[INFO] [stderr]    Compiling tokio-native-tls v0.3.1
[INFO] [stderr]    Compiling ignore v0.4.23
[INFO] [stderr]    Compiling jwalk v0.8.1
[INFO] [stderr]    Compiling clap_derive v4.5.18
[INFO] [stderr]    Compiling tokio-util v0.7.12
[INFO] [stderr]    Compiling lazy-regex-proc_macros v3.3.0
[INFO] [stderr]    Compiling itertools v0.12.1
[INFO] [stderr]    Compiling pin-project-internal v1.1.7
[INFO] [stderr]    Compiling async-trait v0.1.83
[INFO] [stderr]    Compiling ldap-rs v0.4.3
[INFO] [stderr]    Compiling inflections v1.1.1
[INFO] [stderr]    Compiling lazy-regex v3.3.0
[INFO] [stderr]    Compiling globwalk v0.8.1
[INFO] [stderr]    Compiling rasn-ldap v0.14.0
[INFO] [stderr]    Compiling tempfile v3.13.0
[INFO] [stderr]    Compiling pin-project v1.1.7
[INFO] [stderr]    Compiling pest_derive v2.7.14
[INFO] [stderr]    Compiling clap v4.5.20
[INFO] [stderr]    Compiling dircpy v0.3.19
[INFO] [stderr]    Compiling console v0.15.8
[INFO] [stderr]    Compiling cucumber-codegen v0.20.2
[INFO] [stderr]    Compiling tokio-stream v0.1.16
[INFO] [stderr]    Compiling lber v0.4.2
[INFO] [stderr]    Compiling smart-default v0.7.1
[INFO] [stderr]    Compiling linked-hash-map v0.5.6
[INFO] [stderr]    Compiling humantime v2.1.0
[INFO] [stderr]    Compiling drain_filter_polyfill v0.1.3
[INFO] [stderr]    Compiling inventory v0.3.15
[INFO] [stderr]    Compiling ldap3 v0.11.5
[INFO] [stderr]    Compiling strum_macros v0.26.4
[INFO] [stderr]    Compiling derivative v2.2.0
[INFO] [stderr]    Compiling strum v0.26.3
[INFO] [stderr]    Compiling ldap-test-server v0.1.0 (/opt/rustwide/workdir)
[INFO] [stderr]    Compiling cucumber v0.20.2
[INFO] [stderr]     Finished `test` profile [unoptimized + debuginfo] target(s) in 34.29s
[INFO] running `Command { std: "docker" "inspect" "16ebd148cd17392434522736d2f72d80f9aa10be7ba6a3669ad391add942149b", kill_on_drop: false }`
[INFO] running `Command { std: "docker" "rm" "-f" "16ebd148cd17392434522736d2f72d80f9aa10be7ba6a3669ad391add942149b", kill_on_drop: false }`
[INFO] [stdout] 16ebd148cd17392434522736d2f72d80f9aa10be7ba6a3669ad391add942149b
[INFO] running `Command { std: "docker" "create" "-v" "/var/lib/crater-agent-workspace/builds/worker-2-tc1/target:/opt/rustwide/target:rw,Z" "-v" "/var/lib/crater-agent-workspace/builds/worker-2-tc1/source:/opt/rustwide/workdir:ro,Z" "-v" "/var/lib/crater-agent-workspace/cargo-home:/opt/rustwide/cargo-home:ro,Z" "-v" "/var/lib/crater-agent-workspace/rustup-home:/opt/rustwide/rustup-home:ro,Z" "-e" "SOURCE_DIR=/opt/rustwide/workdir" "-e" "CARGO_TARGET_DIR=/opt/rustwide/target" "-e" "CARGO_INCREMENTAL=0" "-e" "RUST_BACKTRACE=full" "-e" "RUSTFLAGS=--cap-lints=forbid" "-e" "RUSTDOCFLAGS=--cap-lints=forbid" "-e" "CARGO_HOME=/opt/rustwide/cargo-home" "-e" "RUSTUP_HOME=/opt/rustwide/rustup-home" "-w" "/opt/rustwide/workdir" "-m" "1610612736" "--user" "0:0" "--network" "none" "ghcr.io/rust-lang/crates-build-env/linux@sha256:4a844ea9eb2546a2d2c7022eacef16ef2e8229c7fbb2c7d4d55a9ceca922f72d" "/opt/rustwide/cargo-home/bin/cargo" "+nightly-2024-10-28" "test" "--frozen", kill_on_drop: false }`
[INFO] [stdout] f52fcb550df33c222478ca81ee9ea3bdf7f18ef52affc1a98906e3f6f13c5ca1
[INFO] running `Command { std: "docker" "start" "-a" "f52fcb550df33c222478ca81ee9ea3bdf7f18ef52affc1a98906e3f6f13c5ca1", kill_on_drop: false }`
[INFO] [stderr]     Finished `test` profile [unoptimized + debuginfo] target(s) in 2.02s
[INFO] [stderr]      Running unittests src/lib.rs (/opt/rustwide/target/debug/deps/ldap_test_server-fe7b8b34fadf6001)
[INFO] [stdout] 
[INFO] [stdout] running 1 test
[INFO] [stdout] test tests::run_slapd ... FAILED
[INFO] [stdout] 
[INFO] [stdout] failures:
[INFO] [stdout] 
[INFO] [stdout] ---- tests::run_slapd stdout ----
[INFO] [stdout] thread 'tests::run_slapd' panicked at src/builder.rs:314:14:
[INFO] [stdout] no slapd schema directory found. Is openldap server installed?
[INFO] [stdout] stack backtrace:
[INFO] [stdout]    0:     0x56e781424c9a - std::backtrace_rs::backtrace::libunwind::trace::h207520d6e9873551
[INFO] [stdout]                                at /rustc/df4ca44d3fbc9301ee17f30f4d474e6ae4b05252/library/std/src/../../backtrace/src/backtrace/libunwind.rs:116:5
[INFO] [stdout]    1:     0x56e781424c9a - std::backtrace_rs::backtrace::trace_unsynchronized::h2ed7433f370e3eca
[INFO] [stdout]                                at /rustc/df4ca44d3fbc9301ee17f30f4d474e6ae4b05252/library/std/src/../../backtrace/src/backtrace/mod.rs:66:5
[INFO] [stdout]    2:     0x56e781424c9a - std::sys::backtrace::_print_fmt::h916fac51166b18d7
[INFO] [stdout]                                at /rustc/df4ca44d3fbc9301ee17f30f4d474e6ae4b05252/library/std/src/sys/backtrace.rs:66:9
[INFO] [stdout]    3:     0x56e781424c9a - <std::sys::backtrace::BacktraceLock::print::DisplayBacktrace as core::fmt::Display>::fmt::ha0a4c9b8ce3802e6
[INFO] [stdout]                                at /rustc/df4ca44d3fbc9301ee17f30f4d474e6ae4b05252/library/std/src/sys/backtrace.rs:39:26
[INFO] [stdout]    4:     0x56e78144e4a3 - core::fmt::rt::Argument::fmt::h4cfc8587d52b3eb5
[INFO] [stdout]                                at /rustc/df4ca44d3fbc9301ee17f30f4d474e6ae4b05252/library/core/src/fmt/rt.rs:177:76
[INFO] [stdout]    5:     0x56e78144e4a3 - core::fmt::write::h522cc39e5b36ae9f
[INFO] [stdout]                                at /rustc/df4ca44d3fbc9301ee17f30f4d474e6ae4b05252/library/core/src/fmt/mod.rs:1190:21
[INFO] [stdout]    6:     0x56e781420c23 - std::io::Write::write_fmt::h7d3c26752da97734
[INFO] [stdout]                                at /rustc/df4ca44d3fbc9301ee17f30f4d474e6ae4b05252/library/std/src/io/mod.rs:1839:15
[INFO] [stdout]    7:     0x56e781424ae2 - std::sys::backtrace::BacktraceLock::print::h4b9e00b29e9c0942
[INFO] [stdout]                                at /rustc/df4ca44d3fbc9301ee17f30f4d474e6ae4b05252/library/std/src/sys/backtrace.rs:42:9
[INFO] [stdout]    8:     0x56e78142612a - std::panicking::default_hook::{{closure}}::hb59b88280d0324d9
[INFO] [stdout]                                at /rustc/df4ca44d3fbc9301ee17f30f4d474e6ae4b05252/library/std/src/panicking.rs:268:22
[INFO] [stdout]    9:     0x56e781425f34 - std::panicking::default_hook::he1dd496665be4a29
[INFO] [stdout]                                at /rustc/df4ca44d3fbc9301ee17f30f4d474e6ae4b05252/library/std/src/panicking.rs:292:9
[INFO] [stdout]   10:     0x56e781280a99 - <alloc::boxed::Box<F,A> as core::ops::function::Fn<Args>>::call::h4ff71de18744e1dc
[INFO] [stdout]                                at /rustc/df4ca44d3fbc9301ee17f30f4d474e6ae4b05252/library/alloc/src/boxed.rs:2468:9
[INFO] [stdout]   11:     0x56e781280a99 - test::test_main::{{closure}}::hcf7c055ce117aa81
[INFO] [stdout]                                at /rustc/df4ca44d3fbc9301ee17f30f4d474e6ae4b05252/library/test/src/lib.rs:133:21
[INFO] [stdout]   12:     0x56e781426828 - <alloc::boxed::Box<F,A> as core::ops::function::Fn<Args>>::call::h1d66c6bbd60c9692
[INFO] [stdout]                                at /rustc/df4ca44d3fbc9301ee17f30f4d474e6ae4b05252/library/alloc/src/boxed.rs:2468:9
[INFO] [stdout]   13:     0x56e781426828 - std::panicking::rust_panic_with_hook::h2ff17fe8f26dfcf8
[INFO] [stdout]                                at /rustc/df4ca44d3fbc9301ee17f30f4d474e6ae4b05252/library/std/src/panicking.rs:809:13
[INFO] [stdout]   14:     0x56e7814265ea - std::panicking::begin_panic_handler::{{closure}}::h4fad77951c07e101
[INFO] [stdout]                                at /rustc/df4ca44d3fbc9301ee17f30f4d474e6ae4b05252/library/std/src/panicking.rs:674:13
[INFO] [stdout]   15:     0x56e781425179 - std::sys::backtrace::__rust_end_short_backtrace::hb1a25b3da5d0ea08
[INFO] [stdout]                                at /rustc/df4ca44d3fbc9301ee17f30f4d474e6ae4b05252/library/std/src/sys/backtrace.rs:170:18
[INFO] [stdout]   16:     0x56e78142627c - rust_begin_unwind
[INFO] [stdout]                                at /rustc/df4ca44d3fbc9301ee17f30f4d474e6ae4b05252/library/std/src/panicking.rs:665:5
[INFO] [stdout]   17:     0x56e78144c8e0 - core::panicking::panic_fmt::ha9db07b529f9b256
[INFO] [stdout]                                at /rustc/df4ca44d3fbc9301ee17f30f4d474e6ae4b05252/library/core/src/panicking.rs:75:14
[INFO] [stdout]   18:     0x56e78144c8bb - core::panicking::panic_display::h974ff3dec7c08c85
[INFO] [stdout]                                at /rustc/df4ca44d3fbc9301ee17f30f4d474e6ae4b05252/library/core/src/panicking.rs:273:5
[INFO] [stdout]   19:     0x56e78144c8bb - core::option::expect_failed::h08d05c9ecb334afa
[INFO] [stdout]                                at /rustc/df4ca44d3fbc9301ee17f30f4d474e6ae4b05252/library/core/src/option.rs:2017:5
[INFO] [stdout]   20:     0x56e781215b87 - core::option::Option<T>::expect::hfa1682d36905eb63
[INFO] [stdout]                                at /rustc/df4ca44d3fbc9301ee17f30f4d474e6ae4b05252/library/core/src/option.rs:932:21
[INFO] [stdout]   21:     0x56e78120c387 - ldap_test_server::builder::LdapServerBuilder::run::{{closure}}::h012b7ea10a68e8ab
[INFO] [stdout]                                at /opt/rustwide/workdir/src/builder.rs:312:26
[INFO] [stdout]   22:     0x56e781229266 - ldap_test_server::tests::run_slapd::{{closure}}::h052ed413374fcfdf
[INFO] [stdout]                                at /opt/rustwide/workdir/src/lib.rs:327:14
[INFO] [stdout]   23:     0x56e781214452 - <core::pin::Pin<P> as core::future::future::Future>::poll::h8de343825ac8fc4d
[INFO] [stdout]                                at /rustc/df4ca44d3fbc9301ee17f30f4d474e6ae4b05252/library/core/src/future/future.rs:123:9
[INFO] [stdout]   24:     0x56e7812144cd - <core::pin::Pin<P> as core::future::future::Future>::poll::hed9daa20ff132527
[INFO] [stdout]                                at /rustc/df4ca44d3fbc9301ee17f30f4d474e6ae4b05252/library/core/src/future/future.rs:123:9
[INFO] [stdout]   25:     0x56e781228daf - tokio::runtime::scheduler::current_thread::CoreGuard::block_on::{{closure}}::{{closure}}::{{closure}}::h095da46ae98db79f
[INFO] [stdout]                                at /opt/rustwide/cargo-home/registry/src/index.crates.io-6f17d22bba15001f/tokio-1.41.0/src/runtime/scheduler/current_thread/mod.rs:729:57
[INFO] [stdout]   26:     0x56e781228b35 - tokio::runtime::coop::with_budget::hda5400eb3514adf3
[INFO] [stdout]                                at /opt/rustwide/cargo-home/registry/src/index.crates.io-6f17d22bba15001f/tokio-1.41.0/src/runtime/coop.rs:107:5
[INFO] [stdout]   27:     0x56e781228b35 - tokio::runtime::coop::budget::h2b5233b19036c966
[INFO] [stdout]                                at /opt/rustwide/cargo-home/registry/src/index.crates.io-6f17d22bba15001f/tokio-1.41.0/src/runtime/coop.rs:73:5
[INFO] [stdout]   28:     0x56e781228b35 - tokio::runtime::scheduler::current_thread::CoreGuard::block_on::{{closure}}::{{closure}}::h1e6c1cffa548f6e2
[INFO] [stdout]                                at /opt/rustwide/cargo-home/registry/src/index.crates.io-6f17d22bba15001f/tokio-1.41.0/src/runtime/scheduler/current_thread/mod.rs:729:25
[INFO] [stdout]   29:     0x56e781226350 - tokio::runtime::scheduler::current_thread::Context::enter::h592930ccf25cd08e
[INFO] [stdout]                                at /opt/rustwide/cargo-home/registry/src/index.crates.io-6f17d22bba15001f/tokio-1.41.0/src/runtime/scheduler/current_thread/mod.rs:428:19
[INFO] [stdout]   30:     0x56e781227afe - tokio::runtime::scheduler::current_thread::CoreGuard::block_on::{{closure}}::hc8fb810826e19ab1
[INFO] [stdout]                                at /opt/rustwide/cargo-home/registry/src/index.crates.io-6f17d22bba15001f/tokio-1.41.0/src/runtime/scheduler/current_thread/mod.rs:728:36
[INFO] [stdout]   31:     0x56e7812277f4 - tokio::runtime::scheduler::current_thread::CoreGuard::enter::{{closure}}::h733415e47d4c1f43
[INFO] [stdout]                                at /opt/rustwide/cargo-home/registry/src/index.crates.io-6f17d22bba15001f/tokio-1.41.0/src/runtime/scheduler/current_thread/mod.rs:807:68
[INFO] [stdout]   32:     0x56e781243a1b - tokio::runtime::context::scoped::Scoped<T>::set::h106045e520e51511
[INFO] [stdout]                                at /opt/rustwide/cargo-home/registry/src/index.crates.io-6f17d22bba15001f/tokio-1.41.0/src/runtime/context/scoped.rs:40:9
[INFO] [stdout]   33:     0x56e781219249 - tokio::runtime::context::set_scheduler::{{closure}}::h808062ffc1d41f4c
[INFO] [stdout]                                at /opt/rustwide/cargo-home/registry/src/index.crates.io-6f17d22bba15001f/tokio-1.41.0/src/runtime/context.rs:180:26
[INFO] [stdout]   34:     0x56e78121299d - std::thread::local::LocalKey<T>::try_with::h899aaa25950a883c
[INFO] [stdout]                                at /rustc/df4ca44d3fbc9301ee17f30f4d474e6ae4b05252/library/std/src/thread/local.rs:283:12
[INFO] [stdout]   35:     0x56e781211f6a - std::thread::local::LocalKey<T>::with::h4ffbb34ff26f10c9
[INFO] [stdout]                                at /rustc/df4ca44d3fbc9301ee17f30f4d474e6ae4b05252/library/std/src/thread/local.rs:260:9
[INFO] [stdout]   36:     0x56e78121917d - tokio::runtime::context::set_scheduler::h35cb78582664bb95
[INFO] [stdout]                                at /opt/rustwide/cargo-home/registry/src/index.crates.io-6f17d22bba15001f/tokio-1.41.0/src/runtime/context.rs:180:9
[INFO] [stdout]   37:     0x56e7812275a0 - tokio::runtime::scheduler::current_thread::CoreGuard::enter::h6d5d9d7fbb3f325b
[INFO] [stdout]                                at /opt/rustwide/cargo-home/registry/src/index.crates.io-6f17d22bba15001f/tokio-1.41.0/src/runtime/scheduler/current_thread/mod.rs:807:27
[INFO] [stdout]   38:     0x56e781227893 - tokio::runtime::scheduler::current_thread::CoreGuard::block_on::h496f9d5fb821f683
[INFO] [stdout]                                at /opt/rustwide/cargo-home/registry/src/index.crates.io-6f17d22bba15001f/tokio-1.41.0/src/runtime/scheduler/current_thread/mod.rs:716:19
[INFO] [stdout]   39:     0x56e781225a9f - tokio::runtime::scheduler::current_thread::CurrentThread::block_on::{{closure}}::hf2fea5450f1b54bc
[INFO] [stdout]                                at /opt/rustwide/cargo-home/registry/src/index.crates.io-6f17d22bba15001f/tokio-1.41.0/src/runtime/scheduler/current_thread/mod.rs:196:28
[INFO] [stdout]   40:     0x56e781232026 - tokio::runtime::context::runtime::enter_runtime::h3a429ee3c918bace
[INFO] [stdout]                                at /opt/rustwide/cargo-home/registry/src/index.crates.io-6f17d22bba15001f/tokio-1.41.0/src/runtime/context/runtime.rs:65:16
[INFO] [stdout]   41:     0x56e7812252e1 - tokio::runtime::scheduler::current_thread::CurrentThread::block_on::hefb25a2d9e77fba8
[INFO] [stdout]                                at /opt/rustwide/cargo-home/registry/src/index.crates.io-6f17d22bba15001f/tokio-1.41.0/src/runtime/scheduler/current_thread/mod.rs:184:9
[INFO] [stdout]   42:     0x56e781236c23 - tokio::runtime::runtime::Runtime::block_on_inner::h6e202b69e4a7770f
[INFO] [stdout]                                at /opt/rustwide/cargo-home/registry/src/index.crates.io-6f17d22bba15001f/tokio-1.41.0/src/runtime/runtime.rs:368:47
[INFO] [stdout]   43:     0x56e781236f27 - tokio::runtime::runtime::Runtime::block_on::h28de68779a28460b
[INFO] [stdout]                                at /opt/rustwide/cargo-home/registry/src/index.crates.io-6f17d22bba15001f/tokio-1.41.0/src/runtime/runtime.rs:342:13
[INFO] [stdout]   44:     0x56e781228f80 - ldap_test_server::tests::run_slapd::hcc5fb6c99058b3a0
[INFO] [stdout]                                at /opt/rustwide/workdir/src/lib.rs:346:9
[INFO] [stdout]   45:     0x56e781228e17 - ldap_test_server::tests::run_slapd::{{closure}}::hf5c3dcf8289124a4
[INFO] [stdout]                                at /opt/rustwide/workdir/src/lib.rs:306:25
[INFO] [stdout]   46:     0x56e7811f7b36 - core::ops::function::FnOnce::call_once::h817018ca3ec9509f
[INFO] [stdout]                                at /rustc/df4ca44d3fbc9301ee17f30f4d474e6ae4b05252/library/core/src/ops/function.rs:250:5
[INFO] [stdout]   47:     0x56e78128536b - core::ops::function::FnOnce::call_once::h22c3ba5715e93f05
[INFO] [stdout]                                at /rustc/df4ca44d3fbc9301ee17f30f4d474e6ae4b05252/library/core/src/ops/function.rs:250:5
[INFO] [stdout]   48:     0x56e78128536b - test::__rust_begin_short_backtrace::h8e82d8113d0da17f
[INFO] [stdout]                                at /rustc/df4ca44d3fbc9301ee17f30f4d474e6ae4b05252/library/test/src/lib.rs:621:18
[INFO] [stdout]   49:     0x56e781284ce7 - test::run_test_in_process::{{closure}}::h33235f4f20b7b7c7
[INFO] [stdout]                                at /rustc/df4ca44d3fbc9301ee17f30f4d474e6ae4b05252/library/test/src/lib.rs:644:60
[INFO] [stdout]   50:     0x56e781284ce7 - <core::panic::unwind_safe::AssertUnwindSafe<F> as core::ops::function::FnOnce<()>>::call_once::hb5043206310c586f
[INFO] [stdout]                                at /rustc/df4ca44d3fbc9301ee17f30f4d474e6ae4b05252/library/core/src/panic/unwind_safe.rs:272:9
[INFO] [stdout]   51:     0x56e781284ce7 - std::panicking::try::do_call::h9ad4731a60ab23e2
[INFO] [stdout]                                at /rustc/df4ca44d3fbc9301ee17f30f4d474e6ae4b05252/library/std/src/panicking.rs:557:40
[INFO] [stdout]   52:     0x56e781284ce7 - std::panicking::try::h3824d23db772a716
[INFO] [stdout]                                at /rustc/df4ca44d3fbc9301ee17f30f4d474e6ae4b05252/library/std/src/panicking.rs:520:19
[INFO] [stdout]   53:     0x56e781284ce7 - std::panic::catch_unwind::h5afd514605fde46b
[INFO] [stdout]                                at /rustc/df4ca44d3fbc9301ee17f30f4d474e6ae4b05252/library/std/src/panic.rs:358:14
[INFO] [stdout]   54:     0x56e781284ce7 - test::run_test_in_process::h0d5cbfa7067d1720
[INFO] [stdout]                                at /rustc/df4ca44d3fbc9301ee17f30f4d474e6ae4b05252/library/test/src/lib.rs:644:27
[INFO] [stdout]   55:     0x56e781284ce7 - test::run_test::{{closure}}::h708eb8872708115d
[INFO] [stdout]                                at /rustc/df4ca44d3fbc9301ee17f30f4d474e6ae4b05252/library/test/src/lib.rs:565:43
[INFO] [stdout]   56:     0x56e781248404 - test::run_test::{{closure}}::h392c51cee94713ab
[INFO] [stdout]                                at /rustc/df4ca44d3fbc9301ee17f30f4d474e6ae4b05252/library/test/src/lib.rs:595:41
[INFO] [stdout]   57:     0x56e781248404 - std::sys::backtrace::__rust_begin_short_backtrace::h2f40290710935a8b
[INFO] [stdout]                                at /rustc/df4ca44d3fbc9301ee17f30f4d474e6ae4b05252/library/std/src/sys/backtrace.rs:154:18
[INFO] [stdout]   58:     0x56e78124bbae - std::thread::Builder::spawn_unchecked_::{{closure}}::{{closure}}::h3fd968d89053a903
[INFO] [stdout]                                at /rustc/df4ca44d3fbc9301ee17f30f4d474e6ae4b05252/library/std/src/thread/mod.rs:541:17
[INFO] [stdout]   59:     0x56e78124bbae - <core::panic::unwind_safe::AssertUnwindSafe<F> as core::ops::function::FnOnce<()>>::call_once::h743f637ba4229880
[INFO] [stdout]                                at /rustc/df4ca44d3fbc9301ee17f30f4d474e6ae4b05252/library/core/src/panic/unwind_safe.rs:272:9
[INFO] [stdout]   60:     0x56e78124bbae - std::panicking::try::do_call::h07440897322525a6
[INFO] [stdout]                                at /rustc/df4ca44d3fbc9301ee17f30f4d474e6ae4b05252/library/std/src/panicking.rs:557:40
[INFO] [stdout]   61:     0x56e78124bbae - std::panicking::try::he5a2e00188156637
[INFO] [stdout]                                at /rustc/df4ca44d3fbc9301ee17f30f4d474e6ae4b05252/library/std/src/panicking.rs:520:19
[INFO] [stdout]   62:     0x56e78124bbae - std::panic::catch_unwind::hbaf3cae49b3c6433
[INFO] [stdout]                                at /rustc/df4ca44d3fbc9301ee17f30f4d474e6ae4b05252/library/std/src/panic.rs:358:14
[INFO] [stdout]   63:     0x56e78124bbae - std::thread::Builder::spawn_unchecked_::{{closure}}::h8e141ea224820bce
[INFO] [stdout]                                at /rustc/df4ca44d3fbc9301ee17f30f4d474e6ae4b05252/library/std/src/thread/mod.rs:540:30
[INFO] [stdout]   64:     0x56e78124bbae - core::ops::function::FnOnce::call_once{{vtable.shim}}::h90d312fedd7b8ea8
[INFO] [stdout]                                at /rustc/df4ca44d3fbc9301ee17f30f4d474e6ae4b05252/library/core/src/ops/function.rs:250:5
[INFO] [stdout]   65:     0x56e78142b42b - <alloc::boxed::Box<F,A> as core::ops::function::FnOnce<Args>>::call_once::h69aa08ddb6adb8b6
[INFO] [stdout]                                at /rustc/df4ca44d3fbc9301ee17f30f4d474e6ae4b05252/library/alloc/src/boxed.rs:2454:9
[INFO] [stdout]   66:     0x56e78142b42b - <alloc::boxed::Box<F,A> as core::ops::function::FnOnce<Args>>::call_once::h5aa36efdb79c806f
[INFO] [stdout]                                at /rustc/df4ca44d3fbc9301ee17f30f4d474e6ae4b05252/library/alloc/src/boxed.rs:2454:9
[INFO] [stdout]   67:     0x56e78142b42b - std::sys::pal::unix::thread::Thread::new::thread_start::h6cd80a1b4be5158d
[INFO] [stdout]                                at /rustc/df4ca44d3fbc9301ee17f30f4d474e6ae4b05252/library/std/src/sys/pal/unix/thread.rs:105:17
[INFO] [stdout]   68:     0x70583fc34ac3 - <unknown>
[INFO] [stdout]   69:     0x70583fcc5a04 - clone
[INFO] [stdout]   70:                0x0 - <unknown>
[INFO] [stdout] 
[INFO] [stdout] 
[INFO] [stdout] failures:
[INFO] [stdout]     tests::run_slapd
[INFO] [stdout] 
[INFO] [stdout] test result: FAILED. 0 passed; 1 failed; 0 ignored; 0 measured; 0 filtered out; finished in 0.05s
[INFO] [stdout] 
[INFO] [stderr] error: test failed, to rerun pass `--lib`
[INFO] running `Command { std: "docker" "inspect" "f52fcb550df33c222478ca81ee9ea3bdf7f18ef52affc1a98906e3f6f13c5ca1", kill_on_drop: false }`
[INFO] running `Command { std: "docker" "rm" "-f" "f52fcb550df33c222478ca81ee9ea3bdf7f18ef52affc1a98906e3f6f13c5ca1", kill_on_drop: false }`
[INFO] [stdout] f52fcb550df33c222478ca81ee9ea3bdf7f18ef52affc1a98906e3f6f13c5ca1
