[INFO] fetching crate lazy_bastard 0.1.6...
[INFO] testing lazy_bastard-0.1.6 against nightly-2024-10-28+rustflags=-Zrandomize-layout for randomize-layout
[INFO] extracting crate lazy_bastard 0.1.6 into /workspace/builds/worker-6-tc2/source
[INFO] validating manifest of crates.io crate lazy_bastard 0.1.6 on toolchain nightly-2024-10-28
[INFO] running `Command { std: CARGO_HOME="/workspace/cargo-home" RUSTUP_HOME="/workspace/rustup-home" "/workspace/cargo-home/bin/cargo" "+nightly-2024-10-28" "metadata" "--manifest-path" "Cargo.toml" "--no-deps", kill_on_drop: false }`
[INFO] started tweaking crates.io crate lazy_bastard 0.1.6
[INFO] removed 0 missing examples
[INFO] finished tweaking crates.io crate lazy_bastard 0.1.6
[INFO] tweaked toml for crates.io crate lazy_bastard 0.1.6 written to /workspace/builds/worker-6-tc2/source/Cargo.toml
[INFO] crate crates.io crate lazy_bastard 0.1.6 already has a lockfile, it will not be regenerated
[INFO] running `Command { std: CARGO_HOME="/workspace/cargo-home" RUSTUP_HOME="/workspace/rustup-home" "/workspace/cargo-home/bin/cargo" "+nightly-2024-10-28" "fetch" "--manifest-path" "Cargo.toml", kill_on_drop: false }`
[INFO] [stderr]     Blocking waiting for file lock on package cache
[INFO] running `Command { std: "docker" "create" "-v" "/var/lib/crater-agent-workspace/builds/worker-6-tc2/target:/opt/rustwide/target:rw,Z" "-v" "/var/lib/crater-agent-workspace/builds/worker-6-tc2/source:/opt/rustwide/workdir:ro,Z" "-v" "/var/lib/crater-agent-workspace/cargo-home:/opt/rustwide/cargo-home:ro,Z" "-v" "/var/lib/crater-agent-workspace/rustup-home:/opt/rustwide/rustup-home:ro,Z" "-e" "SOURCE_DIR=/opt/rustwide/workdir" "-e" "CARGO_TARGET_DIR=/opt/rustwide/target" "-e" "CARGO_HOME=/opt/rustwide/cargo-home" "-e" "RUSTUP_HOME=/opt/rustwide/rustup-home" "-w" "/opt/rustwide/workdir" "-m" "1610612736" "--user" "0:0" "--network" "none" "ghcr.io/rust-lang/crates-build-env/linux@sha256:4a844ea9eb2546a2d2c7022eacef16ef2e8229c7fbb2c7d4d55a9ceca922f72d" "/opt/rustwide/cargo-home/bin/cargo" "+nightly-2024-10-28" "metadata" "--no-deps" "--format-version=1", kill_on_drop: false }`
[INFO] [stdout] 099bdf264fc28d411a8070bf2b0befb11ee3240ec503560d30ae4afae76ac4a1
[INFO] running `Command { std: "docker" "start" "-a" "099bdf264fc28d411a8070bf2b0befb11ee3240ec503560d30ae4afae76ac4a1", kill_on_drop: false }`
[INFO] running `Command { std: "docker" "inspect" "099bdf264fc28d411a8070bf2b0befb11ee3240ec503560d30ae4afae76ac4a1", kill_on_drop: false }`
[INFO] running `Command { std: "docker" "rm" "-f" "099bdf264fc28d411a8070bf2b0befb11ee3240ec503560d30ae4afae76ac4a1", kill_on_drop: false }`
[INFO] [stdout] 099bdf264fc28d411a8070bf2b0befb11ee3240ec503560d30ae4afae76ac4a1
[INFO] running `Command { std: "docker" "create" "-v" "/var/lib/crater-agent-workspace/builds/worker-6-tc2/target:/opt/rustwide/target:rw,Z" "-v" "/var/lib/crater-agent-workspace/builds/worker-6-tc2/source:/opt/rustwide/workdir:ro,Z" "-v" "/var/lib/crater-agent-workspace/cargo-home:/opt/rustwide/cargo-home:ro,Z" "-v" "/var/lib/crater-agent-workspace/rustup-home:/opt/rustwide/rustup-home:ro,Z" "-e" "SOURCE_DIR=/opt/rustwide/workdir" "-e" "CARGO_TARGET_DIR=/opt/rustwide/target" "-e" "CARGO_INCREMENTAL=0" "-e" "RUST_BACKTRACE=full" "-e" "RUSTFLAGS=--cap-lints=forbid -Zrandomize-layout" "-e" "RUSTDOCFLAGS=--cap-lints=forbid" "-e" "CARGO_HOME=/opt/rustwide/cargo-home" "-e" "RUSTUP_HOME=/opt/rustwide/rustup-home" "-w" "/opt/rustwide/workdir" "-m" "1610612736" "--user" "0:0" "--network" "none" "ghcr.io/rust-lang/crates-build-env/linux@sha256:4a844ea9eb2546a2d2c7022eacef16ef2e8229c7fbb2c7d4d55a9ceca922f72d" "/opt/rustwide/cargo-home/bin/cargo" "+nightly-2024-10-28" "build" "--frozen" "--message-format=json", kill_on_drop: false }`
[INFO] [stdout] ac7043cea5189426b7d3cce6cea39f50899c9fb586eb4b42ee52e6fa87baa1e9
[INFO] running `Command { std: "docker" "start" "-a" "ac7043cea5189426b7d3cce6cea39f50899c9fb586eb4b42ee52e6fa87baa1e9", kill_on_drop: false }`
[INFO] [stderr]    Compiling lazy_bastard v0.1.6 (/opt/rustwide/workdir)
[INFO] [stderr]     Finished `dev` profile [unoptimized + debuginfo] target(s) in 0.03s
[INFO] running `Command { std: "docker" "inspect" "ac7043cea5189426b7d3cce6cea39f50899c9fb586eb4b42ee52e6fa87baa1e9", kill_on_drop: false }`
[INFO] running `Command { std: "docker" "rm" "-f" "ac7043cea5189426b7d3cce6cea39f50899c9fb586eb4b42ee52e6fa87baa1e9", kill_on_drop: false }`
[INFO] [stdout] ac7043cea5189426b7d3cce6cea39f50899c9fb586eb4b42ee52e6fa87baa1e9
[INFO] running `Command { std: "docker" "create" "-v" "/var/lib/crater-agent-workspace/builds/worker-6-tc2/target:/opt/rustwide/target:rw,Z" "-v" "/var/lib/crater-agent-workspace/builds/worker-6-tc2/source:/opt/rustwide/workdir:ro,Z" "-v" "/var/lib/crater-agent-workspace/cargo-home:/opt/rustwide/cargo-home:ro,Z" "-v" "/var/lib/crater-agent-workspace/rustup-home:/opt/rustwide/rustup-home:ro,Z" "-e" "SOURCE_DIR=/opt/rustwide/workdir" "-e" "CARGO_TARGET_DIR=/opt/rustwide/target" "-e" "CARGO_INCREMENTAL=0" "-e" "RUST_BACKTRACE=full" "-e" "RUSTFLAGS=--cap-lints=forbid -Zrandomize-layout" "-e" "RUSTDOCFLAGS=--cap-lints=forbid" "-e" "CARGO_HOME=/opt/rustwide/cargo-home" "-e" "RUSTUP_HOME=/opt/rustwide/rustup-home" "-w" "/opt/rustwide/workdir" "-m" "1610612736" "--user" "0:0" "--network" "none" "ghcr.io/rust-lang/crates-build-env/linux@sha256:4a844ea9eb2546a2d2c7022eacef16ef2e8229c7fbb2c7d4d55a9ceca922f72d" "/opt/rustwide/cargo-home/bin/cargo" "+nightly-2024-10-28" "test" "--frozen" "--no-run" "--message-format=json", kill_on_drop: false }`
[INFO] [stdout] f14554f6b908b054a4594c51bf1cef25e94fad41fecbbef939470edaef5861eb
[INFO] running `Command { std: "docker" "start" "-a" "f14554f6b908b054a4594c51bf1cef25e94fad41fecbbef939470edaef5861eb", kill_on_drop: false }`
[INFO] [stderr]    Compiling lazy_bastard v0.1.6 (/opt/rustwide/workdir)
[INFO] [stderr]     Finished `test` profile [unoptimized + debuginfo] target(s) in 0.10s
[INFO] running `Command { std: "docker" "inspect" "f14554f6b908b054a4594c51bf1cef25e94fad41fecbbef939470edaef5861eb", kill_on_drop: false }`
[INFO] running `Command { std: "docker" "rm" "-f" "f14554f6b908b054a4594c51bf1cef25e94fad41fecbbef939470edaef5861eb", kill_on_drop: false }`
[INFO] [stdout] f14554f6b908b054a4594c51bf1cef25e94fad41fecbbef939470edaef5861eb
[INFO] running `Command { std: "docker" "create" "-v" "/var/lib/crater-agent-workspace/builds/worker-6-tc2/target:/opt/rustwide/target:rw,Z" "-v" "/var/lib/crater-agent-workspace/builds/worker-6-tc2/source:/opt/rustwide/workdir:ro,Z" "-v" "/var/lib/crater-agent-workspace/cargo-home:/opt/rustwide/cargo-home:ro,Z" "-v" "/var/lib/crater-agent-workspace/rustup-home:/opt/rustwide/rustup-home:ro,Z" "-e" "SOURCE_DIR=/opt/rustwide/workdir" "-e" "CARGO_TARGET_DIR=/opt/rustwide/target" "-e" "CARGO_INCREMENTAL=0" "-e" "RUST_BACKTRACE=full" "-e" "RUSTFLAGS=--cap-lints=forbid -Zrandomize-layout" "-e" "RUSTDOCFLAGS=--cap-lints=forbid" "-e" "CARGO_HOME=/opt/rustwide/cargo-home" "-e" "RUSTUP_HOME=/opt/rustwide/rustup-home" "-w" "/opt/rustwide/workdir" "-m" "1610612736" "--user" "0:0" "--network" "none" "ghcr.io/rust-lang/crates-build-env/linux@sha256:4a844ea9eb2546a2d2c7022eacef16ef2e8229c7fbb2c7d4d55a9ceca922f72d" "/opt/rustwide/cargo-home/bin/cargo" "+nightly-2024-10-28" "test" "--frozen", kill_on_drop: false }`
[INFO] [stdout] dcf378170d728bca655ac38c65d1db02fff11bf4e3e34c61289403a17ddb90ae
[INFO] running `Command { std: "docker" "start" "-a" "dcf378170d728bca655ac38c65d1db02fff11bf4e3e34c61289403a17ddb90ae", kill_on_drop: false }`
[INFO] [stderr]     Finished `test` profile [unoptimized + debuginfo] target(s) in 0.00s
[INFO] [stderr]      Running unittests src/lib.rs (/opt/rustwide/target/debug/deps/lazy_bastard-2aced826a0a2045c)
[INFO] [stdout] 
[INFO] [stdout] running 0 tests
[INFO] [stdout] 
[INFO] [stdout] test result: ok. 0 passed; 0 failed; 0 ignored; 0 measured; 0 filtered out; finished in 0.00s
[INFO] [stdout] 
[INFO] [stderr]    Doc-tests lazy_bastard
[INFO] [stdout] 
[INFO] [stdout] running 3 tests
[INFO] [stdout] test src/lib.rs - code_in_scope (line 164) ... FAILED
[INFO] [stdout] test src/lib.rs - lazy_bastard (line 57) ... FAILED
[INFO] [stdout] test src/lib.rs - (line 7) ... FAILED
[INFO] [stdout] 
[INFO] [stdout] failures:
[INFO] [stdout] 
[INFO] [stdout] ---- src/lib.rs - code_in_scope (line 164) stdout ----
[INFO] [stdout] error: macro expansion ends with an incomplete expression: expected one of `.`, `;`, `?`, `else`, or an operator
[INFO] [stdout]  --> src/lib.rs:168:29
[INFO] [stdout]   |
[INFO] [stdout] 7 | code_in_scope!(let mut v = 5);
[INFO] [stdout]   |                             ^ expected one of `.`, `;`, `?`, `else`, or an operator
[INFO] [stdout] 
[INFO] [stdout] error[E0425]: cannot find value `v` in this scope
[INFO] [stdout]  --> src/lib.rs:169:1
[INFO] [stdout]   |
[INFO] [stdout] 8 | v += 1;
[INFO] [stdout]   | ^ not found in this scope
[INFO] [stdout] 
[INFO] [stdout] error: aborting due to 2 previous errors
[INFO] [stdout] 
[INFO] [stdout] For more information about this error, try `rustc --explain E0425`.
[INFO] [stdout] Couldn't compile the test.
[INFO] [stdout] ---- src/lib.rs - lazy_bastard (line 57) stdout ----
[INFO] [stdout] error[E0392]: lifetime parameter `'a` is never used
[INFO] [stdout]  --> src/lib.rs:63:24
[INFO] [stdout]   |
[INFO] [stdout] 9 |    pub struct MyStruct<'a> {
[INFO] [stdout]   |                        ^^ unused lifetime parameter
[INFO] [stdout]   |
[INFO] [stdout]   = help: consider removing `'a`, referring to it in a field, or using a marker such as `PhantomData`
[INFO] [stdout] 
[INFO] [stdout] error: aborting due to 1 previous error
[INFO] [stdout] 
[INFO] [stdout] For more information about this error, try `rustc --explain E0392`.
[INFO] [stdout] Couldn't compile the test.
[INFO] [stdout] ---- src/lib.rs - (line 7) stdout ----
[INFO] [stdout] error[E0726]: implicit elided lifetime not allowed here
[INFO] [stdout]   --> src/lib.rs:26:6
[INFO] [stdout]    |
[INFO] [stdout] 22 | impl MyStruct {
[INFO] [stdout]    |      ^^^^^^^^ expected lifetime parameter
[INFO] [stdout]    |
[INFO] [stdout] help: indicate the anonymous lifetime
[INFO] [stdout]    |
[INFO] [stdout] 22 | impl MyStruct<'_> {
[INFO] [stdout]    |              ++++
[INFO] [stdout] 
[INFO] [stdout] error[E0392]: lifetime parameter `'a` is never used
[INFO] [stdout]  --> src/lib.rs:13:24
[INFO] [stdout]   |
[INFO] [stdout] 9 |    pub struct MyStruct<'a> { // lifetime is just for the example
[INFO] [stdout]   |                        ^^ unused lifetime parameter
[INFO] [stdout]   |
[INFO] [stdout]   = help: consider removing `'a`, referring to it in a field, or using a marker such as `PhantomData`
[INFO] [stdout] 
[INFO] [stdout] error[E0392]: lifetime parameter `'a` is never used
[INFO] [stdout]   --> src/lib.rs:34:27
[INFO] [stdout]    |
[INFO] [stdout] 30 | pub struct CompiledStruct<'a> {
[INFO] [stdout]    |                           ^^ unused lifetime parameter
[INFO] [stdout]    |
[INFO] [stdout]    = help: consider removing `'a`, referring to it in a field, or using a marker such as `PhantomData`
[INFO] [stdout] 
[INFO] [stdout] error: aborting due to 3 previous errors
[INFO] [stdout] 
[INFO] [stdout] Some errors have detailed explanations: E0392, E0726.
[INFO] [stdout] For more information about an error, try `rustc --explain E0392`.
[INFO] [stdout] Couldn't compile the test.
[INFO] [stdout] 
[INFO] [stdout] failures:
[INFO] [stdout]     src/lib.rs - (line 7)
[INFO] [stdout]     src/lib.rs - code_in_scope (line 164)
[INFO] [stdout]     src/lib.rs - lazy_bastard (line 57)
[INFO] [stdout] 
[INFO] [stdout] test result: FAILED. 0 passed; 3 failed; 0 ignored; 0 measured; 0 filtered out; finished in 0.04s
[INFO] [stdout] 
[INFO] [stderr] error: doctest failed, to rerun pass `--doc`
[INFO] running `Command { std: "docker" "inspect" "dcf378170d728bca655ac38c65d1db02fff11bf4e3e34c61289403a17ddb90ae", kill_on_drop: false }`
[INFO] running `Command { std: "docker" "rm" "-f" "dcf378170d728bca655ac38c65d1db02fff11bf4e3e34c61289403a17ddb90ae", kill_on_drop: false }`
[INFO] [stdout] dcf378170d728bca655ac38c65d1db02fff11bf4e3e34c61289403a17ddb90ae
