[INFO] fetching crate lax 0.16.0...
[INFO] testing lax-0.16.0 against nightly-2024-10-28 for randomize-layout
[INFO] extracting crate lax 0.16.0 into /workspace/builds/worker-3-tc1/source
[INFO] validating manifest of crates.io crate lax 0.16.0 on toolchain nightly-2024-10-28
[INFO] running `Command { std: CARGO_HOME="/workspace/cargo-home" RUSTUP_HOME="/workspace/rustup-home" "/workspace/cargo-home/bin/cargo" "+nightly-2024-10-28" "metadata" "--manifest-path" "Cargo.toml" "--no-deps", kill_on_drop: false }`
[INFO] started tweaking crates.io crate lax 0.16.0
[INFO] finished tweaking crates.io crate lax 0.16.0
[INFO] tweaked toml for crates.io crate lax 0.16.0 written to /workspace/builds/worker-3-tc1/source/Cargo.toml
[INFO] running `Command { std: CARGO_HOME="/workspace/cargo-home" RUSTUP_HOME="/workspace/rustup-home" "/workspace/cargo-home/bin/cargo" "+nightly-2024-10-28" "generate-lockfile" "--manifest-path" "Cargo.toml", kill_on_drop: false }`
[INFO] [stderr]     Updating crates.io index
[INFO] [stderr]      Locking 177 packages to latest compatible versions
[INFO] [stderr]       Adding once_cell v1.19.0 (available: v1.20.2)
[INFO] [stderr]       Adding regex v1.10.6 (available: v1.11.1)
[INFO] running `Command { std: CARGO_HOME="/workspace/cargo-home" RUSTUP_HOME="/workspace/rustup-home" "/workspace/cargo-home/bin/cargo" "+nightly-2024-10-28" "fetch" "--manifest-path" "Cargo.toml", kill_on_drop: false }`
[INFO] [stderr]  Downloading crates ...
[INFO] [stderr]   Downloaded katexit v0.1.4
[INFO] [stderr]   Downloaded cauchy v0.4.0
[INFO] [stderr]   Downloaded openblas-src v0.10.9
[INFO] [stderr]   Downloaded openblas-build v0.10.9
[INFO] [stderr]   Downloaded lapack-sys v0.14.0
[INFO] [stderr]   Downloaded netlib-src v0.8.0
[INFO] running `Command { std: "docker" "create" "-v" "/var/lib/crater-agent-workspace/builds/worker-3-tc1/target:/opt/rustwide/target:rw,Z" "-v" "/var/lib/crater-agent-workspace/builds/worker-3-tc1/source:/opt/rustwide/workdir:ro,Z" "-v" "/var/lib/crater-agent-workspace/cargo-home:/opt/rustwide/cargo-home:ro,Z" "-v" "/var/lib/crater-agent-workspace/rustup-home:/opt/rustwide/rustup-home:ro,Z" "-e" "SOURCE_DIR=/opt/rustwide/workdir" "-e" "CARGO_TARGET_DIR=/opt/rustwide/target" "-e" "CARGO_HOME=/opt/rustwide/cargo-home" "-e" "RUSTUP_HOME=/opt/rustwide/rustup-home" "-w" "/opt/rustwide/workdir" "-m" "1610612736" "--user" "0:0" "--network" "none" "ghcr.io/rust-lang/crates-build-env/linux@sha256:4a844ea9eb2546a2d2c7022eacef16ef2e8229c7fbb2c7d4d55a9ceca922f72d" "/opt/rustwide/cargo-home/bin/cargo" "+nightly-2024-10-28" "metadata" "--no-deps" "--format-version=1", kill_on_drop: false }`
[INFO] [stdout] 464cf0c27ef6a1660f2e7033c79dd337bb131c9c7084e38eae0dcadb6aac80dd
[INFO] running `Command { std: "docker" "start" "-a" "464cf0c27ef6a1660f2e7033c79dd337bb131c9c7084e38eae0dcadb6aac80dd", kill_on_drop: false }`
[INFO] running `Command { std: "docker" "inspect" "464cf0c27ef6a1660f2e7033c79dd337bb131c9c7084e38eae0dcadb6aac80dd", kill_on_drop: false }`
[INFO] running `Command { std: "docker" "rm" "-f" "464cf0c27ef6a1660f2e7033c79dd337bb131c9c7084e38eae0dcadb6aac80dd", kill_on_drop: false }`
[INFO] [stdout] 464cf0c27ef6a1660f2e7033c79dd337bb131c9c7084e38eae0dcadb6aac80dd
[INFO] running `Command { std: "docker" "create" "-v" "/var/lib/crater-agent-workspace/builds/worker-3-tc1/target:/opt/rustwide/target:rw,Z" "-v" "/var/lib/crater-agent-workspace/builds/worker-3-tc1/source:/opt/rustwide/workdir:ro,Z" "-v" "/var/lib/crater-agent-workspace/cargo-home:/opt/rustwide/cargo-home:ro,Z" "-v" "/var/lib/crater-agent-workspace/rustup-home:/opt/rustwide/rustup-home:ro,Z" "-e" "SOURCE_DIR=/opt/rustwide/workdir" "-e" "CARGO_TARGET_DIR=/opt/rustwide/target" "-e" "CARGO_INCREMENTAL=0" "-e" "RUST_BACKTRACE=full" "-e" "RUSTFLAGS=--cap-lints=forbid" "-e" "RUSTDOCFLAGS=--cap-lints=forbid" "-e" "CARGO_HOME=/opt/rustwide/cargo-home" "-e" "RUSTUP_HOME=/opt/rustwide/rustup-home" "-w" "/opt/rustwide/workdir" "-m" "1610612736" "--user" "0:0" "--network" "none" "ghcr.io/rust-lang/crates-build-env/linux@sha256:4a844ea9eb2546a2d2c7022eacef16ef2e8229c7fbb2c7d4d55a9ceca922f72d" "/opt/rustwide/cargo-home/bin/cargo" "+nightly-2024-10-28" "build" "--frozen" "--message-format=json", kill_on_drop: false }`
[INFO] [stdout] 1bf5f7043cbe8fb10dafefda7fbc9722569999a2411668146d12746acf236584
[INFO] running `Command { std: "docker" "start" "-a" "1bf5f7043cbe8fb10dafefda7fbc9722569999a2411668146d12746acf236584", kill_on_drop: false }`
[INFO] [stderr]    Compiling proc-macro2 v1.0.89
[INFO] [stderr]    Compiling unicode-ident v1.0.13
[INFO] [stderr]    Compiling libc v0.2.161
[INFO] [stderr]    Compiling byteorder v1.5.0
[INFO] [stderr]    Compiling autocfg v1.4.0
[INFO] [stderr]    Compiling serde v1.0.214
[INFO] [stderr]    Compiling syn v1.0.109
[INFO] [stderr]    Compiling thiserror v1.0.66
[INFO] [stderr]    Compiling num-traits v0.2.19
[INFO] [stderr]    Compiling quote v1.0.37
[INFO] [stderr]    Compiling getrandom v0.2.15
[INFO] [stderr]    Compiling lapack-sys v0.14.0
[INFO] [stderr]    Compiling rand_core v0.6.4
[INFO] [stderr]    Compiling syn v2.0.86
[INFO] [stderr]    Compiling zerocopy-derive v0.7.35
[INFO] [stderr]    Compiling thiserror-impl v1.0.66
[INFO] [stderr]    Compiling zerocopy v0.7.35
[INFO] [stderr]    Compiling ppv-lite86 v0.2.20
[INFO] [stderr]    Compiling rand_chacha v0.3.1
[INFO] [stderr]    Compiling rand v0.8.5
[INFO] [stderr]    Compiling katexit v0.1.4
[INFO] [stderr]    Compiling num-complex v0.4.6
[INFO] [stderr]    Compiling cauchy v0.4.0
[INFO] [stderr]    Compiling lax v0.16.0 (/opt/rustwide/workdir)
[INFO] [stdout] warning: method `slice_assume_init_mut` is never used
[INFO] [stdout]   --> src/alloc.rs:45:15
[INFO] [stdout]    |
[INFO] [stdout] 35 | pub(crate) trait VecAssumeInit {
[INFO] [stdout]    |                  ------------- method in this trait
[INFO] [stdout] ...
[INFO] [stdout] 45 |     unsafe fn slice_assume_init_mut(&mut self) -> &mut [Self::Elem];
[INFO] [stdout]    |               ^^^^^^^^^^^^^^^^^^^^^
[INFO] [stdout]    |
[INFO] [stdout]    = note: `#[warn(dead_code)]` on by default
[INFO] [stdout] 
[INFO] [stdout] 
[INFO] [stderr]     Finished `dev` profile [unoptimized + debuginfo] target(s) in 5.60s
[INFO] running `Command { std: "docker" "inspect" "1bf5f7043cbe8fb10dafefda7fbc9722569999a2411668146d12746acf236584", kill_on_drop: false }`
[INFO] running `Command { std: "docker" "rm" "-f" "1bf5f7043cbe8fb10dafefda7fbc9722569999a2411668146d12746acf236584", kill_on_drop: false }`
[INFO] [stdout] 1bf5f7043cbe8fb10dafefda7fbc9722569999a2411668146d12746acf236584
[INFO] running `Command { std: "docker" "create" "-v" "/var/lib/crater-agent-workspace/builds/worker-3-tc1/target:/opt/rustwide/target:rw,Z" "-v" "/var/lib/crater-agent-workspace/builds/worker-3-tc1/source:/opt/rustwide/workdir:ro,Z" "-v" "/var/lib/crater-agent-workspace/cargo-home:/opt/rustwide/cargo-home:ro,Z" "-v" "/var/lib/crater-agent-workspace/rustup-home:/opt/rustwide/rustup-home:ro,Z" "-e" "SOURCE_DIR=/opt/rustwide/workdir" "-e" "CARGO_TARGET_DIR=/opt/rustwide/target" "-e" "CARGO_INCREMENTAL=0" "-e" "RUST_BACKTRACE=full" "-e" "RUSTFLAGS=--cap-lints=forbid" "-e" "RUSTDOCFLAGS=--cap-lints=forbid" "-e" "CARGO_HOME=/opt/rustwide/cargo-home" "-e" "RUSTUP_HOME=/opt/rustwide/rustup-home" "-w" "/opt/rustwide/workdir" "-m" "1610612736" "--user" "0:0" "--network" "none" "ghcr.io/rust-lang/crates-build-env/linux@sha256:4a844ea9eb2546a2d2c7022eacef16ef2e8229c7fbb2c7d4d55a9ceca922f72d" "/opt/rustwide/cargo-home/bin/cargo" "+nightly-2024-10-28" "test" "--frozen" "--no-run" "--message-format=json", kill_on_drop: false }`
[INFO] [stdout] c1f36f850c247f86e06287df5f1fd6e0a8f97adb5d4320ecbcd678491271b410
[INFO] running `Command { std: "docker" "start" "-a" "c1f36f850c247f86e06287df5f1fd6e0a8f97adb5d4320ecbcd678491271b410", kill_on_drop: false }`
[INFO] [stderr]    Compiling lax v0.16.0 (/opt/rustwide/workdir)
[INFO] [stdout] warning: method `slice_assume_init_mut` is never used
[INFO] [stdout]   --> src/alloc.rs:45:15
[INFO] [stdout]    |
[INFO] [stdout] 35 | pub(crate) trait VecAssumeInit {
[INFO] [stdout]    |                  ------------- method in this trait
[INFO] [stdout] ...
[INFO] [stdout] 45 |     unsafe fn slice_assume_init_mut(&mut self) -> &mut [Self::Elem];
[INFO] [stdout]    |               ^^^^^^^^^^^^^^^^^^^^^
[INFO] [stdout]    |
[INFO] [stdout]    = note: `#[warn(dead_code)]` on by default
[INFO] [stdout] 
[INFO] [stdout] 
[INFO] [stdout] warning: method `slice_assume_init_mut` is never used
[INFO] [stdout]   --> src/alloc.rs:45:15
[INFO] [stdout]    |
[INFO] [stdout] 35 | pub(crate) trait VecAssumeInit {
[INFO] [stdout]    |                  ------------- method in this trait
[INFO] [stdout] ...
[INFO] [stdout] 45 |     unsafe fn slice_assume_init_mut(&mut self) -> &mut [Self::Elem];
[INFO] [stdout]    |               ^^^^^^^^^^^^^^^^^^^^^
[INFO] [stdout]    |
[INFO] [stdout]    = note: `#[warn(dead_code)]` on by default
[INFO] [stdout] 
[INFO] [stdout] 
[INFO] [stderr]     Finished `test` profile [unoptimized + debuginfo] target(s) in 0.55s
[INFO] running `Command { std: "docker" "inspect" "c1f36f850c247f86e06287df5f1fd6e0a8f97adb5d4320ecbcd678491271b410", kill_on_drop: false }`
[INFO] running `Command { std: "docker" "rm" "-f" "c1f36f850c247f86e06287df5f1fd6e0a8f97adb5d4320ecbcd678491271b410", kill_on_drop: false }`
[INFO] [stdout] c1f36f850c247f86e06287df5f1fd6e0a8f97adb5d4320ecbcd678491271b410
[INFO] running `Command { std: "docker" "create" "-v" "/var/lib/crater-agent-workspace/builds/worker-3-tc1/target:/opt/rustwide/target:rw,Z" "-v" "/var/lib/crater-agent-workspace/builds/worker-3-tc1/source:/opt/rustwide/workdir:ro,Z" "-v" "/var/lib/crater-agent-workspace/cargo-home:/opt/rustwide/cargo-home:ro,Z" "-v" "/var/lib/crater-agent-workspace/rustup-home:/opt/rustwide/rustup-home:ro,Z" "-e" "SOURCE_DIR=/opt/rustwide/workdir" "-e" "CARGO_TARGET_DIR=/opt/rustwide/target" "-e" "CARGO_INCREMENTAL=0" "-e" "RUST_BACKTRACE=full" "-e" "RUSTFLAGS=--cap-lints=forbid" "-e" "RUSTDOCFLAGS=--cap-lints=forbid" "-e" "CARGO_HOME=/opt/rustwide/cargo-home" "-e" "RUSTUP_HOME=/opt/rustwide/rustup-home" "-w" "/opt/rustwide/workdir" "-m" "1610612736" "--user" "0:0" "--network" "none" "ghcr.io/rust-lang/crates-build-env/linux@sha256:4a844ea9eb2546a2d2c7022eacef16ef2e8229c7fbb2c7d4d55a9ceca922f72d" "/opt/rustwide/cargo-home/bin/cargo" "+nightly-2024-10-28" "test" "--frozen", kill_on_drop: false }`
[INFO] [stdout] fe4bb33dabd1f0c22e32ce447874ca06db604b1781eab7523b7b87621dcc5e11
[INFO] running `Command { std: "docker" "start" "-a" "fe4bb33dabd1f0c22e32ce447874ca06db604b1781eab7523b7b87621dcc5e11", kill_on_drop: false }`
[INFO] [stderr] warning: method `slice_assume_init_mut` is never used
[INFO] [stderr]   --> src/alloc.rs:45:15
[INFO] [stderr]    |
[INFO] [stderr] 35 | pub(crate) trait VecAssumeInit {
[INFO] [stderr]    |                  ------------- method in this trait
[INFO] [stderr] ...
[INFO] [stderr] 45 |     unsafe fn slice_assume_init_mut(&mut self) -> &mut [Self::Elem];
[INFO] [stderr]    |               ^^^^^^^^^^^^^^^^^^^^^
[INFO] [stderr]    |
[INFO] [stderr]    = note: `#[warn(dead_code)]` on by default
[INFO] [stderr] 
[INFO] [stderr] warning: `lax` (lib) generated 1 warning
[INFO] [stderr] warning: `lax` (lib test) generated 1 warning (1 duplicate)
[INFO] [stderr]     Finished `test` profile [unoptimized + debuginfo] target(s) in 0.04s
[INFO] [stderr]      Running unittests src/lib.rs (/opt/rustwide/target/debug/deps/lax-570065ec6aa94f5f)
[INFO] [stdout] 
[INFO] [stdout] running 0 tests
[INFO] [stdout] 
[INFO] [stdout] test result: ok. 0 passed; 0 failed; 0 ignored; 0 measured; 0 filtered out; finished in 0.00s
[INFO] [stdout] 
[INFO] [stderr]    Doc-tests lax
[INFO] [stdout] 
[INFO] [stdout] running 10 tests
[INFO] [stdout] test src/lib.rs - (line 9) ... ignored
[INFO] [stdout] test src/lib.rs - (line 36) ... ok
[INFO] [stdout] test src/layout.rs - layout::MatrixLayout::t (line 117) ... ok
[INFO] [stdout] test src/lib.rs - (line 20) ... FAILED
[INFO] [stdout] test src/layout.rs - layout::square_transpose (line 144) ... ok
[INFO] [stdout] test src/layout.rs - layout::square_transpose (line 134) ... ok
[INFO] [stdout] test src/layout.rs - layout::transpose (line 185) ... ok
[INFO] [stdout] test src/layout.rs - layout::transpose_over (line 241) ... ok
[INFO] [stdout] test src/layout.rs - layout::transpose (line 176) ... ok
[INFO] [stdout] test src/layout.rs - layout::transpose_over (line 231) ... ok
[INFO] [stdout] 
[INFO] [stdout] failures:
[INFO] [stdout] 
[INFO] [stdout] ---- src/lib.rs - (line 20) stdout ----
[INFO] [stdout] error: linking with `cc` failed: exit status: 1
[INFO] [stdout]   |
[INFO] [stdout]   = note: LC_ALL="C" PATH="/opt/rustwide/rustup-home/toolchains/nightly-2024-10-28-x86_64-unknown-linux-gnu/lib/rustlib/x86_64-unknown-linux-gnu/bin:/opt/rustwide/rustup-home/toolchains/nightly-2024-10-28-x86_64-unknown-linux-gnu/lib/rustlib/x86_64-unknown-linux-gnu/bin/self-contained:/opt/rustwide/cargo-home/bin:/usr/local/sbin:/usr/local/bin:/usr/sbin:/usr/bin:/sbin:/bin" VSLANG="1033" "cc" "-m64" "/tmp/rustckJnqMi/symbols.o" "/tmp/rustdoctestL0A8TZ/rust_out.rust_out.16b4434b3f29390-cgu.0.rcgu.o" "/tmp/rustdoctestL0A8TZ/rust_out.433cx8cl382ppljrnwzuxa40f.rcgu.o" "-Wl,--as-needed" "-Wl,-Bstatic" "/opt/rustwide/target/debug/deps/liblax-c367a32b3540379d.rlib" "/opt/rustwide/target/debug/deps/liblapack_sys-fccef51a90832a67.rlib" "/opt/rustwide/target/debug/deps/libthiserror-5c234ddd5c70f28b.rlib" "/opt/rustwide/target/debug/deps/libcauchy-f0e16d6827a4f56a.rlib" "/opt/rustwide/target/debug/deps/libnum_complex-acb78b7c43e059a2.rlib" "/opt/rustwide/target/debug/deps/libserde-228eb9d983fcf8ca.rlib" "/opt/rustwide/target/debug/deps/librand-fc1917c9d4602548.rlib" "/opt/rustwide/target/debug/deps/librand_chacha-159c9807c7ac95c1.rlib" "/opt/rustwide/target/debug/deps/libppv_lite86-9227cdc9e09ec6a2.rlib" "/opt/rustwide/target/debug/deps/libzerocopy-eeaf851a59e44100.rlib" "/opt/rustwide/target/debug/deps/libbyteorder-7817d47eb31dfb0c.rlib" "/opt/rustwide/target/debug/deps/librand_core-0300dee92e55e3b5.rlib" "/opt/rustwide/target/debug/deps/libgetrandom-54cd17dd5507d029.rlib" "/opt/rustwide/target/debug/deps/liblibc-663f09ba3db1840e.rlib" "/opt/rustwide/target/debug/deps/libcfg_if-57bf25c23e31efdb.rlib" "/opt/rustwide/target/debug/deps/libnum_traits-f4156d1e802a5c62.rlib" "/opt/rustwide/rustup-home/toolchains/nightly-2024-10-28-x86_64-unknown-linux-gnu/lib/rustlib/x86_64-unknown-linux-gnu/lib/libstd-fb8c387236db3c10.rlib" "/opt/rustwide/rustup-home/toolchains/nightly-2024-10-28-x86_64-unknown-linux-gnu/lib/rustlib/x86_64-unknown-linux-gnu/lib/libpanic_unwind-b251837809b2f64b.rlib" "/opt/rustwide/rustup-home/toolchains/nightly-2024-10-28-x86_64-unknown-linux-gnu/lib/rustlib/x86_64-unknown-linux-gnu/lib/libobject-cbef83eaa4e01f04.rlib" "/opt/rustwide/rustup-home/toolchains/nightly-2024-10-28-x86_64-unknown-linux-gnu/lib/rustlib/x86_64-unknown-linux-gnu/lib/libmemchr-12a772286de2fca7.rlib" "/opt/rustwide/rustup-home/toolchains/nightly-2024-10-28-x86_64-unknown-linux-gnu/lib/rustlib/x86_64-unknown-linux-gnu/lib/libaddr2line-023bbe5ada7abfc3.rlib" "/opt/rustwide/rustup-home/toolchains/nightly-2024-10-28-x86_64-unknown-linux-gnu/lib/rustlib/x86_64-unknown-linux-gnu/lib/libgimli-de2bcdf10ec69c2b.rlib" "/opt/rustwide/rustup-home/toolchains/nightly-2024-10-28-x86_64-unknown-linux-gnu/lib/rustlib/x86_64-unknown-linux-gnu/lib/librustc_demangle-8e1754df350800fd.rlib" "/opt/rustwide/rustup-home/toolchains/nightly-2024-10-28-x86_64-unknown-linux-gnu/lib/rustlib/x86_64-unknown-linux-gnu/lib/libstd_detect-06c2ab7b9c32e037.rlib" "/opt/rustwide/rustup-home/toolchains/nightly-2024-10-28-x86_64-unknown-linux-gnu/lib/rustlib/x86_64-unknown-linux-gnu/lib/libhashbrown-51d2621fc57a281b.rlib" "/opt/rustwide/rustup-home/toolchains/nightly-2024-10-28-x86_64-unknown-linux-gnu/lib/rustlib/x86_64-unknown-linux-gnu/lib/librustc_std_workspace_alloc-54a930408793772f.rlib" "/opt/rustwide/rustup-home/toolchains/nightly-2024-10-28-x86_64-unknown-linux-gnu/lib/rustlib/x86_64-unknown-linux-gnu/lib/libminiz_oxide-0c7d01cba400dcb2.rlib" "/opt/rustwide/rustup-home/toolchains/nightly-2024-10-28-x86_64-unknown-linux-gnu/lib/rustlib/x86_64-unknown-linux-gnu/lib/libadler-b9f84d69e331b75b.rlib" "/opt/rustwide/rustup-home/toolchains/nightly-2024-10-28-x86_64-unknown-linux-gnu/lib/rustlib/x86_64-unknown-linux-gnu/lib/libunwind-eec95493246aae39.rlib" "/opt/rustwide/rustup-home/toolchains/nightly-2024-10-28-x86_64-unknown-linux-gnu/lib/rustlib/x86_64-unknown-linux-gnu/lib/libcfg_if-6f6676c475e08ab0.rlib" "/opt/rustwide/rustup-home/toolchains/nightly-2024-10-28-x86_64-unknown-linux-gnu/lib/rustlib/x86_64-unknown-linux-gnu/lib/liblibc-799d520624f8b2e0.rlib" "/opt/rustwide/rustup-home/toolchains/nightly-2024-10-28-x86_64-unknown-linux-gnu/lib/rustlib/x86_64-unknown-linux-gnu/lib/liballoc-fcf93d4842acd9a9.rlib" "/opt/rustwide/rustup-home/toolchains/nightly-2024-10-28-x86_64-unknown-linux-gnu/lib/rustlib/x86_64-unknown-linux-gnu/lib/librustc_std_workspace_core-395a38b8e0851c9b.rlib" "/opt/rustwide/rustup-home/toolchains/nightly-2024-10-28-x86_64-unknown-linux-gnu/lib/rustlib/x86_64-unknown-linux-gnu/lib/libcore-d453bab70303062c.rlib" "/opt/rustwide/rustup-home/toolchains/nightly-2024-10-28-x86_64-unknown-linux-gnu/lib/rustlib/x86_64-unknown-linux-gnu/lib/libcompiler_builtins-0e6386368b0a24e8.rlib" "-Wl,-Bdynamic" "-lgcc_s" "-lutil" "-lrt" "-lpthread" "-lm" "-ldl" "-lc" "-B/opt/rustwide/rustup-home/toolchains/nightly-2024-10-28-x86_64-unknown-linux-gnu/lib/rustlib/x86_64-unknown-linux-gnu/bin/gcc-ld" "-fuse-ld=lld" "-Wl,--eh-frame-hdr" "-Wl,-z,noexecstack" "-L" "/opt/rustwide/rustup-home/toolchains/nightly-2024-10-28-x86_64-unknown-linux-gnu/lib/rustlib/x86_64-unknown-linux-gnu/lib" "-o" "/tmp/rustdoctestL0A8TZ/rust_out" "-Wl,--gc-sections" "-pie" "-Wl,-z,relro,-z,now" "-nodefaultlibs"
[INFO] [stdout]   = note: rust-lld: error: undefined symbol: dgetrf_
[INFO] [stdout]           >>> referenced by solve.rs:34 (src/solve.rs:34)
[INFO] [stdout]           >>>               lax-c367a32b3540379d.lax.1e235528a0441214-cgu.04.rcgu.o:(_$LT$f64$u20$as$u20$lax..solve..LuImpl$GT$::lu::h339968fb6d031b0c) in archive /opt/rustwide/target/debug/deps/liblax-c367a32b3540379d.rlib
[INFO] [stdout]           
[INFO] [stdout]           rust-lld: error: undefined symbol: dgetrs_
[INFO] [stdout]           >>> referenced by solve.rs:121 (src/solve.rs:121)
[INFO] [stdout]           >>>               lax-c367a32b3540379d.lax.1e235528a0441214-cgu.04.rcgu.o:(_$LT$f64$u20$as$u20$lax..solve..SolveImpl$GT$::solve::h5a990c0a9cdb0d66) in archive /opt/rustwide/target/debug/deps/liblax-c367a32b3540379d.rlib
[INFO] [stdout]           collect2: error: ld returned 1 exit status
[INFO] [stdout]           
[INFO] [stdout] 
[INFO] [stdout] error: aborting due to 1 previous error
[INFO] [stdout] 
[INFO] [stdout] Couldn't compile the test.
[INFO] [stdout] 
[INFO] [stdout] failures:
[INFO] [stdout]     src/lib.rs - (line 20)
[INFO] [stdout] 
[INFO] [stdout] test result: FAILED. 8 passed; 1 failed; 1 ignored; 0 measured; 0 filtered out; finished in 0.13s
[INFO] [stdout] 
[INFO] [stderr] error: doctest failed, to rerun pass `--doc`
[INFO] running `Command { std: "docker" "inspect" "fe4bb33dabd1f0c22e32ce447874ca06db604b1781eab7523b7b87621dcc5e11", kill_on_drop: false }`
[INFO] running `Command { std: "docker" "rm" "-f" "fe4bb33dabd1f0c22e32ce447874ca06db604b1781eab7523b7b87621dcc5e11", kill_on_drop: false }`
[INFO] [stdout] fe4bb33dabd1f0c22e32ce447874ca06db604b1781eab7523b7b87621dcc5e11
