[INFO] fetching crate lapin 2.5.0...
[INFO] testing lapin-2.5.0 against nightly-2024-10-28 for randomize-layout
[INFO] extracting crate lapin 2.5.0 into /workspace/builds/worker-6-tc1/source
[INFO] validating manifest of crates.io crate lapin 2.5.0 on toolchain nightly-2024-10-28
[INFO] running `Command { std: CARGO_HOME="/workspace/cargo-home" RUSTUP_HOME="/workspace/rustup-home" "/workspace/cargo-home/bin/cargo" "+nightly-2024-10-28" "metadata" "--manifest-path" "Cargo.toml" "--no-deps", kill_on_drop: false }`
[INFO] started tweaking crates.io crate lapin 2.5.0
[INFO] removed 0 missing examples
[INFO] removed 0 missing tests
[INFO] finished tweaking crates.io crate lapin 2.5.0
[INFO] tweaked toml for crates.io crate lapin 2.5.0 written to /workspace/builds/worker-6-tc1/source/Cargo.toml
[INFO] crate crates.io crate lapin 2.5.0 already has a lockfile, it will not be regenerated
[INFO] running `Command { std: CARGO_HOME="/workspace/cargo-home" RUSTUP_HOME="/workspace/rustup-home" "/workspace/cargo-home/bin/cargo" "+nightly-2024-10-28" "fetch" "--manifest-path" "Cargo.toml", kill_on_drop: false }`
[INFO] [stderr]     Updating crates.io index
[INFO] [stderr]  Downloading crates ...
[INFO] [stderr]   Downloaded executor-trait v2.1.0
[INFO] [stderr]   Downloaded async-reactor-trait v1.1.0
[INFO] [stderr]   Downloaded pinky-swear v6.2.0
[INFO] [stderr]   Downloaded amq-protocol-codegen v7.2.1
[INFO] [stderr]   Downloaded async-global-executor-trait v2.1.0
[INFO] [stderr]   Downloaded reactor-trait v1.1.0
[INFO] [stderr]   Downloaded tokio-executor-trait v2.1.1
[INFO] [stderr]   Downloaded tokio-reactor-trait v1.1.0
[INFO] [stderr]   Downloaded p12-keystore v0.1.3
[INFO] [stderr]   Downloaded rc2 v0.8.1
[INFO] [stderr]   Downloaded amq-protocol v7.2.1
[INFO] [stderr]   Downloaded rustls-connector v0.20.0
[INFO] [stderr]   Downloaded asn1-rs-derive v0.5.0
[INFO] [stderr]   Downloaded amq-protocol-tcp v7.2.1
[INFO] [stderr]   Downloaded amq-protocol-uri v7.2.1
[INFO] [stderr]   Downloaded amq-protocol-types v7.2.1
[INFO] [stderr]   Downloaded tcp-stream v0.28.0
[INFO] [stderr]   Downloaded der_derive v0.7.3
[INFO] [stderr]   Downloaded pkcs12 v0.1.0
[INFO] [stderr]   Downloaded aws-lc-rs v1.8.1
[INFO] [stderr]   Downloaded asn1-rs v0.6.1
[INFO] [stderr]   Downloaded x509-cert v0.2.5
[INFO] [stderr]   Downloaded handlebars v5.1.2
[INFO] [stderr]   Downloaded pkcs5 v0.7.1
[INFO] [stderr]   Downloaded rustls-native-certs v0.7.1
[INFO] [stderr]   Downloaded cms v0.2.3
[INFO] [stderr]   Downloaded aws-lc-sys v0.20.0
[INFO] running `Command { std: "docker" "create" "-v" "/var/lib/crater-agent-workspace/builds/worker-6-tc1/target:/opt/rustwide/target:rw,Z" "-v" "/var/lib/crater-agent-workspace/builds/worker-6-tc1/source:/opt/rustwide/workdir:ro,Z" "-v" "/var/lib/crater-agent-workspace/cargo-home:/opt/rustwide/cargo-home:ro,Z" "-v" "/var/lib/crater-agent-workspace/rustup-home:/opt/rustwide/rustup-home:ro,Z" "-e" "SOURCE_DIR=/opt/rustwide/workdir" "-e" "CARGO_TARGET_DIR=/opt/rustwide/target" "-e" "CARGO_HOME=/opt/rustwide/cargo-home" "-e" "RUSTUP_HOME=/opt/rustwide/rustup-home" "-w" "/opt/rustwide/workdir" "-m" "1610612736" "--user" "0:0" "--network" "none" "ghcr.io/rust-lang/crates-build-env/linux@sha256:4a844ea9eb2546a2d2c7022eacef16ef2e8229c7fbb2c7d4d55a9ceca922f72d" "/opt/rustwide/cargo-home/bin/cargo" "+nightly-2024-10-28" "metadata" "--no-deps" "--format-version=1", kill_on_drop: false }`
[INFO] [stdout] a231faf348b95ff81412f27221361172e387330739ec6445a19b57e50018ebf1
[INFO] running `Command { std: "docker" "start" "-a" "a231faf348b95ff81412f27221361172e387330739ec6445a19b57e50018ebf1", kill_on_drop: false }`
[INFO] running `Command { std: "docker" "inspect" "a231faf348b95ff81412f27221361172e387330739ec6445a19b57e50018ebf1", kill_on_drop: false }`
[INFO] running `Command { std: "docker" "rm" "-f" "a231faf348b95ff81412f27221361172e387330739ec6445a19b57e50018ebf1", kill_on_drop: false }`
[INFO] [stdout] a231faf348b95ff81412f27221361172e387330739ec6445a19b57e50018ebf1
[INFO] running `Command { std: "docker" "create" "-v" "/var/lib/crater-agent-workspace/builds/worker-6-tc1/target:/opt/rustwide/target:rw,Z" "-v" "/var/lib/crater-agent-workspace/builds/worker-6-tc1/source:/opt/rustwide/workdir:ro,Z" "-v" "/var/lib/crater-agent-workspace/cargo-home:/opt/rustwide/cargo-home:ro,Z" "-v" "/var/lib/crater-agent-workspace/rustup-home:/opt/rustwide/rustup-home:ro,Z" "-e" "SOURCE_DIR=/opt/rustwide/workdir" "-e" "CARGO_TARGET_DIR=/opt/rustwide/target" "-e" "CARGO_INCREMENTAL=0" "-e" "RUST_BACKTRACE=full" "-e" "RUSTFLAGS=--cap-lints=forbid" "-e" "RUSTDOCFLAGS=--cap-lints=forbid" "-e" "CARGO_HOME=/opt/rustwide/cargo-home" "-e" "RUSTUP_HOME=/opt/rustwide/rustup-home" "-w" "/opt/rustwide/workdir" "-m" "1610612736" "--user" "0:0" "--network" "none" "ghcr.io/rust-lang/crates-build-env/linux@sha256:4a844ea9eb2546a2d2c7022eacef16ef2e8229c7fbb2c7d4d55a9ceca922f72d" "/opt/rustwide/cargo-home/bin/cargo" "+nightly-2024-10-28" "build" "--frozen" "--message-format=json", kill_on_drop: false }`
[INFO] [stdout] 3c5fc819a4b576f129ef89fa456f51ddae137cf7ffa9223af2bb63d871162a85
[INFO] running `Command { std: "docker" "start" "-a" "3c5fc819a4b576f129ef89fa456f51ddae137cf7ffa9223af2bb63d871162a85", kill_on_drop: false }`
[INFO] [stderr]    Compiling proc-macro2 v1.0.86
[INFO] [stderr]    Compiling unicode-ident v1.0.12
[INFO] [stderr]    Compiling autocfg v1.3.0
[INFO] [stderr]    Compiling libc v0.2.155
[INFO] [stderr]    Compiling version_check v0.9.5
[INFO] [stderr]    Compiling typenum v1.17.0
[INFO] [stderr]    Compiling pin-project-lite v0.2.14
[INFO] [stderr]    Compiling memchr v2.7.4
[INFO] [stderr]    Compiling subtle v2.6.1
[INFO] [stderr]    Compiling crossbeam-utils v0.8.20
[INFO] [stderr]    Compiling parking v2.2.0
[INFO] [stderr]    Compiling futures-core v0.3.30
[INFO] [stderr]    Compiling dunce v1.0.4
[INFO] [stderr]    Compiling minimal-lexical v0.2.1
[INFO] [stderr]    Compiling fs_extra v1.3.0
[INFO] [stderr]    Compiling scopeguard v1.2.0
[INFO] [stderr]    Compiling itoa v1.0.11
[INFO] [stderr]    Compiling futures-io v0.3.30
[INFO] [stderr]    Compiling base64ct v1.6.0
[INFO] [stderr]    Compiling powerfmt v0.2.0
[INFO] [stderr]    Compiling time-core v0.1.2
[INFO] [stderr]    Compiling flagset v0.4.6
[INFO] [stderr]    Compiling num-conv v0.1.0
[INFO] [stderr]    Compiling const-oid v0.9.6
[INFO] [stderr]    Compiling thiserror v1.0.63
[INFO] [stderr]    Compiling paste v1.0.15
[INFO] [stderr]    Compiling time-macros v0.2.18
[INFO] [stderr]    Compiling cpufeatures v0.2.12
[INFO] [stderr]    Compiling aws-lc-rs v1.8.1
[INFO] [stderr]    Compiling generic-array v0.14.7
[INFO] [stderr]    Compiling nom v7.1.3
[INFO] [stderr]    Compiling deranged v0.3.11
[INFO] [stderr]    Compiling lock_api v0.4.12
[INFO] [stderr]    Compiling num-traits v0.2.19
[INFO] [stderr]    Compiling slab v0.4.9
[INFO] [stderr]    Compiling log v0.4.22
[INFO] [stderr]    Compiling tracing-core v0.1.32
[INFO] [stderr]    Compiling quote v1.0.36
[INFO] [stderr]    Compiling concurrent-queue v2.5.0
[INFO] [stderr]    Compiling pem-rfc7468 v0.7.0
[INFO] [stderr]    Compiling rustls-pki-types v1.7.0
[INFO] [stderr]    Compiling syn v2.0.72
[INFO] [stderr]    Compiling event-listener v5.3.1
[INFO] [stderr]    Compiling once_cell v1.19.0
[INFO] [stderr]    Compiling spin v0.9.8
[INFO] [stderr]    Compiling mirai-annotations v1.12.0
[INFO] [stderr]    Compiling tracing v0.1.40
[INFO] [stderr]    Compiling untrusted v0.9.0
[INFO] [stderr]    Compiling fastrand v2.1.0
[INFO] [stderr]    Compiling serde v1.0.204
[INFO] [stderr]    Compiling oid-registry v0.7.0
[INFO] [stderr]    Compiling tinyvec_macros v0.1.1
[INFO] [stderr]    Compiling event-listener-strategy v0.5.2
[INFO] [stderr]    Compiling tinyvec v1.8.0
[INFO] [stderr]    Compiling serde_json v1.0.120
[INFO] [stderr]    Compiling rustls v0.23.12
[INFO] [stderr]    Compiling ppv-lite86 v0.2.17
[INFO] [stderr]    Compiling base64 v0.22.1
[INFO] [stderr]    Compiling rustix v0.38.34
[INFO] [stderr]    Compiling jobserver v0.1.32
[INFO] [stderr]    Compiling getrandom v0.2.15
[INFO] [stderr]    Compiling futures-lite v2.3.0
[INFO] [stderr]    Compiling linux-raw-sys v0.4.14
[INFO] [stderr]    Compiling unicode-bidi v0.3.15
[INFO] [stderr]    Compiling rand_core v0.6.4
[INFO] [stderr]    Compiling bitflags v2.6.0
[INFO] [stderr]    Compiling ryu v1.0.18
[INFO] [stderr]    Compiling cc v1.1.6
[INFO] [stderr]    Compiling rand_chacha v0.3.1
[INFO] [stderr]    Compiling rustls-pemfile v2.1.2
[INFO] [stderr]    Compiling openssl-probe v0.1.5
[INFO] [stderr]    Compiling io-lifetimes v1.0.11
[INFO] [stderr]    Compiling data-encoding v2.6.0
[INFO] [stderr]    Compiling percent-encoding v2.3.1
[INFO] [stderr]    Compiling num-integer v0.1.46
[INFO] [stderr]    Compiling crypto-common v0.1.6
[INFO] [stderr]    Compiling block-padding v0.3.3
[INFO] [stderr]    Compiling block-buffer v0.10.4
[INFO] [stderr]    Compiling unicode-normalization v0.1.23
[INFO] [stderr]    Compiling form_urlencoded v1.2.1
[INFO] [stderr]    Compiling rusticata-macros v4.1.0
[INFO] [stderr]    Compiling inout v0.1.3
[INFO] [stderr]    Compiling digest v0.10.7
[INFO] [stderr]    Compiling time v0.3.36
[INFO] [stderr]    Compiling num-bigint v0.4.6
[INFO] [stderr]    Compiling rand v0.8.5
[INFO] [stderr]    Compiling cipher v0.4.4
[INFO] [stderr]    Compiling rustls-native-certs v0.7.1
[INFO] [stderr]    Compiling cmake v0.1.50
[INFO] [stderr]    Compiling polling v2.8.0
[INFO] [stderr]    Compiling atomic-waker v1.1.2
[INFO] [stderr]    Compiling async-task v4.7.1
[INFO] [stderr]    Compiling hmac v0.12.1
[INFO] [stderr]    Compiling sha2 v0.10.8
[INFO] [stderr]    Compiling sha1 v0.10.6
[INFO] [stderr]    Compiling cookie-factory v0.3.3
[INFO] [stderr]    Compiling salsa20 v0.10.2
[INFO] [stderr]    Compiling pbkdf2 v0.12.2
[INFO] [stderr]    Compiling aes v0.8.4
[INFO] [stderr]    Compiling cbc v0.1.2
[INFO] [stderr]    Compiling des v0.8.1
[INFO] [stderr]    Compiling rc2 v0.8.1
[INFO] [stderr]    Compiling scrypt v0.11.0
[INFO] [stderr]    Compiling idna v0.5.0
[INFO] [stderr]    Compiling hex v0.4.3
[INFO] [stderr]    Compiling rustix v0.37.27
[INFO] [stderr]    Compiling parking_lot_core v0.9.10
[INFO] [stderr]    Compiling piper v0.2.3
[INFO] [stderr]    Compiling async-lock v3.4.0
[INFO] [stderr]    Compiling async-channel v2.3.1
[INFO] [stderr]    Compiling async-io v1.13.0
[INFO] [stderr]    Compiling fastrand v1.9.0
[INFO] [stderr]    Compiling smallvec v1.13.2
[INFO] [stderr]    Compiling event-listener v2.5.3
[INFO] [stderr]    Compiling bitflags v1.3.2
[INFO] [stderr]    Compiling linux-raw-sys v0.3.8
[INFO] [stderr]    Compiling doc-comment v0.3.3
[INFO] [stderr]    Compiling waker-fn v1.2.0
[INFO] [stderr]    Compiling futures-lite v1.13.0
[INFO] [stderr]    Compiling async-lock v2.8.0
[INFO] [stderr]    Compiling blocking v1.6.1
[INFO] [stderr]    Compiling url v2.5.2
[INFO] [stderr]    Compiling aws-lc-sys v0.20.0
[INFO] [stderr]    Compiling ring v0.17.8
[INFO] [stderr]    Compiling async-executor v1.13.0
[INFO] [stderr]    Compiling socket2 v0.4.10
[INFO] [stderr]    Compiling amq-protocol v7.2.1
[INFO] [stderr]    Compiling futures-sink v0.3.30
[INFO] [stderr]    Compiling flume v0.11.0
[INFO] [stderr]    Compiling parking_lot v0.12.3
[INFO] [stderr]    Compiling lapin v2.5.0 (/opt/rustwide/workdir)
[INFO] [stderr]    Compiling pinky-swear v6.2.0
[INFO] [stderr]    Compiling synstructure v0.13.1
[INFO] [stderr]    Compiling zeroize_derive v1.4.2
[INFO] [stderr]    Compiling der_derive v0.7.3
[INFO] [stderr]    Compiling thiserror-impl v1.0.63
[INFO] [stderr]    Compiling asn1-rs-impl v0.2.0
[INFO] [stderr]    Compiling asn1-rs-derive v0.5.0
[INFO] [stderr]    Compiling displaydoc v0.2.5
[INFO] [stderr]    Compiling serde_derive v1.0.204
[INFO] [stderr]    Compiling async-trait v0.1.81
[INFO] [stderr]    Compiling zeroize v1.8.1
[INFO] [stderr]    Compiling asn1-rs v0.6.1
[INFO] [stderr]    Compiling polling v3.7.2
[INFO] [stderr]    Compiling der v0.7.9
[INFO] [stderr]    Compiling executor-trait v2.1.0
[INFO] [stderr]    Compiling reactor-trait v1.1.0
[INFO] [stderr]    Compiling async-reactor-trait v1.1.0
[INFO] [stderr]    Compiling async-io v2.3.3
[INFO] [stderr]    Compiling async-global-executor v2.4.1
[INFO] [stderr]    Compiling async-global-executor-trait v2.1.0
[INFO] [stderr]    Compiling spki v0.7.3
[INFO] [stderr]    Compiling x509-cert v0.2.5
[INFO] [stderr]    Compiling der-parser v9.0.0
[INFO] [stderr]    Compiling pkcs5 v0.7.1
[INFO] [stderr]    Compiling x509-parser v0.16.0
[INFO] [stderr]    Compiling cms v0.2.3
[INFO] [stderr]    Compiling pkcs12 v0.1.0
[INFO] [stderr]    Compiling p12-keystore v0.1.3
[INFO] [stderr]    Compiling amq-protocol-types v7.2.1
[INFO] [stderr]    Compiling amq-protocol-uri v7.2.1
[INFO] [stderr]    Compiling rustls-webpki v0.102.6
[INFO] [stderr]    Compiling rustls-connector v0.20.0
[INFO] [stderr]    Compiling tcp-stream v0.28.0
[INFO] [stderr]    Compiling amq-protocol-tcp v7.2.1
[INFO] [stderr]     Finished `dev` profile [unoptimized + debuginfo] target(s) in 41.08s
[INFO] running `Command { std: "docker" "inspect" "3c5fc819a4b576f129ef89fa456f51ddae137cf7ffa9223af2bb63d871162a85", kill_on_drop: false }`
[INFO] running `Command { std: "docker" "rm" "-f" "3c5fc819a4b576f129ef89fa456f51ddae137cf7ffa9223af2bb63d871162a85", kill_on_drop: false }`
[INFO] [stdout] 3c5fc819a4b576f129ef89fa456f51ddae137cf7ffa9223af2bb63d871162a85
[INFO] running `Command { std: "docker" "create" "-v" "/var/lib/crater-agent-workspace/builds/worker-6-tc1/target:/opt/rustwide/target:rw,Z" "-v" "/var/lib/crater-agent-workspace/builds/worker-6-tc1/source:/opt/rustwide/workdir:ro,Z" "-v" "/var/lib/crater-agent-workspace/cargo-home:/opt/rustwide/cargo-home:ro,Z" "-v" "/var/lib/crater-agent-workspace/rustup-home:/opt/rustwide/rustup-home:ro,Z" "-e" "SOURCE_DIR=/opt/rustwide/workdir" "-e" "CARGO_TARGET_DIR=/opt/rustwide/target" "-e" "CARGO_INCREMENTAL=0" "-e" "RUST_BACKTRACE=full" "-e" "RUSTFLAGS=--cap-lints=forbid" "-e" "RUSTDOCFLAGS=--cap-lints=forbid" "-e" "CARGO_HOME=/opt/rustwide/cargo-home" "-e" "RUSTUP_HOME=/opt/rustwide/rustup-home" "-w" "/opt/rustwide/workdir" "-m" "1610612736" "--user" "0:0" "--network" "none" "ghcr.io/rust-lang/crates-build-env/linux@sha256:4a844ea9eb2546a2d2c7022eacef16ef2e8229c7fbb2c7d4d55a9ceca922f72d" "/opt/rustwide/cargo-home/bin/cargo" "+nightly-2024-10-28" "test" "--frozen" "--no-run" "--message-format=json", kill_on_drop: false }`
[INFO] [stdout] a85f80433de68c68533ce3175b880dae6a25152dfa7810a16a10e6ddc4db9443
[INFO] running `Command { std: "docker" "start" "-a" "a85f80433de68c68533ce3175b880dae6a25152dfa7810a16a10e6ddc4db9443", kill_on_drop: false }`
[INFO] [stderr]    Compiling tracing-core v0.1.32
[INFO] [stderr]    Compiling rustls v0.23.12
[INFO] [stderr]    Compiling tokio-macros v2.4.0
[INFO] [stderr]    Compiling mio v1.0.1
[INFO] [stderr]    Compiling signal-hook-registry v1.4.2
[INFO] [stderr]    Compiling socket2 v0.5.7
[INFO] [stderr]    Compiling bytes v1.6.1
[INFO] [stderr]    Compiling polling v2.8.0
[INFO] [stderr]    Compiling overload v0.1.1
[INFO] [stderr]    Compiling sharded-slab v0.1.7
[INFO] [stderr]    Compiling thread_local v1.1.8
[INFO] [stderr]    Compiling nu-ansi-term v0.46.0
[INFO] [stderr]    Compiling async-io v1.13.0
[INFO] [stderr]    Compiling tracing v0.1.40
[INFO] [stderr]    Compiling tracing-log v0.2.0
[INFO] [stderr]    Compiling tokio v1.39.2
[INFO] [stderr]    Compiling polling v3.7.2
[INFO] [stderr]    Compiling pinky-swear v6.2.0
[INFO] [stderr]    Compiling async-reactor-trait v1.1.0
[INFO] [stderr]    Compiling tracing-subscriber v0.3.18
[INFO] [stderr]    Compiling async-io v2.3.3
[INFO] [stderr]    Compiling async-global-executor v2.4.1
[INFO] [stderr]    Compiling async-global-executor-trait v2.1.0
[INFO] [stderr]    Compiling rustls-connector v0.20.0
[INFO] [stderr]    Compiling tcp-stream v0.28.0
[INFO] [stderr]    Compiling amq-protocol-tcp v7.2.1
[INFO] [stderr]    Compiling amq-protocol v7.2.1
[INFO] [stderr]    Compiling tokio-stream v0.1.15
[INFO] [stderr]    Compiling tokio-executor-trait v2.1.1
[INFO] [stderr]    Compiling lapin v2.5.0 (/opt/rustwide/workdir)
[INFO] [stderr]    Compiling tokio-reactor-trait v1.1.0
[INFO] [stderr]     Finished `test` profile [unoptimized + debuginfo] target(s) in 20.12s
[INFO] running `Command { std: "docker" "inspect" "a85f80433de68c68533ce3175b880dae6a25152dfa7810a16a10e6ddc4db9443", kill_on_drop: false }`
[INFO] running `Command { std: "docker" "rm" "-f" "a85f80433de68c68533ce3175b880dae6a25152dfa7810a16a10e6ddc4db9443", kill_on_drop: false }`
[INFO] [stdout] a85f80433de68c68533ce3175b880dae6a25152dfa7810a16a10e6ddc4db9443
[INFO] running `Command { std: "docker" "create" "-v" "/var/lib/crater-agent-workspace/builds/worker-6-tc1/target:/opt/rustwide/target:rw,Z" "-v" "/var/lib/crater-agent-workspace/builds/worker-6-tc1/source:/opt/rustwide/workdir:ro,Z" "-v" "/var/lib/crater-agent-workspace/cargo-home:/opt/rustwide/cargo-home:ro,Z" "-v" "/var/lib/crater-agent-workspace/rustup-home:/opt/rustwide/rustup-home:ro,Z" "-e" "SOURCE_DIR=/opt/rustwide/workdir" "-e" "CARGO_TARGET_DIR=/opt/rustwide/target" "-e" "CARGO_INCREMENTAL=0" "-e" "RUST_BACKTRACE=full" "-e" "RUSTFLAGS=--cap-lints=forbid" "-e" "RUSTDOCFLAGS=--cap-lints=forbid" "-e" "CARGO_HOME=/opt/rustwide/cargo-home" "-e" "RUSTUP_HOME=/opt/rustwide/rustup-home" "-w" "/opt/rustwide/workdir" "-m" "1610612736" "--user" "0:0" "--network" "none" "ghcr.io/rust-lang/crates-build-env/linux@sha256:4a844ea9eb2546a2d2c7022eacef16ef2e8229c7fbb2c7d4d55a9ceca922f72d" "/opt/rustwide/cargo-home/bin/cargo" "+nightly-2024-10-28" "test" "--frozen", kill_on_drop: false }`
[INFO] [stdout] 056e54d8a6fd676a28e0bdb2e26d126ff96706b43cc02001d9f82af733292433
[INFO] running `Command { std: "docker" "start" "-a" "056e54d8a6fd676a28e0bdb2e26d126ff96706b43cc02001d9f82af733292433", kill_on_drop: false }`
[INFO] [stderr]     Finished `test` profile [unoptimized + debuginfo] target(s) in 0.52s
[INFO] [stderr]      Running unittests src/lib.rs (/opt/rustwide/target/debug/deps/lapin-65870da5ccd33bdb)
[INFO] [stdout] 
[INFO] [stdout] running 4 tests
[INFO] [stdout] test consumer::futures_tests::stream_on_cancel ... ok
[INFO] [stdout] test consumer::futures_tests::stream_on_error ... ok
[INFO] [stdout] test connection::tests::basic_consume_empty_payload ... ok
[INFO] [stdout] test connection::tests::basic_consume_small_payload ... ok
[INFO] [stdout] 
[INFO] [stdout] test result: ok. 4 passed; 0 failed; 0 ignored; 0 measured; 0 filtered out; finished in 0.01s
[INFO] [stdout] 
[INFO] [stderr]      Running tests/connection.rs (/opt/rustwide/target/debug/deps/connection-1b41f14d6e6e23b3)
[INFO] [stdout] 
[INFO] [stdout] running 1 test
[INFO] [stdout] test connection ... FAILED
[INFO] [stdout] 
[INFO] [stdout] failures:
[INFO] [stdout] 
[INFO] [stdout] ---- connection stdout ----
[INFO] [stdout] thread 'connection' panicked at tests/connection.rs:56:14:
[INFO] [stdout] connection error: IOError(Os { code: 111, kind: ConnectionRefused, message: "Connection refused" })
[INFO] [stdout] stack backtrace:
[INFO] [stdout]    0:     0x641bbf17e35a - std::backtrace_rs::backtrace::libunwind::trace::h207520d6e9873551
[INFO] [stdout]                                at /rustc/df4ca44d3fbc9301ee17f30f4d474e6ae4b05252/library/std/src/../../backtrace/src/backtrace/libunwind.rs:116:5
[INFO] [stdout]    1:     0x641bbf17e35a - std::backtrace_rs::backtrace::trace_unsynchronized::h2ed7433f370e3eca
[INFO] [stdout]                                at /rustc/df4ca44d3fbc9301ee17f30f4d474e6ae4b05252/library/std/src/../../backtrace/src/backtrace/mod.rs:66:5
[INFO] [stdout]    2:     0x641bbf17e35a - std::sys::backtrace::_print_fmt::h916fac51166b18d7
[INFO] [stdout]                                at /rustc/df4ca44d3fbc9301ee17f30f4d474e6ae4b05252/library/std/src/sys/backtrace.rs:66:9
[INFO] [stdout]    3:     0x641bbf17e35a - <std::sys::backtrace::BacktraceLock::print::DisplayBacktrace as core::fmt::Display>::fmt::ha0a4c9b8ce3802e6
[INFO] [stdout]                                at /rustc/df4ca44d3fbc9301ee17f30f4d474e6ae4b05252/library/std/src/sys/backtrace.rs:39:26
[INFO] [stdout]    4:     0x641bbf1a94a3 - core::fmt::rt::Argument::fmt::h4cfc8587d52b3eb5
[INFO] [stdout]                                at /rustc/df4ca44d3fbc9301ee17f30f4d474e6ae4b05252/library/core/src/fmt/rt.rs:177:76
[INFO] [stdout]    5:     0x641bbf1a94a3 - core::fmt::write::h522cc39e5b36ae9f
[INFO] [stdout]                                at /rustc/df4ca44d3fbc9301ee17f30f4d474e6ae4b05252/library/core/src/fmt/mod.rs:1190:21
[INFO] [stdout]    6:     0x641bbf179e33 - std::io::Write::write_fmt::h7d3c26752da97734
[INFO] [stdout]                                at /rustc/df4ca44d3fbc9301ee17f30f4d474e6ae4b05252/library/std/src/io/mod.rs:1839:15
[INFO] [stdout]    7:     0x641bbf17e1a2 - std::sys::backtrace::BacktraceLock::print::h4b9e00b29e9c0942
[INFO] [stdout]                                at /rustc/df4ca44d3fbc9301ee17f30f4d474e6ae4b05252/library/std/src/sys/backtrace.rs:42:9
[INFO] [stdout]    8:     0x641bbf17f7ea - std::panicking::default_hook::{{closure}}::hb59b88280d0324d9
[INFO] [stdout]                                at /rustc/df4ca44d3fbc9301ee17f30f4d474e6ae4b05252/library/std/src/panicking.rs:268:22
[INFO] [stdout]    9:     0x641bbf17f5f4 - std::panicking::default_hook::he1dd496665be4a29
[INFO] [stdout]                                at /rustc/df4ca44d3fbc9301ee17f30f4d474e6ae4b05252/library/std/src/panicking.rs:292:9
[INFO] [stdout]   10:     0x641bbe8defe9 - <alloc::boxed::Box<F,A> as core::ops::function::Fn<Args>>::call::h4ff71de18744e1dc
[INFO] [stdout]                                at /rustc/df4ca44d3fbc9301ee17f30f4d474e6ae4b05252/library/alloc/src/boxed.rs:2468:9
[INFO] [stdout]   11:     0x641bbe8defe9 - test::test_main::{{closure}}::hcf7c055ce117aa81
[INFO] [stdout]                                at /rustc/df4ca44d3fbc9301ee17f30f4d474e6ae4b05252/library/test/src/lib.rs:133:21
[INFO] [stdout]   12:     0x641bbf17fee8 - <alloc::boxed::Box<F,A> as core::ops::function::Fn<Args>>::call::h1d66c6bbd60c9692
[INFO] [stdout]                                at /rustc/df4ca44d3fbc9301ee17f30f4d474e6ae4b05252/library/alloc/src/boxed.rs:2468:9
[INFO] [stdout]   13:     0x641bbf17fee8 - std::panicking::rust_panic_with_hook::h2ff17fe8f26dfcf8
[INFO] [stdout]                                at /rustc/df4ca44d3fbc9301ee17f30f4d474e6ae4b05252/library/std/src/panicking.rs:809:13
[INFO] [stdout]   14:     0x641bbf17fcaa - std::panicking::begin_panic_handler::{{closure}}::h4fad77951c07e101
[INFO] [stdout]                                at /rustc/df4ca44d3fbc9301ee17f30f4d474e6ae4b05252/library/std/src/panicking.rs:674:13
[INFO] [stdout]   15:     0x641bbf17e839 - std::sys::backtrace::__rust_end_short_backtrace::hb1a25b3da5d0ea08
[INFO] [stdout]                                at /rustc/df4ca44d3fbc9301ee17f30f4d474e6ae4b05252/library/std/src/sys/backtrace.rs:170:18
[INFO] [stdout]   16:     0x641bbf17f93c - rust_begin_unwind
[INFO] [stdout]                                at /rustc/df4ca44d3fbc9301ee17f30f4d474e6ae4b05252/library/std/src/panicking.rs:665:5
[INFO] [stdout]   17:     0x641bbf1a67c0 - core::panicking::panic_fmt::ha9db07b529f9b256
[INFO] [stdout]                                at /rustc/df4ca44d3fbc9301ee17f30f4d474e6ae4b05252/library/core/src/panicking.rs:75:14
[INFO] [stdout]   18:     0x641bbf1a6c46 - core::result::unwrap_failed::h5e8218e4d4338b8a
[INFO] [stdout]                                at /rustc/df4ca44d3fbc9301ee17f30f4d474e6ae4b05252/library/core/src/result.rs:1698:5
[INFO] [stdout]   19:     0x641bbe84cd93 - core::result::Result<T,E>::expect::h555c9e755943b9d7
[INFO] [stdout]                                at /rustc/df4ca44d3fbc9301ee17f30f4d474e6ae4b05252/library/core/src/result.rs:1060:23
[INFO] [stdout]   20:     0x641bbe82f98c - connection::connection::{{closure}}::h6159f29d9a95e622
[INFO] [stdout]                                at /opt/rustwide/workdir/tests/connection.rs:54:20
[INFO] [stdout]   21:     0x641bbe84aab4 - <futures_lite::future::Or<F1,F2> as core::future::future::Future>::poll::h591ae57408eb3f2b
[INFO] [stdout]                                at /opt/rustwide/cargo-home/registry/src/index.crates.io-6f17d22bba15001f/futures-lite-2.3.0/src/future.rs:446:33
[INFO] [stdout]   22:     0x641bbe846175 - async_executor::State::run::{{closure}}::h509d206b956ebea8
[INFO] [stdout]                                at /opt/rustwide/cargo-home/registry/src/index.crates.io-6f17d22bba15001f/async-executor-1.13.0/src/lib.rs:748:32
[INFO] [stdout]   23:     0x641bbe8467dd - async_executor::Executor::run::{{closure}}::h623e91b77a1ba062
[INFO] [stdout]                                at /opt/rustwide/cargo-home/registry/src/index.crates.io-6f17d22bba15001f/async-executor-1.13.0/src/lib.rs:344:34
[INFO] [stdout]   24:     0x641bbe845da3 - async_executor::LocalExecutor::run::{{closure}}::hc57b55b0a7f5aaa8
[INFO] [stdout]                                at /opt/rustwide/cargo-home/registry/src/index.crates.io-6f17d22bba15001f/async-executor-1.13.0/src/lib.rs:648:34
[INFO] [stdout]   25:     0x641bbe82acb0 - async_io::driver::block_on::{{closure}}::h18ea3c9ba427df9f
[INFO] [stdout]                                at /opt/rustwide/cargo-home/registry/src/index.crates.io-6f17d22bba15001f/async-io-2.3.3/src/driver.rs:199:37
[INFO] [stdout]   26:     0x641bbe8471e6 - std::thread::local::LocalKey<T>::try_with::h5ab82a02a4c4c410
[INFO] [stdout]                                at /rustc/df4ca44d3fbc9301ee17f30f4d474e6ae4b05252/library/std/src/thread/local.rs:283:12
[INFO] [stdout]   27:     0x641bbe846dfa - std::thread::local::LocalKey<T>::with::h9e6d9f708b8c3dcb
[INFO] [stdout]                                at /rustc/df4ca44d3fbc9301ee17f30f4d474e6ae4b05252/library/std/src/thread/local.rs:260:9
[INFO] [stdout]   28:     0x641bbe82a8d9 - async_io::driver::block_on::h36f5ef782cafdeeb
[INFO] [stdout]                                at /opt/rustwide/cargo-home/registry/src/index.crates.io-6f17d22bba15001f/async-io-2.3.3/src/driver.rs:175:5
[INFO] [stdout]   29:     0x641bbe846972 - async_global_executor::reactor::block_on::{{closure}}::hab0ff2bd920fcefb
[INFO] [stdout]                                at /opt/rustwide/cargo-home/registry/src/index.crates.io-6f17d22bba15001f/async-global-executor-2.4.1/src/reactor.rs:3:18
[INFO] [stdout]   30:     0x641bbe846932 - async_global_executor::reactor::block_on::hc2abf1f260907682
[INFO] [stdout]                                at /opt/rustwide/cargo-home/registry/src/index.crates.io-6f17d22bba15001f/async-global-executor-2.4.1/src/reactor.rs:12:5
[INFO] [stdout]   31:     0x641bbe84aefb - async_global_executor::executor::block_on::{{closure}}::he347ce6cb8d9894e
[INFO] [stdout]                                at /opt/rustwide/cargo-home/registry/src/index.crates.io-6f17d22bba15001f/async-global-executor-2.4.1/src/executor.rs:26:36
[INFO] [stdout]   32:     0x641bbe8473f7 - std::thread::local::LocalKey<T>::try_with::hc94d768c16c46b56
[INFO] [stdout]                                at /rustc/df4ca44d3fbc9301ee17f30f4d474e6ae4b05252/library/std/src/thread/local.rs:283:12
[INFO] [stdout]   33:     0x641bbe846dca - std::thread::local::LocalKey<T>::with::h7270bace3f49041e
[INFO] [stdout]                                at /rustc/df4ca44d3fbc9301ee17f30f4d474e6ae4b05252/library/std/src/thread/local.rs:260:9
[INFO] [stdout]   34:     0x641bbe84ae7a - async_global_executor::executor::block_on::hdb68be9dd3ec5ac6
[INFO] [stdout]                                at /opt/rustwide/cargo-home/registry/src/index.crates.io-6f17d22bba15001f/async-global-executor-2.4.1/src/executor.rs:26:5
[INFO] [stdout]   35:     0x641bbe82f495 - connection::connection::h974b79675a03bce1
[INFO] [stdout]                                at /opt/rustwide/workdir/tests/connection.rs:53:5
[INFO] [stdout]   36:     0x641bbe82f367 - connection::connection::{{closure}}::hce8bc66134451ea6
[INFO] [stdout]                                at /opt/rustwide/workdir/tests/connection.rs:44:16
[INFO] [stdout]   37:     0x641bbe8215a6 - core::ops::function::FnOnce::call_once::h1aade92ef660ffc9
[INFO] [stdout]                                at /rustc/df4ca44d3fbc9301ee17f30f4d474e6ae4b05252/library/core/src/ops/function.rs:250:5
[INFO] [stdout]   38:     0x641bbe8e38bb - core::ops::function::FnOnce::call_once::h22c3ba5715e93f05
[INFO] [stdout]                                at /rustc/df4ca44d3fbc9301ee17f30f4d474e6ae4b05252/library/core/src/ops/function.rs:250:5
[INFO] [stdout]   39:     0x641bbe8e38bb - test::__rust_begin_short_backtrace::h8e82d8113d0da17f
[INFO] [stdout]                                at /rustc/df4ca44d3fbc9301ee17f30f4d474e6ae4b05252/library/test/src/lib.rs:621:18
[INFO] [stdout]   40:     0x641bbe8e3237 - test::run_test_in_process::{{closure}}::h33235f4f20b7b7c7
[INFO] [stdout]                                at /rustc/df4ca44d3fbc9301ee17f30f4d474e6ae4b05252/library/test/src/lib.rs:644:60
[INFO] [stdout]   41:     0x641bbe8e3237 - <core::panic::unwind_safe::AssertUnwindSafe<F> as core::ops::function::FnOnce<()>>::call_once::hb5043206310c586f
[INFO] [stdout]                                at /rustc/df4ca44d3fbc9301ee17f30f4d474e6ae4b05252/library/core/src/panic/unwind_safe.rs:272:9
[INFO] [stdout]   42:     0x641bbe8e3237 - std::panicking::try::do_call::h9ad4731a60ab23e2
[INFO] [stdout]                                at /rustc/df4ca44d3fbc9301ee17f30f4d474e6ae4b05252/library/std/src/panicking.rs:557:40
[INFO] [stdout]   43:     0x641bbe8e3237 - std::panicking::try::h3824d23db772a716
[INFO] [stdout]                                at /rustc/df4ca44d3fbc9301ee17f30f4d474e6ae4b05252/library/std/src/panicking.rs:520:19
[INFO] [stdout]   44:     0x641bbe8e3237 - std::panic::catch_unwind::h5afd514605fde46b
[INFO] [stdout]                                at /rustc/df4ca44d3fbc9301ee17f30f4d474e6ae4b05252/library/std/src/panic.rs:358:14
[INFO] [stdout]   45:     0x641bbe8e3237 - test::run_test_in_process::h0d5cbfa7067d1720
[INFO] [stdout]                                at /rustc/df4ca44d3fbc9301ee17f30f4d474e6ae4b05252/library/test/src/lib.rs:644:27
[INFO] [stdout]   46:     0x641bbe8e3237 - test::run_test::{{closure}}::h708eb8872708115d
[INFO] [stdout]                                at /rustc/df4ca44d3fbc9301ee17f30f4d474e6ae4b05252/library/test/src/lib.rs:565:43
[INFO] [stdout]   47:     0x641bbe8a6954 - test::run_test::{{closure}}::h392c51cee94713ab
[INFO] [stdout]                                at /rustc/df4ca44d3fbc9301ee17f30f4d474e6ae4b05252/library/test/src/lib.rs:595:41
[INFO] [stdout]   48:     0x641bbe8a6954 - std::sys::backtrace::__rust_begin_short_backtrace::h2f40290710935a8b
[INFO] [stdout]                                at /rustc/df4ca44d3fbc9301ee17f30f4d474e6ae4b05252/library/std/src/sys/backtrace.rs:154:18
[INFO] [stdout]   49:     0x641bbe8aa0fe - std::thread::Builder::spawn_unchecked_::{{closure}}::{{closure}}::h3fd968d89053a903
[INFO] [stdout]                                at /rustc/df4ca44d3fbc9301ee17f30f4d474e6ae4b05252/library/std/src/thread/mod.rs:541:17
[INFO] [stdout]   50:     0x641bbe8aa0fe - <core::panic::unwind_safe::AssertUnwindSafe<F> as core::ops::function::FnOnce<()>>::call_once::h743f637ba4229880
[INFO] [stdout]                                at /rustc/df4ca44d3fbc9301ee17f30f4d474e6ae4b05252/library/core/src/panic/unwind_safe.rs:272:9
[INFO] [stdout]   51:     0x641bbe8aa0fe - std::panicking::try::do_call::h07440897322525a6
[INFO] [stdout]                                at /rustc/df4ca44d3fbc9301ee17f30f4d474e6ae4b05252/library/std/src/panicking.rs:557:40
[INFO] [stdout]   52:     0x641bbe8aa0fe - std::panicking::try::he5a2e00188156637
[INFO] [stdout]                                at /rustc/df4ca44d3fbc9301ee17f30f4d474e6ae4b05252/library/std/src/panicking.rs:520:19
[INFO] [stdout]   53:     0x641bbe8aa0fe - std::panic::catch_unwind::hbaf3cae49b3c6433
[INFO] [stdout]                                at /rustc/df4ca44d3fbc9301ee17f30f4d474e6ae4b05252/library/std/src/panic.rs:358:14
[INFO] [stdout]   54:     0x641bbe8aa0fe - std::thread::Builder::spawn_unchecked_::{{closure}}::h8e141ea224820bce
[INFO] [stdout]                                at /rustc/df4ca44d3fbc9301ee17f30f4d474e6ae4b05252/library/std/src/thread/mod.rs:540:30
[INFO] [stdout]   55:     0x641bbe8aa0fe - core::ops::function::FnOnce::call_once{{vtable.shim}}::h90d312fedd7b8ea8
[INFO] [stdout]                                at /rustc/df4ca44d3fbc9301ee17f30f4d474e6ae4b05252/library/core/src/ops/function.rs:250:5
[INFO] [stdout]   56:     0x641bbf18459b - <alloc::boxed::Box<F,A> as core::ops::function::FnOnce<Args>>::call_once::h69aa08ddb6adb8b6
[INFO] [stdout]                                at /rustc/df4ca44d3fbc9301ee17f30f4d474e6ae4b05252/library/alloc/src/boxed.rs:2454:9
[INFO] [stdout]   57:     0x641bbf18459b - <alloc::boxed::Box<F,A> as core::ops::function::FnOnce<Args>>::call_once::h5aa36efdb79c806f
[INFO] [stdout]                                at /rustc/df4ca44d3fbc9301ee17f30f4d474e6ae4b05252/library/alloc/src/boxed.rs:2454:9
[INFO] [stdout]   58:     0x641bbf18459b - std::sys::pal::unix::thread::Thread::new::thread_start::h6cd80a1b4be5158d
[INFO] [stdout]                                at /rustc/df4ca44d3fbc9301ee17f30f4d474e6ae4b05252/library/std/src/sys/pal/unix/thread.rs:105:17
[INFO] [stdout]   59:     0x78303c882ac3 - <unknown>
[INFO] [stdout]   60:     0x78303c913a04 - clone
[INFO] [stdout]   61:                0x0 - <unknown>
[INFO] [stdout] 
[INFO] [stdout] 
[INFO] [stdout] failures:
[INFO] [stdout]     connection
[INFO] [stdout] 
[INFO] [stdout] test result: FAILED. 0 passed; 1 failed; 0 ignored; 0 measured; 0 filtered out; finished in 0.09s
[INFO] [stdout] 
[INFO] [stderr] error: test failed, to rerun pass `--test connection`
[INFO] running `Command { std: "docker" "inspect" "056e54d8a6fd676a28e0bdb2e26d126ff96706b43cc02001d9f82af733292433", kill_on_drop: false }`
[INFO] running `Command { std: "docker" "rm" "-f" "056e54d8a6fd676a28e0bdb2e26d126ff96706b43cc02001d9f82af733292433", kill_on_drop: false }`
[INFO] [stdout] 056e54d8a6fd676a28e0bdb2e26d126ff96706b43cc02001d9f82af733292433
