[INFO] fetching crate lamport-sig 0.1.1...
[INFO] testing lamport-sig-0.1.1 against nightly-2024-10-28 for randomize-layout
[INFO] extracting crate lamport-sig 0.1.1 into /workspace/builds/worker-0-tc1/source
[INFO] validating manifest of crates.io crate lamport-sig 0.1.1 on toolchain nightly-2024-10-28
[INFO] running `Command { std: CARGO_HOME="/workspace/cargo-home" RUSTUP_HOME="/workspace/rustup-home" "/workspace/cargo-home/bin/cargo" "+nightly-2024-10-28" "metadata" "--manifest-path" "Cargo.toml" "--no-deps", kill_on_drop: false }`
[INFO] started tweaking crates.io crate lamport-sig 0.1.1
[INFO] finished tweaking crates.io crate lamport-sig 0.1.1
[INFO] tweaked toml for crates.io crate lamport-sig 0.1.1 written to /workspace/builds/worker-0-tc1/source/Cargo.toml
[INFO] running `Command { std: CARGO_HOME="/workspace/cargo-home" RUSTUP_HOME="/workspace/rustup-home" "/workspace/cargo-home/bin/cargo" "+nightly-2024-10-28" "generate-lockfile" "--manifest-path" "Cargo.toml", kill_on_drop: false }`
[INFO] [stderr]     Updating crates.io index
[INFO] [stderr]      Locking 33 packages to latest compatible versions
[INFO] [stderr]       Adding rand v0.7.3 (available: v0.8.5)
[INFO] [stderr]       Adding rustc-hex v1.0.0 (available: v2.1.0)
[INFO] [stderr]       Adding wasi v0.10.0+wasi-snapshot-preview1 (available: v0.10.2+wasi-snapshot-preview1)
[INFO] running `Command { std: CARGO_HOME="/workspace/cargo-home" RUSTUP_HOME="/workspace/rustup-home" "/workspace/cargo-home/bin/cargo" "+nightly-2024-10-28" "fetch" "--manifest-path" "Cargo.toml", kill_on_drop: false }`
[INFO] [stderr]  Downloading crates ...
[INFO] [stderr]   Downloaded rustc-hex v1.0.0
[INFO] running `Command { std: "docker" "create" "-v" "/var/lib/crater-agent-workspace/builds/worker-0-tc1/target:/opt/rustwide/target:rw,Z" "-v" "/var/lib/crater-agent-workspace/builds/worker-0-tc1/source:/opt/rustwide/workdir:ro,Z" "-v" "/var/lib/crater-agent-workspace/cargo-home:/opt/rustwide/cargo-home:ro,Z" "-v" "/var/lib/crater-agent-workspace/rustup-home:/opt/rustwide/rustup-home:ro,Z" "-e" "SOURCE_DIR=/opt/rustwide/workdir" "-e" "CARGO_TARGET_DIR=/opt/rustwide/target" "-e" "CARGO_HOME=/opt/rustwide/cargo-home" "-e" "RUSTUP_HOME=/opt/rustwide/rustup-home" "-w" "/opt/rustwide/workdir" "-m" "1610612736" "--user" "0:0" "--network" "none" "ghcr.io/rust-lang/crates-build-env/linux@sha256:4a844ea9eb2546a2d2c7022eacef16ef2e8229c7fbb2c7d4d55a9ceca922f72d" "/opt/rustwide/cargo-home/bin/cargo" "+nightly-2024-10-28" "metadata" "--no-deps" "--format-version=1", kill_on_drop: false }`
[INFO] [stdout] 141fb95eba695ec51c90be2d44799ef5e67812823965f58d9c6968fae4959518
[INFO] running `Command { std: "docker" "start" "-a" "141fb95eba695ec51c90be2d44799ef5e67812823965f58d9c6968fae4959518", kill_on_drop: false }`
[INFO] running `Command { std: "docker" "inspect" "141fb95eba695ec51c90be2d44799ef5e67812823965f58d9c6968fae4959518", kill_on_drop: false }`
[INFO] running `Command { std: "docker" "rm" "-f" "141fb95eba695ec51c90be2d44799ef5e67812823965f58d9c6968fae4959518", kill_on_drop: false }`
[INFO] [stdout] 141fb95eba695ec51c90be2d44799ef5e67812823965f58d9c6968fae4959518
[INFO] running `Command { std: "docker" "create" "-v" "/var/lib/crater-agent-workspace/builds/worker-0-tc1/target:/opt/rustwide/target:rw,Z" "-v" "/var/lib/crater-agent-workspace/builds/worker-0-tc1/source:/opt/rustwide/workdir:ro,Z" "-v" "/var/lib/crater-agent-workspace/cargo-home:/opt/rustwide/cargo-home:ro,Z" "-v" "/var/lib/crater-agent-workspace/rustup-home:/opt/rustwide/rustup-home:ro,Z" "-e" "SOURCE_DIR=/opt/rustwide/workdir" "-e" "CARGO_TARGET_DIR=/opt/rustwide/target" "-e" "CARGO_INCREMENTAL=0" "-e" "RUST_BACKTRACE=full" "-e" "RUSTFLAGS=--cap-lints=forbid" "-e" "RUSTDOCFLAGS=--cap-lints=forbid" "-e" "CARGO_HOME=/opt/rustwide/cargo-home" "-e" "RUSTUP_HOME=/opt/rustwide/rustup-home" "-w" "/opt/rustwide/workdir" "-m" "1610612736" "--user" "0:0" "--network" "none" "ghcr.io/rust-lang/crates-build-env/linux@sha256:4a844ea9eb2546a2d2c7022eacef16ef2e8229c7fbb2c7d4d55a9ceca922f72d" "/opt/rustwide/cargo-home/bin/cargo" "+nightly-2024-10-28" "build" "--frozen" "--message-format=json", kill_on_drop: false }`
[INFO] [stdout] 91983c416b74fef03105cd0a420f93c5a20bdd9e52ae56c5bfe2026e45325043
[INFO] running `Command { std: "docker" "start" "-a" "91983c416b74fef03105cd0a420f93c5a20bdd9e52ae56c5bfe2026e45325043", kill_on_drop: false }`
[INFO] [stderr]    Compiling gcc v0.3.55
[INFO] [stderr]    Compiling crunchy v0.1.6
[INFO] [stderr]    Compiling rustc-serialize v0.3.25
[INFO] [stderr]    Compiling rustc-hex v1.0.0
[INFO] [stderr]    Compiling getrandom v0.1.16
[INFO] [stderr]    Compiling rand v0.4.6
[INFO] [stderr]    Compiling time v0.1.45
[INFO] [stderr]    Compiling zerocopy v0.7.35
[INFO] [stderr]    Compiling rand_core v0.5.1
[INFO] [stderr]    Compiling bigint v4.4.3
[INFO] [stderr]    Compiling rust-crypto v0.2.36
[INFO] [stderr]    Compiling rand v0.3.23
[INFO] [stderr]    Compiling ppv-lite86 v0.2.20
[INFO] [stderr]    Compiling rand_chacha v0.2.2
[INFO] [stderr]    Compiling rand v0.7.3
[INFO] [stderr]    Compiling lamport-sig v0.1.1 (/opt/rustwide/workdir)
[INFO] [stdout] warning: unused import: `std::iter::repeat`
[INFO] [stdout]  --> src/key.rs:5:5
[INFO] [stdout]   |
[INFO] [stdout] 5 | use std::iter::repeat;
[INFO] [stdout]   |     ^^^^^^^^^^^^^^^^^
[INFO] [stdout]   |
[INFO] [stdout]   = note: `#[warn(unused_imports)]` on by default
[INFO] [stdout] 
[INFO] [stdout] 
[INFO] [stdout] warning: variable does not need to be mutable
[INFO] [stdout]   --> src/key.rs:39:13
[INFO] [stdout]    |
[INFO] [stdout] 39 |         let mut message = message_creation(plain_text);
[INFO] [stdout]    |             ----^^^^^^^
[INFO] [stdout]    |             |
[INFO] [stdout]    |             help: remove this `mut`
[INFO] [stdout]    |
[INFO] [stdout]    = note: `#[warn(unused_mut)]` on by default
[INFO] [stdout] 
[INFO] [stdout] 
[INFO] [stdout] warning: variable does not need to be mutable
[INFO] [stdout]   --> src/key.rs:58:13
[INFO] [stdout]    |
[INFO] [stdout] 58 |         let mut message = message_creation(plain_text);
[INFO] [stdout]    |             ----^^^^^^^
[INFO] [stdout]    |             |
[INFO] [stdout]    |             help: remove this `mut`
[INFO] [stdout] 
[INFO] [stdout] 
[INFO] [stdout] warning: struct `PrivateKey` is never constructed
[INFO] [stdout]  --> src/key.rs:8:12
[INFO] [stdout]   |
[INFO] [stdout] 8 | pub struct PrivateKey {
[INFO] [stdout]   |            ^^^^^^^^^^
[INFO] [stdout]   |
[INFO] [stdout]   = note: `PrivateKey` has derived impls for the traits `Clone` and `Debug`, but these are intentionally ignored during dead code analysis
[INFO] [stdout]   = note: `#[warn(dead_code)]` on by default
[INFO] [stdout] 
[INFO] [stdout] 
[INFO] [stdout] warning: struct `PublicKey` is never constructed
[INFO] [stdout]   --> src/key.rs:14:12
[INFO] [stdout]    |
[INFO] [stdout] 14 | pub struct PublicKey {
[INFO] [stdout]    |            ^^^^^^^^^
[INFO] [stdout]    |
[INFO] [stdout]    = note: `PublicKey` has derived impls for the traits `Clone` and `Debug`, but these are intentionally ignored during dead code analysis
[INFO] [stdout] 
[INFO] [stdout] 
[INFO] [stdout] warning: static `PRIVATE_KEY_LENGT` is never used
[INFO] [stdout]   --> src/key.rs:18:12
[INFO] [stdout]    |
[INFO] [stdout] 18 | pub static PRIVATE_KEY_LENGT: usize = 256;
[INFO] [stdout]    |            ^^^^^^^^^^^^^^^^^
[INFO] [stdout] 
[INFO] [stdout] 
[INFO] [stdout] warning: static `SIGNATURE_LENGT` is never used
[INFO] [stdout]   --> src/key.rs:19:12
[INFO] [stdout]    |
[INFO] [stdout] 19 | pub static SIGNATURE_LENGT: usize = 256;
[INFO] [stdout]    |            ^^^^^^^^^^^^^^^
[INFO] [stdout] 
[INFO] [stdout] 
[INFO] [stdout] warning: associated items `new`, `sign`, and `to_public_key` are never used
[INFO] [stdout]   --> src/key.rs:22:12
[INFO] [stdout]    |
[INFO] [stdout] 21 | impl PrivateKey {
[INFO] [stdout]    | --------------- associated items in this implementation
[INFO] [stdout] 22 |     pub fn new() -> PrivateKey {
[INFO] [stdout]    |            ^^^
[INFO] [stdout] ...
[INFO] [stdout] 38 |     pub fn sign(&self, plain_text: &str) -> Vec<U256> {
[INFO] [stdout]    |            ^^^^
[INFO] [stdout] ...
[INFO] [stdout] 51 |     pub fn to_public_key(&self) -> PublicKey {
[INFO] [stdout]    |            ^^^^^^^^^^^^^
[INFO] [stdout] 
[INFO] [stdout] 
[INFO] [stdout] warning: method `verify` is never used
[INFO] [stdout]   --> src/key.rs:57:12
[INFO] [stdout]    |
[INFO] [stdout] 56 | impl PublicKey {
[INFO] [stdout]    | -------------- method in this implementation
[INFO] [stdout] 57 |     pub fn verify(&self, plain_text: &str, signature: Vec<U256>) -> bool {
[INFO] [stdout]    |            ^^^^^^
[INFO] [stdout] 
[INFO] [stdout] 
[INFO] [stdout] warning: function `prv_key_pair` is never used
[INFO] [stdout]   --> src/key.rs:70:4
[INFO] [stdout]    |
[INFO] [stdout] 70 | fn prv_key_pair() -> (U256, U256) {
[INFO] [stdout]    |    ^^^^^^^^^^^^
[INFO] [stdout] 
[INFO] [stdout] 
[INFO] [stdout] warning: function `random_uint256` is never used
[INFO] [stdout]   --> src/key.rs:74:4
[INFO] [stdout]    |
[INFO] [stdout] 74 | fn random_uint256() -> U256 {
[INFO] [stdout]    |    ^^^^^^^^^^^^^^
[INFO] [stdout] 
[INFO] [stdout] 
[INFO] [stdout] warning: function `u64_to_uint256` is never used
[INFO] [stdout]   --> src/key.rs:78:4
[INFO] [stdout]    |
[INFO] [stdout] 78 | fn u64_to_uint256() -> U256 {
[INFO] [stdout]    |    ^^^^^^^^^^^^^^
[INFO] [stdout] 
[INFO] [stdout] 
[INFO] [stdout] warning: function `pub_key_pair` is never used
[INFO] [stdout]   --> src/key.rs:83:4
[INFO] [stdout]    |
[INFO] [stdout] 83 | fn pub_key_pair(adam: &U256, eve: &U256) -> (U256, U256) {
[INFO] [stdout]    |    ^^^^^^^^^^^^
[INFO] [stdout] 
[INFO] [stdout] 
[INFO] [stdout] warning: function `sha256_hash` is never used
[INFO] [stdout]   --> src/key.rs:87:4
[INFO] [stdout]    |
[INFO] [stdout] 87 | fn sha256_hash(target: &str) -> U256 {
[INFO] [stdout]    |    ^^^^^^^^^^^
[INFO] [stdout] 
[INFO] [stdout] 
[INFO] [stdout] warning: function `message_creation` is never used
[INFO] [stdout]   --> src/key.rs:93:4
[INFO] [stdout]    |
[INFO] [stdout] 93 | fn message_creation(plain_text: &str) -> String {
[INFO] [stdout]    |    ^^^^^^^^^^^^^^^^
[INFO] [stdout] 
[INFO] [stdout] 
[INFO] [stdout] warning: function `text_to_binary` is never used
[INFO] [stdout]   --> src/key.rs:97:4
[INFO] [stdout]    |
[INFO] [stdout] 97 | fn text_to_binary(hashed_text: &str) -> String {
[INFO] [stdout]    |    ^^^^^^^^^^^^^^
[INFO] [stdout] 
[INFO] [stdout] 
[INFO] [stdout] warning: function `to_binary` is never used
[INFO] [stdout]    --> src/key.rs:101:4
[INFO] [stdout]     |
[INFO] [stdout] 101 | fn to_binary(c: char) -> String {
[INFO] [stdout]     |    ^^^^^^^^^
[INFO] [stdout] 
[INFO] [stdout] 
[INFO] [stdout] warning: function `from_str` is never used
[INFO] [stdout]    --> src/key.rs:123:4
[INFO] [stdout]     |
[INFO] [stdout] 123 | fn from_str(value: &str) -> U256 {
[INFO] [stdout]     |    ^^^^^^^^
[INFO] [stdout] 
[INFO] [stdout] 
[INFO] [stdout] warning: function `compare_with_pub` is never used
[INFO] [stdout]    --> src/key.rs:135:4
[INFO] [stdout]     |
[INFO] [stdout] 135 | fn compare_with_pub(signature: U256, pub_key: U256) -> bool {
[INFO] [stdout]     |    ^^^^^^^^^^^^^^^^
[INFO] [stdout] 
[INFO] [stdout] 
[INFO] [stderr]     Finished `dev` profile [unoptimized + debuginfo] target(s) in 3.68s
[INFO] [stderr] warning: the following packages contain code that will be rejected by a future version of Rust: bigint v4.4.3
[INFO] [stderr] note: to see what the problems were, use the option `--future-incompat-report`, or run `cargo report future-incompatibilities --id 1`
[INFO] running `Command { std: "docker" "inspect" "91983c416b74fef03105cd0a420f93c5a20bdd9e52ae56c5bfe2026e45325043", kill_on_drop: false }`
[INFO] running `Command { std: "docker" "rm" "-f" "91983c416b74fef03105cd0a420f93c5a20bdd9e52ae56c5bfe2026e45325043", kill_on_drop: false }`
[INFO] [stdout] 91983c416b74fef03105cd0a420f93c5a20bdd9e52ae56c5bfe2026e45325043
[INFO] running `Command { std: "docker" "create" "-v" "/var/lib/crater-agent-workspace/builds/worker-0-tc1/target:/opt/rustwide/target:rw,Z" "-v" "/var/lib/crater-agent-workspace/builds/worker-0-tc1/source:/opt/rustwide/workdir:ro,Z" "-v" "/var/lib/crater-agent-workspace/cargo-home:/opt/rustwide/cargo-home:ro,Z" "-v" "/var/lib/crater-agent-workspace/rustup-home:/opt/rustwide/rustup-home:ro,Z" "-e" "SOURCE_DIR=/opt/rustwide/workdir" "-e" "CARGO_TARGET_DIR=/opt/rustwide/target" "-e" "CARGO_INCREMENTAL=0" "-e" "RUST_BACKTRACE=full" "-e" "RUSTFLAGS=--cap-lints=forbid" "-e" "RUSTDOCFLAGS=--cap-lints=forbid" "-e" "CARGO_HOME=/opt/rustwide/cargo-home" "-e" "RUSTUP_HOME=/opt/rustwide/rustup-home" "-w" "/opt/rustwide/workdir" "-m" "1610612736" "--user" "0:0" "--network" "none" "ghcr.io/rust-lang/crates-build-env/linux@sha256:4a844ea9eb2546a2d2c7022eacef16ef2e8229c7fbb2c7d4d55a9ceca922f72d" "/opt/rustwide/cargo-home/bin/cargo" "+nightly-2024-10-28" "test" "--frozen" "--no-run" "--message-format=json", kill_on_drop: false }`
[INFO] [stdout] 593bc512d562265b46f34943bb509bfb584511ca3a167eb96c48d8bde192ce82
[INFO] running `Command { std: "docker" "start" "-a" "593bc512d562265b46f34943bb509bfb584511ca3a167eb96c48d8bde192ce82", kill_on_drop: false }`
[INFO] [stdout] warning: unused import: `std::iter::repeat`
[INFO] [stdout]  --> src/key.rs:5:5
[INFO] [stdout]   |
[INFO] [stdout] 5 | use std::iter::repeat;
[INFO] [stdout]   |     ^^^^^^^^^^^^^^^^^
[INFO] [stdout]   |
[INFO] [stdout]   = note: `#[warn(unused_imports)]` on by default
[INFO] [stdout] 
[INFO] [stdout] 
[INFO] [stdout] warning: variable does not need to be mutable
[INFO] [stdout]   --> src/key.rs:39:13
[INFO] [stdout]    |
[INFO] [stdout] 39 |         let mut message = message_creation(plain_text);
[INFO] [stdout]    |             ----^^^^^^^
[INFO] [stdout]    |             |
[INFO] [stdout]    |             help: remove this `mut`
[INFO] [stdout]    |
[INFO] [stdout]    = note: `#[warn(unused_mut)]` on by default
[INFO] [stdout] 
[INFO] [stdout] 
[INFO] [stdout] warning: variable does not need to be mutable
[INFO] [stdout]   --> src/key.rs:58:13
[INFO] [stdout]    |
[INFO] [stdout] 58 |         let mut message = message_creation(plain_text);
[INFO] [stdout]    |             ----^^^^^^^
[INFO] [stdout]    |             |
[INFO] [stdout]    |             help: remove this `mut`
[INFO] [stdout] 
[INFO] [stdout] 
[INFO] [stdout] warning: struct `PrivateKey` is never constructed
[INFO] [stdout]  --> src/key.rs:8:12
[INFO] [stdout]   |
[INFO] [stdout] 8 | pub struct PrivateKey {
[INFO] [stdout]   |            ^^^^^^^^^^
[INFO] [stdout]   |
[INFO] [stdout]   = note: `PrivateKey` has derived impls for the traits `Clone` and `Debug`, but these are intentionally ignored during dead code analysis
[INFO] [stdout]   = note: `#[warn(dead_code)]` on by default
[INFO] [stdout] 
[INFO] [stdout] 
[INFO] [stdout] warning: struct `PublicKey` is never constructed
[INFO] [stdout]   --> src/key.rs:14:12
[INFO] [stdout]    |
[INFO] [stdout] 14 | pub struct PublicKey {
[INFO] [stdout]    |            ^^^^^^^^^
[INFO] [stdout]    |
[INFO] [stdout]    = note: `PublicKey` has derived impls for the traits `Clone` and `Debug`, but these are intentionally ignored during dead code analysis
[INFO] [stdout] 
[INFO] [stdout] 
[INFO] [stdout] warning: static `PRIVATE_KEY_LENGT` is never used
[INFO] [stdout]   --> src/key.rs:18:12
[INFO] [stdout]    |
[INFO] [stdout] 18 | pub static PRIVATE_KEY_LENGT: usize = 256;
[INFO] [stdout]    |            ^^^^^^^^^^^^^^^^^
[INFO] [stdout] 
[INFO] [stdout] 
[INFO] [stdout] warning: static `SIGNATURE_LENGT` is never used
[INFO] [stdout]   --> src/key.rs:19:12
[INFO] [stdout]    |
[INFO] [stdout] 19 | pub static SIGNATURE_LENGT: usize = 256;
[INFO] [stdout]    |            ^^^^^^^^^^^^^^^
[INFO] [stdout] 
[INFO] [stdout] 
[INFO] [stdout] warning: associated items `new`, `sign`, and `to_public_key` are never used
[INFO] [stdout]   --> src/key.rs:22:12
[INFO] [stdout]    |
[INFO] [stdout] 21 | impl PrivateKey {
[INFO] [stdout]    | --------------- associated items in this implementation
[INFO] [stdout] 22 |     pub fn new() -> PrivateKey {
[INFO] [stdout]    |            ^^^
[INFO] [stdout] ...
[INFO] [stdout] 38 |     pub fn sign(&self, plain_text: &str) -> Vec<U256> {
[INFO] [stdout]    |            ^^^^
[INFO] [stdout] ...
[INFO] [stdout] 51 |     pub fn to_public_key(&self) -> PublicKey {
[INFO] [stdout]    |            ^^^^^^^^^^^^^
[INFO] [stdout] 
[INFO] [stdout] 
[INFO] [stdout] warning: method `verify` is never used
[INFO] [stdout]   --> src/key.rs:57:12
[INFO] [stdout]    |
[INFO] [stdout] 56 | impl PublicKey {
[INFO] [stdout]    | -------------- method in this implementation
[INFO] [stdout] 57 |     pub fn verify(&self, plain_text: &str, signature: Vec<U256>) -> bool {
[INFO] [stdout]    |            ^^^^^^
[INFO] [stdout] 
[INFO] [stdout] 
[INFO] [stdout] warning: function `prv_key_pair` is never used
[INFO] [stdout]   --> src/key.rs:70:4
[INFO] [stdout]    |
[INFO] [stdout] 70 | fn prv_key_pair() -> (U256, U256) {
[INFO] [stdout]    |    ^^^^^^^^^^^^
[INFO] [stdout] 
[INFO] [stdout] 
[INFO] [stdout] warning: function `random_uint256` is never used
[INFO] [stdout]   --> src/key.rs:74:4
[INFO] [stdout]    |
[INFO] [stdout] 74 | fn random_uint256() -> U256 {
[INFO] [stdout]    |    ^^^^^^^^^^^^^^
[INFO] [stdout] 
[INFO] [stdout] 
[INFO] [stdout] warning: function `u64_to_uint256` is never used
[INFO] [stdout]   --> src/key.rs:78:4
[INFO] [stdout]    |
[INFO] [stdout] 78 | fn u64_to_uint256() -> U256 {
[INFO] [stdout]    |    ^^^^^^^^^^^^^^
[INFO] [stdout] 
[INFO] [stdout] 
[INFO] [stdout] warning: function `pub_key_pair` is never used
[INFO] [stdout]   --> src/key.rs:83:4
[INFO] [stdout]    |
[INFO] [stdout] 83 | fn pub_key_pair(adam: &U256, eve: &U256) -> (U256, U256) {
[INFO] [stdout]    |    ^^^^^^^^^^^^
[INFO] [stdout] 
[INFO] [stdout] 
[INFO] [stdout] warning: function `sha256_hash` is never used
[INFO] [stdout]   --> src/key.rs:87:4
[INFO] [stdout]    |
[INFO] [stdout] 87 | fn sha256_hash(target: &str) -> U256 {
[INFO] [stdout]    |    ^^^^^^^^^^^
[INFO] [stdout] 
[INFO] [stdout] 
[INFO] [stdout] warning: function `message_creation` is never used
[INFO] [stdout]   --> src/key.rs:93:4
[INFO] [stdout]    |
[INFO] [stdout] 93 | fn message_creation(plain_text: &str) -> String {
[INFO] [stdout]    |    ^^^^^^^^^^^^^^^^
[INFO] [stdout] 
[INFO] [stdout] 
[INFO] [stdout] warning: function `text_to_binary` is never used
[INFO] [stdout]   --> src/key.rs:97:4
[INFO] [stdout]    |
[INFO] [stdout] 97 | fn text_to_binary(hashed_text: &str) -> String {
[INFO] [stdout]    |    ^^^^^^^^^^^^^^
[INFO] [stdout] 
[INFO] [stdout] 
[INFO] [stderr]    Compiling lamport-sig v0.1.1 (/opt/rustwide/workdir)
[INFO] [stdout] warning: function `to_binary` is never used
[INFO] [stdout]    --> src/key.rs:101:4
[INFO] [stdout]     |
[INFO] [stdout] 101 | fn to_binary(c: char) -> String {
[INFO] [stdout]     |    ^^^^^^^^^
[INFO] [stdout] 
[INFO] [stdout] 
[INFO] [stdout] warning: function `from_str` is never used
[INFO] [stdout]    --> src/key.rs:123:4
[INFO] [stdout]     |
[INFO] [stdout] 123 | fn from_str(value: &str) -> U256 {
[INFO] [stdout]     |    ^^^^^^^^
[INFO] [stdout] 
[INFO] [stdout] 
[INFO] [stdout] warning: function `compare_with_pub` is never used
[INFO] [stdout]    --> src/key.rs:135:4
[INFO] [stdout]     |
[INFO] [stdout] 135 | fn compare_with_pub(signature: U256, pub_key: U256) -> bool {
[INFO] [stdout]     |    ^^^^^^^^^^^^^^^^
[INFO] [stdout] 
[INFO] [stdout] 
[INFO] [stdout] warning: unused import: `std::iter::repeat`
[INFO] [stdout]  --> src/key.rs:5:5
[INFO] [stdout]   |
[INFO] [stdout] 5 | use std::iter::repeat;
[INFO] [stdout]   |     ^^^^^^^^^^^^^^^^^
[INFO] [stdout]   |
[INFO] [stdout]   = note: `#[warn(unused_imports)]` on by default
[INFO] [stdout] 
[INFO] [stdout] 
[INFO] [stdout] warning: variable does not need to be mutable
[INFO] [stdout]   --> src/key.rs:39:13
[INFO] [stdout]    |
[INFO] [stdout] 39 |         let mut message = message_creation(plain_text);
[INFO] [stdout]    |             ----^^^^^^^
[INFO] [stdout]    |             |
[INFO] [stdout]    |             help: remove this `mut`
[INFO] [stdout]    |
[INFO] [stdout]    = note: `#[warn(unused_mut)]` on by default
[INFO] [stdout] 
[INFO] [stdout] 
[INFO] [stdout] warning: variable does not need to be mutable
[INFO] [stdout]   --> src/key.rs:58:13
[INFO] [stdout]    |
[INFO] [stdout] 58 |         let mut message = message_creation(plain_text);
[INFO] [stdout]    |             ----^^^^^^^
[INFO] [stdout]    |             |
[INFO] [stdout]    |             help: remove this `mut`
[INFO] [stdout] 
[INFO] [stdout] 
[INFO] [stderr]     Finished `test` profile [unoptimized + debuginfo] target(s) in 0.24s
[INFO] [stderr] warning: the following packages contain code that will be rejected by a future version of Rust: bigint v4.4.3
[INFO] [stderr] note: to see what the problems were, use the option `--future-incompat-report`, or run `cargo report future-incompatibilities --id 1`
[INFO] running `Command { std: "docker" "inspect" "593bc512d562265b46f34943bb509bfb584511ca3a167eb96c48d8bde192ce82", kill_on_drop: false }`
[INFO] running `Command { std: "docker" "rm" "-f" "593bc512d562265b46f34943bb509bfb584511ca3a167eb96c48d8bde192ce82", kill_on_drop: false }`
[INFO] [stdout] 593bc512d562265b46f34943bb509bfb584511ca3a167eb96c48d8bde192ce82
[INFO] running `Command { std: "docker" "create" "-v" "/var/lib/crater-agent-workspace/builds/worker-0-tc1/target:/opt/rustwide/target:rw,Z" "-v" "/var/lib/crater-agent-workspace/builds/worker-0-tc1/source:/opt/rustwide/workdir:ro,Z" "-v" "/var/lib/crater-agent-workspace/cargo-home:/opt/rustwide/cargo-home:ro,Z" "-v" "/var/lib/crater-agent-workspace/rustup-home:/opt/rustwide/rustup-home:ro,Z" "-e" "SOURCE_DIR=/opt/rustwide/workdir" "-e" "CARGO_TARGET_DIR=/opt/rustwide/target" "-e" "CARGO_INCREMENTAL=0" "-e" "RUST_BACKTRACE=full" "-e" "RUSTFLAGS=--cap-lints=forbid" "-e" "RUSTDOCFLAGS=--cap-lints=forbid" "-e" "CARGO_HOME=/opt/rustwide/cargo-home" "-e" "RUSTUP_HOME=/opt/rustwide/rustup-home" "-w" "/opt/rustwide/workdir" "-m" "1610612736" "--user" "0:0" "--network" "none" "ghcr.io/rust-lang/crates-build-env/linux@sha256:4a844ea9eb2546a2d2c7022eacef16ef2e8229c7fbb2c7d4d55a9ceca922f72d" "/opt/rustwide/cargo-home/bin/cargo" "+nightly-2024-10-28" "test" "--frozen", kill_on_drop: false }`
[INFO] [stdout] 86b3af0235f07de07e2b8737d7a79d99fbff0f4d39bbe169704a6517d171dcf8
[INFO] running `Command { std: "docker" "start" "-a" "86b3af0235f07de07e2b8737d7a79d99fbff0f4d39bbe169704a6517d171dcf8", kill_on_drop: false }`
[INFO] [stderr] warning: unused import: `std::iter::repeat`
[INFO] [stderr]  --> src/key.rs:5:5
[INFO] [stderr]   |
[INFO] [stderr] 5 | use std::iter::repeat;
[INFO] [stderr]   |     ^^^^^^^^^^^^^^^^^
[INFO] [stderr]   |
[INFO] [stderr]   = note: `#[warn(unused_imports)]` on by default
[INFO] [stderr] 
[INFO] [stderr] warning: variable does not need to be mutable
[INFO] [stderr]   --> src/key.rs:39:13
[INFO] [stderr]    |
[INFO] [stderr] 39 |         let mut message = message_creation(plain_text);
[INFO] [stderr]    |             ----^^^^^^^
[INFO] [stderr]    |             |
[INFO] [stderr]    |             help: remove this `mut`
[INFO] [stderr]    |
[INFO] [stderr]    = note: `#[warn(unused_mut)]` on by default
[INFO] [stderr] 
[INFO] [stderr] warning: variable does not need to be mutable
[INFO] [stderr]   --> src/key.rs:58:13
[INFO] [stderr]    |
[INFO] [stderr] 58 |         let mut message = message_creation(plain_text);
[INFO] [stderr]    |             ----^^^^^^^
[INFO] [stderr]    |             |
[INFO] [stderr]    |             help: remove this `mut`
[INFO] [stderr] 
[INFO] [stderr] warning: struct `PrivateKey` is never constructed
[INFO] [stderr]  --> src/key.rs:8:12
[INFO] [stderr]   |
[INFO] [stderr] 8 | pub struct PrivateKey {
[INFO] [stderr]   |            ^^^^^^^^^^
[INFO] [stderr]   |
[INFO] [stderr]   = note: `PrivateKey` has derived impls for the traits `Clone` and `Debug`, but these are intentionally ignored during dead code analysis
[INFO] [stderr]   = note: `#[warn(dead_code)]` on by default
[INFO] [stderr] 
[INFO] [stderr] warning: struct `PublicKey` is never constructed
[INFO] [stderr]   --> src/key.rs:14:12
[INFO] [stderr]    |
[INFO] [stderr] 14 | pub struct PublicKey {
[INFO] [stderr]    |            ^^^^^^^^^
[INFO] [stderr]    |
[INFO] [stderr]    = note: `PublicKey` has derived impls for the traits `Clone` and `Debug`, but these are intentionally ignored during dead code analysis
[INFO] [stderr] 
[INFO] [stderr] warning: static `PRIVATE_KEY_LENGT` is never used
[INFO] [stderr]   --> src/key.rs:18:12
[INFO] [stderr]    |
[INFO] [stderr] 18 | pub static PRIVATE_KEY_LENGT: usize = 256;
[INFO] [stderr]    |            ^^^^^^^^^^^^^^^^^
[INFO] [stderr] 
[INFO] [stderr] warning: static `SIGNATURE_LENGT` is never used
[INFO] [stderr]   --> src/key.rs:19:12
[INFO] [stderr]    |
[INFO] [stderr] 19 | pub static SIGNATURE_LENGT: usize = 256;
[INFO] [stderr]    |            ^^^^^^^^^^^^^^^
[INFO] [stderr] 
[INFO] [stderr] warning: associated items `new`, `sign`, and `to_public_key` are never used
[INFO] [stderr]   --> src/key.rs:22:12
[INFO] [stderr]    |
[INFO] [stderr] 21 | impl PrivateKey {
[INFO] [stderr]    | --------------- associated items in this implementation
[INFO] [stderr] 22 |     pub fn new() -> PrivateKey {
[INFO] [stderr]    |            ^^^
[INFO] [stderr] ...
[INFO] [stderr] 38 |     pub fn sign(&self, plain_text: &str) -> Vec<U256> {
[INFO] [stderr]    |            ^^^^
[INFO] [stderr] ...
[INFO] [stderr] 51 |     pub fn to_public_key(&self) -> PublicKey {
[INFO] [stderr]    |            ^^^^^^^^^^^^^
[INFO] [stderr] 
[INFO] [stderr] warning: method `verify` is never used
[INFO] [stderr]   --> src/key.rs:57:12
[INFO] [stderr]    |
[INFO] [stderr] 56 | impl PublicKey {
[INFO] [stderr]    | -------------- method in this implementation
[INFO] [stderr] 57 |     pub fn verify(&self, plain_text: &str, signature: Vec<U256>) -> bool {
[INFO] [stderr]    |            ^^^^^^
[INFO] [stderr] 
[INFO] [stderr] warning: function `prv_key_pair` is never used
[INFO] [stderr]   --> src/key.rs:70:4
[INFO] [stderr]    |
[INFO] [stderr] 70 | fn prv_key_pair() -> (U256, U256) {
[INFO] [stderr]    |    ^^^^^^^^^^^^
[INFO] [stderr] 
[INFO] [stderr] warning: function `random_uint256` is never used
[INFO] [stderr]   --> src/key.rs:74:4
[INFO] [stderr]    |
[INFO] [stderr] 74 | fn random_uint256() -> U256 {
[INFO] [stderr]    |    ^^^^^^^^^^^^^^
[INFO] [stderr] 
[INFO] [stderr] warning: function `u64_to_uint256` is never used
[INFO] [stderr]   --> src/key.rs:78:4
[INFO] [stderr]    |
[INFO] [stderr] 78 | fn u64_to_uint256() -> U256 {
[INFO] [stderr]    |    ^^^^^^^^^^^^^^
[INFO] [stderr] 
[INFO] [stderr] warning: function `pub_key_pair` is never used
[INFO] [stderr]   --> src/key.rs:83:4
[INFO] [stderr]    |
[INFO] [stderr] 83 | fn pub_key_pair(adam: &U256, eve: &U256) -> (U256, U256) {
[INFO] [stderr]    |    ^^^^^^^^^^^^
[INFO] [stderr] 
[INFO] [stderr] warning: function `sha256_hash` is never used
[INFO] [stderr]   --> src/key.rs:87:4
[INFO] [stderr]    |
[INFO] [stderr] 87 | fn sha256_hash(target: &str) -> U256 {
[INFO] [stderr]    |    ^^^^^^^^^^^
[INFO] [stderr] 
[INFO] [stderr] warning: function `message_creation` is never used
[INFO] [stderr]   --> src/key.rs:93:4
[INFO] [stderr]    |
[INFO] [stderr] 93 | fn message_creation(plain_text: &str) -> String {
[INFO] [stderr]    |    ^^^^^^^^^^^^^^^^
[INFO] [stderr] 
[INFO] [stderr] warning: function `text_to_binary` is never used
[INFO] [stderr]   --> src/key.rs:97:4
[INFO] [stderr]    |
[INFO] [stderr] 97 | fn text_to_binary(hashed_text: &str) -> String {
[INFO] [stderr]    |    ^^^^^^^^^^^^^^
[INFO] [stderr] 
[INFO] [stderr] warning: function `to_binary` is never used
[INFO] [stderr]    --> src/key.rs:101:4
[INFO] [stderr]     |
[INFO] [stderr] 101 | fn to_binary(c: char) -> String {
[INFO] [stderr]     |    ^^^^^^^^^
[INFO] [stderr] 
[INFO] [stderr] warning: function `from_str` is never used
[INFO] [stderr]    --> src/key.rs:123:4
[INFO] [stderr]     |
[INFO] [stderr] 123 | fn from_str(value: &str) -> U256 {
[INFO] [stderr]     |    ^^^^^^^^
[INFO] [stderr] 
[INFO] [stderr] warning: function `compare_with_pub` is never used
[INFO] [stderr]    --> src/key.rs:135:4
[INFO] [stderr]     |
[INFO] [stderr] 135 | fn compare_with_pub(signature: U256, pub_key: U256) -> bool {
[INFO] [stderr]     |    ^^^^^^^^^^^^^^^^
[INFO] [stderr] 
[INFO] [stderr] warning: `lamport-sig` (lib) generated 19 warnings (run `cargo fix --lib -p lamport-sig` to apply 3 suggestions)
[INFO] [stderr] warning: `lamport-sig` (lib test) generated 3 warnings (3 duplicates)
[INFO] [stderr]     Finished `test` profile [unoptimized + debuginfo] target(s) in 0.04s
[INFO] [stderr] warning: the following packages contain code that will be rejected by a future version of Rust: bigint v4.4.3
[INFO] [stderr] note: to see what the problems were, use the option `--future-incompat-report`, or run `cargo report future-incompatibilities --id 1`
[INFO] [stderr]      Running unittests src/lib.rs (/opt/rustwide/target/debug/deps/lamport_sig-667ba73f9262c580)
[INFO] [stdout] 
[INFO] [stdout] running 7 tests
[INFO] [stdout] test key::tests::test_sha256_hash ... ok
[INFO] [stdout] test key::tests::test_to_binary ... ok
[INFO] [stdout] test key::tests::test_u64_to_bigint ... FAILED
[INFO] [stdout] test key::tests::test_sign_message ... ok
[INFO] [stdout] test tests::test_lamport_signature ... ok
[INFO] [stdout] test key::tests::test_verify_signature ... ok
[INFO] [stdout] test key::tests::test_to_public_key ... ok
[INFO] [stdout] 
[INFO] [stdout] failures:
[INFO] [stdout] 
[INFO] [stdout] ---- key::tests::test_u64_to_bigint stdout ----
[INFO] [stdout] thread 'key::tests::test_u64_to_bigint' panicked at src/key.rs:147:9:
[INFO] [stdout] assertion `left == right` failed
[INFO] [stdout]   left: "bigint::uint::U256::{{constructor}}"
[INFO] [stdout]  right: "bigint::uint::U256"
[INFO] [stdout] stack backtrace:
[INFO] [stdout]    0:     0x5a39da60cd9a - std::backtrace_rs::backtrace::libunwind::trace::h207520d6e9873551
[INFO] [stdout]                                at /rustc/df4ca44d3fbc9301ee17f30f4d474e6ae4b05252/library/std/src/../../backtrace/src/backtrace/libunwind.rs:116:5
[INFO] [stdout]    1:     0x5a39da60cd9a - std::backtrace_rs::backtrace::trace_unsynchronized::h2ed7433f370e3eca
[INFO] [stdout]                                at /rustc/df4ca44d3fbc9301ee17f30f4d474e6ae4b05252/library/std/src/../../backtrace/src/backtrace/mod.rs:66:5
[INFO] [stdout]    2:     0x5a39da60cd9a - std::sys::backtrace::_print_fmt::h916fac51166b18d7
[INFO] [stdout]                                at /rustc/df4ca44d3fbc9301ee17f30f4d474e6ae4b05252/library/std/src/sys/backtrace.rs:66:9
[INFO] [stdout]    3:     0x5a39da60cd9a - <std::sys::backtrace::BacktraceLock::print::DisplayBacktrace as core::fmt::Display>::fmt::ha0a4c9b8ce3802e6
[INFO] [stdout]                                at /rustc/df4ca44d3fbc9301ee17f30f4d474e6ae4b05252/library/std/src/sys/backtrace.rs:39:26
[INFO] [stdout]    4:     0x5a39da6338d3 - core::fmt::rt::Argument::fmt::h4cfc8587d52b3eb5
[INFO] [stdout]                                at /rustc/df4ca44d3fbc9301ee17f30f4d474e6ae4b05252/library/core/src/fmt/rt.rs:177:76
[INFO] [stdout]    5:     0x5a39da6338d3 - core::fmt::write::h522cc39e5b36ae9f
[INFO] [stdout]                                at /rustc/df4ca44d3fbc9301ee17f30f4d474e6ae4b05252/library/core/src/fmt/mod.rs:1190:21
[INFO] [stdout]    6:     0x5a39da609a03 - std::io::Write::write_fmt::h7d3c26752da97734
[INFO] [stdout]                                at /rustc/df4ca44d3fbc9301ee17f30f4d474e6ae4b05252/library/std/src/io/mod.rs:1839:15
[INFO] [stdout]    7:     0x5a39da60cbe2 - std::sys::backtrace::BacktraceLock::print::h4b9e00b29e9c0942
[INFO] [stdout]                                at /rustc/df4ca44d3fbc9301ee17f30f4d474e6ae4b05252/library/std/src/sys/backtrace.rs:42:9
[INFO] [stdout]    8:     0x5a39da60e22a - std::panicking::default_hook::{{closure}}::hb59b88280d0324d9
[INFO] [stdout]                                at /rustc/df4ca44d3fbc9301ee17f30f4d474e6ae4b05252/library/std/src/panicking.rs:268:22
[INFO] [stdout]    9:     0x5a39da60e034 - std::panicking::default_hook::he1dd496665be4a29
[INFO] [stdout]                                at /rustc/df4ca44d3fbc9301ee17f30f4d474e6ae4b05252/library/std/src/panicking.rs:292:9
[INFO] [stdout]   10:     0x5a39da58e6f9 - <alloc::boxed::Box<F,A> as core::ops::function::Fn<Args>>::call::h4ff71de18744e1dc
[INFO] [stdout]                                at /rustc/df4ca44d3fbc9301ee17f30f4d474e6ae4b05252/library/alloc/src/boxed.rs:2468:9
[INFO] [stdout]   11:     0x5a39da58e6f9 - test::test_main::{{closure}}::hcf7c055ce117aa81
[INFO] [stdout]                                at /rustc/df4ca44d3fbc9301ee17f30f4d474e6ae4b05252/library/test/src/lib.rs:133:21
[INFO] [stdout]   12:     0x5a39da60e928 - <alloc::boxed::Box<F,A> as core::ops::function::Fn<Args>>::call::h1d66c6bbd60c9692
[INFO] [stdout]                                at /rustc/df4ca44d3fbc9301ee17f30f4d474e6ae4b05252/library/alloc/src/boxed.rs:2468:9
[INFO] [stdout]   13:     0x5a39da60e928 - std::panicking::rust_panic_with_hook::h2ff17fe8f26dfcf8
[INFO] [stdout]                                at /rustc/df4ca44d3fbc9301ee17f30f4d474e6ae4b05252/library/std/src/panicking.rs:809:13
[INFO] [stdout]   14:     0x5a39da60e6ea - std::panicking::begin_panic_handler::{{closure}}::h4fad77951c07e101
[INFO] [stdout]                                at /rustc/df4ca44d3fbc9301ee17f30f4d474e6ae4b05252/library/std/src/panicking.rs:674:13
[INFO] [stdout]   15:     0x5a39da60d279 - std::sys::backtrace::__rust_end_short_backtrace::hb1a25b3da5d0ea08
[INFO] [stdout]                                at /rustc/df4ca44d3fbc9301ee17f30f4d474e6ae4b05252/library/std/src/sys/backtrace.rs:170:18
[INFO] [stdout]   16:     0x5a39da60e37c - rust_begin_unwind
[INFO] [stdout]                                at /rustc/df4ca44d3fbc9301ee17f30f4d474e6ae4b05252/library/std/src/panicking.rs:665:5
[INFO] [stdout]   17:     0x5a39da6322d0 - core::panicking::panic_fmt::ha9db07b529f9b256
[INFO] [stdout]                                at /rustc/df4ca44d3fbc9301ee17f30f4d474e6ae4b05252/library/core/src/panicking.rs:75:14
[INFO] [stdout]   18:     0x5a39da63269b - core::panicking::assert_failed_inner::h04f38944d74a80a8
[INFO] [stdout]   19:     0x5a39da54fc4e - core::panicking::assert_failed::h1006c18ac3d3c4a7
[INFO] [stdout]                                at /rustc/df4ca44d3fbc9301ee17f30f4d474e6ae4b05252/library/core/src/panicking.rs:377:5
[INFO] [stdout]   20:     0x5a39da553cde - lamport_sig::key::tests::test_u64_to_bigint::h20e419401bc15e7d
[INFO] [stdout]                                at /opt/rustwide/workdir/src/key.rs:147:9
[INFO] [stdout]   21:     0x5a39da553c07 - lamport_sig::key::tests::test_u64_to_bigint::{{closure}}::h90e44fe6ea1fe4dd
[INFO] [stdout]                                at /opt/rustwide/workdir/src/key.rs:145:28
[INFO] [stdout]   22:     0x5a39da54e9a6 - core::ops::function::FnOnce::call_once::h8e050dd39806eacf
[INFO] [stdout]                                at /rustc/df4ca44d3fbc9301ee17f30f4d474e6ae4b05252/library/core/src/ops/function.rs:250:5
[INFO] [stdout]   23:     0x5a39da592fcb - core::ops::function::FnOnce::call_once::h22c3ba5715e93f05
[INFO] [stdout]                                at /rustc/df4ca44d3fbc9301ee17f30f4d474e6ae4b05252/library/core/src/ops/function.rs:250:5
[INFO] [stdout]   24:     0x5a39da592fcb - test::__rust_begin_short_backtrace::h8e82d8113d0da17f
[INFO] [stdout]                                at /rustc/df4ca44d3fbc9301ee17f30f4d474e6ae4b05252/library/test/src/lib.rs:621:18
[INFO] [stdout]   25:     0x5a39da592947 - test::run_test_in_process::{{closure}}::h33235f4f20b7b7c7
[INFO] [stdout]                                at /rustc/df4ca44d3fbc9301ee17f30f4d474e6ae4b05252/library/test/src/lib.rs:644:60
[INFO] [stdout]   26:     0x5a39da592947 - <core::panic::unwind_safe::AssertUnwindSafe<F> as core::ops::function::FnOnce<()>>::call_once::hb5043206310c586f
[INFO] [stdout]                                at /rustc/df4ca44d3fbc9301ee17f30f4d474e6ae4b05252/library/core/src/panic/unwind_safe.rs:272:9
[INFO] [stdout]   27:     0x5a39da592947 - std::panicking::try::do_call::h9ad4731a60ab23e2
[INFO] [stdout]                                at /rustc/df4ca44d3fbc9301ee17f30f4d474e6ae4b05252/library/std/src/panicking.rs:557:40
[INFO] [stdout]   28:     0x5a39da592947 - std::panicking::try::h3824d23db772a716
[INFO] [stdout]                                at /rustc/df4ca44d3fbc9301ee17f30f4d474e6ae4b05252/library/std/src/panicking.rs:520:19
[INFO] [stdout]   29:     0x5a39da592947 - std::panic::catch_unwind::h5afd514605fde46b
[INFO] [stdout]                                at /rustc/df4ca44d3fbc9301ee17f30f4d474e6ae4b05252/library/std/src/panic.rs:358:14
[INFO] [stdout]   30:     0x5a39da592947 - test::run_test_in_process::h0d5cbfa7067d1720
[INFO] [stdout]                                at /rustc/df4ca44d3fbc9301ee17f30f4d474e6ae4b05252/library/test/src/lib.rs:644:27
[INFO] [stdout]   31:     0x5a39da592947 - test::run_test::{{closure}}::h708eb8872708115d
[INFO] [stdout]                                at /rustc/df4ca44d3fbc9301ee17f30f4d474e6ae4b05252/library/test/src/lib.rs:565:43
[INFO] [stdout]   32:     0x5a39da556064 - test::run_test::{{closure}}::h392c51cee94713ab
[INFO] [stdout]                                at /rustc/df4ca44d3fbc9301ee17f30f4d474e6ae4b05252/library/test/src/lib.rs:595:41
[INFO] [stdout]   33:     0x5a39da556064 - std::sys::backtrace::__rust_begin_short_backtrace::h2f40290710935a8b
[INFO] [stdout]                                at /rustc/df4ca44d3fbc9301ee17f30f4d474e6ae4b05252/library/std/src/sys/backtrace.rs:154:18
[INFO] [stdout]   34:     0x5a39da55980e - std::thread::Builder::spawn_unchecked_::{{closure}}::{{closure}}::h3fd968d89053a903
[INFO] [stdout]                                at /rustc/df4ca44d3fbc9301ee17f30f4d474e6ae4b05252/library/std/src/thread/mod.rs:541:17
[INFO] [stdout]   35:     0x5a39da55980e - <core::panic::unwind_safe::AssertUnwindSafe<F> as core::ops::function::FnOnce<()>>::call_once::h743f637ba4229880
[INFO] [stdout]                                at /rustc/df4ca44d3fbc9301ee17f30f4d474e6ae4b05252/library/core/src/panic/unwind_safe.rs:272:9
[INFO] [stdout]   36:     0x5a39da55980e - std::panicking::try::do_call::h07440897322525a6
[INFO] [stdout]                                at /rustc/df4ca44d3fbc9301ee17f30f4d474e6ae4b05252/library/std/src/panicking.rs:557:40
[INFO] [stdout]   37:     0x5a39da55980e - std::panicking::try::he5a2e00188156637
[INFO] [stdout]                                at /rustc/df4ca44d3fbc9301ee17f30f4d474e6ae4b05252/library/std/src/panicking.rs:520:19
[INFO] [stdout]   38:     0x5a39da55980e - std::panic::catch_unwind::hbaf3cae49b3c6433
[INFO] [stdout]                                at /rustc/df4ca44d3fbc9301ee17f30f4d474e6ae4b05252/library/std/src/panic.rs:358:14
[INFO] [stdout]   39:     0x5a39da55980e - std::thread::Builder::spawn_unchecked_::{{closure}}::h8e141ea224820bce
[INFO] [stdout]                                at /rustc/df4ca44d3fbc9301ee17f30f4d474e6ae4b05252/library/std/src/thread/mod.rs:540:30
[INFO] [stdout]   40:     0x5a39da55980e - core::ops::function::FnOnce::call_once{{vtable.shim}}::h90d312fedd7b8ea8
[INFO] [stdout]                                at /rustc/df4ca44d3fbc9301ee17f30f4d474e6ae4b05252/library/core/src/ops/function.rs:250:5
[INFO] [stdout]   41:     0x5a39da61271b - <alloc::boxed::Box<F,A> as core::ops::function::FnOnce<Args>>::call_once::h69aa08ddb6adb8b6
[INFO] [stdout]                                at /rustc/df4ca44d3fbc9301ee17f30f4d474e6ae4b05252/library/alloc/src/boxed.rs:2454:9
[INFO] [stdout]   42:     0x5a39da61271b - <alloc::boxed::Box<F,A> as core::ops::function::FnOnce<Args>>::call_once::h5aa36efdb79c806f
[INFO] [stdout]                                at /rustc/df4ca44d3fbc9301ee17f30f4d474e6ae4b05252/library/alloc/src/boxed.rs:2454:9
[INFO] [stdout]   43:     0x5a39da61271b - std::sys::pal::unix::thread::Thread::new::thread_start::h6cd80a1b4be5158d
[INFO] [stdout]                                at /rustc/df4ca44d3fbc9301ee17f30f4d474e6ae4b05252/library/std/src/sys/pal/unix/thread.rs:105:17
[INFO] [stdout]   44:     0x756a6049aac3 - <unknown>
[INFO] [stdout]   45:     0x756a6052ba04 - clone
[INFO] [stdout]   46:                0x0 - <unknown>
[INFO] [stdout] 
[INFO] [stdout] 
[INFO] [stdout] failures:
[INFO] [stdout]     key::tests::test_u64_to_bigint
[INFO] [stdout] 
[INFO] [stdout] test result: FAILED. 6 passed; 1 failed; 0 ignored; 0 measured; 0 filtered out; finished in 3.15s
[INFO] [stdout] 
[INFO] [stderr] error: test failed, to rerun pass `--lib`
[INFO] running `Command { std: "docker" "inspect" "86b3af0235f07de07e2b8737d7a79d99fbff0f4d39bbe169704a6517d171dcf8", kill_on_drop: false }`
[INFO] running `Command { std: "docker" "rm" "-f" "86b3af0235f07de07e2b8737d7a79d99fbff0f4d39bbe169704a6517d171dcf8", kill_on_drop: false }`
[INFO] [stdout] 86b3af0235f07de07e2b8737d7a79d99fbff0f4d39bbe169704a6517d171dcf8
