[INFO] fetching crate lambda_helpers_metrics 0.1.0-alpha.2...
[INFO] testing lambda_helpers_metrics-0.1.0-alpha.2 against nightly-2024-10-28 for randomize-layout
[INFO] extracting crate lambda_helpers_metrics 0.1.0-alpha.2 into /workspace/builds/worker-7-tc1/source
[INFO] validating manifest of crates.io crate lambda_helpers_metrics 0.1.0-alpha.2 on toolchain nightly-2024-10-28
[INFO] running `Command { std: CARGO_HOME="/workspace/cargo-home" RUSTUP_HOME="/workspace/rustup-home" "/workspace/cargo-home/bin/cargo" "+nightly-2024-10-28" "metadata" "--manifest-path" "Cargo.toml" "--no-deps", kill_on_drop: false }`
[INFO] started tweaking crates.io crate lambda_helpers_metrics 0.1.0-alpha.2
[INFO] finished tweaking crates.io crate lambda_helpers_metrics 0.1.0-alpha.2
[INFO] tweaked toml for crates.io crate lambda_helpers_metrics 0.1.0-alpha.2 written to /workspace/builds/worker-7-tc1/source/Cargo.toml
[INFO] running `Command { std: CARGO_HOME="/workspace/cargo-home" RUSTUP_HOME="/workspace/rustup-home" "/workspace/cargo-home/bin/cargo" "+nightly-2024-10-28" "generate-lockfile" "--manifest-path" "Cargo.toml", kill_on_drop: false }`
[INFO] [stderr]     Updating crates.io index
[INFO] [stderr]      Locking 41 packages to latest compatible versions
[INFO] running `Command { std: CARGO_HOME="/workspace/cargo-home" RUSTUP_HOME="/workspace/rustup-home" "/workspace/cargo-home/bin/cargo" "+nightly-2024-10-28" "fetch" "--manifest-path" "Cargo.toml", kill_on_drop: false }`
[INFO] running `Command { std: "docker" "create" "-v" "/var/lib/crater-agent-workspace/builds/worker-7-tc1/target:/opt/rustwide/target:rw,Z" "-v" "/var/lib/crater-agent-workspace/builds/worker-7-tc1/source:/opt/rustwide/workdir:ro,Z" "-v" "/var/lib/crater-agent-workspace/cargo-home:/opt/rustwide/cargo-home:ro,Z" "-v" "/var/lib/crater-agent-workspace/rustup-home:/opt/rustwide/rustup-home:ro,Z" "-e" "SOURCE_DIR=/opt/rustwide/workdir" "-e" "CARGO_TARGET_DIR=/opt/rustwide/target" "-e" "CARGO_HOME=/opt/rustwide/cargo-home" "-e" "RUSTUP_HOME=/opt/rustwide/rustup-home" "-w" "/opt/rustwide/workdir" "-m" "1610612736" "--user" "0:0" "--network" "none" "ghcr.io/rust-lang/crates-build-env/linux@sha256:4a844ea9eb2546a2d2c7022eacef16ef2e8229c7fbb2c7d4d55a9ceca922f72d" "/opt/rustwide/cargo-home/bin/cargo" "+nightly-2024-10-28" "metadata" "--no-deps" "--format-version=1", kill_on_drop: false }`
[INFO] [stdout] d4b401e41d04ee372dd27a7a5dfbcf6b01fc8a4427701b86267ee53d3e61a10f
[INFO] running `Command { std: "docker" "start" "-a" "d4b401e41d04ee372dd27a7a5dfbcf6b01fc8a4427701b86267ee53d3e61a10f", kill_on_drop: false }`
[INFO] running `Command { std: "docker" "inspect" "d4b401e41d04ee372dd27a7a5dfbcf6b01fc8a4427701b86267ee53d3e61a10f", kill_on_drop: false }`
[INFO] running `Command { std: "docker" "rm" "-f" "d4b401e41d04ee372dd27a7a5dfbcf6b01fc8a4427701b86267ee53d3e61a10f", kill_on_drop: false }`
[INFO] [stdout] d4b401e41d04ee372dd27a7a5dfbcf6b01fc8a4427701b86267ee53d3e61a10f
[INFO] running `Command { std: "docker" "create" "-v" "/var/lib/crater-agent-workspace/builds/worker-7-tc1/target:/opt/rustwide/target:rw,Z" "-v" "/var/lib/crater-agent-workspace/builds/worker-7-tc1/source:/opt/rustwide/workdir:ro,Z" "-v" "/var/lib/crater-agent-workspace/cargo-home:/opt/rustwide/cargo-home:ro,Z" "-v" "/var/lib/crater-agent-workspace/rustup-home:/opt/rustwide/rustup-home:ro,Z" "-e" "SOURCE_DIR=/opt/rustwide/workdir" "-e" "CARGO_TARGET_DIR=/opt/rustwide/target" "-e" "CARGO_INCREMENTAL=0" "-e" "RUST_BACKTRACE=full" "-e" "RUSTFLAGS=--cap-lints=forbid" "-e" "RUSTDOCFLAGS=--cap-lints=forbid" "-e" "CARGO_HOME=/opt/rustwide/cargo-home" "-e" "RUSTUP_HOME=/opt/rustwide/rustup-home" "-w" "/opt/rustwide/workdir" "-m" "1610612736" "--user" "0:0" "--network" "none" "ghcr.io/rust-lang/crates-build-env/linux@sha256:4a844ea9eb2546a2d2c7022eacef16ef2e8229c7fbb2c7d4d55a9ceca922f72d" "/opt/rustwide/cargo-home/bin/cargo" "+nightly-2024-10-28" "build" "--frozen" "--message-format=json", kill_on_drop: false }`
[INFO] [stdout] 8e1ab70521c554c093a4324b456376560d7c81da6031139b9fd4e0efee6cdec1
[INFO] running `Command { std: "docker" "start" "-a" "8e1ab70521c554c093a4324b456376560d7c81da6031139b9fd4e0efee6cdec1", kill_on_drop: false }`
[INFO] [stderr]    Compiling proc-macro2 v1.0.89
[INFO] [stderr]    Compiling unicode-ident v1.0.13
[INFO] [stderr]    Compiling autocfg v1.4.0
[INFO] [stderr]    Compiling serde v1.0.214
[INFO] [stderr]    Compiling serde_json v1.0.132
[INFO] [stderr]    Compiling ryu v1.0.18
[INFO] [stderr]    Compiling iana-time-zone v0.1.61
[INFO] [stderr]    Compiling itoa v1.0.11
[INFO] [stderr]    Compiling memchr v2.7.4
[INFO] [stderr]    Compiling num-traits v0.2.19
[INFO] [stderr]    Compiling quote v1.0.37
[INFO] [stderr]    Compiling syn v2.0.86
[INFO] [stderr]    Compiling chrono v0.4.38
[INFO] [stderr]    Compiling serde_derive v1.0.214
[INFO] [stderr]    Compiling lambda_helpers_metrics v0.1.0-alpha.2 (/opt/rustwide/workdir)
[INFO] [stderr]     Finished `dev` profile [unoptimized + debuginfo] target(s) in 9.69s
[INFO] running `Command { std: "docker" "inspect" "8e1ab70521c554c093a4324b456376560d7c81da6031139b9fd4e0efee6cdec1", kill_on_drop: false }`
[INFO] running `Command { std: "docker" "rm" "-f" "8e1ab70521c554c093a4324b456376560d7c81da6031139b9fd4e0efee6cdec1", kill_on_drop: false }`
[INFO] [stdout] 8e1ab70521c554c093a4324b456376560d7c81da6031139b9fd4e0efee6cdec1
[INFO] running `Command { std: "docker" "create" "-v" "/var/lib/crater-agent-workspace/builds/worker-7-tc1/target:/opt/rustwide/target:rw,Z" "-v" "/var/lib/crater-agent-workspace/builds/worker-7-tc1/source:/opt/rustwide/workdir:ro,Z" "-v" "/var/lib/crater-agent-workspace/cargo-home:/opt/rustwide/cargo-home:ro,Z" "-v" "/var/lib/crater-agent-workspace/rustup-home:/opt/rustwide/rustup-home:ro,Z" "-e" "SOURCE_DIR=/opt/rustwide/workdir" "-e" "CARGO_TARGET_DIR=/opt/rustwide/target" "-e" "CARGO_INCREMENTAL=0" "-e" "RUST_BACKTRACE=full" "-e" "RUSTFLAGS=--cap-lints=forbid" "-e" "RUSTDOCFLAGS=--cap-lints=forbid" "-e" "CARGO_HOME=/opt/rustwide/cargo-home" "-e" "RUSTUP_HOME=/opt/rustwide/rustup-home" "-w" "/opt/rustwide/workdir" "-m" "1610612736" "--user" "0:0" "--network" "none" "ghcr.io/rust-lang/crates-build-env/linux@sha256:4a844ea9eb2546a2d2c7022eacef16ef2e8229c7fbb2c7d4d55a9ceca922f72d" "/opt/rustwide/cargo-home/bin/cargo" "+nightly-2024-10-28" "test" "--frozen" "--no-run" "--message-format=json", kill_on_drop: false }`
[INFO] [stdout] 94cd372718ca6232012808e43b0e4ea9cddaa3066037b3276eaab47441b1ba10
[INFO] running `Command { std: "docker" "start" "-a" "94cd372718ca6232012808e43b0e4ea9cddaa3066037b3276eaab47441b1ba10", kill_on_drop: false }`
[INFO] [stderr]    Compiling lambda_helpers_metrics v0.1.0-alpha.2 (/opt/rustwide/workdir)
[INFO] [stderr]     Finished `test` profile [unoptimized + debuginfo] target(s) in 0.61s
[INFO] running `Command { std: "docker" "inspect" "94cd372718ca6232012808e43b0e4ea9cddaa3066037b3276eaab47441b1ba10", kill_on_drop: false }`
[INFO] running `Command { std: "docker" "rm" "-f" "94cd372718ca6232012808e43b0e4ea9cddaa3066037b3276eaab47441b1ba10", kill_on_drop: false }`
[INFO] [stdout] 94cd372718ca6232012808e43b0e4ea9cddaa3066037b3276eaab47441b1ba10
[INFO] running `Command { std: "docker" "create" "-v" "/var/lib/crater-agent-workspace/builds/worker-7-tc1/target:/opt/rustwide/target:rw,Z" "-v" "/var/lib/crater-agent-workspace/builds/worker-7-tc1/source:/opt/rustwide/workdir:ro,Z" "-v" "/var/lib/crater-agent-workspace/cargo-home:/opt/rustwide/cargo-home:ro,Z" "-v" "/var/lib/crater-agent-workspace/rustup-home:/opt/rustwide/rustup-home:ro,Z" "-e" "SOURCE_DIR=/opt/rustwide/workdir" "-e" "CARGO_TARGET_DIR=/opt/rustwide/target" "-e" "CARGO_INCREMENTAL=0" "-e" "RUST_BACKTRACE=full" "-e" "RUSTFLAGS=--cap-lints=forbid" "-e" "RUSTDOCFLAGS=--cap-lints=forbid" "-e" "CARGO_HOME=/opt/rustwide/cargo-home" "-e" "RUSTUP_HOME=/opt/rustwide/rustup-home" "-w" "/opt/rustwide/workdir" "-m" "1610612736" "--user" "0:0" "--network" "none" "ghcr.io/rust-lang/crates-build-env/linux@sha256:4a844ea9eb2546a2d2c7022eacef16ef2e8229c7fbb2c7d4d55a9ceca922f72d" "/opt/rustwide/cargo-home/bin/cargo" "+nightly-2024-10-28" "test" "--frozen", kill_on_drop: false }`
[INFO] [stdout] 4ba3c556620af208ef047c4be655076cbea2873d1c8f998c650d2528e7ba1dbb
[INFO] running `Command { std: "docker" "start" "-a" "4ba3c556620af208ef047c4be655076cbea2873d1c8f998c650d2528e7ba1dbb", kill_on_drop: false }`
[INFO] [stderr]     Finished `test` profile [unoptimized + debuginfo] target(s) in 0.03s
[INFO] [stderr]      Running unittests src/lib.rs (/opt/rustwide/target/debug/deps/lambda_helpers_metrics-62871f4766697afb)
[INFO] [stdout] 
[INFO] [stdout] running 4 tests
[INFO] [stdout] test tests::should_create_metrics ... ok
[INFO] [stdout] test tests::should_handle_duplicated_metric ... ok
[INFO] [stdout] test tests::should_fail_if_over_30_dimensions ... ok
[INFO] [stdout] test tests::should_not_fail_over_100_metrics ... ok
[INFO] [stdout] 
[INFO] [stdout] test result: ok. 4 passed; 0 failed; 0 ignored; 0 measured; 0 filtered out; finished in 0.00s
[INFO] [stdout] 
[INFO] [stderr]    Doc-tests lambda_helpers_metrics
[INFO] [stdout] 
[INFO] [stdout] running 2 tests
[INFO] [stdout] test src/lib.rs - (line 5) ... FAILED
[INFO] [stdout] test src/lib.rs - (line 32) ... FAILED
[INFO] [stdout] 
[INFO] [stdout] failures:
[INFO] [stdout] 
[INFO] [stdout] ---- src/lib.rs - (line 5) stdout ----
[INFO] [stdout] error[E0412]: cannot find type `LambdaEvent` in this scope
[INFO] [stdout]  --> src/lib.rs:6:34
[INFO] [stdout]   |
[INFO] [stdout] 3 | async fn function_handler(event: LambdaEvent<Request>) -> Result<Response, Error> {
[INFO] [stdout]   |                                  ^^^^^^^^^^^ not found in this scope
[INFO] [stdout] 
[INFO] [stdout] error[E0412]: cannot find type `Request` in this scope
[INFO] [stdout]  --> src/lib.rs:6:46
[INFO] [stdout]   |
[INFO] [stdout] 3 | async fn function_handler(event: LambdaEvent<Request>) -> Result<Response, Error> {
[INFO] [stdout]   |                                              ^^^^^^^ not found in this scope
[INFO] [stdout]   |
[INFO] [stdout] help: consider importing this struct
[INFO] [stdout]   |
[INFO] [stdout] 2 + use std::error::Request;
[INFO] [stdout]   |
[INFO] [stdout] 
[INFO] [stdout] error[E0412]: cannot find type `Response` in this scope
[INFO] [stdout]  --> src/lib.rs:6:66
[INFO] [stdout]   |
[INFO] [stdout] 3 | async fn function_handler(event: LambdaEvent<Request>) -> Result<Response, Error> {
[INFO] [stdout]   |                                                                  ^^^^^^^^ not found in this scope
[INFO] [stdout]   |
[INFO] [stdout] help: you might be missing a type parameter
[INFO] [stdout]   |
[INFO] [stdout] 3 | async fn function_handler<Response>(event: LambdaEvent<Request>) -> Result<Response, Error> {
[INFO] [stdout]   |                          ++++++++++
[INFO] [stdout] 
[INFO] [stdout] error[E0412]: cannot find type `Error` in this scope
[INFO] [stdout]  --> src/lib.rs:6:76
[INFO] [stdout]   |
[INFO] [stdout] 3 | async fn function_handler(event: LambdaEvent<Request>) -> Result<Response, Error> {
[INFO] [stdout]   |                                                                            ^^^^^ not found in this scope
[INFO] [stdout]   |
[INFO] [stdout] help: consider importing one of these items
[INFO] [stdout]   |
[INFO] [stdout] 2 + use std::error::Error;
[INFO] [stdout]   |
[INFO] [stdout] 2 + use std::fmt::Error;
[INFO] [stdout]   |
[INFO] [stdout] 2 + use std::io::Error;
[INFO] [stdout]   |
[INFO] [stdout] 2 + use core::error::Error;
[INFO] [stdout]   |
[INFO] [stdout]     and 5 other candidates
[INFO] [stdout] 
[INFO] [stdout] error[E0433]: failed to resolve: use of undeclared type `Metrics`
[INFO] [stdout]  --> src/lib.rs:9:22
[INFO] [stdout]   |
[INFO] [stdout] 6 |    let mut metrics = Metrics::new("custom_lambdas", "service", "dummy_service");
[INFO] [stdout]   |                      ^^^^^^^ use of undeclared type `Metrics`
[INFO] [stdout]   |
[INFO] [stdout] help: consider importing this struct
[INFO] [stdout]   |
[INFO] [stdout] 2 + use lambda_helpers_metrics::Metrics;
[INFO] [stdout]   |
[INFO] [stdout] 
[INFO] [stdout] error[E0433]: failed to resolve: use of undeclared type `MetricUnit`
[INFO] [stdout]   --> src/lib.rs:13:37
[INFO] [stdout]    |
[INFO] [stdout] 10 |    metrics.add_metric("test_count", MetricUnit::Count, 10.4);
[INFO] [stdout]    |                                     ^^^^^^^^^^ use of undeclared type `MetricUnit`
[INFO] [stdout]    |
[INFO] [stdout] help: consider importing this enum
[INFO] [stdout]    |
[INFO] [stdout] 2  + use lambda_helpers_metrics::MetricUnit;
[INFO] [stdout]    |
[INFO] [stdout] 
[INFO] [stdout] error[E0433]: failed to resolve: use of undeclared type `MetricUnit`
[INFO] [stdout]   --> src/lib.rs:15:39
[INFO] [stdout]    |
[INFO] [stdout] 12 |    metrics.add_metric("test_seconds", MetricUnit::Seconds, 15.0);
[INFO] [stdout]    |                                       ^^^^^^^^^^ use of undeclared type `MetricUnit`
[INFO] [stdout]    |
[INFO] [stdout] help: consider importing this enum
[INFO] [stdout]    |
[INFO] [stdout] 2  + use lambda_helpers_metrics::MetricUnit;
[INFO] [stdout]    |
[INFO] [stdout] 
[INFO] [stdout] error[E0433]: failed to resolve: use of undeclared type `MetricUnit`
[INFO] [stdout]   --> src/lib.rs:17:37
[INFO] [stdout]    |
[INFO] [stdout] 14 |    metrics.add_metric("test_count", MetricUnit::Count, 10.6);
[INFO] [stdout]    |                                     ^^^^^^^^^^ use of undeclared type `MetricUnit`
[INFO] [stdout]    |
[INFO] [stdout] help: consider importing this enum
[INFO] [stdout]    |
[INFO] [stdout] 2  + use lambda_helpers_metrics::MetricUnit;
[INFO] [stdout]    |
[INFO] [stdout] 
[INFO] [stdout] error[E0422]: cannot find struct, variant or union type `Response` in this scope
[INFO] [stdout]   --> src/lib.rs:20:15
[INFO] [stdout]    |
[INFO] [stdout] 17 |    let resp = Response {
[INFO] [stdout]    |               ^^^^^^^^ not found in this scope
[INFO] [stdout] 
[INFO] [stdout] error: aborting due to 9 previous errors
[INFO] [stdout] 
[INFO] [stdout] Some errors have detailed explanations: E0412, E0422, E0433.
[INFO] [stdout] For more information about an error, try `rustc --explain E0412`.
[INFO] [stdout] Couldn't compile the test.
[INFO] [stdout] ---- src/lib.rs - (line 32) stdout ----
[INFO] [stdout] error[E0433]: failed to resolve: use of undeclared type `Metrics`
[INFO] [stdout]  --> src/lib.rs:34:19
[INFO] [stdout]   |
[INFO] [stdout] 4 | let mut metrics = Metrics::new("custom_lambdas", "service", "dummy_service");
[INFO] [stdout]   |                   ^^^^^^^ use of undeclared type `Metrics`
[INFO] [stdout]   |
[INFO] [stdout] help: consider importing this struct
[INFO] [stdout]   |
[INFO] [stdout] 3 + use lambda_helpers_metrics::Metrics;
[INFO] [stdout]   |
[INFO] [stdout] 
[INFO] [stdout] error[E0433]: failed to resolve: use of undeclared type `MetricUnit`
[INFO] [stdout]  --> src/lib.rs:38:37
[INFO] [stdout]   |
[INFO] [stdout] 8 |    metrics.add_metric("test_count", MetricUnit::Count, 10.4);
[INFO] [stdout]   |                                     ^^^^^^^^^^ use of undeclared type `MetricUnit`
[INFO] [stdout]   |
[INFO] [stdout] help: consider importing this enum
[INFO] [stdout]   |
[INFO] [stdout] 3 + use lambda_helpers_metrics::MetricUnit;
[INFO] [stdout]   |
[INFO] [stdout] 
[INFO] [stdout] error[E0433]: failed to resolve: use of undeclared type `MetricUnit`
[INFO] [stdout]   --> src/lib.rs:40:39
[INFO] [stdout]    |
[INFO] [stdout] 10 |    metrics.add_metric("test_seconds", MetricUnit::Seconds, 15.0);
[INFO] [stdout]    |                                       ^^^^^^^^^^ use of undeclared type `MetricUnit`
[INFO] [stdout]    |
[INFO] [stdout] help: consider importing this enum
[INFO] [stdout]    |
[INFO] [stdout] 3  + use lambda_helpers_metrics::MetricUnit;
[INFO] [stdout]    |
[INFO] [stdout] 
[INFO] [stdout] error: aborting due to 3 previous errors
[INFO] [stdout] 
[INFO] [stdout] For more information about this error, try `rustc --explain E0433`.
[INFO] [stdout] Couldn't compile the test.
[INFO] [stdout] 
[INFO] [stdout] failures:
[INFO] [stdout]     src/lib.rs - (line 32)
[INFO] [stdout]     src/lib.rs - (line 5)
[INFO] [stdout] 
[INFO] [stdout] test result: FAILED. 0 passed; 2 failed; 0 ignored; 0 measured; 0 filtered out; finished in 0.12s
[INFO] [stdout] 
[INFO] [stderr] error: doctest failed, to rerun pass `--doc`
[INFO] running `Command { std: "docker" "inspect" "4ba3c556620af208ef047c4be655076cbea2873d1c8f998c650d2528e7ba1dbb", kill_on_drop: false }`
[INFO] running `Command { std: "docker" "rm" "-f" "4ba3c556620af208ef047c4be655076cbea2873d1c8f998c650d2528e7ba1dbb", kill_on_drop: false }`
[INFO] [stdout] 4ba3c556620af208ef047c4be655076cbea2873d1c8f998c650d2528e7ba1dbb
