[INFO] fetching crate lambda-router-macros 0.1.2...
[INFO] testing lambda-router-macros-0.1.2 against nightly-2024-10-28+rustflags=-Zrandomize-layout for randomize-layout
[INFO] extracting crate lambda-router-macros 0.1.2 into /workspace/builds/worker-5-tc2/source
[INFO] validating manifest of crates.io crate lambda-router-macros 0.1.2 on toolchain nightly-2024-10-28
[INFO] running `Command { std: CARGO_HOME="/workspace/cargo-home" RUSTUP_HOME="/workspace/rustup-home" "/workspace/cargo-home/bin/cargo" "+nightly-2024-10-28" "metadata" "--manifest-path" "Cargo.toml" "--no-deps", kill_on_drop: false }`
[INFO] started tweaking crates.io crate lambda-router-macros 0.1.2
[INFO] finished tweaking crates.io crate lambda-router-macros 0.1.2
[INFO] tweaked toml for crates.io crate lambda-router-macros 0.1.2 written to /workspace/builds/worker-5-tc2/source/Cargo.toml
[INFO] running `Command { std: CARGO_HOME="/workspace/cargo-home" RUSTUP_HOME="/workspace/rustup-home" "/workspace/cargo-home/bin/cargo" "+nightly-2024-10-28" "generate-lockfile" "--manifest-path" "Cargo.toml", kill_on_drop: false }`
[INFO] [stderr]     Updating crates.io index
[INFO] [stderr]      Locking 12 packages to latest compatible versions
[INFO] running `Command { std: CARGO_HOME="/workspace/cargo-home" RUSTUP_HOME="/workspace/rustup-home" "/workspace/cargo-home/bin/cargo" "+nightly-2024-10-28" "fetch" "--manifest-path" "Cargo.toml", kill_on_drop: false }`
[INFO] running `Command { std: "docker" "create" "-v" "/var/lib/crater-agent-workspace/builds/worker-5-tc2/target:/opt/rustwide/target:rw,Z" "-v" "/var/lib/crater-agent-workspace/builds/worker-5-tc2/source:/opt/rustwide/workdir:ro,Z" "-v" "/var/lib/crater-agent-workspace/cargo-home:/opt/rustwide/cargo-home:ro,Z" "-v" "/var/lib/crater-agent-workspace/rustup-home:/opt/rustwide/rustup-home:ro,Z" "-e" "SOURCE_DIR=/opt/rustwide/workdir" "-e" "CARGO_TARGET_DIR=/opt/rustwide/target" "-e" "CARGO_HOME=/opt/rustwide/cargo-home" "-e" "RUSTUP_HOME=/opt/rustwide/rustup-home" "-w" "/opt/rustwide/workdir" "-m" "1610612736" "--user" "0:0" "--network" "none" "ghcr.io/rust-lang/crates-build-env/linux@sha256:4a844ea9eb2546a2d2c7022eacef16ef2e8229c7fbb2c7d4d55a9ceca922f72d" "/opt/rustwide/cargo-home/bin/cargo" "+nightly-2024-10-28" "metadata" "--no-deps" "--format-version=1", kill_on_drop: false }`
[INFO] [stdout] 9c047670b9f4d4e2da8a4094793b46f62e8d9b97d73f90c8eef561b1e82de5be
[INFO] running `Command { std: "docker" "start" "-a" "9c047670b9f4d4e2da8a4094793b46f62e8d9b97d73f90c8eef561b1e82de5be", kill_on_drop: false }`
[INFO] running `Command { std: "docker" "inspect" "9c047670b9f4d4e2da8a4094793b46f62e8d9b97d73f90c8eef561b1e82de5be", kill_on_drop: false }`
[INFO] running `Command { std: "docker" "rm" "-f" "9c047670b9f4d4e2da8a4094793b46f62e8d9b97d73f90c8eef561b1e82de5be", kill_on_drop: false }`
[INFO] [stdout] 9c047670b9f4d4e2da8a4094793b46f62e8d9b97d73f90c8eef561b1e82de5be
[INFO] running `Command { std: "docker" "create" "-v" "/var/lib/crater-agent-workspace/builds/worker-5-tc2/target:/opt/rustwide/target:rw,Z" "-v" "/var/lib/crater-agent-workspace/builds/worker-5-tc2/source:/opt/rustwide/workdir:ro,Z" "-v" "/var/lib/crater-agent-workspace/cargo-home:/opt/rustwide/cargo-home:ro,Z" "-v" "/var/lib/crater-agent-workspace/rustup-home:/opt/rustwide/rustup-home:ro,Z" "-e" "SOURCE_DIR=/opt/rustwide/workdir" "-e" "CARGO_TARGET_DIR=/opt/rustwide/target" "-e" "CARGO_INCREMENTAL=0" "-e" "RUST_BACKTRACE=full" "-e" "RUSTFLAGS=--cap-lints=forbid -Zrandomize-layout" "-e" "RUSTDOCFLAGS=--cap-lints=forbid" "-e" "CARGO_HOME=/opt/rustwide/cargo-home" "-e" "RUSTUP_HOME=/opt/rustwide/rustup-home" "-w" "/opt/rustwide/workdir" "-m" "1610612736" "--user" "0:0" "--network" "none" "ghcr.io/rust-lang/crates-build-env/linux@sha256:4a844ea9eb2546a2d2c7022eacef16ef2e8229c7fbb2c7d4d55a9ceca922f72d" "/opt/rustwide/cargo-home/bin/cargo" "+nightly-2024-10-28" "build" "--frozen" "--message-format=json", kill_on_drop: false }`
[INFO] [stdout] 680afdaff36dd59ed569ae5106d5333e383ab66d0dcfbc6e6a7970ffceea80b2
[INFO] running `Command { std: "docker" "start" "-a" "680afdaff36dd59ed569ae5106d5333e383ab66d0dcfbc6e6a7970ffceea80b2", kill_on_drop: false }`
[INFO] [stderr]    Compiling memchr v2.7.4
[INFO] [stderr]    Compiling once_cell v1.20.2
[INFO] [stderr]    Compiling syn v2.0.86
[INFO] [stderr]    Compiling aho-corasick v1.1.3
[INFO] [stderr]    Compiling regex-automata v0.4.8
[INFO] [stderr]    Compiling regex v1.11.1
[INFO] [stderr]    Compiling lazy-regex-proc_macros v3.3.0
[INFO] [stderr]    Compiling lazy-regex v3.3.0
[INFO] [stderr]    Compiling lambda-router-macros v0.1.2 (/opt/rustwide/workdir)
[INFO] [stderr]     Finished `dev` profile [unoptimized + debuginfo] target(s) in 7.75s
[INFO] running `Command { std: "docker" "inspect" "680afdaff36dd59ed569ae5106d5333e383ab66d0dcfbc6e6a7970ffceea80b2", kill_on_drop: false }`
[INFO] running `Command { std: "docker" "rm" "-f" "680afdaff36dd59ed569ae5106d5333e383ab66d0dcfbc6e6a7970ffceea80b2", kill_on_drop: false }`
[INFO] [stdout] 680afdaff36dd59ed569ae5106d5333e383ab66d0dcfbc6e6a7970ffceea80b2
[INFO] running `Command { std: "docker" "create" "-v" "/var/lib/crater-agent-workspace/builds/worker-5-tc2/target:/opt/rustwide/target:rw,Z" "-v" "/var/lib/crater-agent-workspace/builds/worker-5-tc2/source:/opt/rustwide/workdir:ro,Z" "-v" "/var/lib/crater-agent-workspace/cargo-home:/opt/rustwide/cargo-home:ro,Z" "-v" "/var/lib/crater-agent-workspace/rustup-home:/opt/rustwide/rustup-home:ro,Z" "-e" "SOURCE_DIR=/opt/rustwide/workdir" "-e" "CARGO_TARGET_DIR=/opt/rustwide/target" "-e" "CARGO_INCREMENTAL=0" "-e" "RUST_BACKTRACE=full" "-e" "RUSTFLAGS=--cap-lints=forbid -Zrandomize-layout" "-e" "RUSTDOCFLAGS=--cap-lints=forbid" "-e" "CARGO_HOME=/opt/rustwide/cargo-home" "-e" "RUSTUP_HOME=/opt/rustwide/rustup-home" "-w" "/opt/rustwide/workdir" "-m" "1610612736" "--user" "0:0" "--network" "none" "ghcr.io/rust-lang/crates-build-env/linux@sha256:4a844ea9eb2546a2d2c7022eacef16ef2e8229c7fbb2c7d4d55a9ceca922f72d" "/opt/rustwide/cargo-home/bin/cargo" "+nightly-2024-10-28" "test" "--frozen" "--no-run" "--message-format=json", kill_on_drop: false }`
[INFO] [stdout] aab406268942d92ebf7b2225b01bcdf5c6dccbea08b7010d08595858b749b40b
[INFO] running `Command { std: "docker" "start" "-a" "aab406268942d92ebf7b2225b01bcdf5c6dccbea08b7010d08595858b749b40b", kill_on_drop: false }`
[INFO] [stderr]    Compiling lambda-router-macros v0.1.2 (/opt/rustwide/workdir)
[INFO] [stderr]     Finished `test` profile [unoptimized + debuginfo] target(s) in 0.51s
[INFO] running `Command { std: "docker" "inspect" "aab406268942d92ebf7b2225b01bcdf5c6dccbea08b7010d08595858b749b40b", kill_on_drop: false }`
[INFO] running `Command { std: "docker" "rm" "-f" "aab406268942d92ebf7b2225b01bcdf5c6dccbea08b7010d08595858b749b40b", kill_on_drop: false }`
[INFO] [stdout] aab406268942d92ebf7b2225b01bcdf5c6dccbea08b7010d08595858b749b40b
[INFO] running `Command { std: "docker" "create" "-v" "/var/lib/crater-agent-workspace/builds/worker-5-tc2/target:/opt/rustwide/target:rw,Z" "-v" "/var/lib/crater-agent-workspace/builds/worker-5-tc2/source:/opt/rustwide/workdir:ro,Z" "-v" "/var/lib/crater-agent-workspace/cargo-home:/opt/rustwide/cargo-home:ro,Z" "-v" "/var/lib/crater-agent-workspace/rustup-home:/opt/rustwide/rustup-home:ro,Z" "-e" "SOURCE_DIR=/opt/rustwide/workdir" "-e" "CARGO_TARGET_DIR=/opt/rustwide/target" "-e" "CARGO_INCREMENTAL=0" "-e" "RUST_BACKTRACE=full" "-e" "RUSTFLAGS=--cap-lints=forbid -Zrandomize-layout" "-e" "RUSTDOCFLAGS=--cap-lints=forbid" "-e" "CARGO_HOME=/opt/rustwide/cargo-home" "-e" "RUSTUP_HOME=/opt/rustwide/rustup-home" "-w" "/opt/rustwide/workdir" "-m" "1610612736" "--user" "0:0" "--network" "none" "ghcr.io/rust-lang/crates-build-env/linux@sha256:4a844ea9eb2546a2d2c7022eacef16ef2e8229c7fbb2c7d4d55a9ceca922f72d" "/opt/rustwide/cargo-home/bin/cargo" "+nightly-2024-10-28" "test" "--frozen", kill_on_drop: false }`
[INFO] [stdout] 3e365d1da3b24815c1015e6e39dfd8ef3a5580c929d2101b24fa50df488faaf1
[INFO] running `Command { std: "docker" "start" "-a" "3e365d1da3b24815c1015e6e39dfd8ef3a5580c929d2101b24fa50df488faaf1", kill_on_drop: false }`
[INFO] [stderr]     Finished `test` profile [unoptimized + debuginfo] target(s) in 0.02s
[INFO] [stderr]      Running unittests src/lib.rs (/opt/rustwide/target/debug/deps/lambda_router_macros-8cfe232a4446954b)
[INFO] [stderr]    Doc-tests lambda_router_macros
[INFO] [stdout] 
[INFO] [stdout] running 0 tests
[INFO] [stdout] 
[INFO] [stdout] test result: ok. 0 passed; 0 failed; 0 ignored; 0 measured; 0 filtered out; finished in 0.00s
[INFO] [stdout] 
[INFO] [stdout] 
[INFO] [stdout] running 2 tests
[INFO] [stdout] test src/lib.rs - app (line 50) ... FAILED
[INFO] [stdout] test src/lib.rs - router (line 21) ... FAILED
[INFO] [stdout] 
[INFO] [stdout] failures:
[INFO] [stdout] 
[INFO] [stdout] ---- src/lib.rs - app (line 50) stdout ----
[INFO] [stdout] error: cannot find macro `app` in this scope
[INFO] [stdout]  --> src/lib.rs:51:1
[INFO] [stdout]   |
[INFO] [stdout] 3 | app! {
[INFO] [stdout]   | ^^^
[INFO] [stdout]   |
[INFO] [stdout] help: consider importing this macro
[INFO] [stdout]   |
[INFO] [stdout] 2 + use lambda_router_macros::app;
[INFO] [stdout]   |
[INFO] [stdout] 
[INFO] [stdout] error: aborting due to 1 previous error
[INFO] [stdout] 
[INFO] [stdout] Couldn't compile the test.
[INFO] [stdout] ---- src/lib.rs - router (line 21) stdout ----
[INFO] [stdout] error: cannot find attribute `router` in this scope
[INFO] [stdout]  --> src/lib.rs:22:3
[INFO] [stdout]   |
[INFO] [stdout] 3 | #[router(GET "/my_route")]
[INFO] [stdout]   |   ^^^^^^
[INFO] [stdout]   |
[INFO] [stdout] help: consider importing this attribute macro
[INFO] [stdout]   |
[INFO] [stdout] 2 + use lambda_router_macros::router;
[INFO] [stdout]   |
[INFO] [stdout] 
[INFO] [stdout] error: aborting due to 1 previous error
[INFO] [stdout] 
[INFO] [stdout] Couldn't compile the test.
[INFO] [stdout] 
[INFO] [stdout] failures:
[INFO] [stdout]     src/lib.rs - app (line 50)
[INFO] [stdout]     src/lib.rs - router (line 21)
[INFO] [stdout] 
[INFO] [stdout] test result: FAILED. 0 passed; 2 failed; 0 ignored; 0 measured; 0 filtered out; finished in 0.10s
[INFO] [stdout] 
[INFO] [stderr] error: doctest failed, to rerun pass `--doc`
[INFO] running `Command { std: "docker" "inspect" "3e365d1da3b24815c1015e6e39dfd8ef3a5580c929d2101b24fa50df488faaf1", kill_on_drop: false }`
[INFO] running `Command { std: "docker" "rm" "-f" "3e365d1da3b24815c1015e6e39dfd8ef3a5580c929d2101b24fa50df488faaf1", kill_on_drop: false }`
[INFO] [stdout] 3e365d1da3b24815c1015e6e39dfd8ef3a5580c929d2101b24fa50df488faaf1
