[INFO] fetching crate lake-context-derive 0.8.0-beta.1...
[INFO] testing lake-context-derive-0.8.0-beta.1 against nightly-2024-10-28 for randomize-layout
[INFO] extracting crate lake-context-derive 0.8.0-beta.1 into /workspace/builds/worker-0-tc1/source
[INFO] validating manifest of crates.io crate lake-context-derive 0.8.0-beta.1 on toolchain nightly-2024-10-28
[INFO] running `Command { std: CARGO_HOME="/workspace/cargo-home" RUSTUP_HOME="/workspace/rustup-home" "/workspace/cargo-home/bin/cargo" "+nightly-2024-10-28" "metadata" "--manifest-path" "Cargo.toml" "--no-deps", kill_on_drop: false }`
[INFO] started tweaking crates.io crate lake-context-derive 0.8.0-beta.1
[INFO] finished tweaking crates.io crate lake-context-derive 0.8.0-beta.1
[INFO] tweaked toml for crates.io crate lake-context-derive 0.8.0-beta.1 written to /workspace/builds/worker-0-tc1/source/Cargo.toml
[INFO] running `Command { std: CARGO_HOME="/workspace/cargo-home" RUSTUP_HOME="/workspace/rustup-home" "/workspace/cargo-home/bin/cargo" "+nightly-2024-10-28" "generate-lockfile" "--manifest-path" "Cargo.toml", kill_on_drop: false }`
[INFO] [stderr]     Updating crates.io index
[INFO] [stderr]      Locking 4 packages to latest compatible versions
[INFO] running `Command { std: CARGO_HOME="/workspace/cargo-home" RUSTUP_HOME="/workspace/rustup-home" "/workspace/cargo-home/bin/cargo" "+nightly-2024-10-28" "fetch" "--manifest-path" "Cargo.toml", kill_on_drop: false }`
[INFO] running `Command { std: "docker" "create" "-v" "/var/lib/crater-agent-workspace/builds/worker-0-tc1/target:/opt/rustwide/target:rw,Z" "-v" "/var/lib/crater-agent-workspace/builds/worker-0-tc1/source:/opt/rustwide/workdir:ro,Z" "-v" "/var/lib/crater-agent-workspace/cargo-home:/opt/rustwide/cargo-home:ro,Z" "-v" "/var/lib/crater-agent-workspace/rustup-home:/opt/rustwide/rustup-home:ro,Z" "-e" "SOURCE_DIR=/opt/rustwide/workdir" "-e" "CARGO_TARGET_DIR=/opt/rustwide/target" "-e" "CARGO_HOME=/opt/rustwide/cargo-home" "-e" "RUSTUP_HOME=/opt/rustwide/rustup-home" "-w" "/opt/rustwide/workdir" "-m" "1610612736" "--user" "0:0" "--network" "none" "ghcr.io/rust-lang/crates-build-env/linux@sha256:4a844ea9eb2546a2d2c7022eacef16ef2e8229c7fbb2c7d4d55a9ceca922f72d" "/opt/rustwide/cargo-home/bin/cargo" "+nightly-2024-10-28" "metadata" "--no-deps" "--format-version=1", kill_on_drop: false }`
[INFO] [stdout] 081817946e9a537ac880fe2e508e1a3706f03e50a5e252e6d2e6ae9fc0b6856e
[INFO] running `Command { std: "docker" "start" "-a" "081817946e9a537ac880fe2e508e1a3706f03e50a5e252e6d2e6ae9fc0b6856e", kill_on_drop: false }`
[INFO] running `Command { std: "docker" "inspect" "081817946e9a537ac880fe2e508e1a3706f03e50a5e252e6d2e6ae9fc0b6856e", kill_on_drop: false }`
[INFO] running `Command { std: "docker" "rm" "-f" "081817946e9a537ac880fe2e508e1a3706f03e50a5e252e6d2e6ae9fc0b6856e", kill_on_drop: false }`
[INFO] [stdout] 081817946e9a537ac880fe2e508e1a3706f03e50a5e252e6d2e6ae9fc0b6856e
[INFO] running `Command { std: "docker" "create" "-v" "/var/lib/crater-agent-workspace/builds/worker-0-tc1/target:/opt/rustwide/target:rw,Z" "-v" "/var/lib/crater-agent-workspace/builds/worker-0-tc1/source:/opt/rustwide/workdir:ro,Z" "-v" "/var/lib/crater-agent-workspace/cargo-home:/opt/rustwide/cargo-home:ro,Z" "-v" "/var/lib/crater-agent-workspace/rustup-home:/opt/rustwide/rustup-home:ro,Z" "-e" "SOURCE_DIR=/opt/rustwide/workdir" "-e" "CARGO_TARGET_DIR=/opt/rustwide/target" "-e" "CARGO_INCREMENTAL=0" "-e" "RUST_BACKTRACE=full" "-e" "RUSTFLAGS=--cap-lints=forbid" "-e" "RUSTDOCFLAGS=--cap-lints=forbid" "-e" "CARGO_HOME=/opt/rustwide/cargo-home" "-e" "RUSTUP_HOME=/opt/rustwide/rustup-home" "-w" "/opt/rustwide/workdir" "-m" "1610612736" "--user" "0:0" "--network" "none" "ghcr.io/rust-lang/crates-build-env/linux@sha256:4a844ea9eb2546a2d2c7022eacef16ef2e8229c7fbb2c7d4d55a9ceca922f72d" "/opt/rustwide/cargo-home/bin/cargo" "+nightly-2024-10-28" "build" "--frozen" "--message-format=json", kill_on_drop: false }`
[INFO] [stdout] e1904ae123c07ed7c7aba0e66797513759312798fec58619ed6c28365f321712
[INFO] running `Command { std: "docker" "start" "-a" "e1904ae123c07ed7c7aba0e66797513759312798fec58619ed6c28365f321712", kill_on_drop: false }`
[INFO] [stderr]    Compiling proc-macro2 v1.0.89
[INFO] [stderr]    Compiling quote v1.0.37
[INFO] [stderr]    Compiling syn v2.0.86
[INFO] [stderr]    Compiling lake-context-derive v0.8.0-beta.1 (/opt/rustwide/workdir)
[INFO] [stderr]     Finished `dev` profile [unoptimized + debuginfo] target(s) in 2.00s
[INFO] running `Command { std: "docker" "inspect" "e1904ae123c07ed7c7aba0e66797513759312798fec58619ed6c28365f321712", kill_on_drop: false }`
[INFO] running `Command { std: "docker" "rm" "-f" "e1904ae123c07ed7c7aba0e66797513759312798fec58619ed6c28365f321712", kill_on_drop: false }`
[INFO] [stdout] e1904ae123c07ed7c7aba0e66797513759312798fec58619ed6c28365f321712
[INFO] running `Command { std: "docker" "create" "-v" "/var/lib/crater-agent-workspace/builds/worker-0-tc1/target:/opt/rustwide/target:rw,Z" "-v" "/var/lib/crater-agent-workspace/builds/worker-0-tc1/source:/opt/rustwide/workdir:ro,Z" "-v" "/var/lib/crater-agent-workspace/cargo-home:/opt/rustwide/cargo-home:ro,Z" "-v" "/var/lib/crater-agent-workspace/rustup-home:/opt/rustwide/rustup-home:ro,Z" "-e" "SOURCE_DIR=/opt/rustwide/workdir" "-e" "CARGO_TARGET_DIR=/opt/rustwide/target" "-e" "CARGO_INCREMENTAL=0" "-e" "RUST_BACKTRACE=full" "-e" "RUSTFLAGS=--cap-lints=forbid" "-e" "RUSTDOCFLAGS=--cap-lints=forbid" "-e" "CARGO_HOME=/opt/rustwide/cargo-home" "-e" "RUSTUP_HOME=/opt/rustwide/rustup-home" "-w" "/opt/rustwide/workdir" "-m" "1610612736" "--user" "0:0" "--network" "none" "ghcr.io/rust-lang/crates-build-env/linux@sha256:4a844ea9eb2546a2d2c7022eacef16ef2e8229c7fbb2c7d4d55a9ceca922f72d" "/opt/rustwide/cargo-home/bin/cargo" "+nightly-2024-10-28" "test" "--frozen" "--no-run" "--message-format=json", kill_on_drop: false }`
[INFO] [stdout] 39a63bea27dc1b32942c41a84d49f181dcf64ca186473ccc6c42e634835faab9
[INFO] running `Command { std: "docker" "start" "-a" "39a63bea27dc1b32942c41a84d49f181dcf64ca186473ccc6c42e634835faab9", kill_on_drop: false }`
[INFO] [stderr]    Compiling lake-context-derive v0.8.0-beta.1 (/opt/rustwide/workdir)
[INFO] [stderr]     Finished `test` profile [unoptimized + debuginfo] target(s) in 0.16s
[INFO] running `Command { std: "docker" "inspect" "39a63bea27dc1b32942c41a84d49f181dcf64ca186473ccc6c42e634835faab9", kill_on_drop: false }`
[INFO] running `Command { std: "docker" "rm" "-f" "39a63bea27dc1b32942c41a84d49f181dcf64ca186473ccc6c42e634835faab9", kill_on_drop: false }`
[INFO] [stdout] 39a63bea27dc1b32942c41a84d49f181dcf64ca186473ccc6c42e634835faab9
[INFO] running `Command { std: "docker" "create" "-v" "/var/lib/crater-agent-workspace/builds/worker-0-tc1/target:/opt/rustwide/target:rw,Z" "-v" "/var/lib/crater-agent-workspace/builds/worker-0-tc1/source:/opt/rustwide/workdir:ro,Z" "-v" "/var/lib/crater-agent-workspace/cargo-home:/opt/rustwide/cargo-home:ro,Z" "-v" "/var/lib/crater-agent-workspace/rustup-home:/opt/rustwide/rustup-home:ro,Z" "-e" "SOURCE_DIR=/opt/rustwide/workdir" "-e" "CARGO_TARGET_DIR=/opt/rustwide/target" "-e" "CARGO_INCREMENTAL=0" "-e" "RUST_BACKTRACE=full" "-e" "RUSTFLAGS=--cap-lints=forbid" "-e" "RUSTDOCFLAGS=--cap-lints=forbid" "-e" "CARGO_HOME=/opt/rustwide/cargo-home" "-e" "RUSTUP_HOME=/opt/rustwide/rustup-home" "-w" "/opt/rustwide/workdir" "-m" "1610612736" "--user" "0:0" "--network" "none" "ghcr.io/rust-lang/crates-build-env/linux@sha256:4a844ea9eb2546a2d2c7022eacef16ef2e8229c7fbb2c7d4d55a9ceca922f72d" "/opt/rustwide/cargo-home/bin/cargo" "+nightly-2024-10-28" "test" "--frozen", kill_on_drop: false }`
[INFO] [stdout] caab5b756b15822e9e6ff986853a88f5f78d00c39d06ac1476bb43171a43df98
[INFO] running `Command { std: "docker" "start" "-a" "caab5b756b15822e9e6ff986853a88f5f78d00c39d06ac1476bb43171a43df98", kill_on_drop: false }`
[INFO] [stderr]     Finished `test` profile [unoptimized + debuginfo] target(s) in 0.01s
[INFO] [stderr]      Running unittests src/lib.rs (/opt/rustwide/target/debug/deps/lake_context_derive-5d731a23b4df5ca8)
[INFO] [stdout] 
[INFO] [stdout] running 0 tests
[INFO] [stdout] 
[INFO] [stdout] test result: ok. 0 passed; 0 failed; 0 ignored; 0 measured; 0 filtered out; finished in 0.00s
[INFO] [stdout] 
[INFO] [stderr]    Doc-tests lake_context_derive
[INFO] [stdout] 
[INFO] [stdout] running 3 tests
[INFO] [stdout] test src/../README.md - (line 23) - compile ... FAILED
[INFO] [stdout] test src/../README.md - (line 34) - compile ... FAILED
[INFO] [stdout] test src/../README.md - (line 9) - compile ... FAILED
[INFO] [stdout] 
[INFO] [stdout] failures:
[INFO] [stdout] 
[INFO] [stdout] ---- src/../README.md - (line 23) stdout ----
[INFO] [stdout] error[E0422]: cannot find struct, variant or union type `MyContext` in this scope
[INFO] [stdout]  --> src/../README.md:24:18
[INFO] [stdout]   |
[INFO] [stdout] 3 | let my_context = MyContext {
[INFO] [stdout]   |                  ^^^^^^^^^ not found in this scope
[INFO] [stdout] 
[INFO] [stdout] error[E0433]: failed to resolve: use of undeclared type `ParentTransactionCache`
[INFO] [stdout]  --> src/../README.md:26:20
[INFO] [stdout]   |
[INFO] [stdout] 5 |   parent_tx_cache: ParentTransactionCache::default().build().unwrap(),
[INFO] [stdout]   |                    ^^^^^^^^^^^^^^^^^^^^^^ use of undeclared type `ParentTransactionCache`
[INFO] [stdout] 
[INFO] [stdout] error: aborting due to 2 previous errors
[INFO] [stdout] 
[INFO] [stdout] Some errors have detailed explanations: E0422, E0433.
[INFO] [stdout] For more information about an error, try `rustc --explain E0422`.
[INFO] [stdout] Couldn't compile the test.
[INFO] [stdout] ---- src/../README.md - (line 34) stdout ----
[INFO] [stdout] error[E0412]: cannot find type `Block` in this scope
[INFO] [stdout]  --> src/../README.md:36:16
[INFO] [stdout]   |
[INFO] [stdout] 4 |     mut block: Block,
[INFO] [stdout]   |                ^^^^^ not found in this scope
[INFO] [stdout]   |
[INFO] [stdout] help: there is an enum variant `syn::Expr::Block`; try using the variant's enum
[INFO] [stdout]   |
[INFO] [stdout] 4 |     mut block: syn::Expr,
[INFO] [stdout]   |                ~~~~~~~~~
[INFO] [stdout] 
[INFO] [stdout] error[E0412]: cannot find type `MyContext` in this scope
[INFO] [stdout]  --> src/../README.md:37:11
[INFO] [stdout]   |
[INFO] [stdout] 5 |     ctx: &MyContext,
[INFO] [stdout]   |           ^^^^^^^^^ not found in this scope
[INFO] [stdout] 
[INFO] [stdout] error[E0433]: failed to resolve: use of undeclared crate or module `anyhow`
[INFO] [stdout]  --> src/../README.md:38:6
[INFO] [stdout]   |
[INFO] [stdout] 6 | ) -> anyhow::Result<()> {
[INFO] [stdout]   |      ^^^^^^ use of undeclared crate or module `anyhow`
[INFO] [stdout] 
[INFO] [stdout] error: aborting due to 3 previous errors
[INFO] [stdout] 
[INFO] [stdout] Some errors have detailed explanations: E0412, E0433.
[INFO] [stdout] For more information about an error, try `rustc --explain E0412`.
[INFO] [stdout] Couldn't compile the test.
[INFO] [stdout] ---- src/../README.md - (line 9) stdout ----
[INFO] [stdout] error[E0432]: unresolved import `lake_parent_transaction_cache`
[INFO] [stdout]  --> src/../README.md:10:5
[INFO] [stdout]   |
[INFO] [stdout] 3 | use lake_parent_transaction_cache::ParentTransactionCache;
[INFO] [stdout]   |     ^^^^^^^^^^^^^^^^^^^^^^^^^^^^^ use of undeclared crate or module `lake_parent_transaction_cache`
[INFO] [stdout] 
[INFO] [stdout] error: cannot find derive macro `LakeContext` in this scope
[INFO] [stdout]  --> src/../README.md:12:10
[INFO] [stdout]   |
[INFO] [stdout] 5 | #[derive(LakeContext)]
[INFO] [stdout]   |          ^^^^^^^^^^^
[INFO] [stdout]   |
[INFO] [stdout] help: consider importing this derive macro
[INFO] [stdout]   |
[INFO] [stdout] 2 + use lake_context_derive::LakeContext;
[INFO] [stdout]   |
[INFO] [stdout] 
[INFO] [stdout] error: aborting due to 2 previous errors
[INFO] [stdout] 
[INFO] [stdout] For more information about this error, try `rustc --explain E0432`.
[INFO] [stdout] Couldn't compile the test.
[INFO] [stdout] 
[INFO] [stdout] failures:
[INFO] [stdout]     src/../README.md - (line 23)
[INFO] [stdout]     src/../README.md - (line 34)
[INFO] [stdout]     src/../README.md - (line 9)
[INFO] [stdout] 
[INFO] [stdout] test result: FAILED. 0 passed; 3 failed; 0 ignored; 0 measured; 0 filtered out; finished in 0.05s
[INFO] [stdout] 
[INFO] [stderr] error: doctest failed, to rerun pass `--doc`
[INFO] running `Command { std: "docker" "inspect" "caab5b756b15822e9e6ff986853a88f5f78d00c39d06ac1476bb43171a43df98", kill_on_drop: false }`
[INFO] running `Command { std: "docker" "rm" "-f" "caab5b756b15822e9e6ff986853a88f5f78d00c39d06ac1476bb43171a43df98", kill_on_drop: false }`
[INFO] [stdout] caab5b756b15822e9e6ff986853a88f5f78d00c39d06ac1476bb43171a43df98
