[INFO] fetching crate lact 0.1.2...
[INFO] testing lact-0.1.2 against nightly-2024-10-28+rustflags=-Zrandomize-layout for randomize-layout
[INFO] extracting crate lact 0.1.2 into /workspace/builds/worker-5-tc2/source
[INFO] validating manifest of crates.io crate lact 0.1.2 on toolchain nightly-2024-10-28
[INFO] running `Command { std: CARGO_HOME="/workspace/cargo-home" RUSTUP_HOME="/workspace/rustup-home" "/workspace/cargo-home/bin/cargo" "+nightly-2024-10-28" "metadata" "--manifest-path" "Cargo.toml" "--no-deps", kill_on_drop: false }`
[INFO] started tweaking crates.io crate lact 0.1.2
[INFO] finished tweaking crates.io crate lact 0.1.2
[INFO] tweaked toml for crates.io crate lact 0.1.2 written to /workspace/builds/worker-5-tc2/source/Cargo.toml
[INFO] running `Command { std: CARGO_HOME="/workspace/cargo-home" RUSTUP_HOME="/workspace/rustup-home" "/workspace/cargo-home/bin/cargo" "+nightly-2024-10-28" "generate-lockfile" "--manifest-path" "Cargo.toml", kill_on_drop: false }`
[INFO] [stderr]     Updating crates.io index
[INFO] [stderr]      Locking 80 packages to latest compatible versions
[INFO] running `Command { std: CARGO_HOME="/workspace/cargo-home" RUSTUP_HOME="/workspace/rustup-home" "/workspace/cargo-home/bin/cargo" "+nightly-2024-10-28" "fetch" "--manifest-path" "Cargo.toml", kill_on_drop: false }`
[INFO] running `Command { std: "docker" "create" "-v" "/var/lib/crater-agent-workspace/builds/worker-5-tc2/target:/opt/rustwide/target:rw,Z" "-v" "/var/lib/crater-agent-workspace/builds/worker-5-tc2/source:/opt/rustwide/workdir:ro,Z" "-v" "/var/lib/crater-agent-workspace/cargo-home:/opt/rustwide/cargo-home:ro,Z" "-v" "/var/lib/crater-agent-workspace/rustup-home:/opt/rustwide/rustup-home:ro,Z" "-e" "SOURCE_DIR=/opt/rustwide/workdir" "-e" "CARGO_TARGET_DIR=/opt/rustwide/target" "-e" "CARGO_HOME=/opt/rustwide/cargo-home" "-e" "RUSTUP_HOME=/opt/rustwide/rustup-home" "-w" "/opt/rustwide/workdir" "-m" "1610612736" "--user" "0:0" "--network" "none" "ghcr.io/rust-lang/crates-build-env/linux@sha256:4a844ea9eb2546a2d2c7022eacef16ef2e8229c7fbb2c7d4d55a9ceca922f72d" "/opt/rustwide/cargo-home/bin/cargo" "+nightly-2024-10-28" "metadata" "--no-deps" "--format-version=1", kill_on_drop: false }`
[INFO] [stdout] 88410907d7f72aa93de6ffd7773195b58b90f0034b53ce32752dd2ff081b6377
[INFO] running `Command { std: "docker" "start" "-a" "88410907d7f72aa93de6ffd7773195b58b90f0034b53ce32752dd2ff081b6377", kill_on_drop: false }`
[INFO] running `Command { std: "docker" "inspect" "88410907d7f72aa93de6ffd7773195b58b90f0034b53ce32752dd2ff081b6377", kill_on_drop: false }`
[INFO] running `Command { std: "docker" "rm" "-f" "88410907d7f72aa93de6ffd7773195b58b90f0034b53ce32752dd2ff081b6377", kill_on_drop: false }`
[INFO] [stdout] 88410907d7f72aa93de6ffd7773195b58b90f0034b53ce32752dd2ff081b6377
[INFO] running `Command { std: "docker" "create" "-v" "/var/lib/crater-agent-workspace/builds/worker-5-tc2/target:/opt/rustwide/target:rw,Z" "-v" "/var/lib/crater-agent-workspace/builds/worker-5-tc2/source:/opt/rustwide/workdir:ro,Z" "-v" "/var/lib/crater-agent-workspace/cargo-home:/opt/rustwide/cargo-home:ro,Z" "-v" "/var/lib/crater-agent-workspace/rustup-home:/opt/rustwide/rustup-home:ro,Z" "-e" "SOURCE_DIR=/opt/rustwide/workdir" "-e" "CARGO_TARGET_DIR=/opt/rustwide/target" "-e" "CARGO_INCREMENTAL=0" "-e" "RUST_BACKTRACE=full" "-e" "RUSTFLAGS=--cap-lints=forbid -Zrandomize-layout" "-e" "RUSTDOCFLAGS=--cap-lints=forbid" "-e" "CARGO_HOME=/opt/rustwide/cargo-home" "-e" "RUSTUP_HOME=/opt/rustwide/rustup-home" "-w" "/opt/rustwide/workdir" "-m" "1610612736" "--user" "0:0" "--network" "none" "ghcr.io/rust-lang/crates-build-env/linux@sha256:4a844ea9eb2546a2d2c7022eacef16ef2e8229c7fbb2c7d4d55a9ceca922f72d" "/opt/rustwide/cargo-home/bin/cargo" "+nightly-2024-10-28" "build" "--frozen" "--message-format=json", kill_on_drop: false }`
[INFO] [stdout] be84b8a531df7d878d09095f97575882f9bef024dcd3e88f48b171e087097765
[INFO] running `Command { std: "docker" "start" "-a" "be84b8a531df7d878d09095f97575882f9bef024dcd3e88f48b171e087097765", kill_on_drop: false }`
[INFO] [stderr]    Compiling crossbeam-utils v0.8.20
[INFO] [stderr]    Compiling futures-io v0.3.31
[INFO] [stderr]    Compiling parking v2.2.1
[INFO] [stderr]    Compiling fastrand v2.1.1
[INFO] [stderr]    Compiling rustix v0.38.38
[INFO] [stderr]    Compiling bitflags v2.6.0
[INFO] [stderr]    Compiling linux-raw-sys v0.4.14
[INFO] [stderr]    Compiling tracing-core v0.1.32
[INFO] [stderr]    Compiling async-task v4.7.1
[INFO] [stderr]    Compiling atomic-waker v1.1.2
[INFO] [stderr]    Compiling futures-lite v2.4.0
[INFO] [stderr]    Compiling piper v0.2.4
[INFO] [stderr]    Compiling futures-channel v0.3.31
[INFO] [stderr]    Compiling tracing v0.1.40
[INFO] [stderr]    Compiling futures-macro v0.3.31
[INFO] [stderr]    Compiling value-bag v1.10.0
[INFO] [stderr]    Compiling event-listener v2.5.3
[INFO] [stderr]    Compiling serde_json v1.0.132
[INFO] [stderr]    Compiling async-trait v0.1.83
[INFO] [stderr]    Compiling concurrent-queue v2.5.0
[INFO] [stderr]    Compiling log v0.4.22
[INFO] [stderr]    Compiling event-listener v5.3.1
[INFO] [stderr]    Compiling async-channel v1.9.0
[INFO] [stderr]    Compiling kv-log-macro v1.0.7
[INFO] [stderr]    Compiling async-executor v1.13.1
[INFO] [stderr]    Compiling lact_method v0.1.0
[INFO] [stderr]    Compiling event-listener-strategy v0.5.2
[INFO] [stderr]    Compiling lact_status v0.1.0
[INFO] [stderr]    Compiling async-lock v3.4.0
[INFO] [stderr]    Compiling async-channel v2.3.1
[INFO] [stderr]    Compiling futures-util v0.3.31
[INFO] [stderr]    Compiling blocking v1.6.1
[INFO] [stderr]    Compiling futures-executor v0.3.31
[INFO] [stderr]    Compiling futures v0.3.31
[INFO] [stderr]    Compiling polling v3.7.3
[INFO] [stderr]    Compiling async-io v2.3.4
[INFO] [stderr]    Compiling async-global-executor v2.4.1
[INFO] [stderr]    Compiling async-std v1.13.0
[INFO] [stderr]    Compiling lact v0.1.2 (/opt/rustwide/workdir)
[INFO] [stdout] warning: trait `Sealed` is never used
[INFO] [stdout]   --> src/routing/router.rs:88:13
[INFO] [stdout]    |
[INFO] [stdout] 88 |   pub trait Sealed {}
[INFO] [stdout]    |             ^^^^^^
[INFO] [stdout]    |
[INFO] [stdout]    = note: `#[warn(dead_code)]` on by default
[INFO] [stdout] 
[INFO] [stdout] 
[INFO] [stderr]     Finished `dev` profile [unoptimized + debuginfo] target(s) in 8.39s
[INFO] running `Command { std: "docker" "inspect" "be84b8a531df7d878d09095f97575882f9bef024dcd3e88f48b171e087097765", kill_on_drop: false }`
[INFO] running `Command { std: "docker" "rm" "-f" "be84b8a531df7d878d09095f97575882f9bef024dcd3e88f48b171e087097765", kill_on_drop: false }`
[INFO] [stdout] be84b8a531df7d878d09095f97575882f9bef024dcd3e88f48b171e087097765
[INFO] running `Command { std: "docker" "create" "-v" "/var/lib/crater-agent-workspace/builds/worker-5-tc2/target:/opt/rustwide/target:rw,Z" "-v" "/var/lib/crater-agent-workspace/builds/worker-5-tc2/source:/opt/rustwide/workdir:ro,Z" "-v" "/var/lib/crater-agent-workspace/cargo-home:/opt/rustwide/cargo-home:ro,Z" "-v" "/var/lib/crater-agent-workspace/rustup-home:/opt/rustwide/rustup-home:ro,Z" "-e" "SOURCE_DIR=/opt/rustwide/workdir" "-e" "CARGO_TARGET_DIR=/opt/rustwide/target" "-e" "CARGO_INCREMENTAL=0" "-e" "RUST_BACKTRACE=full" "-e" "RUSTFLAGS=--cap-lints=forbid -Zrandomize-layout" "-e" "RUSTDOCFLAGS=--cap-lints=forbid" "-e" "CARGO_HOME=/opt/rustwide/cargo-home" "-e" "RUSTUP_HOME=/opt/rustwide/rustup-home" "-w" "/opt/rustwide/workdir" "-m" "1610612736" "--user" "0:0" "--network" "none" "ghcr.io/rust-lang/crates-build-env/linux@sha256:4a844ea9eb2546a2d2c7022eacef16ef2e8229c7fbb2c7d4d55a9ceca922f72d" "/opt/rustwide/cargo-home/bin/cargo" "+nightly-2024-10-28" "test" "--frozen" "--no-run" "--message-format=json", kill_on_drop: false }`
[INFO] [stdout] 509178701a0849e8faacf8edf40f9ed618b9a407f948fdfdae589fed29939f37
[INFO] running `Command { std: "docker" "start" "-a" "509178701a0849e8faacf8edf40f9ed618b9a407f948fdfdae589fed29939f37", kill_on_drop: false }`
[INFO] [stdout] warning: trait `Sealed` is never used
[INFO] [stdout]   --> src/routing/router.rs:88:13
[INFO] [stdout]    |
[INFO] [stdout] 88 |   pub trait Sealed {}
[INFO] [stdout]    |             ^^^^^^
[INFO] [stdout]    |
[INFO] [stdout]    = note: `#[warn(dead_code)]` on by default
[INFO] [stdout] 
[INFO] [stdout] 
[INFO] [stderr]    Compiling lact v0.1.2 (/opt/rustwide/workdir)
[INFO] [stdout] warning: trait `Sealed` is never used
[INFO] [stdout]   --> src/routing/router.rs:88:13
[INFO] [stdout]    |
[INFO] [stdout] 88 |   pub trait Sealed {}
[INFO] [stdout]    |             ^^^^^^
[INFO] [stdout]    |
[INFO] [stdout]    = note: `#[warn(dead_code)]` on by default
[INFO] [stdout] 
[INFO] [stdout] 
[INFO] [stderr]     Finished `test` profile [unoptimized + debuginfo] target(s) in 0.44s
[INFO] running `Command { std: "docker" "inspect" "509178701a0849e8faacf8edf40f9ed618b9a407f948fdfdae589fed29939f37", kill_on_drop: false }`
[INFO] running `Command { std: "docker" "rm" "-f" "509178701a0849e8faacf8edf40f9ed618b9a407f948fdfdae589fed29939f37", kill_on_drop: false }`
[INFO] [stdout] 509178701a0849e8faacf8edf40f9ed618b9a407f948fdfdae589fed29939f37
[INFO] running `Command { std: "docker" "create" "-v" "/var/lib/crater-agent-workspace/builds/worker-5-tc2/target:/opt/rustwide/target:rw,Z" "-v" "/var/lib/crater-agent-workspace/builds/worker-5-tc2/source:/opt/rustwide/workdir:ro,Z" "-v" "/var/lib/crater-agent-workspace/cargo-home:/opt/rustwide/cargo-home:ro,Z" "-v" "/var/lib/crater-agent-workspace/rustup-home:/opt/rustwide/rustup-home:ro,Z" "-e" "SOURCE_DIR=/opt/rustwide/workdir" "-e" "CARGO_TARGET_DIR=/opt/rustwide/target" "-e" "CARGO_INCREMENTAL=0" "-e" "RUST_BACKTRACE=full" "-e" "RUSTFLAGS=--cap-lints=forbid -Zrandomize-layout" "-e" "RUSTDOCFLAGS=--cap-lints=forbid" "-e" "CARGO_HOME=/opt/rustwide/cargo-home" "-e" "RUSTUP_HOME=/opt/rustwide/rustup-home" "-w" "/opt/rustwide/workdir" "-m" "1610612736" "--user" "0:0" "--network" "none" "ghcr.io/rust-lang/crates-build-env/linux@sha256:4a844ea9eb2546a2d2c7022eacef16ef2e8229c7fbb2c7d4d55a9ceca922f72d" "/opt/rustwide/cargo-home/bin/cargo" "+nightly-2024-10-28" "test" "--frozen", kill_on_drop: false }`
[INFO] [stdout] 6cfc86936742ea4e458ab099b4b651b95088c8a014859b9a9749c16ce388b330
[INFO] running `Command { std: "docker" "start" "-a" "6cfc86936742ea4e458ab099b4b651b95088c8a014859b9a9749c16ce388b330", kill_on_drop: false }`
[INFO] [stderr] warning: trait `Sealed` is never used
[INFO] [stderr]   --> src/routing/router.rs:88:13
[INFO] [stderr]    |
[INFO] [stderr] 88 |   pub trait Sealed {}
[INFO] [stderr]    |             ^^^^^^
[INFO] [stderr]    |
[INFO] [stderr]    = note: `#[warn(dead_code)]` on by default
[INFO] [stderr] 
[INFO] [stderr] warning: `lact` (lib) generated 1 warning
[INFO] [stderr] warning: `lact` (lib test) generated 1 warning (1 duplicate)
[INFO] [stderr]     Finished `test` profile [unoptimized + debuginfo] target(s) in 0.05s
[INFO] [stderr]      Running unittests src/lib.rs (/opt/rustwide/target/debug/deps/lact-f90748fd44a6e8ce)
[INFO] [stdout] 
[INFO] [stdout] running 0 tests
[INFO] [stdout] 
[INFO] [stdout] test result: ok. 0 passed; 0 failed; 0 ignored; 0 measured; 0 filtered out; finished in 0.00s
[INFO] [stdout] 
[INFO] [stderr]    Doc-tests lact
[INFO] [stdout] 
[INFO] [stdout] running 1 test
[INFO] [stdout] test src/http/encoder.rs - http::encoder::Encoder (line 8) ... FAILED
[INFO] [stdout] 
[INFO] [stdout] failures:
[INFO] [stdout] 
[INFO] [stdout] ---- src/http/encoder.rs - http::encoder::Encoder (line 8) stdout ----
[INFO] [stdout] error[E0432]: unresolved import `chunked_transfer`
[INFO] [stdout]  --> src/http/encoder.rs:9:5
[INFO] [stdout]   |
[INFO] [stdout] 3 | use chunked_transfer::Encoder;
[INFO] [stdout]   |     ^^^^^^^^^^^^^^^^ use of undeclared crate or module `chunked_transfer`
[INFO] [stdout] 
[INFO] [stdout] error: aborting due to 1 previous error
[INFO] [stdout] 
[INFO] [stdout] For more information about this error, try `rustc --explain E0432`.
[INFO] [stdout] Couldn't compile the test.
[INFO] [stdout] 
[INFO] [stdout] failures:
[INFO] [stdout]     src/http/encoder.rs - http::encoder::Encoder (line 8)
[INFO] [stdout] 
[INFO] [stdout] test result: FAILED. 0 passed; 1 failed; 0 ignored; 0 measured; 0 filtered out; finished in 0.04s
[INFO] [stdout] 
[INFO] [stderr] error: doctest failed, to rerun pass `--doc`
[INFO] running `Command { std: "docker" "inspect" "6cfc86936742ea4e458ab099b4b651b95088c8a014859b9a9749c16ce388b330", kill_on_drop: false }`
[INFO] running `Command { std: "docker" "rm" "-f" "6cfc86936742ea4e458ab099b4b651b95088c8a014859b9a9749c16ce388b330", kill_on_drop: false }`
[INFO] [stdout] 6cfc86936742ea4e458ab099b4b651b95088c8a014859b9a9749c16ce388b330
