[INFO] fetching crate labview-interop 0.4.0...
[INFO] testing labview-interop-0.4.0 against nightly-2024-10-28 for randomize-layout
[INFO] extracting crate labview-interop 0.4.0 into /workspace/builds/worker-0-tc1/source
[INFO] validating manifest of crates.io crate labview-interop 0.4.0 on toolchain nightly-2024-10-28
[INFO] running `Command { std: CARGO_HOME="/workspace/cargo-home" RUSTUP_HOME="/workspace/rustup-home" "/workspace/cargo-home/bin/cargo" "+nightly-2024-10-28" "metadata" "--manifest-path" "Cargo.toml" "--no-deps", kill_on_drop: false }`
[INFO] started tweaking crates.io crate labview-interop 0.4.0
[INFO] finished tweaking crates.io crate labview-interop 0.4.0
[INFO] tweaked toml for crates.io crate labview-interop 0.4.0 written to /workspace/builds/worker-0-tc1/source/Cargo.toml
[INFO] running `Command { std: CARGO_HOME="/workspace/cargo-home" RUSTUP_HOME="/workspace/rustup-home" "/workspace/cargo-home/bin/cargo" "+nightly-2024-10-28" "generate-lockfile" "--manifest-path" "Cargo.toml", kill_on_drop: false }`
[INFO] [stderr]     Updating crates.io index
[INFO] [stderr]      Locking 61 packages to latest compatible versions
[INFO] running `Command { std: CARGO_HOME="/workspace/cargo-home" RUSTUP_HOME="/workspace/rustup-home" "/workspace/cargo-home/bin/cargo" "+nightly-2024-10-28" "fetch" "--manifest-path" "Cargo.toml", kill_on_drop: false }`
[INFO] [stderr]  Downloading crates ...
[INFO] [stderr]   Downloaded codepage v0.1.2
[INFO] [stderr]   Downloaded dlopen2 v0.7.0
[INFO] [stderr]   Downloaded dlopen2_derive v0.4.0
[INFO] running `Command { std: "docker" "create" "-v" "/var/lib/crater-agent-workspace/builds/worker-0-tc1/target:/opt/rustwide/target:rw,Z" "-v" "/var/lib/crater-agent-workspace/builds/worker-0-tc1/source:/opt/rustwide/workdir:ro,Z" "-v" "/var/lib/crater-agent-workspace/cargo-home:/opt/rustwide/cargo-home:ro,Z" "-v" "/var/lib/crater-agent-workspace/rustup-home:/opt/rustwide/rustup-home:ro,Z" "-e" "SOURCE_DIR=/opt/rustwide/workdir" "-e" "CARGO_TARGET_DIR=/opt/rustwide/target" "-e" "CARGO_HOME=/opt/rustwide/cargo-home" "-e" "RUSTUP_HOME=/opt/rustwide/rustup-home" "-w" "/opt/rustwide/workdir" "-m" "1610612736" "--user" "0:0" "--network" "none" "ghcr.io/rust-lang/crates-build-env/linux@sha256:4a844ea9eb2546a2d2c7022eacef16ef2e8229c7fbb2c7d4d55a9ceca922f72d" "/opt/rustwide/cargo-home/bin/cargo" "+nightly-2024-10-28" "metadata" "--no-deps" "--format-version=1", kill_on_drop: false }`
[INFO] [stdout] e9b2170bd058a54b936fae5312cf713072f1f50fe40c515dfeb9fffe6ca57f93
[INFO] running `Command { std: "docker" "start" "-a" "e9b2170bd058a54b936fae5312cf713072f1f50fe40c515dfeb9fffe6ca57f93", kill_on_drop: false }`
[INFO] running `Command { std: "docker" "inspect" "e9b2170bd058a54b936fae5312cf713072f1f50fe40c515dfeb9fffe6ca57f93", kill_on_drop: false }`
[INFO] running `Command { std: "docker" "rm" "-f" "e9b2170bd058a54b936fae5312cf713072f1f50fe40c515dfeb9fffe6ca57f93", kill_on_drop: false }`
[INFO] [stdout] e9b2170bd058a54b936fae5312cf713072f1f50fe40c515dfeb9fffe6ca57f93
[INFO] running `Command { std: "docker" "create" "-v" "/var/lib/crater-agent-workspace/builds/worker-0-tc1/target:/opt/rustwide/target:rw,Z" "-v" "/var/lib/crater-agent-workspace/builds/worker-0-tc1/source:/opt/rustwide/workdir:ro,Z" "-v" "/var/lib/crater-agent-workspace/cargo-home:/opt/rustwide/cargo-home:ro,Z" "-v" "/var/lib/crater-agent-workspace/rustup-home:/opt/rustwide/rustup-home:ro,Z" "-e" "SOURCE_DIR=/opt/rustwide/workdir" "-e" "CARGO_TARGET_DIR=/opt/rustwide/target" "-e" "CARGO_INCREMENTAL=0" "-e" "RUST_BACKTRACE=full" "-e" "RUSTFLAGS=--cap-lints=forbid" "-e" "RUSTDOCFLAGS=--cap-lints=forbid" "-e" "CARGO_HOME=/opt/rustwide/cargo-home" "-e" "RUSTUP_HOME=/opt/rustwide/rustup-home" "-w" "/opt/rustwide/workdir" "-m" "1610612736" "--user" "0:0" "--network" "none" "ghcr.io/rust-lang/crates-build-env/linux@sha256:4a844ea9eb2546a2d2c7022eacef16ef2e8229c7fbb2c7d4d55a9ceca922f72d" "/opt/rustwide/cargo-home/bin/cargo" "+nightly-2024-10-28" "build" "--frozen" "--message-format=json", kill_on_drop: false }`
[INFO] [stdout] 9d824379a2193035d2b2321cc05b766b87b58810e088ce942100bb4649fcdf3b
[INFO] running `Command { std: "docker" "start" "-a" "9d824379a2193035d2b2321cc05b766b87b58810e088ce942100bb4649fcdf3b", kill_on_drop: false }`
[INFO] [stderr]    Compiling proc-macro2 v1.0.89
[INFO] [stderr]    Compiling unicode-ident v1.0.13
[INFO] [stderr]    Compiling hashbrown v0.15.0
[INFO] [stderr]    Compiling equivalent v1.0.1
[INFO] [stderr]    Compiling toml_datetime v0.6.8
[INFO] [stderr]    Compiling winnow v0.6.20
[INFO] [stderr]    Compiling libc v0.2.161
[INFO] [stderr]    Compiling thiserror v1.0.66
[INFO] [stderr]    Compiling cfg-if v1.0.0
[INFO] [stderr]    Compiling once_cell v1.20.2
[INFO] [stderr]    Compiling encoding_rs v0.8.35
[INFO] [stderr]    Compiling indexmap v2.6.0
[INFO] [stderr]    Compiling quote v1.0.37
[INFO] [stderr]    Compiling syn v2.0.86
[INFO] [stderr]    Compiling codepage v0.1.2
[INFO] [stderr]    Compiling toml_edit v0.22.22
[INFO] [stderr]    Compiling dlopen2_derive v0.4.0
[INFO] [stderr]    Compiling thiserror-impl v1.0.66
[INFO] [stderr]    Compiling dlopen2 v0.7.0
[INFO] [stderr]    Compiling proc-macro-crate v3.2.0
[INFO] [stderr]    Compiling num_enum_derive v0.7.3
[INFO] [stderr]    Compiling num_enum v0.7.3
[INFO] [stderr]    Compiling labview-interop v0.4.0 (/opt/rustwide/workdir)
[INFO] [stderr]     Finished `dev` profile [unoptimized + debuginfo] target(s) in 3.88s
[INFO] running `Command { std: "docker" "inspect" "9d824379a2193035d2b2321cc05b766b87b58810e088ce942100bb4649fcdf3b", kill_on_drop: false }`
[INFO] running `Command { std: "docker" "rm" "-f" "9d824379a2193035d2b2321cc05b766b87b58810e088ce942100bb4649fcdf3b", kill_on_drop: false }`
[INFO] [stdout] 9d824379a2193035d2b2321cc05b766b87b58810e088ce942100bb4649fcdf3b
[INFO] running `Command { std: "docker" "create" "-v" "/var/lib/crater-agent-workspace/builds/worker-0-tc1/target:/opt/rustwide/target:rw,Z" "-v" "/var/lib/crater-agent-workspace/builds/worker-0-tc1/source:/opt/rustwide/workdir:ro,Z" "-v" "/var/lib/crater-agent-workspace/cargo-home:/opt/rustwide/cargo-home:ro,Z" "-v" "/var/lib/crater-agent-workspace/rustup-home:/opt/rustwide/rustup-home:ro,Z" "-e" "SOURCE_DIR=/opt/rustwide/workdir" "-e" "CARGO_TARGET_DIR=/opt/rustwide/target" "-e" "CARGO_INCREMENTAL=0" "-e" "RUST_BACKTRACE=full" "-e" "RUSTFLAGS=--cap-lints=forbid" "-e" "RUSTDOCFLAGS=--cap-lints=forbid" "-e" "CARGO_HOME=/opt/rustwide/cargo-home" "-e" "RUSTUP_HOME=/opt/rustwide/rustup-home" "-w" "/opt/rustwide/workdir" "-m" "1610612736" "--user" "0:0" "--network" "none" "ghcr.io/rust-lang/crates-build-env/linux@sha256:4a844ea9eb2546a2d2c7022eacef16ef2e8229c7fbb2c7d4d55a9ceca922f72d" "/opt/rustwide/cargo-home/bin/cargo" "+nightly-2024-10-28" "test" "--frozen" "--no-run" "--message-format=json", kill_on_drop: false }`
[INFO] [stdout] d12b87336e369f47044cc78e374eac64def7d6510620274cace3ed587d6afc22
[INFO] running `Command { std: "docker" "start" "-a" "d12b87336e369f47044cc78e374eac64def7d6510620274cace3ed587d6afc22", kill_on_drop: false }`
[INFO] [stderr]    Compiling labview-interop v0.4.0 (/opt/rustwide/workdir)
[INFO] [stderr]     Finished `test` profile [unoptimized + debuginfo] target(s) in 0.46s
[INFO] running `Command { std: "docker" "inspect" "d12b87336e369f47044cc78e374eac64def7d6510620274cace3ed587d6afc22", kill_on_drop: false }`
[INFO] running `Command { std: "docker" "rm" "-f" "d12b87336e369f47044cc78e374eac64def7d6510620274cace3ed587d6afc22", kill_on_drop: false }`
[INFO] [stdout] d12b87336e369f47044cc78e374eac64def7d6510620274cace3ed587d6afc22
[INFO] running `Command { std: "docker" "create" "-v" "/var/lib/crater-agent-workspace/builds/worker-0-tc1/target:/opt/rustwide/target:rw,Z" "-v" "/var/lib/crater-agent-workspace/builds/worker-0-tc1/source:/opt/rustwide/workdir:ro,Z" "-v" "/var/lib/crater-agent-workspace/cargo-home:/opt/rustwide/cargo-home:ro,Z" "-v" "/var/lib/crater-agent-workspace/rustup-home:/opt/rustwide/rustup-home:ro,Z" "-e" "SOURCE_DIR=/opt/rustwide/workdir" "-e" "CARGO_TARGET_DIR=/opt/rustwide/target" "-e" "CARGO_INCREMENTAL=0" "-e" "RUST_BACKTRACE=full" "-e" "RUSTFLAGS=--cap-lints=forbid" "-e" "RUSTDOCFLAGS=--cap-lints=forbid" "-e" "CARGO_HOME=/opt/rustwide/cargo-home" "-e" "RUSTUP_HOME=/opt/rustwide/rustup-home" "-w" "/opt/rustwide/workdir" "-m" "1610612736" "--user" "0:0" "--network" "none" "ghcr.io/rust-lang/crates-build-env/linux@sha256:4a844ea9eb2546a2d2c7022eacef16ef2e8229c7fbb2c7d4d55a9ceca922f72d" "/opt/rustwide/cargo-home/bin/cargo" "+nightly-2024-10-28" "test" "--frozen", kill_on_drop: false }`
[INFO] [stdout] 7dfe237bb839a83323b5802205335ea052121f3a74a34eeb69fac852e0d849ee
[INFO] running `Command { std: "docker" "start" "-a" "7dfe237bb839a83323b5802205335ea052121f3a74a34eeb69fac852e0d849ee", kill_on_drop: false }`
[INFO] [stderr]     Finished `test` profile [unoptimized + debuginfo] target(s) in 0.02s
[INFO] [stderr]      Running unittests src/lib.rs (/opt/rustwide/target/debug/deps/labview_interop-a1e1912f525edc7a)
[INFO] [stdout] 
[INFO] [stdout] running 45 tests
[INFO] [stderr] Failed to load LabVIEW Memory Manager API: Internal Error: LabVIEW API unavailable. Probably because it isn't being run in LabVIEW. Source Error: Could not open library: lvrt: cannot open shared object file: No such file or directory
[INFO] [stdout] test errors::tests::test_error_lvinteroperror_from_lvstatuscode ... ok
[INFO] [stdout] test errors::tests::test_error_lvstatuscode_from_lvinteroperror ... ok
[INFO] [stdout] test errors::tests::test_error_lvstatuscode_from_mgerror ... ok
[INFO] [stdout] test memory::owned_handle::tests::test_lvowned_debug ... ok
[INFO] [stdout] test memory::uhandle::tests::handle_as_ref_inner_null ... ok
[INFO] [stdout] test memory::uhandle::tests::handle_as_ref_mut_inner_null ... ok
[INFO] [stdout] test memory::uhandle::tests::handle_as_ref_mut_outer_null ... ok
[INFO] [stdout] test memory::uhandle::tests::handle_as_ref_mut_valid ... ok
[INFO] [stdout] test memory::uhandle::tests::handle_as_ref_outer_null ... ok
[INFO] [stdout] test memory::uhandle::tests::handle_as_ref_valid ... ok
[INFO] [stdout] test memory::uhandle::tests::handle_valid_check_false_if_null ... ok
[INFO] [stdout] test memory::uhandle::tests::test_handle_debug ... ok
[INFO] [stdout] test memory::uhandle::tests::test_handle_debug_inner_from_reference ... ok
[INFO] [stdout] test memory::uhandle::tests::test_handle_deref ... ok
[INFO] [stdout] test memory::uhandle::tests::test_handle_deref_mut ... ok
[INFO] [stdout] test memory::uhandle::tests::test_invalid_handle_debug ... ok
[INFO] [stdout] test memory::uptr::tests::test_uptr ... ok
[INFO] [stdout] test memory::uptr::tests::test_uptr_as_ref ... ok
[INFO] [stdout] test memory::uptr::tests::test_uptr_as_ref_mut ... ok
[INFO] [stdout] test memory::uptr::tests::test_uptr_null ... ok
[INFO] [stdout] test types::array::dimensions::tests::dimension_element_count ... ok
[INFO] [stdout] test types::array::dimensions::tests::new_dims_empty ... ok
[INFO] [stdout] test types::array::dimensions::tests::test_2d_dim_names ... ok
[INFO] [stdout] test types::array::dimensions::tests::test_access_dims ... ok
[INFO] [stdout] test types::array::dimensions::tests::test_dim_equality ... ok
[INFO] [stdout] test types::array::dimensions::tests::test_3d_dim_names ... ok
[INFO] [stdout] test types::array::dimensions::tests::test_dims_from_usize_ok ... ok
[INFO] [stdout] test types::array::dimensions::tests::test_dims_from_usize_out_of_range ... ok
[INFO] [stdout] test types::boolean::tests::lv_bool_in_if_statement ... ok
[INFO] [stdout] test types::boolean::tests::test_any_non_zero_to_bool ... ok
[INFO] [stdout] test types::boolean::tests::test_boolean_lvfalse_to_bool ... ok
[INFO] [stdout] test types::boolean::tests::test_boolean_lvtrue_to_bool ... ok
[INFO] [stdout] test types::boolean::tests::test_boolean_true_to_lv_bool ... ok
[INFO] [stdout] test types::lv_errors::tests::test_source_writer_empty_source ... ok
[INFO] [stdout] test types::boolean::tests::test_boolean_false_to_lv_bool ... ok
[INFO] [stdout] test types::lv_errors::tests::test_source_writer_empty_description ... ok
[INFO] [stdout] test types::lv_status::tests::test_error_lvstatuscode_from_i32 ... ok
[INFO] [stdout] test types::lv_status::tests::test_error_lvstatuscode_from_externc ... ok
[INFO] [stdout] test types::lv_errors::tests::test_source_writer_with_description ... ok
[INFO] [stdout] test types::string::tests::test_lstr_handle_debug ... ok
[INFO] [stdout] test types::timestamp::tests::test_to_from_le_bytes ... ok
[INFO] [stdout] test types::timestamp::tests::test_to_from_lv_epoch_seconds ... ok
[INFO] [stdout] test types::timestamp::tests::test_to_from_be_bytes ... ok
[INFO] [stdout] test types::timestamp::tests::test_to_from_parts ... ok
[INFO] [stdout] test types::timestamp::tests::test_to_from_unix_epoch ... ok
[INFO] [stdout] 
[INFO] [stdout] test result: ok. 45 passed; 0 failed; 0 ignored; 0 measured; 0 filtered out; finished in 0.00s
[INFO] [stdout] 
[INFO] [stderr]    Doc-tests labview_interop
[INFO] [stdout] 
[INFO] [stdout] running 21 tests
[INFO] [stdout] test src/memory/owned_handle.rs - memory::owned_handle::OwnedUHandle (line 18) - compile ... ok
[INFO] [stdout] test src/memory/owned_handle.rs - memory::owned_handle::OwnedUHandle (line 35) - compile ... ok
[INFO] [stdout] test src/memory/owned_handle.rs - memory::owned_handle::OwnedUHandle<T>::handle_to_inner (line 116) - compile ... ok
[INFO] [stdout] test src/types/array/memory.rs - types::array::memory::LVArrayOwned<D,T>::new_empty (line 13) - compile ... ok
[INFO] [stdout] test src/memory/owned_handle.rs - memory::owned_handle::OwnedUHandle<T>::handle_to_inner (line 153) - compile fail ... FAILED
[INFO] [stdout] test src/memory/uhandle.rs - memory::uhandle::uhandle_link_features::UHandle<'a,T>::clone_into_pointer (line 167) - compile ... ok
[INFO] [stdout] test src/memory/owned_handle.rs - memory::owned_handle::OwnedUHandle<T>::handle_to_inner (line 138) - compile fail ... FAILED
[INFO] [stdout] test src/memory/uhandle.rs - memory::uhandle::uhandle_link_features::UHandle<'a,T>::clone_into_pointer (line 212) - compile fail ... ok
[INFO] [stdout] test src/memory/uhandle.rs - memory::uhandle::uhandle_link_features::UHandle<'a,T>::clone_into_pointer (line 191) - compile fail ... FAILED
[INFO] [stdout] test src/memory/uhandle.rs - memory::uhandle::UHandle (line 14) ... ok
[INFO] [stdout] test src/sync.rs - sync::LVUserEvent (line 23) ... ok
[INFO] [stdout] test src/sync.rs - sync::Occurence (line 62) ... ok
[INFO] [stdout] test src/types/lv_errors.rs - types::lv_errors::ErrorClusterPtr<'_>::wrap_return_status (line 112) ... ok
[INFO] [stdout] test src/types/lv_status.rs - types::lv_status::LVStatusCode (line 18) ... ok
[INFO] [stdout] test src/types/lv_errors.rs - types::lv_errors::ErrorClusterPtr<'_>::wrap_function (line 67) ... ok
[INFO] [stdout] test src/types/mod.rs - types::labview_layout (line 47) ... ok
[INFO] [stdout] test src/errors.rs - errors::InternalError (line 372) ... ok
[INFO] [stdout] test src/types/mod.rs - types::labview_layout (line 61) ... ok
[INFO] [stdout] test src/types/string.rs - types::string::LStrHandle<'a>::set (line 157) ... ok
[INFO] [stdout] test src/types/string.rs - types::string::LStr::to_rust_string (line 110) ... ok
[INFO] [stdout] test src/types/string.rs - types::string::LStrOwned::from_data (line 222) ... ok
[INFO] [stdout] 
[INFO] [stdout] failures:
[INFO] [stdout] 
[INFO] [stdout] ---- src/memory/owned_handle.rs - memory::owned_handle::OwnedUHandle<T>::handle_to_inner (line 153) stdout ----
[INFO] [stdout] error[E0432]: unresolved import `labview_interop::memory::LvOwned`
[INFO] [stdout]  --> src/memory/owned_handle.rs:155:5
[INFO] [stdout]   |
[INFO] [stdout] 5 | use labview_interop::memory::LvOwned;
[INFO] [stdout]   |     ^^^^^^^^^^^^^^^^^^^^^^^^^^^^^^^^ no `LvOwned` in `memory`
[INFO] [stdout] 
[INFO] [stdout] error: aborting due to 1 previous error
[INFO] [stdout] 
[INFO] [stdout] For more information about this error, try `rustc --explain E0432`.
[INFO] [stdout] Some expected error codes were not found: ["E0515"]
[INFO] [stdout] ---- src/memory/owned_handle.rs - memory::owned_handle::OwnedUHandle<T>::handle_to_inner (line 138) stdout ----
[INFO] [stdout] error[E0432]: unresolved import `labview_interop::memory::LvOwned`
[INFO] [stdout]  --> src/memory/owned_handle.rs:140:5
[INFO] [stdout]   |
[INFO] [stdout] 5 | use labview_interop::memory::LvOwned;
[INFO] [stdout]   |     ^^^^^^^^^^^^^^^^^^^^^^^^^^^^^^^^ no `LvOwned` in `memory`
[INFO] [stdout] 
[INFO] [stdout] error: aborting due to 1 previous error
[INFO] [stdout] 
[INFO] [stdout] For more information about this error, try `rustc --explain E0432`.
[INFO] [stdout] Some expected error codes were not found: ["E0515"]
[INFO] [stdout] ---- src/memory/uhandle.rs - memory::uhandle::uhandle_link_features::UHandle<'a,T>::clone_into_pointer (line 191) stdout ----
[INFO] [stdout] error[E0432]: unresolved import `labview_interop::memory::LvOwned`
[INFO] [stdout]  --> src/memory/uhandle.rs:194:40
[INFO] [stdout]   |
[INFO] [stdout] 6 | use labview_interop::memory::{UHandle, LvOwned};
[INFO] [stdout]   |                                        ^^^^^^^ no `LvOwned` in `memory`
[INFO] [stdout] 
[INFO] [stdout] error[E0599]: the method `clone_into_pointer` exists for struct `UHandle<'_, ClusterWithString<'_>>`, but its trait bounds were not satisfied
[INFO] [stdout]   --> src/memory/uhandle.rs:208:11
[INFO] [stdout]    |
[INFO] [stdout] 10 |   struct ClusterWithString<'a> {
[INFO] [stdout]    |   ---------------------------- doesn't satisfy `ClusterWithString<'_>: Copy` or `ClusterWithString<'_>: LVCopy`
[INFO] [stdout] ...
[INFO] [stdout] 20 |     input.clone_into_pointer(&mut target_handle).unwrap();
[INFO] [stdout]    |           ^^^^^^^^^^^^^^^^^^ method cannot be called on `UHandle<'_, ClusterWithString<'_>>` due to unsatisfied trait bounds
[INFO] [stdout]    |
[INFO] [stdout]    = note: the following trait bounds were not satisfied:
[INFO] [stdout]            `ClusterWithString<'_>: Copy`
[INFO] [stdout]            which is required by `ClusterWithString<'_>: LVCopy`
[INFO] [stdout] help: consider annotating `ClusterWithString<'_>` with `#[derive(Clone, Copy)]`
[INFO] [stdout]    |
[INFO] [stdout] 10 +   #[derive(Clone, Copy)]
[INFO] [stdout] 11 |   struct ClusterWithString<'a> {
[INFO] [stdout]    |
[INFO] [stdout] 
[INFO] [stdout] error: aborting due to 2 previous errors
[INFO] [stdout] 
[INFO] [stdout] Some errors have detailed explanations: E0432, E0599.
[INFO] [stdout] For more information about an error, try `rustc --explain E0432`.
[INFO] [stdout] Some expected error codes were not found: ["E0521"]
[INFO] [stdout] 
[INFO] [stdout] failures:
[INFO] [stdout]     src/memory/owned_handle.rs - memory::owned_handle::OwnedUHandle<T>::handle_to_inner (line 138)
[INFO] [stdout]     src/memory/owned_handle.rs - memory::owned_handle::OwnedUHandle<T>::handle_to_inner (line 153)
[INFO] [stdout]     src/memory/uhandle.rs - memory::uhandle::uhandle_link_features::UHandle<'a,T>::clone_into_pointer (line 191)
[INFO] [stdout] 
[INFO] [stdout] test result: FAILED. 18 passed; 3 failed; 0 ignored; 0 measured; 0 filtered out; finished in 0.18s
[INFO] [stdout] 
[INFO] [stderr] error: doctest failed, to rerun pass `--doc`
[INFO] running `Command { std: "docker" "inspect" "7dfe237bb839a83323b5802205335ea052121f3a74a34eeb69fac852e0d849ee", kill_on_drop: false }`
[INFO] running `Command { std: "docker" "rm" "-f" "7dfe237bb839a83323b5802205335ea052121f3a74a34eeb69fac852e0d849ee", kill_on_drop: false }`
[INFO] [stdout] 7dfe237bb839a83323b5802205335ea052121f3a74a34eeb69fac852e0d849ee
