[INFO] fetching crate kyoto-cbf 0.3.0...
[INFO] testing kyoto-cbf-0.3.0 against nightly-2024-10-28 for randomize-layout
[INFO] extracting crate kyoto-cbf 0.3.0 into /workspace/builds/worker-0-tc1/source
[INFO] validating manifest of crates.io crate kyoto-cbf 0.3.0 on toolchain nightly-2024-10-28
[INFO] running `Command { std: CARGO_HOME="/workspace/cargo-home" RUSTUP_HOME="/workspace/rustup-home" "/workspace/cargo-home/bin/cargo" "+nightly-2024-10-28" "metadata" "--manifest-path" "Cargo.toml" "--no-deps", kill_on_drop: false }`
[INFO] removed /workspace/builds/worker-0-tc1/source/.cargo/config.toml
[INFO] started tweaking crates.io crate kyoto-cbf 0.3.0
[INFO] removed 0 missing examples
[INFO] finished tweaking crates.io crate kyoto-cbf 0.3.0
[INFO] tweaked toml for crates.io crate kyoto-cbf 0.3.0 written to /workspace/builds/worker-0-tc1/source/Cargo.toml
[INFO] crate crates.io crate kyoto-cbf 0.3.0 already has a lockfile, it will not be regenerated
[INFO] running `Command { std: CARGO_HOME="/workspace/cargo-home" RUSTUP_HOME="/workspace/rustup-home" "/workspace/cargo-home/bin/cargo" "+nightly-2024-10-28" "fetch" "--manifest-path" "Cargo.toml", kill_on_drop: false }`
[INFO] [stderr]     Updating crates.io index
[INFO] [stderr]  Downloading crates ...
[INFO] [stderr]   Downloaded coarsetime v0.1.34
[INFO] [stderr]   Downloaded retry-error v0.5.3
[INFO] [stderr]   Downloaded caret v0.4.6
[INFO] [stderr]   Downloaded hostname-validator v1.1.1
[INFO] [stderr]   Downloaded derive_builder_macro_fork_arti v0.11.2
[INFO] [stderr]   Downloaded tracing-test v0.2.5
[INFO] [stderr]   Downloaded tor-consdiff v0.21.0
[INFO] [stderr]   Downloaded tor-socksproto v0.21.0
[INFO] [stderr]   Downloaded tor-chanmgr v0.21.0
[INFO] [stderr]   Downloaded tor-netdir v0.21.0
[INFO] [stderr]   Downloaded tor-keymgr v0.21.0
[INFO] [stderr]   Downloaded derive-deftly-macros v0.14.2
[INFO] [stderr]   Downloaded tor-dirmgr v0.21.0
[INFO] [stderr]   Downloaded tor-guardmgr v0.21.0
[INFO] [stderr]   Downloaded zerocopy v0.7.33
[INFO] [stderr]   Downloaded tor-proto v0.21.0
[INFO] [stderr]   Downloaded tor-netdoc v0.21.0
[INFO] [stderr]   Downloaded tor-circmgr v0.21.0
[INFO] [stderr]   Downloaded secp256k1 v0.29.0
[INFO] [stderr]   Downloaded async-compression v0.4.12
[INFO] [stderr]   Downloaded ssh-key v0.6.6
[INFO] [stderr]   Downloaded arti-client v0.21.0
[INFO] [stderr]   Downloaded rusqlite v0.31.0
[INFO] [stderr]   Downloaded postage v0.5.0
[INFO] [stderr]   Downloaded bitcoin v0.32.1
[INFO] [stderr]   Downloaded allocator-api2 v0.2.9
[INFO] [stderr]   Downloaded tor-cell v0.21.0
[INFO] [stderr]   Downloaded derive-deftly v0.14.2
[INFO] [stderr]   Downloaded wasix v0.12.21
[INFO] [stderr]   Downloaded derive_builder_fork_arti v0.11.2
[INFO] [stderr]   Downloaded derive-adhoc-macros v0.7.3
[INFO] [stderr]   Downloaded derive-adhoc v0.7.3
[INFO] [stderr]   Downloaded tor-config v0.21.0
[INFO] [stderr]   Downloaded tor-rtmock v0.21.0
[INFO] [stderr]   Downloaded minreq v2.11.2
[INFO] [stderr]   Downloaded zerocopy-derive v0.7.33
[INFO] [stderr]   Downloaded hashlink v0.9.0
[INFO] [stderr]   Downloaded tor-rtcompat v0.21.0
[INFO] [stderr]   Downloaded tor-hsclient v0.21.0
[INFO] [stderr]   Downloaded ssh-encoding v0.2.0
[INFO] [stderr]   Downloaded tor-hscrypto v0.21.0
[INFO] [stderr]   Downloaded derive_builder_core_fork_arti v0.11.2
[INFO] [stderr]   Downloaded pwd-grp v0.1.1
[INFO] [stderr]   Downloaded fs-mistrust v0.7.12
[INFO] [stderr]   Downloaded tor-linkspec v0.21.0
[INFO] [stderr]   Downloaded tor-llcrypto v0.21.0
[INFO] [stderr]   Downloaded priority-queue v2.0.3
[INFO] [stderr]   Downloaded bitcoin-units v0.1.1
[INFO] [stderr]   Downloaded hex-conservative v0.2.0
[INFO] [stderr]   Downloaded bitcoincore-rpc-json v0.19.0
[INFO] [stderr]   Downloaded jsonrpc v0.18.0
[INFO] [stderr]   Downloaded tor-error v0.21.0
[INFO] [stderr]   Downloaded tor-dirclient v0.21.0
[INFO] [stderr]   Downloaded glob-match v0.2.1
[INFO] [stderr]   Downloaded ssh-cipher v0.2.0
[INFO] [stderr]   Downloaded typed-index-collections v3.1.0
[INFO] [stderr]   Downloaded tor-persist v0.21.0
[INFO] [stderr]   Downloaded asynchronous-codec v0.7.0
[INFO] [stderr]   Downloaded tor-checkable v0.21.0
[INFO] [stderr]   Downloaded tor-basic-utils v0.21.0
[INFO] [stderr]   Downloaded tor-protover v0.21.0
[INFO] [stderr]   Downloaded fluid-let v1.0.0
[INFO] [stderr]   Downloaded safelog v0.3.7
[INFO] [stderr]   Downloaded tor-log-ratelim v0.21.0
[INFO] [stderr]   Downloaded tracing-test-macro v0.2.5
[INFO] [stderr]   Downloaded bip324 v0.3.1
[INFO] [stderr]   Downloaded bitcoin-internals v0.3.0
[INFO] [stderr]   Downloaded tor-relay-selection v0.21.0
[INFO] [stderr]   Downloaded tor-cert v0.21.0
[INFO] [stderr]   Downloaded tor-bytes v0.21.0
[INFO] [stderr]   Downloaded tor-async-utils v0.21.0
[INFO] [stderr]   Downloaded base58ck v0.1.0
[INFO] [stderr]   Downloaded futures-rustls v0.26.0
[INFO] [stderr]   Downloaded x509-signature v0.5.0
[INFO] [stderr]   Downloaded tor-units v0.21.0
[INFO] [stderr]   Downloaded bitcoincore-rpc v0.19.0
[INFO] [stderr]   Downloaded visibility v0.1.0
[INFO] [stderr]   Downloaded secp256k1-sys v0.10.0
[INFO] [stderr]   Downloaded bounded-vec-deque v0.1.1
[INFO] [stderr]   Downloaded libsqlite3-sys v0.28.0
[INFO] running `Command { std: "docker" "create" "-v" "/var/lib/crater-agent-workspace/builds/worker-0-tc1/target:/opt/rustwide/target:rw,Z" "-v" "/var/lib/crater-agent-workspace/builds/worker-0-tc1/source:/opt/rustwide/workdir:ro,Z" "-v" "/var/lib/crater-agent-workspace/cargo-home:/opt/rustwide/cargo-home:ro,Z" "-v" "/var/lib/crater-agent-workspace/rustup-home:/opt/rustwide/rustup-home:ro,Z" "-e" "SOURCE_DIR=/opt/rustwide/workdir" "-e" "CARGO_TARGET_DIR=/opt/rustwide/target" "-e" "CARGO_HOME=/opt/rustwide/cargo-home" "-e" "RUSTUP_HOME=/opt/rustwide/rustup-home" "-w" "/opt/rustwide/workdir" "-m" "1610612736" "--user" "0:0" "--network" "none" "ghcr.io/rust-lang/crates-build-env/linux@sha256:4a844ea9eb2546a2d2c7022eacef16ef2e8229c7fbb2c7d4d55a9ceca922f72d" "/opt/rustwide/cargo-home/bin/cargo" "+nightly-2024-10-28" "metadata" "--no-deps" "--format-version=1", kill_on_drop: false }`
[INFO] [stdout] 059daae9b3be4fab8d5e10ef3ca30ba5804245c739b3889c1fdb2b4a81dcafe1
[INFO] running `Command { std: "docker" "start" "-a" "059daae9b3be4fab8d5e10ef3ca30ba5804245c739b3889c1fdb2b4a81dcafe1", kill_on_drop: false }`
[INFO] running `Command { std: "docker" "inspect" "059daae9b3be4fab8d5e10ef3ca30ba5804245c739b3889c1fdb2b4a81dcafe1", kill_on_drop: false }`
[INFO] running `Command { std: "docker" "rm" "-f" "059daae9b3be4fab8d5e10ef3ca30ba5804245c739b3889c1fdb2b4a81dcafe1", kill_on_drop: false }`
[INFO] [stdout] 059daae9b3be4fab8d5e10ef3ca30ba5804245c739b3889c1fdb2b4a81dcafe1
[INFO] running `Command { std: "docker" "create" "-v" "/var/lib/crater-agent-workspace/builds/worker-0-tc1/target:/opt/rustwide/target:rw,Z" "-v" "/var/lib/crater-agent-workspace/builds/worker-0-tc1/source:/opt/rustwide/workdir:ro,Z" "-v" "/var/lib/crater-agent-workspace/cargo-home:/opt/rustwide/cargo-home:ro,Z" "-v" "/var/lib/crater-agent-workspace/rustup-home:/opt/rustwide/rustup-home:ro,Z" "-e" "SOURCE_DIR=/opt/rustwide/workdir" "-e" "CARGO_TARGET_DIR=/opt/rustwide/target" "-e" "CARGO_INCREMENTAL=0" "-e" "RUST_BACKTRACE=full" "-e" "RUSTFLAGS=--cap-lints=forbid" "-e" "RUSTDOCFLAGS=--cap-lints=forbid" "-e" "CARGO_HOME=/opt/rustwide/cargo-home" "-e" "RUSTUP_HOME=/opt/rustwide/rustup-home" "-w" "/opt/rustwide/workdir" "-m" "1610612736" "--user" "0:0" "--network" "none" "ghcr.io/rust-lang/crates-build-env/linux@sha256:4a844ea9eb2546a2d2c7022eacef16ef2e8229c7fbb2c7d4d55a9ceca922f72d" "/opt/rustwide/cargo-home/bin/cargo" "+nightly-2024-10-28" "build" "--frozen" "--message-format=json", kill_on_drop: false }`
[INFO] [stdout] 6b43f599407eae0b2e9343f00e8567ea8bce2604013743d48a12b1bc628579a4
[INFO] running `Command { std: "docker" "start" "-a" "6b43f599407eae0b2e9343f00e8567ea8bce2604013743d48a12b1bc628579a4", kill_on_drop: false }`
[INFO] [stderr]    Compiling proc-macro2 v1.0.81
[INFO] [stderr]    Compiling libc v0.2.153
[INFO] [stderr]    Compiling cc v1.0.95
[INFO] [stderr]    Compiling serde v1.0.198
[INFO] [stderr]    Compiling bitcoin-internals v0.3.0
[INFO] [stderr]    Compiling hex-conservative v0.2.0
[INFO] [stderr]    Compiling bitcoin-io v0.1.2
[INFO] [stderr]    Compiling ahash v0.8.11
[INFO] [stderr]    Compiling zerocopy v0.7.33
[INFO] [stderr]    Compiling pkg-config v0.3.30
[INFO] [stderr]    Compiling once_cell v1.19.0
[INFO] [stderr]    Compiling hex_lit v0.1.1
[INFO] [stderr]    Compiling allocator-api2 v0.2.9
[INFO] [stderr]    Compiling bitcoin v0.32.1
[INFO] [stderr]    Compiling quote v1.0.36
[INFO] [stderr]    Compiling hashbrown v0.14.5
[INFO] [stderr]    Compiling bech32 v0.11.0
[INFO] [stderr]    Compiling fallible-streaming-iterator v0.1.9
[INFO] [stderr]    Compiling fallible-iterator v0.3.0
[INFO] [stderr]    Compiling syn v2.0.60
[INFO] [stderr]    Compiling getrandom v0.2.14
[INFO] [stderr]    Compiling num_cpus v1.16.0
[INFO] [stderr]    Compiling mio v0.8.11
[INFO] [stderr]    Compiling socket2 v0.5.6
[INFO] [stderr]    Compiling secp256k1-sys v0.10.0
[INFO] [stderr]    Compiling rand_core v0.6.4
[INFO] [stderr]    Compiling libsqlite3-sys v0.28.0
[INFO] [stderr]    Compiling hashlink v0.9.0
[INFO] [stderr]    Compiling rand_chacha v0.3.1
[INFO] [stderr]    Compiling rand v0.8.5
[INFO] [stderr]    Compiling serde_derive v1.0.198
[INFO] [stderr]    Compiling tokio-macros v2.2.0
[INFO] [stderr]    Compiling tokio v1.37.0
[INFO] [stderr]    Compiling bitcoin_hashes v0.14.0
[INFO] [stderr]    Compiling bitcoin-units v0.1.1
[INFO] [stderr]    Compiling secp256k1 v0.29.0
[INFO] [stderr]    Compiling base58ck v0.1.0
[INFO] [stderr]    Compiling rusqlite v0.31.0
[INFO] [stderr]    Compiling bip324 v0.3.1
[INFO] [stderr]    Compiling kyoto-cbf v0.3.0 (/opt/rustwide/workdir)
[INFO] [stderr]     Finished `dev` profile [unoptimized + debuginfo] target(s) in 14.70s
[INFO] running `Command { std: "docker" "inspect" "6b43f599407eae0b2e9343f00e8567ea8bce2604013743d48a12b1bc628579a4", kill_on_drop: false }`
[INFO] running `Command { std: "docker" "rm" "-f" "6b43f599407eae0b2e9343f00e8567ea8bce2604013743d48a12b1bc628579a4", kill_on_drop: false }`
[INFO] [stdout] 6b43f599407eae0b2e9343f00e8567ea8bce2604013743d48a12b1bc628579a4
[INFO] running `Command { std: "docker" "create" "-v" "/var/lib/crater-agent-workspace/builds/worker-0-tc1/target:/opt/rustwide/target:rw,Z" "-v" "/var/lib/crater-agent-workspace/builds/worker-0-tc1/source:/opt/rustwide/workdir:ro,Z" "-v" "/var/lib/crater-agent-workspace/cargo-home:/opt/rustwide/cargo-home:ro,Z" "-v" "/var/lib/crater-agent-workspace/rustup-home:/opt/rustwide/rustup-home:ro,Z" "-e" "SOURCE_DIR=/opt/rustwide/workdir" "-e" "CARGO_TARGET_DIR=/opt/rustwide/target" "-e" "CARGO_INCREMENTAL=0" "-e" "RUST_BACKTRACE=full" "-e" "RUSTFLAGS=--cap-lints=forbid" "-e" "RUSTDOCFLAGS=--cap-lints=forbid" "-e" "CARGO_HOME=/opt/rustwide/cargo-home" "-e" "RUSTUP_HOME=/opt/rustwide/rustup-home" "-w" "/opt/rustwide/workdir" "-m" "1610612736" "--user" "0:0" "--network" "none" "ghcr.io/rust-lang/crates-build-env/linux@sha256:4a844ea9eb2546a2d2c7022eacef16ef2e8229c7fbb2c7d4d55a9ceca922f72d" "/opt/rustwide/cargo-home/bin/cargo" "+nightly-2024-10-28" "test" "--frozen" "--no-run" "--message-format=json", kill_on_drop: false }`
[INFO] [stdout] aa68915f675da87f7d2fee7eeb48bea3ce8e3030139ad7c5111cb816f3da6599
[INFO] running `Command { std: "docker" "start" "-a" "aa68915f675da87f7d2fee7eeb48bea3ce8e3030139ad7c5111cb816f3da6599", kill_on_drop: false }`
[INFO] [stderr]    Compiling serde v1.0.198
[INFO] [stderr]    Compiling secp256k1-sys v0.10.0
[INFO] [stderr]    Compiling syn v2.0.60
[INFO] [stderr]    Compiling autocfg v1.2.0
[INFO] [stderr]    Compiling serde_json v1.0.117
[INFO] [stderr]    Compiling bitcoin v0.32.1
[INFO] [stderr]    Compiling parking_lot_core v0.9.9
[INFO] [stderr]    Compiling log v0.4.21
[INFO] [stderr]    Compiling ahash v0.8.11
[INFO] [stderr]    Compiling minreq v2.11.2
[INFO] [stderr]    Compiling bitflags v2.5.0
[INFO] [stderr]    Compiling tracing-core v0.1.32
[INFO] [stderr]    Compiling rustix v0.38.34
[INFO] [stderr]    Compiling lock_api v0.4.11
[INFO] [stderr]    Compiling hashbrown v0.14.5
[INFO] [stderr]    Compiling signal-hook-registry v1.4.1
[INFO] [stderr]    Compiling overload v0.1.1
[INFO] [stderr]    Compiling linux-raw-sys v0.4.14
[INFO] [stderr]    Compiling parking_lot v0.12.1
[INFO] [stderr]    Compiling sharded-slab v0.1.7
[INFO] [stderr]    Compiling hashlink v0.9.0
[INFO] [stderr]    Compiling nu-ansi-term v0.46.0
[INFO] [stderr]    Compiling tracing-log v0.2.0
[INFO] [stderr]    Compiling rusqlite v0.31.0
[INFO] [stderr]    Compiling thread_local v1.1.8
[INFO] [stderr]    Compiling fastrand v2.1.1
[INFO] [stderr]    Compiling tracing-subscriber v0.3.18
[INFO] [stderr]    Compiling tempfile v3.11.0
[INFO] [stderr]    Compiling serde_derive v1.0.198
[INFO] [stderr]    Compiling tokio-macros v2.2.0
[INFO] [stderr]    Compiling tracing-attributes v0.1.27
[INFO] [stderr]    Compiling tokio v1.37.0
[INFO] [stderr]    Compiling tracing v0.1.40
[INFO] [stderr]    Compiling bitcoin_hashes v0.14.0
[INFO] [stderr]    Compiling bitcoin-internals v0.3.0
[INFO] [stderr]    Compiling bitcoin-units v0.1.1
[INFO] [stderr]    Compiling secp256k1 v0.29.0
[INFO] [stderr]    Compiling base58ck v0.1.0
[INFO] [stderr]    Compiling jsonrpc v0.18.0
[INFO] [stderr]    Compiling bitcoincore-rpc-json v0.19.0
[INFO] [stderr]    Compiling bip324 v0.3.1
[INFO] [stderr]    Compiling kyoto-cbf v0.3.0 (/opt/rustwide/workdir)
[INFO] [stderr]    Compiling bitcoincore-rpc v0.19.0
[INFO] [stderr]     Finished `test` profile [unoptimized + debuginfo] target(s) in 17.50s
[INFO] running `Command { std: "docker" "inspect" "aa68915f675da87f7d2fee7eeb48bea3ce8e3030139ad7c5111cb816f3da6599", kill_on_drop: false }`
[INFO] running `Command { std: "docker" "rm" "-f" "aa68915f675da87f7d2fee7eeb48bea3ce8e3030139ad7c5111cb816f3da6599", kill_on_drop: false }`
[INFO] [stdout] aa68915f675da87f7d2fee7eeb48bea3ce8e3030139ad7c5111cb816f3da6599
[INFO] running `Command { std: "docker" "create" "-v" "/var/lib/crater-agent-workspace/builds/worker-0-tc1/target:/opt/rustwide/target:rw,Z" "-v" "/var/lib/crater-agent-workspace/builds/worker-0-tc1/source:/opt/rustwide/workdir:ro,Z" "-v" "/var/lib/crater-agent-workspace/cargo-home:/opt/rustwide/cargo-home:ro,Z" "-v" "/var/lib/crater-agent-workspace/rustup-home:/opt/rustwide/rustup-home:ro,Z" "-e" "SOURCE_DIR=/opt/rustwide/workdir" "-e" "CARGO_TARGET_DIR=/opt/rustwide/target" "-e" "CARGO_INCREMENTAL=0" "-e" "RUST_BACKTRACE=full" "-e" "RUSTFLAGS=--cap-lints=forbid" "-e" "RUSTDOCFLAGS=--cap-lints=forbid" "-e" "CARGO_HOME=/opt/rustwide/cargo-home" "-e" "RUSTUP_HOME=/opt/rustwide/rustup-home" "-w" "/opt/rustwide/workdir" "-m" "1610612736" "--user" "0:0" "--network" "none" "ghcr.io/rust-lang/crates-build-env/linux@sha256:4a844ea9eb2546a2d2c7022eacef16ef2e8229c7fbb2c7d4d55a9ceca922f72d" "/opt/rustwide/cargo-home/bin/cargo" "+nightly-2024-10-28" "test" "--frozen", kill_on_drop: false }`
[INFO] [stdout] 83072fdf39ea84f77bebf8fc9438d5e1c85e8fe701d7d843a67c0197e273c48b
[INFO] running `Command { std: "docker" "start" "-a" "83072fdf39ea84f77bebf8fc9438d5e1c85e8fe701d7d843a67c0197e273c48b", kill_on_drop: false }`
[INFO] [stderr]     Finished `test` profile [unoptimized + debuginfo] target(s) in 0.10s
[INFO] [stderr]      Running unittests src/lib.rs (/opt/rustwide/target/debug/deps/kyoto-c133c5906da7c611)
[INFO] [stdout] 
[INFO] [stdout] running 31 tests
[INFO] [stdout] test chain::block_queue::test::test_laggy_peer ... ignored, wastes time
[INFO] [stdout] test chain::block_queue::test::test_blocks_removed ... ok
[INFO] [stdout] test chain::block_queue::test::test_block_queue ... ok
[INFO] [stdout] test chain::chain::tests::test_bad_filter ... ok
[INFO] [stdout] test chain::chain::tests::test_filters_out_of_order ... ok
[INFO] [stdout] test chain::chain::tests::test_fork_includes_old_vals ... ok
[INFO] [stdout] test chain::chain::tests::test_depth_two_fork ... ok
[INFO] [stdout] test chain::chain::tests::test_has_conflict ... ok
[INFO] [stdout] test chain::chain::tests::reorg_during_filter_sync ... ok
[INFO] [stdout] test chain::chain::tests::test_bad_blockhash ... ok
[INFO] [stdout] test chain::chain::tests::test_depth_one_fork ... ok
[INFO] [stdout] test chain::chain::tests::test_inv_with_queue ... ok
[INFO] [stdout] test chain::chain::tests::test_inv_no_queue ... ok
[INFO] [stdout] test chain::header_chain::tests::reorg_is_stump ... ok
[INFO] [stdout] test chain::header_chain::tests::test_empty_chain ... ok
[INFO] [stdout] test chain::header_chain::tests::test_depth_one_reorg ... ok
[INFO] [stdout] test chain::header_chain::tests::test_depth_two_reorg ... ok
[INFO] [stdout] test chain::chain::tests::test_reorg_no_queue ... ok
[INFO] [stdout] test chain::chain::tests::test_uneven_cf_headers ... ok
[INFO] [stdout] test core::broadcaster::tests::test_broadcast_queue_works ... ok
[INFO] [stdout] test chain::header_chain::tests::test_nonempty_chain ... ok
[INFO] [stdout] test chain::chain::tests::test_reorg_with_queue ... ok
[INFO] [stdout] test network::counter::tests::test_timer_works ... ignored, time wasting
[INFO] [stdout] test network::dns::test::dns_responds ... ignored, dns works
[INFO] [stdout] test network::counter::tests::test_counter_works ... ok
[INFO] [stdout] test db::memory::peers::tests::test_stateless_store ... ok
[INFO] [stdout] test core::client::tests::test_client_works ... ok
[INFO] [stdout] test network::tests::test_sixteen ... ok
[INFO] [stdout] test db::sqlite::headers::tests::test_sql_header_store_normal_use ... ok
[INFO] [stdout] test db::sqlite::headers::tests::test_sql_header_loads_with_fork ... ok
[INFO] [stdout] test db::sqlite::peers::tests::test_sql_peer_store ... ok
[INFO] [stdout] 
[INFO] [stdout] test result: ok. 28 passed; 0 failed; 3 ignored; 0 measured; 0 filtered out; finished in 0.04s
[INFO] [stdout] 
[INFO] [stderr]      Running tests/core.rs (/opt/rustwide/target/debug/deps/core-4fb9419f3779171e)
[INFO] [stdout] 
[INFO] [stdout] running 10 tests
[INFO] [stdout] test test_reorg ... ok
[INFO] [stdout] test test_long_chain ... ok
[INFO] [stdout] test test_mine_after_reorg ... ok
[INFO] [stdout] test test_sql_reorg ... ok
[INFO] [stdout] test test_broadcast_success ... ok
[INFO] [stdout] test test_broadcast_fail ... ok
[INFO] [stdout] test test_halting_works ... ok
[INFO] [stdout] test test_sql_stale_anchor ... ok
[INFO] [stdout] test test_two_deep_reorg ... ok
[INFO] [stdout] test test_signet_syncs has been running for over 60 seconds
[INFO] [stdout] test test_signet_syncs ... FAILED
[INFO] [stdout] 
[INFO] [stdout] failures:
[INFO] [stdout] 
[INFO] [stdout] ---- test_signet_syncs stdout ----
[INFO] [stdout] Starting node
[INFO] [stdout] Configured connection requirement: 1 peers
[INFO] [stdout] Attempting to load headers from the database
[INFO] [stdout] Looking for connections to peers.
[INFO] [stdout] Using a configured peer.
[INFO] [stdout] Connecting to Ipv4(68.47.229.218):38333
[INFO] [stdout] An attempted connection failed or timed out.
[INFO] [stdout] reading or writing from the UDP connection failed.
[INFO] [stdout] reading or writing from the UDP connection failed.
[INFO] [stdout] Looking for connections to peers.
[INFO] [stdout] The peer database has no values.
[INFO] [stdout] Bootstraping peers with DNS
[INFO] [stdout] thread 'test_signet_syncs' panicked at tests/core.rs:741:5:
[INFO] [stdout] assertion failed: timeout.is_ok()
[INFO] [stdout] stack backtrace:
[INFO] [stdout]    0:     0x63362673256a - std::backtrace_rs::backtrace::libunwind::trace::h207520d6e9873551
[INFO] [stdout]                                at /rustc/df4ca44d3fbc9301ee17f30f4d474e6ae4b05252/library/std/src/../../backtrace/src/backtrace/libunwind.rs:116:5
[INFO] [stdout]    1:     0x63362673256a - std::backtrace_rs::backtrace::trace_unsynchronized::h2ed7433f370e3eca
[INFO] [stdout]                                at /rustc/df4ca44d3fbc9301ee17f30f4d474e6ae4b05252/library/std/src/../../backtrace/src/backtrace/mod.rs:66:5
[INFO] [stdout]    2:     0x63362673256a - std::sys::backtrace::_print_fmt::h916fac51166b18d7
[INFO] [stdout]                                at /rustc/df4ca44d3fbc9301ee17f30f4d474e6ae4b05252/library/std/src/sys/backtrace.rs:66:9
[INFO] [stdout]    3:     0x63362673256a - <std::sys::backtrace::BacktraceLock::print::DisplayBacktrace as core::fmt::Display>::fmt::ha0a4c9b8ce3802e6
[INFO] [stdout]                                at /rustc/df4ca44d3fbc9301ee17f30f4d474e6ae4b05252/library/std/src/sys/backtrace.rs:39:26
[INFO] [stdout]    4:     0x63362675d203 - core::fmt::rt::Argument::fmt::h4cfc8587d52b3eb5
[INFO] [stdout]                                at /rustc/df4ca44d3fbc9301ee17f30f4d474e6ae4b05252/library/core/src/fmt/rt.rs:177:76
[INFO] [stdout]    5:     0x63362675d203 - core::fmt::write::h522cc39e5b36ae9f
[INFO] [stdout]                                at /rustc/df4ca44d3fbc9301ee17f30f4d474e6ae4b05252/library/core/src/fmt/mod.rs:1190:21
[INFO] [stdout]    6:     0x63362672e013 - std::io::Write::write_fmt::h7d3c26752da97734
[INFO] [stdout]                                at /rustc/df4ca44d3fbc9301ee17f30f4d474e6ae4b05252/library/std/src/io/mod.rs:1839:15
[INFO] [stdout]    7:     0x6336267323b2 - std::sys::backtrace::BacktraceLock::print::h4b9e00b29e9c0942
[INFO] [stdout]                                at /rustc/df4ca44d3fbc9301ee17f30f4d474e6ae4b05252/library/std/src/sys/backtrace.rs:42:9
[INFO] [stdout]    8:     0x6336267339fa - std::panicking::default_hook::{{closure}}::hb59b88280d0324d9
[INFO] [stdout]                                at /rustc/df4ca44d3fbc9301ee17f30f4d474e6ae4b05252/library/std/src/panicking.rs:268:22
[INFO] [stdout]    9:     0x633626733804 - std::panicking::default_hook::he1dd496665be4a29
[INFO] [stdout]                                at /rustc/df4ca44d3fbc9301ee17f30f4d474e6ae4b05252/library/std/src/panicking.rs:292:9
[INFO] [stdout]   10:     0x6336262dfea9 - <alloc::boxed::Box<F,A> as core::ops::function::Fn<Args>>::call::h4ff71de18744e1dc
[INFO] [stdout]                                at /rustc/df4ca44d3fbc9301ee17f30f4d474e6ae4b05252/library/alloc/src/boxed.rs:2468:9
[INFO] [stdout]   11:     0x6336262dfea9 - test::test_main::{{closure}}::hcf7c055ce117aa81
[INFO] [stdout]                                at /rustc/df4ca44d3fbc9301ee17f30f4d474e6ae4b05252/library/test/src/lib.rs:133:21
[INFO] [stdout]   12:     0x6336267340f8 - <alloc::boxed::Box<F,A> as core::ops::function::Fn<Args>>::call::h1d66c6bbd60c9692
[INFO] [stdout]                                at /rustc/df4ca44d3fbc9301ee17f30f4d474e6ae4b05252/library/alloc/src/boxed.rs:2468:9
[INFO] [stdout]   13:     0x6336267340f8 - std::panicking::rust_panic_with_hook::h2ff17fe8f26dfcf8
[INFO] [stdout]                                at /rustc/df4ca44d3fbc9301ee17f30f4d474e6ae4b05252/library/std/src/panicking.rs:809:13
[INFO] [stdout]   14:     0x633626733e86 - std::panicking::begin_panic_handler::{{closure}}::h4fad77951c07e101
[INFO] [stdout]                                at /rustc/df4ca44d3fbc9301ee17f30f4d474e6ae4b05252/library/std/src/panicking.rs:667:13
[INFO] [stdout]   15:     0x633626732a49 - std::sys::backtrace::__rust_end_short_backtrace::hb1a25b3da5d0ea08
[INFO] [stdout]                                at /rustc/df4ca44d3fbc9301ee17f30f4d474e6ae4b05252/library/std/src/sys/backtrace.rs:170:18
[INFO] [stdout]   16:     0x633626733b4c - rust_begin_unwind
[INFO] [stdout]                                at /rustc/df4ca44d3fbc9301ee17f30f4d474e6ae4b05252/library/std/src/panicking.rs:665:5
[INFO] [stdout]   17:     0x63362675b3f0 - core::panicking::panic_fmt::ha9db07b529f9b256
[INFO] [stdout]                                at /rustc/df4ca44d3fbc9301ee17f30f4d474e6ae4b05252/library/core/src/panicking.rs:75:14
[INFO] [stdout]   18:     0x63362675b47c - core::panicking::panic::h993086813d94accc
[INFO] [stdout]                                at /rustc/df4ca44d3fbc9301ee17f30f4d474e6ae4b05252/library/core/src/panicking.rs:152:5
[INFO] [stdout]   19:     0x63362627e305 - core::test_signet_syncs::{{closure}}::h53fe0dd2e1d14e3e
[INFO] [stdout]                                at /opt/rustwide/workdir/tests/core.rs:741:5
[INFO] [stdout]   20:     0x6336261b8332 - <core::pin::Pin<P> as core::future::future::Future>::poll::had472b9dcf8b901b
[INFO] [stdout]                                at /rustc/df4ca44d3fbc9301ee17f30f4d474e6ae4b05252/library/core/src/future/future.rs:123:9
[INFO] [stdout]   21:     0x6336261b858d - <core::pin::Pin<P> as core::future::future::Future>::poll::hdc028755cc1cc808
[INFO] [stdout]                                at /rustc/df4ca44d3fbc9301ee17f30f4d474e6ae4b05252/library/core/src/future/future.rs:123:9
[INFO] [stdout]   22:     0x6336262a4f8f - tokio::runtime::scheduler::current_thread::CoreGuard::block_on::{{closure}}::{{closure}}::{{closure}}::hf8571e64d7a5bf21
[INFO] [stdout]                                at /opt/rustwide/cargo-home/registry/src/index.crates.io-6f17d22bba15001f/tokio-1.37.0/src/runtime/scheduler/current_thread/mod.rs:659:57
[INFO] [stdout]   23:     0x6336262a4ed5 - tokio::runtime::coop::with_budget::h3cbaf9f7ed9f4648
[INFO] [stdout]                                at /opt/rustwide/cargo-home/registry/src/index.crates.io-6f17d22bba15001f/tokio-1.37.0/src/runtime/coop.rs:107:5
[INFO] [stdout]   24:     0x6336262a4ed5 - tokio::runtime::coop::budget::hbc1367956f6d8769
[INFO] [stdout]                                at /opt/rustwide/cargo-home/registry/src/index.crates.io-6f17d22bba15001f/tokio-1.37.0/src/runtime/coop.rs:73:5
[INFO] [stdout]   25:     0x6336262a4ed5 - tokio::runtime::scheduler::current_thread::CoreGuard::block_on::{{closure}}::{{closure}}::he5eadaaee6526511
[INFO] [stdout]                                at /opt/rustwide/cargo-home/registry/src/index.crates.io-6f17d22bba15001f/tokio-1.37.0/src/runtime/scheduler/current_thread/mod.rs:659:25
[INFO] [stdout]   26:     0x6336262a3c70 - tokio::runtime::scheduler::current_thread::Context::enter::h92b5bbd27cb8518e
[INFO] [stdout]                                at /opt/rustwide/cargo-home/registry/src/index.crates.io-6f17d22bba15001f/tokio-1.37.0/src/runtime/scheduler/current_thread/mod.rs:404:19
[INFO] [stdout]   27:     0x6336262a472e - tokio::runtime::scheduler::current_thread::CoreGuard::block_on::{{closure}}::h385ab881261cdfb5
[INFO] [stdout]                                at /opt/rustwide/cargo-home/registry/src/index.crates.io-6f17d22bba15001f/tokio-1.37.0/src/runtime/scheduler/current_thread/mod.rs:658:36
[INFO] [stdout]   28:     0x6336262a44a4 - tokio::runtime::scheduler::current_thread::CoreGuard::enter::{{closure}}::h0bc366d2cd363b9b
[INFO] [stdout]                                at /opt/rustwide/cargo-home/registry/src/index.crates.io-6f17d22bba15001f/tokio-1.37.0/src/runtime/scheduler/current_thread/mod.rs:737:68
[INFO] [stdout]   29:     0x63362625460b - tokio::runtime::context::scoped::Scoped<T>::set::h42eb40b61d8936e5
[INFO] [stdout]                                at /opt/rustwide/cargo-home/registry/src/index.crates.io-6f17d22bba15001f/tokio-1.37.0/src/runtime/context/scoped.rs:40:9
[INFO] [stdout]   30:     0x633626188af9 - tokio::runtime::context::set_scheduler::{{closure}}::h1d27bf1f9d823770
[INFO] [stdout]                                at /opt/rustwide/cargo-home/registry/src/index.crates.io-6f17d22bba15001f/tokio-1.37.0/src/runtime/context.rs:176:26
[INFO] [stdout]   31:     0x63362624147d - std::thread::local::LocalKey<T>::try_with::h498fc8cf500bc19f
[INFO] [stdout]                                at /rustc/df4ca44d3fbc9301ee17f30f4d474e6ae4b05252/library/std/src/thread/local.rs:283:12
[INFO] [stdout]   32:     0x63362624054a - std::thread::local::LocalKey<T>::with::h561f3dd4fb35260d
[INFO] [stdout]                                at /rustc/df4ca44d3fbc9301ee17f30f4d474e6ae4b05252/library/std/src/thread/local.rs:260:9
[INFO] [stdout]   33:     0x633626188aad - tokio::runtime::context::set_scheduler::hee1df1b77c4f5f98
[INFO] [stdout]                                at /opt/rustwide/cargo-home/registry/src/index.crates.io-6f17d22bba15001f/tokio-1.37.0/src/runtime/context.rs:176:9
[INFO] [stdout]   34:     0x6336262a4250 - tokio::runtime::scheduler::current_thread::CoreGuard::enter::h66115653493ee875
[INFO] [stdout]                                at /opt/rustwide/cargo-home/registry/src/index.crates.io-6f17d22bba15001f/tokio-1.37.0/src/runtime/scheduler/current_thread/mod.rs:737:27
[INFO] [stdout]   35:     0x6336262a44c3 - tokio::runtime::scheduler::current_thread::CoreGuard::block_on::h5faf91ac41ca94bd
[INFO] [stdout]                                at /opt/rustwide/cargo-home/registry/src/index.crates.io-6f17d22bba15001f/tokio-1.37.0/src/runtime/scheduler/current_thread/mod.rs:646:19
[INFO] [stdout]   36:     0x63362629ca3d - tokio::runtime::scheduler::current_thread::CurrentThread::block_on::{{closure}}::h7da408a778489b0a
[INFO] [stdout]                                at /opt/rustwide/cargo-home/registry/src/index.crates.io-6f17d22bba15001f/tokio-1.37.0/src/runtime/scheduler/current_thread/mod.rs:175:28
[INFO] [stdout]   37:     0x633626254956 - tokio::runtime::context::runtime::enter_runtime::he8ab79486cfc4d6f
[INFO] [stdout]                                at /opt/rustwide/cargo-home/registry/src/index.crates.io-6f17d22bba15001f/tokio-1.37.0/src/runtime/context/runtime.rs:65:16
[INFO] [stdout]   38:     0x63362629c951 - tokio::runtime::scheduler::current_thread::CurrentThread::block_on::hcef0b36031e240e3
[INFO] [stdout]                                at /opt/rustwide/cargo-home/registry/src/index.crates.io-6f17d22bba15001f/tokio-1.37.0/src/runtime/scheduler/current_thread/mod.rs:167:9
[INFO] [stdout]   39:     0x6336262221fd - tokio::runtime::runtime::Runtime::block_on::h44acaf4579f55841
[INFO] [stdout]                                at /opt/rustwide/cargo-home/registry/src/index.crates.io-6f17d22bba15001f/tokio-1.37.0/src/runtime/runtime.rs:349:47
[INFO] [stdout]   40:     0x63362627d791 - core::test_signet_syncs::h4c1c334683688759
[INFO] [stdout]                                at /opt/rustwide/workdir/tests/core.rs:741:5
[INFO] [stdout]   41:     0x63362627d637 - core::test_signet_syncs::{{closure}}::hba4857f66d2a32ec
[INFO] [stdout]                                at /opt/rustwide/workdir/tests/core.rs:712:29
[INFO] [stdout]   42:     0x633626058ba6 - core::ops::function::FnOnce::call_once::h01a5e43544ea79ce
[INFO] [stdout]                                at /rustc/df4ca44d3fbc9301ee17f30f4d474e6ae4b05252/library/core/src/ops/function.rs:250:5
[INFO] [stdout]   43:     0x6336262e477b - core::ops::function::FnOnce::call_once::h22c3ba5715e93f05
[INFO] [stdout]                                at /rustc/df4ca44d3fbc9301ee17f30f4d474e6ae4b05252/library/core/src/ops/function.rs:250:5
[INFO] [stdout]   44:     0x6336262e477b - test::__rust_begin_short_backtrace::h8e82d8113d0da17f
[INFO] [stdout]                                at /rustc/df4ca44d3fbc9301ee17f30f4d474e6ae4b05252/library/test/src/lib.rs:621:18
[INFO] [stdout]   45:     0x6336262e40f7 - test::run_test_in_process::{{closure}}::h33235f4f20b7b7c7
[INFO] [stdout]                                at /rustc/df4ca44d3fbc9301ee17f30f4d474e6ae4b05252/library/test/src/lib.rs:644:60
[INFO] [stdout]   46:     0x6336262e40f7 - <core::panic::unwind_safe::AssertUnwindSafe<F> as core::ops::function::FnOnce<()>>::call_once::hb5043206310c586f
[INFO] [stdout]                                at /rustc/df4ca44d3fbc9301ee17f30f4d474e6ae4b05252/library/core/src/panic/unwind_safe.rs:272:9
[INFO] [stdout]   47:     0x6336262e40f7 - std::panicking::try::do_call::h9ad4731a60ab23e2
[INFO] [stdout]                                at /rustc/df4ca44d3fbc9301ee17f30f4d474e6ae4b05252/library/std/src/panicking.rs:557:40
[INFO] [stdout]   48:     0x6336262e40f7 - std::panicking::try::h3824d23db772a716
[INFO] [stdout]                                at /rustc/df4ca44d3fbc9301ee17f30f4d474e6ae4b05252/library/std/src/panicking.rs:520:19
[INFO] [stdout]   49:     0x6336262e40f7 - std::panic::catch_unwind::h5afd514605fde46b
[INFO] [stdout]                                at /rustc/df4ca44d3fbc9301ee17f30f4d474e6ae4b05252/library/std/src/panic.rs:358:14
[INFO] [stdout]   50:     0x6336262e40f7 - test::run_test_in_process::h0d5cbfa7067d1720
[INFO] [stdout]                                at /rustc/df4ca44d3fbc9301ee17f30f4d474e6ae4b05252/library/test/src/lib.rs:644:27
[INFO] [stdout]   51:     0x6336262e40f7 - test::run_test::{{closure}}::h708eb8872708115d
[INFO] [stdout]                                at /rustc/df4ca44d3fbc9301ee17f30f4d474e6ae4b05252/library/test/src/lib.rs:565:43
[INFO] [stdout]   52:     0x6336262a7814 - test::run_test::{{closure}}::h392c51cee94713ab
[INFO] [stdout]                                at /rustc/df4ca44d3fbc9301ee17f30f4d474e6ae4b05252/library/test/src/lib.rs:595:41
[INFO] [stdout]   53:     0x6336262a7814 - std::sys::backtrace::__rust_begin_short_backtrace::h2f40290710935a8b
[INFO] [stdout]                                at /rustc/df4ca44d3fbc9301ee17f30f4d474e6ae4b05252/library/std/src/sys/backtrace.rs:154:18
[INFO] [stdout]   54:     0x6336262aafbe - std::thread::Builder::spawn_unchecked_::{{closure}}::{{closure}}::h3fd968d89053a903
[INFO] [stdout]                                at /rustc/df4ca44d3fbc9301ee17f30f4d474e6ae4b05252/library/std/src/thread/mod.rs:541:17
[INFO] [stdout]   55:     0x6336262aafbe - <core::panic::unwind_safe::AssertUnwindSafe<F> as core::ops::function::FnOnce<()>>::call_once::h743f637ba4229880
[INFO] [stdout]                                at /rustc/df4ca44d3fbc9301ee17f30f4d474e6ae4b05252/library/core/src/panic/unwind_safe.rs:272:9
[INFO] [stdout]   56:     0x6336262aafbe - std::panicking::try::do_call::h07440897322525a6
[INFO] [stdout]                                at /rustc/df4ca44d3fbc9301ee17f30f4d474e6ae4b05252/library/std/src/panicking.rs:557:40
[INFO] [stdout]   57:     0x6336262aafbe - std::panicking::try::he5a2e00188156637
[INFO] [stdout]                                at /rustc/df4ca44d3fbc9301ee17f30f4d474e6ae4b05252/library/std/src/panicking.rs:520:19
[INFO] [stdout]   58:     0x6336262aafbe - std::panic::catch_unwind::hbaf3cae49b3c6433
[INFO] [stdout]                                at /rustc/df4ca44d3fbc9301ee17f30f4d474e6ae4b05252/library/std/src/panic.rs:358:14
[INFO] [stdout]   59:     0x6336262aafbe - std::thread::Builder::spawn_unchecked_::{{closure}}::h8e141ea224820bce
[INFO] [stdout]                                at /rustc/df4ca44d3fbc9301ee17f30f4d474e6ae4b05252/library/std/src/thread/mod.rs:540:30
[INFO] [stdout]   60:     0x6336262aafbe - core::ops::function::FnOnce::call_once{{vtable.shim}}::h90d312fedd7b8ea8
[INFO] [stdout]                                at /rustc/df4ca44d3fbc9301ee17f30f4d474e6ae4b05252/library/core/src/ops/function.rs:250:5
[INFO] [stdout]   61:     0x63362673839b - <alloc::boxed::Box<F,A> as core::ops::function::FnOnce<Args>>::call_once::h69aa08ddb6adb8b6
[INFO] [stdout]                                at /rustc/df4ca44d3fbc9301ee17f30f4d474e6ae4b05252/library/alloc/src/boxed.rs:2454:9
[INFO] [stdout]   62:     0x63362673839b - <alloc::boxed::Box<F,A> as core::ops::function::FnOnce<Args>>::call_once::h5aa36efdb79c806f
[INFO] [stdout]                                at /rustc/df4ca44d3fbc9301ee17f30f4d474e6ae4b05252/library/alloc/src/boxed.rs:2454:9
[INFO] [stdout]   63:     0x63362673839b - std::sys::pal::unix::thread::Thread::new::thread_start::h6cd80a1b4be5158d
[INFO] [stdout]                                at /rustc/df4ca44d3fbc9301ee17f30f4d474e6ae4b05252/library/std/src/sys/pal/unix/thread.rs:105:17
[INFO] [stdout]   64:     0x72dd53df2ac3 - <unknown>
[INFO] [stdout]   65:     0x72dd53e83a04 - clone
[INFO] [stdout]   66:                0x0 - <unknown>
[INFO] [stdout] 
[INFO] [stdout] 
[INFO] [stdout] failures:
[INFO] [stdout]     test_signet_syncs
[INFO] [stdout] 
[INFO] [stdout] test result: FAILED. 9 passed; 1 failed; 0 ignored; 0 measured; 0 filtered out; finished in 180.03s
[INFO] [stdout] 
[INFO] [stderr] error: test failed, to rerun pass `--test core`
[INFO] running `Command { std: "docker" "inspect" "83072fdf39ea84f77bebf8fc9438d5e1c85e8fe701d7d843a67c0197e273c48b", kill_on_drop: false }`
[INFO] running `Command { std: "docker" "rm" "-f" "83072fdf39ea84f77bebf8fc9438d5e1c85e8fe701d7d843a67c0197e273c48b", kill_on_drop: false }`
[INFO] [stdout] 83072fdf39ea84f77bebf8fc9438d5e1c85e8fe701d7d843a67c0197e273c48b
