[INFO] fetching crate kvdb-file 0.13.0...
[INFO] testing kvdb-file-0.13.0 against nightly-2024-10-28+rustflags=-Zrandomize-layout for randomize-layout
[INFO] extracting crate kvdb-file 0.13.0 into /workspace/builds/worker-4-tc2/source
[INFO] validating manifest of crates.io crate kvdb-file 0.13.0 on toolchain nightly-2024-10-28
[INFO] running `Command { std: CARGO_HOME="/workspace/cargo-home" RUSTUP_HOME="/workspace/rustup-home" "/workspace/cargo-home/bin/cargo" "+nightly-2024-10-28" "metadata" "--manifest-path" "Cargo.toml" "--no-deps", kill_on_drop: false }`
[INFO] started tweaking crates.io crate kvdb-file 0.13.0
[INFO] finished tweaking crates.io crate kvdb-file 0.13.0
[INFO] tweaked toml for crates.io crate kvdb-file 0.13.0 written to /workspace/builds/worker-4-tc2/source/Cargo.toml
[INFO] running `Command { std: CARGO_HOME="/workspace/cargo-home" RUSTUP_HOME="/workspace/rustup-home" "/workspace/cargo-home/bin/cargo" "+nightly-2024-10-28" "generate-lockfile" "--manifest-path" "Cargo.toml", kill_on_drop: false }`
[INFO] [stderr]     Updating crates.io index
[INFO] [stderr]      Locking 23 packages to latest compatible versions
[INFO] running `Command { std: CARGO_HOME="/workspace/cargo-home" RUSTUP_HOME="/workspace/rustup-home" "/workspace/cargo-home/bin/cargo" "+nightly-2024-10-28" "fetch" "--manifest-path" "Cargo.toml", kill_on_drop: false }`
[INFO] running `Command { std: "docker" "create" "-v" "/var/lib/crater-agent-workspace/builds/worker-4-tc2/target:/opt/rustwide/target:rw,Z" "-v" "/var/lib/crater-agent-workspace/builds/worker-4-tc2/source:/opt/rustwide/workdir:ro,Z" "-v" "/var/lib/crater-agent-workspace/cargo-home:/opt/rustwide/cargo-home:ro,Z" "-v" "/var/lib/crater-agent-workspace/rustup-home:/opt/rustwide/rustup-home:ro,Z" "-e" "SOURCE_DIR=/opt/rustwide/workdir" "-e" "CARGO_TARGET_DIR=/opt/rustwide/target" "-e" "CARGO_HOME=/opt/rustwide/cargo-home" "-e" "RUSTUP_HOME=/opt/rustwide/rustup-home" "-w" "/opt/rustwide/workdir" "-m" "1610612736" "--user" "0:0" "--network" "none" "ghcr.io/rust-lang/crates-build-env/linux@sha256:4a844ea9eb2546a2d2c7022eacef16ef2e8229c7fbb2c7d4d55a9ceca922f72d" "/opt/rustwide/cargo-home/bin/cargo" "+nightly-2024-10-28" "metadata" "--no-deps" "--format-version=1", kill_on_drop: false }`
[INFO] [stdout] 3cd0008c37c2e90d0f492b4336c4b0ffe50e44d79e6dc024ae12fbfa5997a56f
[INFO] running `Command { std: "docker" "start" "-a" "3cd0008c37c2e90d0f492b4336c4b0ffe50e44d79e6dc024ae12fbfa5997a56f", kill_on_drop: false }`
[INFO] running `Command { std: "docker" "inspect" "3cd0008c37c2e90d0f492b4336c4b0ffe50e44d79e6dc024ae12fbfa5997a56f", kill_on_drop: false }`
[INFO] running `Command { std: "docker" "rm" "-f" "3cd0008c37c2e90d0f492b4336c4b0ffe50e44d79e6dc024ae12fbfa5997a56f", kill_on_drop: false }`
[INFO] [stdout] 3cd0008c37c2e90d0f492b4336c4b0ffe50e44d79e6dc024ae12fbfa5997a56f
[INFO] running `Command { std: "docker" "create" "-v" "/var/lib/crater-agent-workspace/builds/worker-4-tc2/target:/opt/rustwide/target:rw,Z" "-v" "/var/lib/crater-agent-workspace/builds/worker-4-tc2/source:/opt/rustwide/workdir:ro,Z" "-v" "/var/lib/crater-agent-workspace/cargo-home:/opt/rustwide/cargo-home:ro,Z" "-v" "/var/lib/crater-agent-workspace/rustup-home:/opt/rustwide/rustup-home:ro,Z" "-e" "SOURCE_DIR=/opt/rustwide/workdir" "-e" "CARGO_TARGET_DIR=/opt/rustwide/target" "-e" "CARGO_INCREMENTAL=0" "-e" "RUST_BACKTRACE=full" "-e" "RUSTFLAGS=--cap-lints=forbid -Zrandomize-layout" "-e" "RUSTDOCFLAGS=--cap-lints=forbid" "-e" "CARGO_HOME=/opt/rustwide/cargo-home" "-e" "RUSTUP_HOME=/opt/rustwide/rustup-home" "-w" "/opt/rustwide/workdir" "-m" "1610612736" "--user" "0:0" "--network" "none" "ghcr.io/rust-lang/crates-build-env/linux@sha256:4a844ea9eb2546a2d2c7022eacef16ef2e8229c7fbb2c7d4d55a9ceca922f72d" "/opt/rustwide/cargo-home/bin/cargo" "+nightly-2024-10-28" "build" "--frozen" "--message-format=json", kill_on_drop: false }`
[INFO] [stdout] c953c63eab3d3a63fa49362be4e010dbc4ebd2c96fc5a490de6422fbf34810ec
[INFO] running `Command { std: "docker" "start" "-a" "c953c63eab3d3a63fa49362be4e010dbc4ebd2c96fc5a490de6422fbf34810ec", kill_on_drop: false }`
[INFO] [stderr]    Compiling smallvec v1.13.2
[INFO] [stderr]    Compiling parking_lot_core v0.9.10
[INFO] [stderr]    Compiling scopeguard v1.2.0
[INFO] [stderr]    Compiling hex v0.4.3
[INFO] [stderr]    Compiling lock_api v0.4.12
[INFO] [stderr]    Compiling kvdb v0.13.0
[INFO] [stderr]    Compiling parking_lot v0.12.3
[INFO] [stderr]    Compiling kvdb-memorydb v0.13.0
[INFO] [stderr]    Compiling kvdb-file v0.13.0 (/opt/rustwide/workdir)
[INFO] [stderr]     Finished `dev` profile [unoptimized + debuginfo] target(s) in 2.00s
[INFO] running `Command { std: "docker" "inspect" "c953c63eab3d3a63fa49362be4e010dbc4ebd2c96fc5a490de6422fbf34810ec", kill_on_drop: false }`
[INFO] running `Command { std: "docker" "rm" "-f" "c953c63eab3d3a63fa49362be4e010dbc4ebd2c96fc5a490de6422fbf34810ec", kill_on_drop: false }`
[INFO] [stdout] c953c63eab3d3a63fa49362be4e010dbc4ebd2c96fc5a490de6422fbf34810ec
[INFO] running `Command { std: "docker" "create" "-v" "/var/lib/crater-agent-workspace/builds/worker-4-tc2/target:/opt/rustwide/target:rw,Z" "-v" "/var/lib/crater-agent-workspace/builds/worker-4-tc2/source:/opt/rustwide/workdir:ro,Z" "-v" "/var/lib/crater-agent-workspace/cargo-home:/opt/rustwide/cargo-home:ro,Z" "-v" "/var/lib/crater-agent-workspace/rustup-home:/opt/rustwide/rustup-home:ro,Z" "-e" "SOURCE_DIR=/opt/rustwide/workdir" "-e" "CARGO_TARGET_DIR=/opt/rustwide/target" "-e" "CARGO_INCREMENTAL=0" "-e" "RUST_BACKTRACE=full" "-e" "RUSTFLAGS=--cap-lints=forbid -Zrandomize-layout" "-e" "RUSTDOCFLAGS=--cap-lints=forbid" "-e" "CARGO_HOME=/opt/rustwide/cargo-home" "-e" "RUSTUP_HOME=/opt/rustwide/rustup-home" "-w" "/opt/rustwide/workdir" "-m" "1610612736" "--user" "0:0" "--network" "none" "ghcr.io/rust-lang/crates-build-env/linux@sha256:4a844ea9eb2546a2d2c7022eacef16ef2e8229c7fbb2c7d4d55a9ceca922f72d" "/opt/rustwide/cargo-home/bin/cargo" "+nightly-2024-10-28" "test" "--frozen" "--no-run" "--message-format=json", kill_on_drop: false }`
[INFO] [stdout] 8d399b7bb286f227ca2f269f365a3bbb7fc97d890fee02807f549b68d8d0182f
[INFO] running `Command { std: "docker" "start" "-a" "8d399b7bb286f227ca2f269f365a3bbb7fc97d890fee02807f549b68d8d0182f", kill_on_drop: false }`
[INFO] [stderr]    Compiling kvdb-shared-tests v0.11.0
[INFO] [stderr]    Compiling kvdb-file v0.13.0 (/opt/rustwide/workdir)
[INFO] [stderr]     Finished `test` profile [unoptimized + debuginfo] target(s) in 1.08s
[INFO] running `Command { std: "docker" "inspect" "8d399b7bb286f227ca2f269f365a3bbb7fc97d890fee02807f549b68d8d0182f", kill_on_drop: false }`
[INFO] running `Command { std: "docker" "rm" "-f" "8d399b7bb286f227ca2f269f365a3bbb7fc97d890fee02807f549b68d8d0182f", kill_on_drop: false }`
[INFO] [stdout] 8d399b7bb286f227ca2f269f365a3bbb7fc97d890fee02807f549b68d8d0182f
[INFO] running `Command { std: "docker" "create" "-v" "/var/lib/crater-agent-workspace/builds/worker-4-tc2/target:/opt/rustwide/target:rw,Z" "-v" "/var/lib/crater-agent-workspace/builds/worker-4-tc2/source:/opt/rustwide/workdir:ro,Z" "-v" "/var/lib/crater-agent-workspace/cargo-home:/opt/rustwide/cargo-home:ro,Z" "-v" "/var/lib/crater-agent-workspace/rustup-home:/opt/rustwide/rustup-home:ro,Z" "-e" "SOURCE_DIR=/opt/rustwide/workdir" "-e" "CARGO_TARGET_DIR=/opt/rustwide/target" "-e" "CARGO_INCREMENTAL=0" "-e" "RUST_BACKTRACE=full" "-e" "RUSTFLAGS=--cap-lints=forbid -Zrandomize-layout" "-e" "RUSTDOCFLAGS=--cap-lints=forbid" "-e" "CARGO_HOME=/opt/rustwide/cargo-home" "-e" "RUSTUP_HOME=/opt/rustwide/rustup-home" "-w" "/opt/rustwide/workdir" "-m" "1610612736" "--user" "0:0" "--network" "none" "ghcr.io/rust-lang/crates-build-env/linux@sha256:4a844ea9eb2546a2d2c7022eacef16ef2e8229c7fbb2c7d4d55a9ceca922f72d" "/opt/rustwide/cargo-home/bin/cargo" "+nightly-2024-10-28" "test" "--frozen", kill_on_drop: false }`
[INFO] [stdout] dc954bc7ace33e48b0fc6924ec75e590c71ac7336851d827c17c63c5a6ea21fe
[INFO] running `Command { std: "docker" "start" "-a" "dc954bc7ace33e48b0fc6924ec75e590c71ac7336851d827c17c63c5a6ea21fe", kill_on_drop: false }`
[INFO] [stderr]     Finished `test` profile [unoptimized + debuginfo] target(s) in 0.04s
[INFO] [stderr]      Running unittests src/lib.rs (/opt/rustwide/target/debug/deps/kvdb_file-95684cbf465d8f03)
[INFO] [stdout] 
[INFO] [stdout] running 7 tests
[INFO] [stdout] test tests::complex ... FAILED
[INFO] [stdout] test tests::iter ... FAILED
[INFO] [stdout] test tests::put_and_get ... FAILED
[INFO] [stdout] test tests::iter_with_prefix ... FAILED
[INFO] [stdout] test tests::get_fails_with_non_existing_column ... FAILED
[INFO] [stdout] test tests::delete_and_get ... FAILED
[INFO] [stdout] test tests::delete_prefix ... FAILED
[INFO] [stdout] 
[INFO] [stdout] failures:
[INFO] [stdout] 
[INFO] [stdout] ---- tests::complex stdout ----
[INFO] [stdout] Error: Os { code: 30, kind: ReadOnlyFilesystem, message: "Read-only file system" }
[INFO] [stdout] 
[INFO] [stdout] ---- tests::iter stdout ----
[INFO] [stdout] Error: Os { code: 30, kind: ReadOnlyFilesystem, message: "Read-only file system" }
[INFO] [stdout] 
[INFO] [stdout] ---- tests::put_and_get stdout ----
[INFO] [stdout] Error: Os { code: 30, kind: ReadOnlyFilesystem, message: "Read-only file system" }
[INFO] [stdout] 
[INFO] [stdout] ---- tests::iter_with_prefix stdout ----
[INFO] [stdout] Error: Os { code: 30, kind: ReadOnlyFilesystem, message: "Read-only file system" }
[INFO] [stdout] 
[INFO] [stdout] ---- tests::get_fails_with_non_existing_column stdout ----
[INFO] [stdout] Error: Os { code: 30, kind: ReadOnlyFilesystem, message: "Read-only file system" }
[INFO] [stdout] 
[INFO] [stdout] ---- tests::delete_and_get stdout ----
[INFO] [stdout] Error: Os { code: 30, kind: ReadOnlyFilesystem, message: "Read-only file system" }
[INFO] [stdout] 
[INFO] [stdout] ---- tests::delete_prefix stdout ----
[INFO] [stdout] Error: Os { code: 30, kind: ReadOnlyFilesystem, message: "Read-only file system" }
[INFO] [stdout] 
[INFO] [stdout] 
[INFO] [stdout] failures:
[INFO] [stdout]     tests::complex
[INFO] [stdout]     tests::delete_and_get
[INFO] [stdout]     tests::delete_prefix
[INFO] [stdout]     tests::get_fails_with_non_existing_column
[INFO] [stdout]     tests::iter
[INFO] [stdout]     tests::iter_with_prefix
[INFO] [stdout]     tests::put_and_get
[INFO] [stdout] 
[INFO] [stdout] test result: FAILED. 0 passed; 7 failed; 0 ignored; 0 measured; 0 filtered out; finished in 0.01s
[INFO] [stdout] 
[INFO] [stderr] error: test failed, to rerun pass `--lib`
[INFO] running `Command { std: "docker" "inspect" "dc954bc7ace33e48b0fc6924ec75e590c71ac7336851d827c17c63c5a6ea21fe", kill_on_drop: false }`
[INFO] running `Command { std: "docker" "rm" "-f" "dc954bc7ace33e48b0fc6924ec75e590c71ac7336851d827c17c63c5a6ea21fe", kill_on_drop: false }`
[INFO] [stdout] dc954bc7ace33e48b0fc6924ec75e590c71ac7336851d827c17c63c5a6ea21fe
