[INFO] fetching crate kurtbuilds_fake 0.1.1...
[INFO] testing kurtbuilds_fake-0.1.1 against nightly-2024-10-28+rustflags=-Zrandomize-layout for randomize-layout
[INFO] extracting crate kurtbuilds_fake 0.1.1 into /workspace/builds/worker-0-tc2/source
[INFO] validating manifest of crates.io crate kurtbuilds_fake 0.1.1 on toolchain nightly-2024-10-28
[INFO] running `Command { std: CARGO_HOME="/workspace/cargo-home" RUSTUP_HOME="/workspace/rustup-home" "/workspace/cargo-home/bin/cargo" "+nightly-2024-10-28" "metadata" "--manifest-path" "Cargo.toml" "--no-deps", kill_on_drop: false }`
[INFO] started tweaking crates.io crate kurtbuilds_fake 0.1.1
[INFO] finished tweaking crates.io crate kurtbuilds_fake 0.1.1
[INFO] tweaked toml for crates.io crate kurtbuilds_fake 0.1.1 written to /workspace/builds/worker-0-tc2/source/Cargo.toml
[INFO] running `Command { std: CARGO_HOME="/workspace/cargo-home" RUSTUP_HOME="/workspace/rustup-home" "/workspace/cargo-home/bin/cargo" "+nightly-2024-10-28" "generate-lockfile" "--manifest-path" "Cargo.toml", kill_on_drop: false }`
[INFO] [stderr]     Updating crates.io index
[INFO] [stderr]      Locking 43 packages to latest compatible versions
[INFO] [stderr]       Adding fake v2.10.0 (available: v3.0.0)
[INFO] running `Command { std: CARGO_HOME="/workspace/cargo-home" RUSTUP_HOME="/workspace/rustup-home" "/workspace/cargo-home/bin/cargo" "+nightly-2024-10-28" "fetch" "--manifest-path" "Cargo.toml", kill_on_drop: false }`
[INFO] running `Command { std: "docker" "create" "-v" "/var/lib/crater-agent-workspace/builds/worker-0-tc2/target:/opt/rustwide/target:rw,Z" "-v" "/var/lib/crater-agent-workspace/builds/worker-0-tc2/source:/opt/rustwide/workdir:ro,Z" "-v" "/var/lib/crater-agent-workspace/cargo-home:/opt/rustwide/cargo-home:ro,Z" "-v" "/var/lib/crater-agent-workspace/rustup-home:/opt/rustwide/rustup-home:ro,Z" "-e" "SOURCE_DIR=/opt/rustwide/workdir" "-e" "CARGO_TARGET_DIR=/opt/rustwide/target" "-e" "CARGO_HOME=/opt/rustwide/cargo-home" "-e" "RUSTUP_HOME=/opt/rustwide/rustup-home" "-w" "/opt/rustwide/workdir" "-m" "1610612736" "--user" "0:0" "--network" "none" "ghcr.io/rust-lang/crates-build-env/linux@sha256:4a844ea9eb2546a2d2c7022eacef16ef2e8229c7fbb2c7d4d55a9ceca922f72d" "/opt/rustwide/cargo-home/bin/cargo" "+nightly-2024-10-28" "metadata" "--no-deps" "--format-version=1", kill_on_drop: false }`
[INFO] [stdout] dfce8eb62b4b807e61a6c35edc6faccafe2e223ce6728b30bb4c1415e6440b0f
[INFO] running `Command { std: "docker" "start" "-a" "dfce8eb62b4b807e61a6c35edc6faccafe2e223ce6728b30bb4c1415e6440b0f", kill_on_drop: false }`
[INFO] running `Command { std: "docker" "inspect" "dfce8eb62b4b807e61a6c35edc6faccafe2e223ce6728b30bb4c1415e6440b0f", kill_on_drop: false }`
[INFO] running `Command { std: "docker" "rm" "-f" "dfce8eb62b4b807e61a6c35edc6faccafe2e223ce6728b30bb4c1415e6440b0f", kill_on_drop: false }`
[INFO] [stdout] dfce8eb62b4b807e61a6c35edc6faccafe2e223ce6728b30bb4c1415e6440b0f
[INFO] running `Command { std: "docker" "create" "-v" "/var/lib/crater-agent-workspace/builds/worker-0-tc2/target:/opt/rustwide/target:rw,Z" "-v" "/var/lib/crater-agent-workspace/builds/worker-0-tc2/source:/opt/rustwide/workdir:ro,Z" "-v" "/var/lib/crater-agent-workspace/cargo-home:/opt/rustwide/cargo-home:ro,Z" "-v" "/var/lib/crater-agent-workspace/rustup-home:/opt/rustwide/rustup-home:ro,Z" "-e" "SOURCE_DIR=/opt/rustwide/workdir" "-e" "CARGO_TARGET_DIR=/opt/rustwide/target" "-e" "CARGO_INCREMENTAL=0" "-e" "RUST_BACKTRACE=full" "-e" "RUSTFLAGS=--cap-lints=forbid -Zrandomize-layout" "-e" "RUSTDOCFLAGS=--cap-lints=forbid" "-e" "CARGO_HOME=/opt/rustwide/cargo-home" "-e" "RUSTUP_HOME=/opt/rustwide/rustup-home" "-w" "/opt/rustwide/workdir" "-m" "1610612736" "--user" "0:0" "--network" "none" "ghcr.io/rust-lang/crates-build-env/linux@sha256:4a844ea9eb2546a2d2c7022eacef16ef2e8229c7fbb2c7d4d55a9ceca922f72d" "/opt/rustwide/cargo-home/bin/cargo" "+nightly-2024-10-28" "build" "--frozen" "--message-format=json", kill_on_drop: false }`
[INFO] [stdout] 1435830aad93b404f1877cc156b4aa835a1871623d128effb0ceae7ce1cc7de3
[INFO] running `Command { std: "docker" "start" "-a" "1435830aad93b404f1877cc156b4aa835a1871623d128effb0ceae7ce1cc7de3", kill_on_drop: false }`
[INFO] [stderr]    Compiling libc v0.2.161
[INFO] [stderr]    Compiling fnv v1.0.7
[INFO] [stderr]    Compiling ident_case v1.0.1
[INFO] [stderr]    Compiling bytemuck v1.19.0
[INFO] [stderr]    Compiling sha1_smol v1.0.1
[INFO] [stderr]    Compiling deunicode v1.6.0
[INFO] [stderr]    Compiling syn v2.0.86
[INFO] [stderr]    Compiling crypto-common v0.1.6
[INFO] [stderr]    Compiling chrono v0.4.38
[INFO] [stderr]    Compiling digest v0.10.7
[INFO] [stderr]    Compiling atomic v0.6.0
[INFO] [stderr]    Compiling md-5 v0.10.6
[INFO] [stderr]    Compiling getrandom v0.2.15
[INFO] [stderr]    Compiling rand_core v0.6.4
[INFO] [stderr]    Compiling uuid v1.11.0
[INFO] [stderr]    Compiling darling_core v0.20.10
[INFO] [stderr]    Compiling zerocopy-derive v0.7.35
[INFO] [stderr]    Compiling zerocopy v0.7.35
[INFO] [stderr]    Compiling ppv-lite86 v0.2.20
[INFO] [stderr]    Compiling darling_macro v0.20.10
[INFO] [stderr]    Compiling rand_chacha v0.3.1
[INFO] [stderr]    Compiling darling v0.20.10
[INFO] [stderr]    Compiling dummy v0.8.0
[INFO] [stderr]    Compiling rand v0.8.5
[INFO] [stderr]    Compiling fake v2.10.0
[INFO] [stderr]    Compiling kurtbuilds_fake v0.1.1 (/opt/rustwide/workdir)
[INFO] [stderr]     Finished `dev` profile [unoptimized + debuginfo] target(s) in 5.03s
[INFO] running `Command { std: "docker" "inspect" "1435830aad93b404f1877cc156b4aa835a1871623d128effb0ceae7ce1cc7de3", kill_on_drop: false }`
[INFO] running `Command { std: "docker" "rm" "-f" "1435830aad93b404f1877cc156b4aa835a1871623d128effb0ceae7ce1cc7de3", kill_on_drop: false }`
[INFO] [stdout] 1435830aad93b404f1877cc156b4aa835a1871623d128effb0ceae7ce1cc7de3
[INFO] running `Command { std: "docker" "create" "-v" "/var/lib/crater-agent-workspace/builds/worker-0-tc2/target:/opt/rustwide/target:rw,Z" "-v" "/var/lib/crater-agent-workspace/builds/worker-0-tc2/source:/opt/rustwide/workdir:ro,Z" "-v" "/var/lib/crater-agent-workspace/cargo-home:/opt/rustwide/cargo-home:ro,Z" "-v" "/var/lib/crater-agent-workspace/rustup-home:/opt/rustwide/rustup-home:ro,Z" "-e" "SOURCE_DIR=/opt/rustwide/workdir" "-e" "CARGO_TARGET_DIR=/opt/rustwide/target" "-e" "CARGO_INCREMENTAL=0" "-e" "RUST_BACKTRACE=full" "-e" "RUSTFLAGS=--cap-lints=forbid -Zrandomize-layout" "-e" "RUSTDOCFLAGS=--cap-lints=forbid" "-e" "CARGO_HOME=/opt/rustwide/cargo-home" "-e" "RUSTUP_HOME=/opt/rustwide/rustup-home" "-w" "/opt/rustwide/workdir" "-m" "1610612736" "--user" "0:0" "--network" "none" "ghcr.io/rust-lang/crates-build-env/linux@sha256:4a844ea9eb2546a2d2c7022eacef16ef2e8229c7fbb2c7d4d55a9ceca922f72d" "/opt/rustwide/cargo-home/bin/cargo" "+nightly-2024-10-28" "test" "--frozen" "--no-run" "--message-format=json", kill_on_drop: false }`
[INFO] [stdout] 9881a38a12fb4e17eda21c2dcb8715d5e529604e3341ba1269b32c03d769199d
[INFO] running `Command { std: "docker" "start" "-a" "9881a38a12fb4e17eda21c2dcb8715d5e529604e3341ba1269b32c03d769199d", kill_on_drop: false }`
[INFO] [stderr]    Compiling kurtbuilds_fake v0.1.1 (/opt/rustwide/workdir)
[INFO] [stderr]     Finished `test` profile [unoptimized + debuginfo] target(s) in 0.12s
[INFO] running `Command { std: "docker" "inspect" "9881a38a12fb4e17eda21c2dcb8715d5e529604e3341ba1269b32c03d769199d", kill_on_drop: false }`
[INFO] running `Command { std: "docker" "rm" "-f" "9881a38a12fb4e17eda21c2dcb8715d5e529604e3341ba1269b32c03d769199d", kill_on_drop: false }`
[INFO] [stdout] 9881a38a12fb4e17eda21c2dcb8715d5e529604e3341ba1269b32c03d769199d
[INFO] running `Command { std: "docker" "create" "-v" "/var/lib/crater-agent-workspace/builds/worker-0-tc2/target:/opt/rustwide/target:rw,Z" "-v" "/var/lib/crater-agent-workspace/builds/worker-0-tc2/source:/opt/rustwide/workdir:ro,Z" "-v" "/var/lib/crater-agent-workspace/cargo-home:/opt/rustwide/cargo-home:ro,Z" "-v" "/var/lib/crater-agent-workspace/rustup-home:/opt/rustwide/rustup-home:ro,Z" "-e" "SOURCE_DIR=/opt/rustwide/workdir" "-e" "CARGO_TARGET_DIR=/opt/rustwide/target" "-e" "CARGO_INCREMENTAL=0" "-e" "RUST_BACKTRACE=full" "-e" "RUSTFLAGS=--cap-lints=forbid -Zrandomize-layout" "-e" "RUSTDOCFLAGS=--cap-lints=forbid" "-e" "CARGO_HOME=/opt/rustwide/cargo-home" "-e" "RUSTUP_HOME=/opt/rustwide/rustup-home" "-w" "/opt/rustwide/workdir" "-m" "1610612736" "--user" "0:0" "--network" "none" "ghcr.io/rust-lang/crates-build-env/linux@sha256:4a844ea9eb2546a2d2c7022eacef16ef2e8229c7fbb2c7d4d55a9ceca922f72d" "/opt/rustwide/cargo-home/bin/cargo" "+nightly-2024-10-28" "test" "--frozen", kill_on_drop: false }`
[INFO] [stdout] 4819aa79aa4b47891a8185b0c11d4de4bd833c9f058faf1bd73cd8cbf8a4e0ca
[INFO] running `Command { std: "docker" "start" "-a" "4819aa79aa4b47891a8185b0c11d4de4bd833c9f058faf1bd73cd8cbf8a4e0ca", kill_on_drop: false }`
[INFO] [stderr]     Finished `test` profile [unoptimized + debuginfo] target(s) in 0.03s
[INFO] [stderr]      Running unittests src/lib.rs (/opt/rustwide/target/debug/deps/fake-9fae98ac4493700c)
[INFO] [stdout] 
[INFO] [stdout] running 0 tests
[INFO] [stdout] 
[INFO] [stdout] test result: ok. 0 passed; 0 failed; 0 ignored; 0 measured; 0 filtered out; finished in 0.00s
[INFO] [stdout] 
[INFO] [stderr]    Doc-tests fake
[INFO] [stderr] error[E0464]: multiple candidates for `rlib` dependency `fake` found
[INFO] [stderr]  --> src/lib.rs:1:9
[INFO] [stderr]   |
[INFO] [stderr] 1 | pub use fake::*;
[INFO] [stderr]   |         ^^^^
[INFO] [stderr]   |
[INFO] [stderr]   = note: candidate #1: /opt/rustwide/target/debug/deps/libfake-3c07d3d2bcce6d33.rlib
[INFO] [stderr]   = note: candidate #2: /opt/rustwide/target/debug/deps/libfake-56fb824456690ab5.rlib
[INFO] [stderr] 
[INFO] [stderr] error[E0405]: cannot find trait `Dummy` in this scope
[INFO] [stderr]  --> src/lib.rs:9:8
[INFO] [stderr]   |
[INFO] [stderr] 9 |     T: Dummy<Faker>,
[INFO] [stderr]   |        ^^^^^ not found in this scope
[INFO] [stderr] 
[INFO] [stderr] error[E0412]: cannot find type `Faker` in this scope
[INFO] [stderr]  --> src/lib.rs:9:14
[INFO] [stderr]   |
[INFO] [stderr] 9 |     T: Dummy<Faker>,
[INFO] [stderr]   |              ^^^^^ not found in this scope
[INFO] [stderr]   |
[INFO] [stderr] help: you might be missing a type parameter
[INFO] [stderr]   |
[INFO] [stderr] 7 | impl<T, Faker> FluentFake for T
[INFO] [stderr]   |       +++++++
[INFO] [stderr] 
[INFO] [stderr] error: aborting due to 3 previous errors
[INFO] [stderr] 
[INFO] [stderr] Some errors have detailed explanations: E0405, E0412, E0464.
[INFO] [stderr] For more information about an error, try `rustc --explain E0405`.
[INFO] [stderr] error: doctest failed, to rerun pass `--doc`
[INFO] [stderr] 
[INFO] [stderr] Caused by:
[INFO] [stderr]   process didn't exit successfully: `/opt/rustwide/rustup-home/toolchains/nightly-2024-10-28-x86_64-unknown-linux-gnu/bin/rustdoc --edition=2021 --crate-type lib --color auto --crate-name fake --test src/lib.rs --test-run-directory /opt/rustwide/workdir -L dependency=/opt/rustwide/target/debug/deps -L dependency=/opt/rustwide/target/debug/deps --extern fake=/opt/rustwide/target/debug/deps/libfake-3c07d3d2bcce6d33.rlib --extern fake=/opt/rustwide/target/debug/deps/libfake-56fb824456690ab5.rlib -C embed-bitcode=no --check-cfg 'cfg(docsrs)' --check-cfg 'cfg(feature, values("chrono", "derive", "serde_json", "uuid"))' --cap-lints=forbid --error-format human` (exit status: 1)
[INFO] [stderr] note: test exited abnormally; to see the full output pass --nocapture to the harness.
[INFO] running `Command { std: "docker" "inspect" "4819aa79aa4b47891a8185b0c11d4de4bd833c9f058faf1bd73cd8cbf8a4e0ca", kill_on_drop: false }`
[INFO] running `Command { std: "docker" "rm" "-f" "4819aa79aa4b47891a8185b0c11d4de4bd833c9f058faf1bd73cd8cbf8a4e0ca", kill_on_drop: false }`
[INFO] [stdout] 4819aa79aa4b47891a8185b0c11d4de4bd833c9f058faf1bd73cd8cbf8a4e0ca
