[INFO] fetching crate kuma-client 0.8.0...
[INFO] testing kuma-client-0.8.0 against nightly-2024-10-28+rustflags=-Zrandomize-layout for randomize-layout
[INFO] extracting crate kuma-client 0.8.0 into /workspace/builds/worker-3-tc2/source
[INFO] validating manifest of crates.io crate kuma-client 0.8.0 on toolchain nightly-2024-10-28
[INFO] running `Command { std: CARGO_HOME="/workspace/cargo-home" RUSTUP_HOME="/workspace/rustup-home" "/workspace/cargo-home/bin/cargo" "+nightly-2024-10-28" "metadata" "--manifest-path" "Cargo.toml" "--no-deps", kill_on_drop: false }`
[INFO] started tweaking crates.io crate kuma-client 0.8.0
[INFO] removed 0 missing examples
[INFO] finished tweaking crates.io crate kuma-client 0.8.0
[INFO] tweaked toml for crates.io crate kuma-client 0.8.0 written to /workspace/builds/worker-3-tc2/source/Cargo.toml
[INFO] crate crates.io crate kuma-client 0.8.0 already has a lockfile, it will not be regenerated
[INFO] running `Command { std: CARGO_HOME="/workspace/cargo-home" RUSTUP_HOME="/workspace/rustup-home" "/workspace/cargo-home/bin/cargo" "+nightly-2024-10-28" "fetch" "--manifest-path" "Cargo.toml", kill_on_drop: false }`
[INFO] running `Command { std: "docker" "create" "-v" "/var/lib/crater-agent-workspace/builds/worker-3-tc2/target:/opt/rustwide/target:rw,Z" "-v" "/var/lib/crater-agent-workspace/builds/worker-3-tc2/source:/opt/rustwide/workdir:ro,Z" "-v" "/var/lib/crater-agent-workspace/cargo-home:/opt/rustwide/cargo-home:ro,Z" "-v" "/var/lib/crater-agent-workspace/rustup-home:/opt/rustwide/rustup-home:ro,Z" "-e" "SOURCE_DIR=/opt/rustwide/workdir" "-e" "CARGO_TARGET_DIR=/opt/rustwide/target" "-e" "CARGO_HOME=/opt/rustwide/cargo-home" "-e" "RUSTUP_HOME=/opt/rustwide/rustup-home" "-w" "/opt/rustwide/workdir" "-m" "1610612736" "--user" "0:0" "--network" "none" "ghcr.io/rust-lang/crates-build-env/linux@sha256:4a844ea9eb2546a2d2c7022eacef16ef2e8229c7fbb2c7d4d55a9ceca922f72d" "/opt/rustwide/cargo-home/bin/cargo" "+nightly-2024-10-28" "metadata" "--no-deps" "--format-version=1", kill_on_drop: false }`
[INFO] [stdout] beeb61eba9cfba4809c4e924d2ab4de59c531b668025a0df3a10c7b49254d5bc
[INFO] running `Command { std: "docker" "start" "-a" "beeb61eba9cfba4809c4e924d2ab4de59c531b668025a0df3a10c7b49254d5bc", kill_on_drop: false }`
[INFO] running `Command { std: "docker" "inspect" "beeb61eba9cfba4809c4e924d2ab4de59c531b668025a0df3a10c7b49254d5bc", kill_on_drop: false }`
[INFO] running `Command { std: "docker" "rm" "-f" "beeb61eba9cfba4809c4e924d2ab4de59c531b668025a0df3a10c7b49254d5bc", kill_on_drop: false }`
[INFO] [stdout] beeb61eba9cfba4809c4e924d2ab4de59c531b668025a0df3a10c7b49254d5bc
[INFO] running `Command { std: "docker" "create" "-v" "/var/lib/crater-agent-workspace/builds/worker-3-tc2/target:/opt/rustwide/target:rw,Z" "-v" "/var/lib/crater-agent-workspace/builds/worker-3-tc2/source:/opt/rustwide/workdir:ro,Z" "-v" "/var/lib/crater-agent-workspace/cargo-home:/opt/rustwide/cargo-home:ro,Z" "-v" "/var/lib/crater-agent-workspace/rustup-home:/opt/rustwide/rustup-home:ro,Z" "-e" "SOURCE_DIR=/opt/rustwide/workdir" "-e" "CARGO_TARGET_DIR=/opt/rustwide/target" "-e" "CARGO_INCREMENTAL=0" "-e" "RUST_BACKTRACE=full" "-e" "RUSTFLAGS=--cap-lints=forbid -Zrandomize-layout" "-e" "RUSTDOCFLAGS=--cap-lints=forbid" "-e" "CARGO_HOME=/opt/rustwide/cargo-home" "-e" "RUSTUP_HOME=/opt/rustwide/rustup-home" "-w" "/opt/rustwide/workdir" "-m" "1610612736" "--user" "0:0" "--network" "none" "ghcr.io/rust-lang/crates-build-env/linux@sha256:4a844ea9eb2546a2d2c7022eacef16ef2e8229c7fbb2c7d4d55a9ceca922f72d" "/opt/rustwide/cargo-home/bin/cargo" "+nightly-2024-10-28" "build" "--frozen" "--message-format=json", kill_on_drop: false }`
[INFO] [stdout] 46f4f0a7e24c3557b8209d9c3e5b50da02b70a0d05caba8926b91f89247aa039
[INFO] running `Command { std: "docker" "start" "-a" "46f4f0a7e24c3557b8209d9c3e5b50da02b70a0d05caba8926b91f89247aa039", kill_on_drop: false }`
[INFO] [stderr]    Compiling proc-macro2 v1.0.86
[INFO] [stderr]    Compiling unicode-ident v1.0.12
[INFO] [stderr]    Compiling serde v1.0.207
[INFO] [stderr]    Compiling pkg-config v0.3.30
[INFO] [stderr]    Compiling vcpkg v0.2.15
[INFO] [stderr]    Compiling once_cell v1.19.0
[INFO] [stderr]    Compiling pin-project-lite v0.2.14
[INFO] [stderr]    Compiling bytes v1.7.1
[INFO] [stderr]    Compiling tinyvec_macros v0.1.1
[INFO] [stderr]    Compiling lock_api v0.4.12
[INFO] [stderr]    Compiling percent-encoding v2.3.1
[INFO] [stderr]    Compiling smallvec v1.13.2
[INFO] [stderr]    Compiling futures-core v0.3.30
[INFO] [stderr]    Compiling jobserver v0.1.32
[INFO] [stderr]    Compiling unicode-bidi v0.3.15
[INFO] [stderr]    Compiling slab v0.4.9
[INFO] [stderr]    Compiling tinyvec v1.8.0
[INFO] [stderr]    Compiling futures-sink v0.3.30
[INFO] [stderr]    Compiling thiserror v1.0.63
[INFO] [stderr]    Compiling form_urlencoded v1.2.1
[INFO] [stderr]    Compiling signal-hook-registry v1.4.2
[INFO] [stderr]    Compiling parking_lot_core v0.9.10
[INFO] [stderr]    Compiling mio v1.0.2
[INFO] [stderr]    Compiling socket2 v0.5.7
[INFO] [stderr]    Compiling hashbrown v0.14.5
[INFO] [stderr]    Compiling cc v1.1.10
[INFO] [stderr]    Compiling futures-task v0.3.30
[INFO] [stderr]    Compiling futures-io v0.3.30
[INFO] [stderr]    Compiling openssl v0.10.66
[INFO] [stderr]    Compiling http v1.1.0
[INFO] [stderr]    Compiling parking_lot v0.12.3
[INFO] [stderr]    Compiling serde_json v1.0.124
[INFO] [stderr]    Compiling httparse v1.9.4
[INFO] [stderr]    Compiling foreign-types-shared v0.1.1
[INFO] [stderr]    Compiling crunchy v0.2.2
[INFO] [stderr]    Compiling native-tls v0.2.12
[INFO] [stderr]    Compiling foreign-types v0.3.2
[INFO] [stderr]    Compiling quote v1.0.36
[INFO] [stderr]    Compiling const_fn v0.4.10
[INFO] [stderr]    Compiling tracing-core v0.1.32
[INFO] [stderr]    Compiling getrandom v0.2.15
[INFO] [stderr]    Compiling tiny-keccak v2.0.2
[INFO] [stderr]    Compiling unicode-normalization v0.1.23
[INFO] [stderr]    Compiling indexmap v2.4.0
[INFO] [stderr]    Compiling openssl-probe v0.1.5
[INFO] [stderr]    Compiling rand_core v0.6.4
[INFO] [stderr]    Compiling syn v2.0.74
[INFO] [stderr]    Compiling num_threads v0.1.7
[INFO] [stderr]    Compiling num-conv v0.1.0
[INFO] [stderr]    Compiling try-lock v0.2.5
[INFO] [stderr]    Compiling want v0.3.1
[INFO] [stderr]    Compiling futures-channel v0.3.30
[INFO] [stderr]    Compiling tower-service v0.3.3
[INFO] [stderr]    Compiling tower-layer v0.3.3
[INFO] [stderr]    Compiling tracing v0.1.40
[INFO] [stderr]    Compiling unicode-xid v0.2.4
[INFO] [stderr]    Compiling strsim v0.11.1
[INFO] [stderr]    Compiling syn v1.0.109
[INFO] [stderr]    Compiling const_format_proc_macros v0.2.32
[INFO] [stderr]    Compiling cpufeatures v0.2.13
[INFO] [stderr]    Compiling deranged v0.3.11
[INFO] [stderr]    Compiling const-random-macro v0.1.16
[INFO] [stderr]    Compiling sha1 v0.10.6
[INFO] [stderr]    Compiling rustls-pki-types v1.8.0
[INFO] [stderr]    Compiling http-body v1.0.1
[INFO] [stderr]    Compiling idna v0.5.0
[INFO] [stderr]    Compiling base64 v0.22.1
[INFO] [stderr]    Compiling is_debug v1.0.1
[INFO] [stderr]    Compiling tz-rs v0.6.14
[INFO] [stderr]    Compiling rustversion v1.0.17
[INFO] [stderr]    Compiling utf-8 v0.7.6
[INFO] [stderr]    Compiling data-encoding v2.6.0
[INFO] [stderr]    Compiling bitflags v2.6.0
[INFO] [stderr]    Compiling const-random v0.1.18
[INFO] [stderr]    Compiling encoding_rs v0.8.34
[INFO] [stderr]    Compiling sync_wrapper v1.0.1
[INFO] [stderr]    Compiling dlv-list v0.5.2
[INFO] [stderr]    Compiling ipnet v2.9.0
[INFO] [stderr]    Compiling winnow v0.6.18
[INFO] [stderr]    Compiling rustls-pemfile v2.1.3
[INFO] [stderr]    Compiling mime v0.3.17
[INFO] [stderr]    Compiling hashbrown v0.13.2
[INFO] [stderr]    Compiling url v2.5.2
[INFO] [stderr]    Compiling tzdb_data v0.1.2
[INFO] [stderr]    Compiling time v0.3.36
[INFO] [stderr]    Compiling openssl-sys v0.9.103
[INFO] [stderr]    Compiling libz-sys v1.1.19
[INFO] [stderr]    Compiling libgit2-sys v0.17.0+1.8.1
[INFO] [stderr]    Compiling const_format v0.2.32
[INFO] [stderr]    Compiling ordered-multimap v0.6.0
[INFO] [stderr]    Compiling proc-macro-error-attr v1.0.4
[INFO] [stderr]    Compiling aho-corasick v1.1.3
[INFO] [stderr]    Compiling instant v0.1.13
[INFO] [stderr]    Compiling unicode-segmentation v1.11.0
[INFO] [stderr]    Compiling adler32 v1.2.0
[INFO] [stderr]    Compiling minimal-lexical v0.2.1
[INFO] [stderr]    Compiling regex-syntax v0.8.4
[INFO] [stderr]    Compiling heck v0.5.0
[INFO] [stderr]    Compiling yaml-rust v0.4.5
[INFO] [stderr]    Compiling rust-ini v0.19.0
[INFO] [stderr]    Compiling convert_case v0.4.0
[INFO] [stderr]    Compiling nom v7.1.3
[INFO] [stderr]    Compiling convert_case v0.6.0
[INFO] [stderr]    Compiling pathdiff v0.2.1
[INFO] [stderr]    Compiling tzdb v0.6.1
[INFO] [stderr]    Compiling darling_core v0.20.10
[INFO] [stderr]    Compiling regex-automata v0.4.7
[INFO] [stderr]    Compiling proc-macro-error v1.0.4
[INFO] [stderr]    Compiling serde_derive v1.0.207
[INFO] [stderr]    Compiling tokio-macros v2.4.0
[INFO] [stderr]    Compiling thiserror-impl v1.0.63
[INFO] [stderr]    Compiling futures-macro v0.3.30
[INFO] [stderr]    Compiling openssl-macros v0.1.1
[INFO] [stderr]    Compiling zerocopy-derive v0.7.35
[INFO] [stderr]    Compiling pin-project-internal v1.1.5
[INFO] [stderr]    Compiling async-stream-impl v0.3.5
[INFO] [stderr]    Compiling async-trait v0.1.81
[INFO] [stderr]    Compiling const-str-proc-macro v0.5.7
[INFO] [stderr]    Compiling strum_macros v0.26.4
[INFO] [stderr]    Compiling derivative v2.2.0
[INFO] [stderr]    Compiling tokio v1.39.2
[INFO] [stderr]    Compiling serde_alias v0.0.2
[INFO] [stderr]    Compiling async-stream v0.3.5
[INFO] [stderr]    Compiling const-str v0.5.7
[INFO] [stderr]    Compiling serde_repr v0.1.19
[INFO] [stderr]    Compiling serde-inline-default v0.2.0
[INFO] [stderr]    Compiling zerocopy v0.7.35
[INFO] [stderr]    Compiling futures-util v0.3.30
[INFO] [stderr]    Compiling pest v2.7.11
[INFO] [stderr]    Compiling pin-project v1.1.5
[INFO] [stderr]    Compiling darling_macro v0.20.10
[INFO] [stderr]    Compiling regex v1.10.6
[INFO] [stderr]    Compiling ppv-lite86 v0.2.20
[INFO] [stderr]    Compiling strum v0.26.3
[INFO] [stderr]    Compiling darling v0.20.10
[INFO] [stderr]    Compiling serde_with_macros v3.9.0
[INFO] [stderr]    Compiling rand_chacha v0.3.1
[INFO] [stderr]    Compiling rand v0.8.5
[INFO] [stderr]    Compiling pest_meta v2.7.11
[INFO] [stderr]    Compiling backoff v0.4.0
[INFO] [stderr]    Compiling pest_generator v2.7.11
[INFO] [stderr]    Compiling http-body-util v0.1.2
[INFO] [stderr]    Compiling pest_derive v2.7.11
[INFO] [stderr]    Compiling serde_spanned v0.6.7
[INFO] [stderr]    Compiling serde_urlencoded v0.7.1
[INFO] [stderr]    Compiling toml_datetime v0.6.8
[INFO] [stderr]    Compiling json5 v0.4.1
[INFO] [stderr]    Compiling ron v0.8.1
[INFO] [stderr]    Compiling toml_edit v0.22.20
[INFO] [stderr]    Compiling tokio-util v0.7.11
[INFO] [stderr]    Compiling tower v0.4.13
[INFO] [stderr]    Compiling h2 v0.4.5
[INFO] [stderr]    Compiling serde_merge v0.1.3
[INFO] [stderr]    Compiling git2 v0.19.0
[INFO] [stderr]    Compiling toml v0.8.19
[INFO] [stderr]    Compiling serde_with v3.9.0
[INFO] [stderr]    Compiling config v0.14.0
[INFO] [stderr]    Compiling hyper v1.4.1
[INFO] [stderr]    Compiling tokio-native-tls v0.3.1
[INFO] [stderr]    Compiling tungstenite v0.21.0
[INFO] [stderr]    Compiling shadow-rs v0.32.0
[INFO] [stderr]    Compiling tokio-tungstenite v0.21.0
[INFO] [stderr]    Compiling hyper-util v0.1.7
[INFO] [stderr]    Compiling kuma-client v0.8.0 (/opt/rustwide/workdir)
[INFO] [stderr]    Compiling hyper-tls v0.6.0
[INFO] [stderr]    Compiling reqwest v0.12.5
[INFO] [stderr]    Compiling rust_engineio v0.6.0
[INFO] [stderr]    Compiling rust_socketio v0.6.0
[INFO] [stderr]     Finished `dev` profile [unoptimized + debuginfo] target(s) in 26.55s
[INFO] running `Command { std: "docker" "inspect" "46f4f0a7e24c3557b8209d9c3e5b50da02b70a0d05caba8926b91f89247aa039", kill_on_drop: false }`
[INFO] running `Command { std: "docker" "rm" "-f" "46f4f0a7e24c3557b8209d9c3e5b50da02b70a0d05caba8926b91f89247aa039", kill_on_drop: false }`
[INFO] [stdout] 46f4f0a7e24c3557b8209d9c3e5b50da02b70a0d05caba8926b91f89247aa039
[INFO] running `Command { std: "docker" "create" "-v" "/var/lib/crater-agent-workspace/builds/worker-3-tc2/target:/opt/rustwide/target:rw,Z" "-v" "/var/lib/crater-agent-workspace/builds/worker-3-tc2/source:/opt/rustwide/workdir:ro,Z" "-v" "/var/lib/crater-agent-workspace/cargo-home:/opt/rustwide/cargo-home:ro,Z" "-v" "/var/lib/crater-agent-workspace/rustup-home:/opt/rustwide/rustup-home:ro,Z" "-e" "SOURCE_DIR=/opt/rustwide/workdir" "-e" "CARGO_TARGET_DIR=/opt/rustwide/target" "-e" "CARGO_INCREMENTAL=0" "-e" "RUST_BACKTRACE=full" "-e" "RUSTFLAGS=--cap-lints=forbid -Zrandomize-layout" "-e" "RUSTDOCFLAGS=--cap-lints=forbid" "-e" "CARGO_HOME=/opt/rustwide/cargo-home" "-e" "RUSTUP_HOME=/opt/rustwide/rustup-home" "-w" "/opt/rustwide/workdir" "-m" "1610612736" "--user" "0:0" "--network" "none" "ghcr.io/rust-lang/crates-build-env/linux@sha256:4a844ea9eb2546a2d2c7022eacef16ef2e8229c7fbb2c7d4d55a9ceca922f72d" "/opt/rustwide/cargo-home/bin/cargo" "+nightly-2024-10-28" "test" "--frozen" "--no-run" "--message-format=json", kill_on_drop: false }`
[INFO] [stdout] de4f9bcfc077744478012bd82c1f948e976541bd29cc8435c5a511a0c6809484
[INFO] running `Command { std: "docker" "start" "-a" "de4f9bcfc077744478012bd82c1f948e976541bd29cc8435c5a511a0c6809484", kill_on_drop: false }`
[INFO] [stderr]    Compiling kuma-client v0.8.0 (/opt/rustwide/workdir)
[INFO] [stderr]     Finished `test` profile [unoptimized + debuginfo] target(s) in 15.47s
[INFO] running `Command { std: "docker" "inspect" "de4f9bcfc077744478012bd82c1f948e976541bd29cc8435c5a511a0c6809484", kill_on_drop: false }`
[INFO] running `Command { std: "docker" "rm" "-f" "de4f9bcfc077744478012bd82c1f948e976541bd29cc8435c5a511a0c6809484", kill_on_drop: false }`
[INFO] [stdout] de4f9bcfc077744478012bd82c1f948e976541bd29cc8435c5a511a0c6809484
[INFO] running `Command { std: "docker" "create" "-v" "/var/lib/crater-agent-workspace/builds/worker-3-tc2/target:/opt/rustwide/target:rw,Z" "-v" "/var/lib/crater-agent-workspace/builds/worker-3-tc2/source:/opt/rustwide/workdir:ro,Z" "-v" "/var/lib/crater-agent-workspace/cargo-home:/opt/rustwide/cargo-home:ro,Z" "-v" "/var/lib/crater-agent-workspace/rustup-home:/opt/rustwide/rustup-home:ro,Z" "-e" "SOURCE_DIR=/opt/rustwide/workdir" "-e" "CARGO_TARGET_DIR=/opt/rustwide/target" "-e" "CARGO_INCREMENTAL=0" "-e" "RUST_BACKTRACE=full" "-e" "RUSTFLAGS=--cap-lints=forbid -Zrandomize-layout" "-e" "RUSTDOCFLAGS=--cap-lints=forbid" "-e" "CARGO_HOME=/opt/rustwide/cargo-home" "-e" "RUSTUP_HOME=/opt/rustwide/rustup-home" "-w" "/opt/rustwide/workdir" "-m" "1610612736" "--user" "0:0" "--network" "none" "ghcr.io/rust-lang/crates-build-env/linux@sha256:4a844ea9eb2546a2d2c7022eacef16ef2e8229c7fbb2c7d4d55a9ceca922f72d" "/opt/rustwide/cargo-home/bin/cargo" "+nightly-2024-10-28" "test" "--frozen", kill_on_drop: false }`
[INFO] [stdout] 13b15324b386d0deffadc54ab630e12eab5f394e12b23e2a5cfe439630f6e7f6
[INFO] running `Command { std: "docker" "start" "-a" "13b15324b386d0deffadc54ab630e12eab5f394e12b23e2a5cfe439630f6e7f6", kill_on_drop: false }`
[INFO] [stderr]    Compiling kuma-client v0.8.0 (/opt/rustwide/workdir)
[INFO] [stderr]     Finished `test` profile [unoptimized + debuginfo] target(s) in 10.52s
[INFO] [stderr]      Running unittests src/lib.rs (/opt/rustwide/target/debug/deps/kuma_client-eee7984b18432ab8)
[INFO] [stdout] 
[INFO] [stdout] running 0 tests
[INFO] [stdout] 
[INFO] [stdout] test result: ok. 0 passed; 0 failed; 0 ignored; 0 measured; 0 filtered out; finished in 0.00s
[INFO] [stdout] 
[INFO] [stderr]    Doc-tests kuma_client
[INFO] [stdout] 
[INFO] [stdout] running 3 tests
[INFO] [stdout] test src/client.rs - client::Client (line 1230) ... FAILED
[INFO] [stdout] test src/../README.md - (line 23) ... FAILED
[INFO] [stdout] test src/../README.md - (line 41) ... FAILED
[INFO] [stdout] 
[INFO] [stdout] failures:
[INFO] [stdout] 
[INFO] [stdout] ---- src/client.rs - client::Client (line 1230) stdout ----
[INFO] [stdout] error[E0433]: failed to resolve: use of undeclared type `Client`
[INFO] [stdout]  --> src/client.rs:1232:14
[INFO] [stdout]   |
[INFO] [stdout] 4 | let client = Client::connect(Config {
[INFO] [stdout]   |              ^^^^^^ use of undeclared type `Client`
[INFO] [stdout]   |
[INFO] [stdout] help: consider importing one of these structs
[INFO] [stdout]   |
[INFO] [stdout] 3 + use kuma_client::Client;
[INFO] [stdout]   |
[INFO] [stdout] 3 + use reqwest::Client;
[INFO] [stdout]   |
[INFO] [stdout] 3 + use reqwest::blocking::Client;
[INFO] [stdout]   |
[INFO] [stdout] 3 + use rust_socketio::asynchronous::Client;
[INFO] [stdout]   |
[INFO] [stdout]     and 1 other candidate
[INFO] [stdout] 
[INFO] [stdout] error[E0422]: cannot find struct, variant or union type `Config` in this scope
[INFO] [stdout]  --> src/client.rs:1232:30
[INFO] [stdout]   |
[INFO] [stdout] 4 | let client = Client::connect(Config {
[INFO] [stdout]   |                              ^^^^^^ not found in this scope
[INFO] [stdout]   |
[INFO] [stdout] help: consider importing one of these structs
[INFO] [stdout]   |
[INFO] [stdout] 3 + use config::Config;
[INFO] [stdout]   |
[INFO] [stdout] 3 + use kuma_client::Config;
[INFO] [stdout]   |
[INFO] [stdout] 3 + use time::format_description::well_known::iso8601::Config;
[INFO] [stdout]   |
[INFO] [stdout] 
[INFO] [stdout] error[E0433]: failed to resolve: use of undeclared type `Url`
[INFO] [stdout]  --> src/client.rs:1233:14
[INFO] [stdout]   |
[INFO] [stdout] 5 |         url: Url::parse("http://localhost:3001").expect("Invalid URL"),
[INFO] [stdout]   |              ^^^ use of undeclared type `Url`
[INFO] [stdout]   |
[INFO] [stdout] help: consider importing one of these structs
[INFO] [stdout]   |
[INFO] [stdout] 3 + use kuma_client::Url;
[INFO] [stdout]   |
[INFO] [stdout] 3 + use reqwest::Url;
[INFO] [stdout]   |
[INFO] [stdout] 3 + use url::Url;
[INFO] [stdout]   |
[INFO] [stdout] 
[INFO] [stdout] error[E0422]: cannot find struct, variant or union type `TagDefinition` in this scope
[INFO] [stdout]   --> src/client.rs:1243:14
[INFO] [stdout]    |
[INFO] [stdout] 15 |     .add_tag(TagDefinition {
[INFO] [stdout]    |              ^^^^^^^^^^^^^ not found in this scope
[INFO] [stdout]    |
[INFO] [stdout] help: consider importing this struct
[INFO] [stdout]    |
[INFO] [stdout] 3  + use kuma_client::tag::TagDefinition;
[INFO] [stdout]    |
[INFO] [stdout] 
[INFO] [stdout] error[E0422]: cannot find struct, variant or union type `MonitorGroup` in this scope
[INFO] [stdout]   --> src/client.rs:1253:18
[INFO] [stdout]    |
[INFO] [stdout] 25 |     .add_monitor(MonitorGroup {
[INFO] [stdout]    |                  ^^^^^^^^^^^^ not found in this scope
[INFO] [stdout]    |
[INFO] [stdout] help: consider importing this struct
[INFO] [stdout]    |
[INFO] [stdout] 3  + use kuma_client::monitor::MonitorGroup;
[INFO] [stdout]    |
[INFO] [stdout] 
[INFO] [stdout] error[E0422]: cannot find struct, variant or union type `Tag` in this scope
[INFO] [stdout]   --> src/client.rs:1255:20
[INFO] [stdout]    |
[INFO] [stdout] 27 |         tags: vec![Tag {
[INFO] [stdout]    |                    ^^^ not found in this scope
[INFO] [stdout]    |
[INFO] [stdout] help: consider importing this struct
[INFO] [stdout]    |
[INFO] [stdout] 3  + use kuma_client::tag::Tag;
[INFO] [stdout]    |
[INFO] [stdout] 
[INFO] [stdout] error[E0422]: cannot find struct, variant or union type `Notification` in this scope
[INFO] [stdout]   --> src/client.rs:1267:23
[INFO] [stdout]    |
[INFO] [stdout] 39 |     .add_notification(Notification {
[INFO] [stdout]    |                       ^^^^^^^^^^^^ not found in this scope
[INFO] [stdout]    |
[INFO] [stdout] help: consider importing this struct
[INFO] [stdout]    |
[INFO] [stdout] 3  + use kuma_client::notification::Notification;
[INFO] [stdout]    |
[INFO] [stdout] 
[INFO] [stdout] error[E0422]: cannot find struct, variant or union type `MonitorHttp` in this scope
[INFO] [stdout]   --> src/client.rs:1280:18
[INFO] [stdout]    |
[INFO] [stdout] 52 |     .add_monitor(MonitorHttp {
[INFO] [stdout]    |                  ^^^^^^^^^^^ not found in this scope
[INFO] [stdout]    |
[INFO] [stdout] help: consider importing this struct
[INFO] [stdout]    |
[INFO] [stdout] 3  + use kuma_client::monitor::MonitorHttp;
[INFO] [stdout]    |
[INFO] [stdout] 
[INFO] [stdout] error[E0422]: cannot find struct, variant or union type `Tag` in this scope
[INFO] [stdout]   --> src/client.rs:1284:20
[INFO] [stdout]    |
[INFO] [stdout] 56 |         tags: vec![Tag {
[INFO] [stdout]    |                    ^^^ not found in this scope
[INFO] [stdout]    |
[INFO] [stdout] help: consider importing this struct
[INFO] [stdout]    |
[INFO] [stdout] 3  + use kuma_client::tag::Tag;
[INFO] [stdout]    |
[INFO] [stdout] 
[INFO] [stdout] error[E0728]: `await` is only allowed inside `async` functions and blocks
[INFO] [stdout]   --> src/client.rs:1238:6
[INFO] [stdout]    |
[INFO] [stdout] 3  | fn main() { #[allow(non_snake_case)] fn _doctest_main_src_client_rs_1230_0() {
[INFO] [stdout]    |                                      --------------------------------------- this is not `async`
[INFO] [stdout] ...
[INFO] [stdout] 10 |     .await
[INFO] [stdout]    |      ^^^^^ only allowed inside `async` functions and blocks
[INFO] [stdout] 
[INFO] [stdout] error[E0728]: `await` is only allowed inside `async` functions and blocks
[INFO] [stdout]   --> src/client.rs:1248:6
[INFO] [stdout]    |
[INFO] [stdout] 3  | fn main() { #[allow(non_snake_case)] fn _doctest_main_src_client_rs_1230_0() {
[INFO] [stdout]    |                                      --------------------------------------- this is not `async`
[INFO] [stdout] ...
[INFO] [stdout] 20 |     .await
[INFO] [stdout]    |      ^^^^^ only allowed inside `async` functions and blocks
[INFO] [stdout] 
[INFO] [stdout] error[E0728]: `await` is only allowed inside `async` functions and blocks
[INFO] [stdout]   --> src/client.rs:1262:6
[INFO] [stdout]    |
[INFO] [stdout] 3  | fn main() { #[allow(non_snake_case)] fn _doctest_main_src_client_rs_1230_0() {
[INFO] [stdout]    |                                      --------------------------------------- this is not `async`
[INFO] [stdout] ...
[INFO] [stdout] 34 |     .await
[INFO] [stdout]    |      ^^^^^ only allowed inside `async` functions and blocks
[INFO] [stdout] 
[INFO] [stdout] error[E0728]: `await` is only allowed inside `async` functions and blocks
[INFO] [stdout]   --> src/client.rs:1275:6
[INFO] [stdout]    |
[INFO] [stdout] 3  | fn main() { #[allow(non_snake_case)] fn _doctest_main_src_client_rs_1230_0() {
[INFO] [stdout]    |                                      --------------------------------------- this is not `async`
[INFO] [stdout] ...
[INFO] [stdout] 47 |     .await
[INFO] [stdout]    |      ^^^^^ only allowed inside `async` functions and blocks
[INFO] [stdout] 
[INFO] [stdout] error[E0728]: `await` is only allowed inside `async` functions and blocks
[INFO] [stdout]   --> src/client.rs:1299:6
[INFO] [stdout]    |
[INFO] [stdout] 3  | fn main() { #[allow(non_snake_case)] fn _doctest_main_src_client_rs_1230_0() {
[INFO] [stdout]    |                                      --------------------------------------- this is not `async`
[INFO] [stdout] ...
[INFO] [stdout] 71 |     .await
[INFO] [stdout]    |      ^^^^^ only allowed inside `async` functions and blocks
[INFO] [stdout] 
[INFO] [stdout] error[E0728]: `await` is only allowed inside `async` functions and blocks
[INFO] [stdout]   --> src/client.rs:1302:38
[INFO] [stdout]    |
[INFO] [stdout] 3  | fn main() { #[allow(non_snake_case)] fn _doctest_main_src_client_rs_1230_0() {
[INFO] [stdout]    |                                      --------------------------------------- this is not `async`
[INFO] [stdout] ...
[INFO] [stdout] 74 | let monitors = client.get_monitors().await.expect("Failed to get monitors");
[INFO] [stdout]    |                                      ^^^^^ only allowed inside `async` functions and blocks
[INFO] [stdout] 
[INFO] [stdout] error: aborting due to 15 previous errors
[INFO] [stdout] 
[INFO] [stdout] Some errors have detailed explanations: E0422, E0433, E0728.
[INFO] [stdout] For more information about an error, try `rustc --explain E0422`.
[INFO] [stdout] Couldn't compile the test.
[INFO] [stdout] ---- src/../README.md - (line 23) stdout ----
[INFO] [stdout] Test executable failed (exit status: 101).
[INFO] [stdout] 
[INFO] [stdout] stderr:
[INFO] [stdout] thread 'main' panicked at src/../README.md:15:6:
[INFO] [stdout] Failed to connect to server: ConnectionTimeout
[INFO] [stdout] stack backtrace:
[INFO] [stdout]    0:     0x609c5832da9a - std::backtrace_rs::backtrace::libunwind::trace::h207520d6e9873551
[INFO] [stdout]                                at /rustc/df4ca44d3fbc9301ee17f30f4d474e6ae4b05252/library/std/src/../../backtrace/src/backtrace/libunwind.rs:116:5
[INFO] [stdout]    1:     0x609c5832da9a - std::backtrace_rs::backtrace::trace_unsynchronized::h2ed7433f370e3eca
[INFO] [stdout]                                at /rustc/df4ca44d3fbc9301ee17f30f4d474e6ae4b05252/library/std/src/../../backtrace/src/backtrace/mod.rs:66:5
[INFO] [stdout]    2:     0x609c5832da9a - std::sys::backtrace::_print_fmt::h916fac51166b18d7
[INFO] [stdout]                                at /rustc/df4ca44d3fbc9301ee17f30f4d474e6ae4b05252/library/std/src/sys/backtrace.rs:66:9
[INFO] [stdout]    3:     0x609c5832da9a - <std::sys::backtrace::BacktraceLock::print::DisplayBacktrace as core::fmt::Display>::fmt::ha0a4c9b8ce3802e6
[INFO] [stdout]                                at /rustc/df4ca44d3fbc9301ee17f30f4d474e6ae4b05252/library/std/src/sys/backtrace.rs:39:26
[INFO] [stdout]    4:     0x609c58354f93 - core::fmt::rt::Argument::fmt::h4cfc8587d52b3eb5
[INFO] [stdout]                                at /rustc/df4ca44d3fbc9301ee17f30f4d474e6ae4b05252/library/core/src/fmt/rt.rs:177:76
[INFO] [stdout]    5:     0x609c58354f93 - core::fmt::write::h522cc39e5b36ae9f
[INFO] [stdout]                                at /rustc/df4ca44d3fbc9301ee17f30f4d474e6ae4b05252/library/core/src/fmt/mod.rs:1190:21
[INFO] [stdout]    6:     0x609c5832a043 - std::io::Write::write_fmt::hf1c1dcc8cc1287f0
[INFO] [stdout]                                at /rustc/df4ca44d3fbc9301ee17f30f4d474e6ae4b05252/library/std/src/io/mod.rs:1839:15
[INFO] [stdout]    7:     0x609c5832d8e2 - std::sys::backtrace::BacktraceLock::print::h4b9e00b29e9c0942
[INFO] [stdout]                                at /rustc/df4ca44d3fbc9301ee17f30f4d474e6ae4b05252/library/std/src/sys/backtrace.rs:42:9
[INFO] [stdout]    8:     0x609c5832e9ec - std::panicking::default_hook::{{closure}}::hb59b88280d0324d9
[INFO] [stdout]                                at /rustc/df4ca44d3fbc9301ee17f30f4d474e6ae4b05252/library/std/src/panicking.rs:268:22
[INFO] [stdout]    9:     0x609c5832e832 - std::panicking::default_hook::he1dd496665be4a29
[INFO] [stdout]                                at /rustc/df4ca44d3fbc9301ee17f30f4d474e6ae4b05252/library/std/src/panicking.rs:295:9
[INFO] [stdout]   10:     0x609c5832f027 - std::panicking::rust_panic_with_hook::h2ff17fe8f26dfcf8
[INFO] [stdout]                                at /rustc/df4ca44d3fbc9301ee17f30f4d474e6ae4b05252/library/std/src/panicking.rs:801:13
[INFO] [stdout]   11:     0x609c5832eeba - std::panicking::begin_panic_handler::{{closure}}::h4fad77951c07e101
[INFO] [stdout]                                at /rustc/df4ca44d3fbc9301ee17f30f4d474e6ae4b05252/library/std/src/panicking.rs:674:13
[INFO] [stdout]   12:     0x609c5832df79 - std::sys::backtrace::__rust_end_short_backtrace::hb1a25b3da5d0ea08
[INFO] [stdout]                                at /rustc/df4ca44d3fbc9301ee17f30f4d474e6ae4b05252/library/std/src/sys/backtrace.rs:170:18
[INFO] [stdout]   13:     0x609c5832eb4c - rust_begin_unwind
[INFO] [stdout]                                at /rustc/df4ca44d3fbc9301ee17f30f4d474e6ae4b05252/library/std/src/panicking.rs:665:5
[INFO] [stdout]   14:     0x609c58352c00 - core::panicking::panic_fmt::ha9db07b529f9b256
[INFO] [stdout]                                at /rustc/df4ca44d3fbc9301ee17f30f4d474e6ae4b05252/library/core/src/panicking.rs:75:14
[INFO] [stdout]   15:     0x609c583530e6 - core::result::unwrap_failed::h5e8218e4d4338b8a
[INFO] [stdout]                                at /rustc/df4ca44d3fbc9301ee17f30f4d474e6ae4b05252/library/core/src/result.rs:1698:5
[INFO] [stdout]   16:     0x609c57c71de4 - core::result::Result<T,E>::expect::h6174efd310d4d4b9
[INFO] [stdout]   17:     0x609c57d21f59 - rust_out::main::{{closure}}::h6aa186353edbc990
[INFO] [stdout]   18:     0x609c57cd3996 - <core::pin::Pin<P> as core::future::future::Future>::poll::h8ededd1abf40da2a
[INFO] [stdout]   19:     0x609c57cb08f5 - tokio::runtime::park::CachedParkThread::block_on::{{closure}}::h9ac18231d6eb41a0
[INFO] [stdout]   20:     0x609c57cafbe8 - tokio::runtime::park::CachedParkThread::block_on::h3a24399070dd7b1b
[INFO] [stdout]   21:     0x609c57cca24b - tokio::runtime::context::blocking::BlockingRegionGuard::block_on::hb1d779cfd115aaa0
[INFO] [stdout]   22:     0x609c57cca831 - tokio::runtime::scheduler::multi_thread::MultiThread::block_on::{{closure}}::h616a15e5cf3ee588
[INFO] [stdout]   23:     0x609c57cc9988 - tokio::runtime::context::runtime::enter_runtime::hf89d405dcc8017b6
[INFO] [stdout]   24:     0x609c57cca81d - tokio::runtime::scheduler::multi_thread::MultiThread::block_on::h8e85c5d4b4e7f836
[INFO] [stdout]   25:     0x609c57cca39c - tokio::runtime::runtime::Runtime::block_on_inner::h3f56ef804a7b3b4d
[INFO] [stdout]   26:     0x609c57cca762 - tokio::runtime::runtime::Runtime::block_on::hccb5d94d2a872595
[INFO] [stdout]   27:     0x609c57d2197f - rust_out::main::ha213a30daa5df4da
[INFO] [stdout]   28:     0x609c57c5d4b3 - core::ops::function::FnOnce::call_once::hf7edf7132571051c
[INFO] [stdout]   29:     0x609c57c53796 - std::sys::backtrace::__rust_begin_short_backtrace::h32fd822fd2ba4079
[INFO] [stdout]   30:     0x609c57c53749 - std::rt::lang_start::{{closure}}::h4039a1c394ed4f7c
[INFO] [stdout]   31:     0x609c58324657 - core::ops::function::impls::<impl core::ops::function::FnOnce<A> for &F>::call_once::hd87d66b906e0ccaf
[INFO] [stdout]                                at /rustc/df4ca44d3fbc9301ee17f30f4d474e6ae4b05252/library/core/src/ops/function.rs:284:13
[INFO] [stdout]   32:     0x609c58324657 - std::panicking::try::do_call::hae3703de71fc9e3a
[INFO] [stdout]                                at /rustc/df4ca44d3fbc9301ee17f30f4d474e6ae4b05252/library/std/src/panicking.rs:557:40
[INFO] [stdout]   33:     0x609c58324657 - std::panicking::try::h1178330e9a2b2645
[INFO] [stdout]                                at /rustc/df4ca44d3fbc9301ee17f30f4d474e6ae4b05252/library/std/src/panicking.rs:520:19
[INFO] [stdout]   34:     0x609c58324657 - std::panic::catch_unwind::h0acf49d2305d32ad
[INFO] [stdout]                                at /rustc/df4ca44d3fbc9301ee17f30f4d474e6ae4b05252/library/std/src/panic.rs:358:14
[INFO] [stdout]   35:     0x609c58324657 - std::rt::lang_start_internal::{{closure}}::h2d95182d798177be
[INFO] [stdout]                                at /rustc/df4ca44d3fbc9301ee17f30f4d474e6ae4b05252/library/std/src/rt.rs:174:48
[INFO] [stdout]   36:     0x609c58324657 - std::panicking::try::do_call::hb506f5bfe11fd30c
[INFO] [stdout]                                at /rustc/df4ca44d3fbc9301ee17f30f4d474e6ae4b05252/library/std/src/panicking.rs:557:40
[INFO] [stdout]   37:     0x609c58324657 - std::panicking::try::h54d825c46bd0fa95
[INFO] [stdout]                                at /rustc/df4ca44d3fbc9301ee17f30f4d474e6ae4b05252/library/std/src/panicking.rs:520:19
[INFO] [stdout]   38:     0x609c58324657 - std::panic::catch_unwind::hffbb0ad20c4e9fac
[INFO] [stdout]                                at /rustc/df4ca44d3fbc9301ee17f30f4d474e6ae4b05252/library/std/src/panic.rs:358:14
[INFO] [stdout]   39:     0x609c58324657 - std::rt::lang_start_internal::h52c291ef1962c925
[INFO] [stdout]                                at /rustc/df4ca44d3fbc9301ee17f30f4d474e6ae4b05252/library/std/src/rt.rs:174:20
[INFO] [stdout]   40:     0x609c57c53727 - std::rt::lang_start::h8c6075cd6f225ba1
[INFO] [stdout]   41:     0x609c57d22315 - main
[INFO] [stdout]   42:     0x7633600acd90 - <unknown>
[INFO] [stdout]   43:     0x7633600ace40 - __libc_start_main
[INFO] [stdout]   44:     0x609c57b76215 - _start
[INFO] [stdout]   45:                0x0 - <unknown>
[INFO] [stdout] 
[INFO] [stdout] 
[INFO] [stdout] ---- src/../README.md - (line 41) stdout ----
[INFO] [stdout] Test executable failed (exit status: 101).
[INFO] [stdout] 
[INFO] [stdout] stderr:
[INFO] [stdout] thread 'main' panicked at src/../README.md:21:6:
[INFO] [stdout] Failed to connect to server: ConnectionTimeout
[INFO] [stdout] stack backtrace:
[INFO] [stdout]    0:     0x5a2016ccd1fa - std::backtrace_rs::backtrace::libunwind::trace::h207520d6e9873551
[INFO] [stdout]                                at /rustc/df4ca44d3fbc9301ee17f30f4d474e6ae4b05252/library/std/src/../../backtrace/src/backtrace/libunwind.rs:116:5
[INFO] [stdout]    1:     0x5a2016ccd1fa - std::backtrace_rs::backtrace::trace_unsynchronized::h2ed7433f370e3eca
[INFO] [stdout]                                at /rustc/df4ca44d3fbc9301ee17f30f4d474e6ae4b05252/library/std/src/../../backtrace/src/backtrace/mod.rs:66:5
[INFO] [stdout]    2:     0x5a2016ccd1fa - std::sys::backtrace::_print_fmt::h916fac51166b18d7
[INFO] [stdout]                                at /rustc/df4ca44d3fbc9301ee17f30f4d474e6ae4b05252/library/std/src/sys/backtrace.rs:66:9
[INFO] [stdout]    3:     0x5a2016ccd1fa - <std::sys::backtrace::BacktraceLock::print::DisplayBacktrace as core::fmt::Display>::fmt::ha0a4c9b8ce3802e6
[INFO] [stdout]                                at /rustc/df4ca44d3fbc9301ee17f30f4d474e6ae4b05252/library/std/src/sys/backtrace.rs:39:26
[INFO] [stdout]    4:     0x5a2016cf46f3 - core::fmt::rt::Argument::fmt::h4cfc8587d52b3eb5
[INFO] [stdout]                                at /rustc/df4ca44d3fbc9301ee17f30f4d474e6ae4b05252/library/core/src/fmt/rt.rs:177:76
[INFO] [stdout]    5:     0x5a2016cf46f3 - core::fmt::write::h522cc39e5b36ae9f
[INFO] [stdout]                                at /rustc/df4ca44d3fbc9301ee17f30f4d474e6ae4b05252/library/core/src/fmt/mod.rs:1190:21
[INFO] [stdout]    6:     0x5a2016cc97a3 - std::io::Write::write_fmt::hf1c1dcc8cc1287f0
[INFO] [stdout]                                at /rustc/df4ca44d3fbc9301ee17f30f4d474e6ae4b05252/library/std/src/io/mod.rs:1839:15
[INFO] [stdout]    7:     0x5a2016ccd042 - std::sys::backtrace::BacktraceLock::print::h4b9e00b29e9c0942
[INFO] [stdout]                                at /rustc/df4ca44d3fbc9301ee17f30f4d474e6ae4b05252/library/std/src/sys/backtrace.rs:42:9
[INFO] [stdout]    8:     0x5a2016cce14c - std::panicking::default_hook::{{closure}}::hb59b88280d0324d9
[INFO] [stdout]                                at /rustc/df4ca44d3fbc9301ee17f30f4d474e6ae4b05252/library/std/src/panicking.rs:268:22
[INFO] [stdout]    9:     0x5a2016ccdf92 - std::panicking::default_hook::he1dd496665be4a29
[INFO] [stdout]                                at /rustc/df4ca44d3fbc9301ee17f30f4d474e6ae4b05252/library/std/src/panicking.rs:295:9
[INFO] [stdout]   10:     0x5a2016cce787 - std::panicking::rust_panic_with_hook::h2ff17fe8f26dfcf8
[INFO] [stdout]                                at /rustc/df4ca44d3fbc9301ee17f30f4d474e6ae4b05252/library/std/src/panicking.rs:801:13
[INFO] [stdout]   11:     0x5a2016cce61a - std::panicking::begin_panic_handler::{{closure}}::h4fad77951c07e101
[INFO] [stdout]                                at /rustc/df4ca44d3fbc9301ee17f30f4d474e6ae4b05252/library/std/src/panicking.rs:674:13
[INFO] [stdout]   12:     0x5a2016ccd6d9 - std::sys::backtrace::__rust_end_short_backtrace::hb1a25b3da5d0ea08
[INFO] [stdout]                                at /rustc/df4ca44d3fbc9301ee17f30f4d474e6ae4b05252/library/std/src/sys/backtrace.rs:170:18
[INFO] [stdout]   13:     0x5a2016cce2ac - rust_begin_unwind
[INFO] [stdout]                                at /rustc/df4ca44d3fbc9301ee17f30f4d474e6ae4b05252/library/std/src/panicking.rs:665:5
[INFO] [stdout]   14:     0x5a2016cf2360 - core::panicking::panic_fmt::ha9db07b529f9b256
[INFO] [stdout]                                at /rustc/df4ca44d3fbc9301ee17f30f4d474e6ae4b05252/library/core/src/panicking.rs:75:14
[INFO] [stdout]   15:     0x5a2016cf2846 - core::result::unwrap_failed::h5e8218e4d4338b8a
[INFO] [stdout]                                at /rustc/df4ca44d3fbc9301ee17f30f4d474e6ae4b05252/library/core/src/result.rs:1698:5
[INFO] [stdout]   16:     0x5a20165bd1f4 - core::result::Result<T,E>::expect::h6174efd310d4d4b9
[INFO] [stdout]   17:     0x5a20166a8e67 - rust_out::main::{{closure}}::h6aa186353edbc990
[INFO] [stdout]   18:     0x5a2016639db6 - <core::pin::Pin<P> as core::future::future::Future>::poll::h8ededd1abf40da2a
[INFO] [stdout]   19:     0x5a20166161f5 - tokio::runtime::park::CachedParkThread::block_on::{{closure}}::h9ac18231d6eb41a0
[INFO] [stdout]   20:     0x5a20166154e8 - tokio::runtime::park::CachedParkThread::block_on::h3a24399070dd7b1b
[INFO] [stdout]   21:     0x5a201662fbeb - tokio::runtime::context::blocking::BlockingRegionGuard::block_on::hb1d779cfd115aaa0
[INFO] [stdout]   22:     0x5a20166301d1 - tokio::runtime::scheduler::multi_thread::MultiThread::block_on::{{closure}}::h616a15e5cf3ee588
[INFO] [stdout]   23:     0x5a201662f318 - tokio::runtime::context::runtime::enter_runtime::hf89d405dcc8017b6
[INFO] [stdout]   24:     0x5a20166301bd - tokio::runtime::scheduler::multi_thread::MultiThread::block_on::h8e85c5d4b4e7f836
[INFO] [stdout]   25:     0x5a201662fd3c - tokio::runtime::runtime::Runtime::block_on_inner::h3f56ef804a7b3b4d
[INFO] [stdout]   26:     0x5a2016630102 - tokio::runtime::runtime::Runtime::block_on::hccb5d94d2a872595
[INFO] [stdout]   27:     0x5a20166a87df - rust_out::main::ha213a30daa5df4da
[INFO] [stdout]   28:     0x5a20165a0163 - core::ops::function::FnOnce::call_once::hf7edf7132571051c
[INFO] [stdout]   29:     0x5a2016595826 - std::sys::backtrace::__rust_begin_short_backtrace::h32fd822fd2ba4079
[INFO] [stdout]   30:     0x5a20165957d9 - std::rt::lang_start::{{closure}}::h4039a1c394ed4f7c
[INFO] [stdout]   31:     0x5a2016cc3db7 - core::ops::function::impls::<impl core::ops::function::FnOnce<A> for &F>::call_once::hd87d66b906e0ccaf
[INFO] [stdout]                                at /rustc/df4ca44d3fbc9301ee17f30f4d474e6ae4b05252/library/core/src/ops/function.rs:284:13
[INFO] [stdout]   32:     0x5a2016cc3db7 - std::panicking::try::do_call::hae3703de71fc9e3a
[INFO] [stdout]                                at /rustc/df4ca44d3fbc9301ee17f30f4d474e6ae4b05252/library/std/src/panicking.rs:557:40
[INFO] [stdout]   33:     0x5a2016cc3db7 - std::panicking::try::h1178330e9a2b2645
[INFO] [stdout]                                at /rustc/df4ca44d3fbc9301ee17f30f4d474e6ae4b05252/library/std/src/panicking.rs:520:19
[INFO] [stdout]   34:     0x5a2016cc3db7 - std::panic::catch_unwind::h0acf49d2305d32ad
[INFO] [stdout]                                at /rustc/df4ca44d3fbc9301ee17f30f4d474e6ae4b05252/library/std/src/panic.rs:358:14
[INFO] [stdout]   35:     0x5a2016cc3db7 - std::rt::lang_start_internal::{{closure}}::h2d95182d798177be
[INFO] [stdout]                                at /rustc/df4ca44d3fbc9301ee17f30f4d474e6ae4b05252/library/std/src/rt.rs:174:48
[INFO] [stdout]   36:     0x5a2016cc3db7 - std::panicking::try::do_call::hb506f5bfe11fd30c
[INFO] [stdout]                                at /rustc/df4ca44d3fbc9301ee17f30f4d474e6ae4b05252/library/std/src/panicking.rs:557:40
[INFO] [stdout]   37:     0x5a2016cc3db7 - std::panicking::try::h54d825c46bd0fa95
[INFO] [stdout]                                at /rustc/df4ca44d3fbc9301ee17f30f4d474e6ae4b05252/library/std/src/panicking.rs:520:19
[INFO] [stdout]   38:     0x5a2016cc3db7 - std::panic::catch_unwind::hffbb0ad20c4e9fac
[INFO] [stdout]                                at /rustc/df4ca44d3fbc9301ee17f30f4d474e6ae4b05252/library/std/src/panic.rs:358:14
[INFO] [stdout]   39:     0x5a2016cc3db7 - std::rt::lang_start_internal::h52c291ef1962c925
[INFO] [stdout]                                at /rustc/df4ca44d3fbc9301ee17f30f4d474e6ae4b05252/library/std/src/rt.rs:174:20
[INFO] [stdout]   40:     0x5a20165957b7 - std::rt::lang_start::h8c6075cd6f225ba1
[INFO] [stdout]   41:     0x5a20166ab335 - main
[INFO] [stdout]   42:     0x70e602c9fd90 - <unknown>
[INFO] [stdout]   43:     0x70e602c9fe40 - __libc_start_main
[INFO] [stdout]   44:     0x5a20164672c5 - _start
[INFO] [stdout]   45:                0x0 - <unknown>
[INFO] [stdout] 
[INFO] [stdout] 
[INFO] [stdout] 
[INFO] [stdout] failures:
[INFO] [stdout]     src/../README.md - (line 23)
[INFO] [stdout]     src/../README.md - (line 41)
[INFO] [stdout]     src/client.rs - client::Client (line 1230)
[INFO] [stdout] 
[INFO] [stdout] test result: FAILED. 0 passed; 3 failed; 0 ignored; 0 measured; 0 filtered out; finished in 13.12s
[INFO] [stdout] 
[INFO] [stderr] error: doctest failed, to rerun pass `--doc`
[INFO] running `Command { std: "docker" "inspect" "13b15324b386d0deffadc54ab630e12eab5f394e12b23e2a5cfe439630f6e7f6", kill_on_drop: false }`
[INFO] running `Command { std: "docker" "rm" "-f" "13b15324b386d0deffadc54ab630e12eab5f394e12b23e2a5cfe439630f6e7f6", kill_on_drop: false }`
[INFO] [stdout] 13b15324b386d0deffadc54ab630e12eab5f394e12b23e2a5cfe439630f6e7f6
