[INFO] fetching crate krate_info 0.1.1...
[INFO] testing krate_info-0.1.1 against nightly-2024-10-28+rustflags=-Zrandomize-layout for randomize-layout
[INFO] extracting crate krate_info 0.1.1 into /workspace/builds/worker-3-tc2/source
[INFO] validating manifest of crates.io crate krate_info 0.1.1 on toolchain nightly-2024-10-28
[INFO] running `Command { std: CARGO_HOME="/workspace/cargo-home" RUSTUP_HOME="/workspace/rustup-home" "/workspace/cargo-home/bin/cargo" "+nightly-2024-10-28" "metadata" "--manifest-path" "Cargo.toml" "--no-deps", kill_on_drop: false }`
[INFO] started tweaking crates.io crate krate_info 0.1.1
[INFO] finished tweaking crates.io crate krate_info 0.1.1
[INFO] tweaked toml for crates.io crate krate_info 0.1.1 written to /workspace/builds/worker-3-tc2/source/Cargo.toml
[INFO] crate crates.io crate krate_info 0.1.1 already has a lockfile, it will not be regenerated
[INFO] running `Command { std: CARGO_HOME="/workspace/cargo-home" RUSTUP_HOME="/workspace/rustup-home" "/workspace/cargo-home/bin/cargo" "+nightly-2024-10-28" "fetch" "--manifest-path" "Cargo.toml", kill_on_drop: false }`
[INFO] running `Command { std: "docker" "create" "-v" "/var/lib/crater-agent-workspace/builds/worker-3-tc2/target:/opt/rustwide/target:rw,Z" "-v" "/var/lib/crater-agent-workspace/builds/worker-3-tc2/source:/opt/rustwide/workdir:ro,Z" "-v" "/var/lib/crater-agent-workspace/cargo-home:/opt/rustwide/cargo-home:ro,Z" "-v" "/var/lib/crater-agent-workspace/rustup-home:/opt/rustwide/rustup-home:ro,Z" "-e" "SOURCE_DIR=/opt/rustwide/workdir" "-e" "CARGO_TARGET_DIR=/opt/rustwide/target" "-e" "CARGO_HOME=/opt/rustwide/cargo-home" "-e" "RUSTUP_HOME=/opt/rustwide/rustup-home" "-w" "/opt/rustwide/workdir" "-m" "1610612736" "--user" "0:0" "--network" "none" "ghcr.io/rust-lang/crates-build-env/linux@sha256:4a844ea9eb2546a2d2c7022eacef16ef2e8229c7fbb2c7d4d55a9ceca922f72d" "/opt/rustwide/cargo-home/bin/cargo" "+nightly-2024-10-28" "metadata" "--no-deps" "--format-version=1", kill_on_drop: false }`
[INFO] [stdout] 13e0da18c9354a2d0c9bebc87516c373346b48883230205ac09bf0e66eab786c
[INFO] running `Command { std: "docker" "start" "-a" "13e0da18c9354a2d0c9bebc87516c373346b48883230205ac09bf0e66eab786c", kill_on_drop: false }`
[INFO] running `Command { std: "docker" "inspect" "13e0da18c9354a2d0c9bebc87516c373346b48883230205ac09bf0e66eab786c", kill_on_drop: false }`
[INFO] running `Command { std: "docker" "rm" "-f" "13e0da18c9354a2d0c9bebc87516c373346b48883230205ac09bf0e66eab786c", kill_on_drop: false }`
[INFO] [stdout] 13e0da18c9354a2d0c9bebc87516c373346b48883230205ac09bf0e66eab786c
[INFO] running `Command { std: "docker" "create" "-v" "/var/lib/crater-agent-workspace/builds/worker-3-tc2/target:/opt/rustwide/target:rw,Z" "-v" "/var/lib/crater-agent-workspace/builds/worker-3-tc2/source:/opt/rustwide/workdir:ro,Z" "-v" "/var/lib/crater-agent-workspace/cargo-home:/opt/rustwide/cargo-home:ro,Z" "-v" "/var/lib/crater-agent-workspace/rustup-home:/opt/rustwide/rustup-home:ro,Z" "-e" "SOURCE_DIR=/opt/rustwide/workdir" "-e" "CARGO_TARGET_DIR=/opt/rustwide/target" "-e" "CARGO_INCREMENTAL=0" "-e" "RUST_BACKTRACE=full" "-e" "RUSTFLAGS=--cap-lints=forbid -Zrandomize-layout" "-e" "RUSTDOCFLAGS=--cap-lints=forbid" "-e" "CARGO_HOME=/opt/rustwide/cargo-home" "-e" "RUSTUP_HOME=/opt/rustwide/rustup-home" "-w" "/opt/rustwide/workdir" "-m" "1610612736" "--user" "0:0" "--network" "none" "ghcr.io/rust-lang/crates-build-env/linux@sha256:4a844ea9eb2546a2d2c7022eacef16ef2e8229c7fbb2c7d4d55a9ceca922f72d" "/opt/rustwide/cargo-home/bin/cargo" "+nightly-2024-10-28" "build" "--frozen" "--message-format=json", kill_on_drop: false }`
[INFO] [stdout] 610d29f7ed847effa2d065b05f5cebe2c50bc9f28f8af39dc78b3dce62b0ee11
[INFO] running `Command { std: "docker" "start" "-a" "610d29f7ed847effa2d065b05f5cebe2c50bc9f28f8af39dc78b3dce62b0ee11", kill_on_drop: false }`
[INFO] [stderr]    Compiling proc-macro2 v1.0.67
[INFO] [stderr]    Compiling autocfg v1.1.0
[INFO] [stderr]    Compiling unicode-ident v1.0.12
[INFO] [stderr]    Compiling libc v0.2.148
[INFO] [stderr]    Compiling pin-project-lite v0.2.13
[INFO] [stderr]    Compiling futures-core v0.3.28
[INFO] [stderr]    Compiling once_cell v1.18.0
[INFO] [stderr]    Compiling pkg-config v0.3.27
[INFO] [stderr]    Compiling vcpkg v0.2.15
[INFO] [stderr]    Compiling itoa v1.0.9
[INFO] [stderr]    Compiling bytes v1.5.0
[INFO] [stderr]    Compiling futures-sink v0.3.28
[INFO] [stderr]    Compiling futures-channel v0.3.28
[INFO] [stderr]    Compiling futures-task v0.3.28
[INFO] [stderr]    Compiling futures-util v0.3.28
[INFO] [stderr]    Compiling pin-utils v0.1.0
[INFO] [stderr]    Compiling futures-io v0.3.28
[INFO] [stderr]    Compiling memchr v2.6.3
[INFO] [stderr]    Compiling serde v1.0.188
[INFO] [stderr]    Compiling tracing-core v0.1.31
[INFO] [stderr]    Compiling fnv v1.0.7
[INFO] [stderr]    Compiling foreign-types-shared v0.1.1
[INFO] [stderr]    Compiling openssl v0.10.57
[INFO] [stderr]    Compiling bitflags v2.4.0
[INFO] [stderr]    Compiling foreign-types v0.3.2
[INFO] [stderr]    Compiling tinyvec_macros v0.1.1
[INFO] [stderr]    Compiling httparse v1.8.0
[INFO] [stderr]    Compiling hashbrown v0.12.3
[INFO] [stderr]    Compiling slab v0.4.9
[INFO] [stderr]    Compiling indexmap v1.9.3
[INFO] [stderr]    Compiling native-tls v0.2.11
[INFO] [stderr]    Compiling tinyvec v1.6.0
[INFO] [stderr]    Compiling http v0.2.9
[INFO] [stderr]    Compiling log v0.4.20
[INFO] [stderr]    Compiling try-lock v0.2.4
[INFO] [stderr]    Compiling tracing v0.1.37
[INFO] [stderr]    Compiling openssl-probe v0.1.5
[INFO] [stderr]    Compiling percent-encoding v2.3.0
[INFO] [stderr]    Compiling want v0.3.1
[INFO] [stderr]    Compiling quote v1.0.33
[INFO] [stderr]    Compiling form_urlencoded v1.2.0
[INFO] [stderr]    Compiling num-traits v0.2.16
[INFO] [stderr]    Compiling serde_json v1.0.107
[INFO] [stderr]    Compiling unicode-bidi v0.3.13
[INFO] [stderr]    Compiling syn v2.0.37
[INFO] [stderr]    Compiling cc v1.0.83
[INFO] [stderr]    Compiling num_cpus v1.16.0
[INFO] [stderr]    Compiling socket2 v0.5.4
[INFO] [stderr]    Compiling mio v0.8.8
[INFO] [stderr]    Compiling socket2 v0.4.9
[INFO] [stderr]    Compiling tower-service v0.3.2
[INFO] [stderr]    Compiling httpdate v1.0.3
[INFO] [stderr]    Compiling ryu v1.0.15
[INFO] [stderr]    Compiling http-body v0.4.5
[INFO] [stderr]    Compiling unicode-normalization v0.1.22
[INFO] [stderr]    Compiling encoding_rs v0.8.33
[INFO] [stderr]    Compiling base64 v0.21.4
[INFO] [stderr]    Compiling mime v0.3.17
[INFO] [stderr]    Compiling tokio v1.32.0
[INFO] [stderr]    Compiling ipnet v2.8.0
[INFO] [stderr]    Compiling semver v1.0.18
[INFO] [stderr]    Compiling idna v0.4.0
[INFO] [stderr]    Compiling openssl-sys v0.9.93
[INFO] [stderr]    Compiling url v2.4.1
[INFO] [stderr]    Compiling serde_urlencoded v0.7.1
[INFO] [stderr]    Compiling serde_path_to_error v0.1.14
[INFO] [stderr]    Compiling chrono v0.4.31
[INFO] [stderr]    Compiling futures-macro v0.3.28
[INFO] [stderr]    Compiling openssl-macros v0.1.1
[INFO] [stderr]    Compiling serde_derive v1.0.188
[INFO] [stderr]    Compiling tokio-util v0.7.8
[INFO] [stderr]    Compiling h2 v0.3.21
[INFO] [stderr]    Compiling futures-executor v0.3.28
[INFO] [stderr]    Compiling tokio-native-tls v0.3.1
[INFO] [stderr]    Compiling futures v0.3.28
[INFO] [stderr]    Compiling hyper v0.14.27
[INFO] [stderr]    Compiling hyper-tls v0.5.0
[INFO] [stderr]    Compiling reqwest v0.11.20
[INFO] [stderr]    Compiling crates_io_api v0.8.1
[INFO] [stderr]    Compiling krate_info v0.1.1 (/opt/rustwide/workdir)
[INFO] [stdout] warning: unused imports: `Level`, `error`, `info`, and `log_enabled`
[INFO] [stdout]  --> src/krates.rs:2:18
[INFO] [stdout]   |
[INFO] [stdout] 2 | use log::{debug, error, info, log_enabled, Level};
[INFO] [stdout]   |                  ^^^^^  ^^^^  ^^^^^^^^^^^  ^^^^^
[INFO] [stdout]   |
[INFO] [stdout]   = note: `#[warn(unused_imports)]` on by default
[INFO] [stdout] 
[INFO] [stdout] 
[INFO] [stdout] warning: unused imports: `HashMap` and `error::Error`
[INFO] [stdout]  --> src/krates.rs:5:19
[INFO] [stdout]   |
[INFO] [stdout] 5 |     collections::{HashMap, HashSet},
[INFO] [stdout]   |                   ^^^^^^^
[INFO] [stdout] 6 |     error::Error,
[INFO] [stdout]   |     ^^^^^^^^^^^^
[INFO] [stdout] 
[INFO] [stdout] 
[INFO] [stdout] warning: unused `Result` that must be used
[INFO] [stdout]   --> src/krates.rs:69:9
[INFO] [stdout]    |
[INFO] [stdout] 69 |         k.fill_information_from_crates_api();
[INFO] [stdout]    |         ^^^^^^^^^^^^^^^^^^^^^^^^^^^^^^^^^^^^
[INFO] [stdout]    |
[INFO] [stdout]    = note: this `Result` may be an `Err` variant, which should be handled
[INFO] [stdout]    = note: `#[warn(unused_must_use)]` on by default
[INFO] [stdout] help: use `let _ = ...` to ignore the resulting value
[INFO] [stdout]    |
[INFO] [stdout] 69 |         let _ = k.fill_information_from_crates_api();
[INFO] [stdout]    |         +++++++
[INFO] [stdout] 
[INFO] [stdout] 
[INFO] [stdout] warning: unused `Result` that must be used
[INFO] [stdout]   --> src/krates.rs:78:13
[INFO] [stdout]    |
[INFO] [stdout] 78 |             self.fill_information_from_crates_api();
[INFO] [stdout]    |             ^^^^^^^^^^^^^^^^^^^^^^^^^^^^^^^^^^^^^^^
[INFO] [stdout]    |
[INFO] [stdout]    = note: this `Result` may be an `Err` variant, which should be handled
[INFO] [stdout] help: use `let _ = ...` to ignore the resulting value
[INFO] [stdout]    |
[INFO] [stdout] 78 |             let _ = self.fill_information_from_crates_api();
[INFO] [stdout]    |             +++++++
[INFO] [stdout] 
[INFO] [stdout] 
[INFO] [stdout] warning: unused `Result` that must be used
[INFO] [stdout]    --> src/krates.rs:103:13
[INFO] [stdout]     |
[INFO] [stdout] 103 |             self.fill_information_from_crates_api();
[INFO] [stdout]     |             ^^^^^^^^^^^^^^^^^^^^^^^^^^^^^^^^^^^^^^^
[INFO] [stdout]     |
[INFO] [stdout]     = note: this `Result` may be an `Err` variant, which should be handled
[INFO] [stdout] help: use `let _ = ...` to ignore the resulting value
[INFO] [stdout]     |
[INFO] [stdout] 103 |             let _ = self.fill_information_from_crates_api();
[INFO] [stdout]     |             +++++++
[INFO] [stdout] 
[INFO] [stdout] 
[INFO] [stdout] warning: call to `.clone()` on a reference in this situation does nothing
[INFO] [stdout]    --> src/krates.rs:126:36
[INFO] [stdout]     |
[INFO] [stdout] 126 |         let tarball_path = dest_dir.clone().join(format!("{:#}.tar.gz", self.name));
[INFO] [stdout]     |                                    ^^^^^^^^
[INFO] [stdout]     |
[INFO] [stdout]     = note: the type `Path` does not implement `Clone`, so calling `clone` on `&Path` copies the reference, which does not do anything and can be removed
[INFO] [stdout]     = note: `#[warn(noop_method_call)]` on by default
[INFO] [stdout] help: remove this redundant call
[INFO] [stdout]     |
[INFO] [stdout] 126 -         let tarball_path = dest_dir.clone().join(format!("{:#}.tar.gz", self.name));
[INFO] [stdout] 126 +         let tarball_path = dest_dir.join(format!("{:#}.tar.gz", self.name));
[INFO] [stdout]     |
[INFO] [stdout] 
[INFO] [stdout] 
[INFO] [stdout] warning: unused imports: `Level`, `error`, `info`, and `log_enabled`
[INFO] [stdout]  --> src/krates.rs:2:18
[INFO] [stdout]   |
[INFO] [stdout] 2 | use log::{debug, error, info, log_enabled, Level};
[INFO] [stdout]   |                  ^^^^^  ^^^^  ^^^^^^^^^^^  ^^^^^
[INFO] [stdout]   |
[INFO] [stdout]   = note: `#[warn(unused_imports)]` on by default
[INFO] [stdout] 
[INFO] [stdout] 
[INFO] [stdout] warning: unused imports: `HashMap` and `error::Error`
[INFO] [stdout]  --> src/krates.rs:5:19
[INFO] [stdout]   |
[INFO] [stdout] 5 |     collections::{HashMap, HashSet},
[INFO] [stdout]   |                   ^^^^^^^
[INFO] [stdout] 6 |     error::Error,
[INFO] [stdout]   |     ^^^^^^^^^^^^
[INFO] [stdout] 
[INFO] [stdout] 
[INFO] [stdout] warning: unused variable: `owners`
[INFO] [stdout]  --> src/main.rs:8:9
[INFO] [stdout]   |
[INFO] [stdout] 8 |     let owners = krate.get_crate_owners().unwrap();
[INFO] [stdout]   |         ^^^^^^ help: if this is intentional, prefix it with an underscore: `_owners`
[INFO] [stdout]   |
[INFO] [stdout]   = note: `#[warn(unused_variables)]` on by default
[INFO] [stdout] 
[INFO] [stdout] 
[INFO] [stdout] warning: unused variable: `metadata`
[INFO] [stdout]  --> src/main.rs:9:9
[INFO] [stdout]   |
[INFO] [stdout] 9 |     let metadata = krate.get_krate_meta().unwrap();
[INFO] [stdout]   |         ^^^^^^^^ help: if this is intentional, prefix it with an underscore: `_metadata`
[INFO] [stdout] 
[INFO] [stdout] 
[INFO] [stdout] warning: field `0` is never read
[INFO] [stdout]   --> src/krates.rs:33:21
[INFO] [stdout]    |
[INFO] [stdout] 33 |     NoMetadataError(crates_io_api::Error),
[INFO] [stdout]    |     --------------- ^^^^^^^^^^^^^^^^^^^^
[INFO] [stdout]    |     |
[INFO] [stdout]    |     field in this variant
[INFO] [stdout]    |
[INFO] [stdout]    = note: `KrateError` has a derived impl for the trait `Debug`, but this is intentionally ignored during dead code analysis
[INFO] [stdout]    = note: `#[warn(dead_code)]` on by default
[INFO] [stdout] help: consider changing the field to be of unit type to suppress this warning while preserving the field numbering, or remove the field
[INFO] [stdout]    |
[INFO] [stdout] 33 |     NoMetadataError(()),
[INFO] [stdout]    |                     ~~
[INFO] [stdout] 
[INFO] [stdout] 
[INFO] [stdout] warning: variants `CursorError`, `DownloadError`, and `FileCreationError` are never constructed
[INFO] [stdout]   --> src/krates.rs:30:5
[INFO] [stdout]    |
[INFO] [stdout] 29 | pub enum KrateError {
[INFO] [stdout]    |          ---------- variants in this enum
[INFO] [stdout] 30 |     CursorError(std::io::Error),
[INFO] [stdout]    |     ^^^^^^^^^^^
[INFO] [stdout] 31 |     DownloadError(reqwest::Error),
[INFO] [stdout]    |     ^^^^^^^^^^^^^
[INFO] [stdout] 32 |     FileCreationError(std::io::Error),
[INFO] [stdout]    |     ^^^^^^^^^^^^^^^^^
[INFO] [stdout]    |
[INFO] [stdout]    = note: `KrateError` has a derived impl for the trait `Debug`, but this is intentionally ignored during dead code analysis
[INFO] [stdout] 
[INFO] [stdout] 
[INFO] [stdout] warning: multiple associated items are never used
[INFO] [stdout]    --> src/krates.rs:57:12
[INFO] [stdout]     |
[INFO] [stdout] 37  | impl Krate {
[INFO] [stdout]     | ---------- associated items in this implementation
[INFO] [stdout] ...
[INFO] [stdout] 57  |     pub fn from_name(name: &str) -> Result<Krate, KrateError> {
[INFO] [stdout]     |            ^^^^^^^^^
[INFO] [stdout] ...
[INFO] [stdout] 66  |     pub fn new_with_remote_info(name: &str, version: Version) -> Krate {
[INFO] [stdout]     |            ^^^^^^^^^^^^^^^^^^^^
[INFO] [stdout] ...
[INFO] [stdout] 109 |     pub fn download(&mut self, dest_dir: &Path) -> Result<PathBuf, KrateError> {
[INFO] [stdout]     |            ^^^^^^^^
[INFO] [stdout] ...
[INFO] [stdout] 198 |     pub fn get_features_raw(&self) -> &Vec<String> {
[INFO] [stdout]     |            ^^^^^^^^^^^^^^^^
[INFO] [stdout] ...
[INFO] [stdout] 204 |     pub fn get_download_url(&mut self) -> Result<&str, KrateError> {
[INFO] [stdout]     |            ^^^^^^^^^^^^^^^^
[INFO] [stdout] ...
[INFO] [stdout] 214 |     pub fn get_features(&mut self) -> Result<&Vec<String>, KrateError> {
[INFO] [stdout]     |            ^^^^^^^^^^^^
[INFO] [stdout] ...
[INFO] [stdout] 222 |     pub fn as_string(&self) -> String {
[INFO] [stdout]     |            ^^^^^^^^^
[INFO] [stdout] 
[INFO] [stdout] 
[INFO] [stdout] warning: unused `Result` that must be used
[INFO] [stdout]   --> src/krates.rs:69:9
[INFO] [stdout]    |
[INFO] [stdout] 69 |         k.fill_information_from_crates_api();
[INFO] [stdout]    |         ^^^^^^^^^^^^^^^^^^^^^^^^^^^^^^^^^^^^
[INFO] [stdout]    |
[INFO] [stdout]    = note: this `Result` may be an `Err` variant, which should be handled
[INFO] [stdout]    = note: `#[warn(unused_must_use)]` on by default
[INFO] [stdout] help: use `let _ = ...` to ignore the resulting value
[INFO] [stdout]    |
[INFO] [stdout] 69 |         let _ = k.fill_information_from_crates_api();
[INFO] [stdout]    |         +++++++
[INFO] [stdout] 
[INFO] [stdout] 
[INFO] [stdout] warning: unused `Result` that must be used
[INFO] [stdout]   --> src/krates.rs:78:13
[INFO] [stdout]    |
[INFO] [stdout] 78 |             self.fill_information_from_crates_api();
[INFO] [stdout]    |             ^^^^^^^^^^^^^^^^^^^^^^^^^^^^^^^^^^^^^^^
[INFO] [stdout]    |
[INFO] [stdout]    = note: this `Result` may be an `Err` variant, which should be handled
[INFO] [stdout] help: use `let _ = ...` to ignore the resulting value
[INFO] [stdout]    |
[INFO] [stdout] 78 |             let _ = self.fill_information_from_crates_api();
[INFO] [stdout]    |             +++++++
[INFO] [stdout] 
[INFO] [stdout] 
[INFO] [stdout] warning: unused `Result` that must be used
[INFO] [stdout]    --> src/krates.rs:103:13
[INFO] [stdout]     |
[INFO] [stdout] 103 |             self.fill_information_from_crates_api();
[INFO] [stdout]     |             ^^^^^^^^^^^^^^^^^^^^^^^^^^^^^^^^^^^^^^^
[INFO] [stdout]     |
[INFO] [stdout]     = note: this `Result` may be an `Err` variant, which should be handled
[INFO] [stdout] help: use `let _ = ...` to ignore the resulting value
[INFO] [stdout]     |
[INFO] [stdout] 103 |             let _ = self.fill_information_from_crates_api();
[INFO] [stdout]     |             +++++++
[INFO] [stdout] 
[INFO] [stdout] 
[INFO] [stdout] warning: call to `.clone()` on a reference in this situation does nothing
[INFO] [stdout]    --> src/krates.rs:126:36
[INFO] [stdout]     |
[INFO] [stdout] 126 |         let tarball_path = dest_dir.clone().join(format!("{:#}.tar.gz", self.name));
[INFO] [stdout]     |                                    ^^^^^^^^
[INFO] [stdout]     |
[INFO] [stdout]     = note: the type `Path` does not implement `Clone`, so calling `clone` on `&Path` copies the reference, which does not do anything and can be removed
[INFO] [stdout]     = note: `#[warn(noop_method_call)]` on by default
[INFO] [stdout] help: remove this redundant call
[INFO] [stdout]     |
[INFO] [stdout] 126 -         let tarball_path = dest_dir.clone().join(format!("{:#}.tar.gz", self.name));
[INFO] [stdout] 126 +         let tarball_path = dest_dir.join(format!("{:#}.tar.gz", self.name));
[INFO] [stdout]     |
[INFO] [stdout] 
[INFO] [stdout] 
[INFO] [stderr]     Finished `dev` profile [unoptimized + debuginfo] target(s) in 20.28s
[INFO] running `Command { std: "docker" "inspect" "610d29f7ed847effa2d065b05f5cebe2c50bc9f28f8af39dc78b3dce62b0ee11", kill_on_drop: false }`
[INFO] running `Command { std: "docker" "rm" "-f" "610d29f7ed847effa2d065b05f5cebe2c50bc9f28f8af39dc78b3dce62b0ee11", kill_on_drop: false }`
[INFO] [stdout] 610d29f7ed847effa2d065b05f5cebe2c50bc9f28f8af39dc78b3dce62b0ee11
[INFO] running `Command { std: "docker" "create" "-v" "/var/lib/crater-agent-workspace/builds/worker-3-tc2/target:/opt/rustwide/target:rw,Z" "-v" "/var/lib/crater-agent-workspace/builds/worker-3-tc2/source:/opt/rustwide/workdir:ro,Z" "-v" "/var/lib/crater-agent-workspace/cargo-home:/opt/rustwide/cargo-home:ro,Z" "-v" "/var/lib/crater-agent-workspace/rustup-home:/opt/rustwide/rustup-home:ro,Z" "-e" "SOURCE_DIR=/opt/rustwide/workdir" "-e" "CARGO_TARGET_DIR=/opt/rustwide/target" "-e" "CARGO_INCREMENTAL=0" "-e" "RUST_BACKTRACE=full" "-e" "RUSTFLAGS=--cap-lints=forbid -Zrandomize-layout" "-e" "RUSTDOCFLAGS=--cap-lints=forbid" "-e" "CARGO_HOME=/opt/rustwide/cargo-home" "-e" "RUSTUP_HOME=/opt/rustwide/rustup-home" "-w" "/opt/rustwide/workdir" "-m" "1610612736" "--user" "0:0" "--network" "none" "ghcr.io/rust-lang/crates-build-env/linux@sha256:4a844ea9eb2546a2d2c7022eacef16ef2e8229c7fbb2c7d4d55a9ceca922f72d" "/opt/rustwide/cargo-home/bin/cargo" "+nightly-2024-10-28" "test" "--frozen" "--no-run" "--message-format=json", kill_on_drop: false }`
[INFO] [stdout] 99de056acbb79213fe7ac9a6cbd50632157c0ba9a9122ff8817d42b391360b79
[INFO] running `Command { std: "docker" "start" "-a" "99de056acbb79213fe7ac9a6cbd50632157c0ba9a9122ff8817d42b391360b79", kill_on_drop: false }`
[INFO] [stdout] warning: unused imports: `Level`, `error`, `info`, and `log_enabled`
[INFO] [stdout]  --> src/krates.rs:2:18
[INFO] [stdout]   |
[INFO] [stdout] 2 | use log::{debug, error, info, log_enabled, Level};
[INFO] [stdout]   |                  ^^^^^  ^^^^  ^^^^^^^^^^^  ^^^^^
[INFO] [stdout]   |
[INFO] [stdout]   = note: `#[warn(unused_imports)]` on by default
[INFO] [stdout] 
[INFO] [stdout] 
[INFO] [stdout] warning: unused imports: `HashMap` and `error::Error`
[INFO] [stdout]  --> src/krates.rs:5:19
[INFO] [stdout]   |
[INFO] [stdout] 5 |     collections::{HashMap, HashSet},
[INFO] [stdout]   |                   ^^^^^^^
[INFO] [stdout] 6 |     error::Error,
[INFO] [stdout]   |     ^^^^^^^^^^^^
[INFO] [stdout] 
[INFO] [stdout] 
[INFO] [stdout] warning: unused `Result` that must be used
[INFO] [stdout]   --> src/krates.rs:69:9
[INFO] [stdout]    |
[INFO] [stdout] 69 |         k.fill_information_from_crates_api();
[INFO] [stdout]    |         ^^^^^^^^^^^^^^^^^^^^^^^^^^^^^^^^^^^^
[INFO] [stdout]    |
[INFO] [stdout]    = note: this `Result` may be an `Err` variant, which should be handled
[INFO] [stdout]    = note: `#[warn(unused_must_use)]` on by default
[INFO] [stdout] help: use `let _ = ...` to ignore the resulting value
[INFO] [stdout]    |
[INFO] [stdout] 69 |         let _ = k.fill_information_from_crates_api();
[INFO] [stdout]    |         +++++++
[INFO] [stdout] 
[INFO] [stdout] 
[INFO] [stdout] warning: unused `Result` that must be used
[INFO] [stdout]   --> src/krates.rs:78:13
[INFO] [stdout]    |
[INFO] [stdout] 78 |             self.fill_information_from_crates_api();
[INFO] [stdout]    |             ^^^^^^^^^^^^^^^^^^^^^^^^^^^^^^^^^^^^^^^
[INFO] [stdout]    |
[INFO] [stdout]    = note: this `Result` may be an `Err` variant, which should be handled
[INFO] [stdout] help: use `let _ = ...` to ignore the resulting value
[INFO] [stdout]    |
[INFO] [stdout] 78 |             let _ = self.fill_information_from_crates_api();
[INFO] [stdout]    |             +++++++
[INFO] [stdout] 
[INFO] [stdout] 
[INFO] [stdout] warning: unused `Result` that must be used
[INFO] [stdout]    --> src/krates.rs:103:13
[INFO] [stdout]     |
[INFO] [stdout] 103 |             self.fill_information_from_crates_api();
[INFO] [stdout]     |             ^^^^^^^^^^^^^^^^^^^^^^^^^^^^^^^^^^^^^^^
[INFO] [stdout]     |
[INFO] [stdout]     = note: this `Result` may be an `Err` variant, which should be handled
[INFO] [stdout] help: use `let _ = ...` to ignore the resulting value
[INFO] [stdout]     |
[INFO] [stdout] 103 |             let _ = self.fill_information_from_crates_api();
[INFO] [stdout]     |             +++++++
[INFO] [stdout] 
[INFO] [stdout] 
[INFO] [stdout] warning: call to `.clone()` on a reference in this situation does nothing
[INFO] [stdout]    --> src/krates.rs:126:36
[INFO] [stdout]     |
[INFO] [stdout] 126 |         let tarball_path = dest_dir.clone().join(format!("{:#}.tar.gz", self.name));
[INFO] [stdout]     |                                    ^^^^^^^^
[INFO] [stdout]     |
[INFO] [stdout]     = note: the type `Path` does not implement `Clone`, so calling `clone` on `&Path` copies the reference, which does not do anything and can be removed
[INFO] [stdout]     = note: `#[warn(noop_method_call)]` on by default
[INFO] [stdout] help: remove this redundant call
[INFO] [stdout]     |
[INFO] [stdout] 126 -         let tarball_path = dest_dir.clone().join(format!("{:#}.tar.gz", self.name));
[INFO] [stdout] 126 +         let tarball_path = dest_dir.join(format!("{:#}.tar.gz", self.name));
[INFO] [stdout]     |
[INFO] [stdout] 
[INFO] [stdout] 
[INFO] [stderr]    Compiling krate_info v0.1.1 (/opt/rustwide/workdir)
[INFO] [stdout] warning: unused imports: `Level`, `error`, `info`, and `log_enabled`
[INFO] [stdout]  --> src/krates.rs:2:18
[INFO] [stdout]   |
[INFO] [stdout] 2 | use log::{debug, error, info, log_enabled, Level};
[INFO] [stdout]   |                  ^^^^^  ^^^^  ^^^^^^^^^^^  ^^^^^
[INFO] [stdout]   |
[INFO] [stdout]   = note: `#[warn(unused_imports)]` on by default
[INFO] [stdout] 
[INFO] [stdout] 
[INFO] [stdout] warning: unused imports: `HashMap` and `error::Error`
[INFO] [stdout]  --> src/krates.rs:5:19
[INFO] [stdout]   |
[INFO] [stdout] 5 |     collections::{HashMap, HashSet},
[INFO] [stdout]   |                   ^^^^^^^
[INFO] [stdout] 6 |     error::Error,
[INFO] [stdout]   |     ^^^^^^^^^^^^
[INFO] [stdout] 
[INFO] [stdout] 
[INFO] [stdout] warning: unused imports: `Level`, `error`, `info`, and `log_enabled`
[INFO] [stdout]  --> src/krates.rs:2:18
[INFO] [stdout]   |
[INFO] [stdout] 2 | use log::{debug, error, info, log_enabled, Level};
[INFO] [stdout]   |                  ^^^^^  ^^^^  ^^^^^^^^^^^  ^^^^^
[INFO] [stdout]   |
[INFO] [stdout]   = note: `#[warn(unused_imports)]` on by default
[INFO] [stdout] 
[INFO] [stdout] 
[INFO] [stdout] warning: unused imports: `HashMap` and `error::Error`
[INFO] [stdout]  --> src/krates.rs:5:19
[INFO] [stdout]   |
[INFO] [stdout] 5 |     collections::{HashMap, HashSet},
[INFO] [stdout]   |                   ^^^^^^^
[INFO] [stdout] 6 |     error::Error,
[INFO] [stdout]   |     ^^^^^^^^^^^^
[INFO] [stdout] 
[INFO] [stdout] 
[INFO] [stdout] warning: unused import: `std::collections::HashSet`
[INFO] [stdout]  --> src/lib.rs:5:9
[INFO] [stdout]   |
[INFO] [stdout] 5 |     use std::collections::HashSet;
[INFO] [stdout]   |         ^^^^^^^^^^^^^^^^^^^^^^^^^
[INFO] [stdout] 
[INFO] [stdout] 
[INFO] [stdout] warning: unused variable: `owners`
[INFO] [stdout]  --> src/main.rs:8:9
[INFO] [stdout]   |
[INFO] [stdout] 8 |     let owners = krate.get_crate_owners().unwrap();
[INFO] [stdout]   |         ^^^^^^ help: if this is intentional, prefix it with an underscore: `_owners`
[INFO] [stdout]   |
[INFO] [stdout]   = note: `#[warn(unused_variables)]` on by default
[INFO] [stdout] 
[INFO] [stdout] 
[INFO] [stdout] warning: unused variable: `metadata`
[INFO] [stdout]  --> src/main.rs:9:9
[INFO] [stdout]   |
[INFO] [stdout] 9 |     let metadata = krate.get_krate_meta().unwrap();
[INFO] [stdout]   |         ^^^^^^^^ help: if this is intentional, prefix it with an underscore: `_metadata`
[INFO] [stdout] 
[INFO] [stdout] 
[INFO] [stdout] warning: field `0` is never read
[INFO] [stdout]   --> src/krates.rs:33:21
[INFO] [stdout]    |
[INFO] [stdout] 33 |     NoMetadataError(crates_io_api::Error),
[INFO] [stdout]    |     --------------- ^^^^^^^^^^^^^^^^^^^^
[INFO] [stdout]    |     |
[INFO] [stdout]    |     field in this variant
[INFO] [stdout]    |
[INFO] [stdout]    = note: `KrateError` has a derived impl for the trait `Debug`, but this is intentionally ignored during dead code analysis
[INFO] [stdout]    = note: `#[warn(dead_code)]` on by default
[INFO] [stdout] help: consider changing the field to be of unit type to suppress this warning while preserving the field numbering, or remove the field
[INFO] [stdout]    |
[INFO] [stdout] 33 |     NoMetadataError(()),
[INFO] [stdout]    |                     ~~
[INFO] [stdout] 
[INFO] [stdout] 
[INFO] [stdout] warning: variants `CursorError`, `DownloadError`, and `FileCreationError` are never constructed
[INFO] [stdout]   --> src/krates.rs:30:5
[INFO] [stdout]    |
[INFO] [stdout] 29 | pub enum KrateError {
[INFO] [stdout]    |          ---------- variants in this enum
[INFO] [stdout] 30 |     CursorError(std::io::Error),
[INFO] [stdout]    |     ^^^^^^^^^^^
[INFO] [stdout] 31 |     DownloadError(reqwest::Error),
[INFO] [stdout]    |     ^^^^^^^^^^^^^
[INFO] [stdout] 32 |     FileCreationError(std::io::Error),
[INFO] [stdout]    |     ^^^^^^^^^^^^^^^^^
[INFO] [stdout]    |
[INFO] [stdout]    = note: `KrateError` has a derived impl for the trait `Debug`, but this is intentionally ignored during dead code analysis
[INFO] [stdout] 
[INFO] [stdout] 
[INFO] [stdout] warning: multiple associated items are never used
[INFO] [stdout]    --> src/krates.rs:57:12
[INFO] [stdout]     |
[INFO] [stdout] 37  | impl Krate {
[INFO] [stdout]     | ---------- associated items in this implementation
[INFO] [stdout] ...
[INFO] [stdout] 57  |     pub fn from_name(name: &str) -> Result<Krate, KrateError> {
[INFO] [stdout]     |            ^^^^^^^^^
[INFO] [stdout] ...
[INFO] [stdout] 66  |     pub fn new_with_remote_info(name: &str, version: Version) -> Krate {
[INFO] [stdout]     |            ^^^^^^^^^^^^^^^^^^^^
[INFO] [stdout] ...
[INFO] [stdout] 109 |     pub fn download(&mut self, dest_dir: &Path) -> Result<PathBuf, KrateError> {
[INFO] [stdout]     |            ^^^^^^^^
[INFO] [stdout] ...
[INFO] [stdout] 198 |     pub fn get_features_raw(&self) -> &Vec<String> {
[INFO] [stdout]     |            ^^^^^^^^^^^^^^^^
[INFO] [stdout] ...
[INFO] [stdout] 204 |     pub fn get_download_url(&mut self) -> Result<&str, KrateError> {
[INFO] [stdout]     |            ^^^^^^^^^^^^^^^^
[INFO] [stdout] ...
[INFO] [stdout] 214 |     pub fn get_features(&mut self) -> Result<&Vec<String>, KrateError> {
[INFO] [stdout]     |            ^^^^^^^^^^^^
[INFO] [stdout] ...
[INFO] [stdout] 222 |     pub fn as_string(&self) -> String {
[INFO] [stdout]     |            ^^^^^^^^^
[INFO] [stdout] 
[INFO] [stdout] 
[INFO] [stdout] warning: unused `Result` that must be used
[INFO] [stdout]   --> src/krates.rs:69:9
[INFO] [stdout]    |
[INFO] [stdout] 69 |         k.fill_information_from_crates_api();
[INFO] [stdout]    |         ^^^^^^^^^^^^^^^^^^^^^^^^^^^^^^^^^^^^
[INFO] [stdout]    |
[INFO] [stdout]    = note: this `Result` may be an `Err` variant, which should be handled
[INFO] [stdout]    = note: `#[warn(unused_must_use)]` on by default
[INFO] [stdout] help: use `let _ = ...` to ignore the resulting value
[INFO] [stdout]    |
[INFO] [stdout] 69 |         let _ = k.fill_information_from_crates_api();
[INFO] [stdout]    |         +++++++
[INFO] [stdout] 
[INFO] [stdout] 
[INFO] [stdout] warning: unused `Result` that must be used
[INFO] [stdout]   --> src/krates.rs:69:9
[INFO] [stdout]    |
[INFO] [stdout] 69 |         k.fill_information_from_crates_api();
[INFO] [stdout]    |         ^^^^^^^^^^^^^^^^^^^^^^^^^^^^^^^^^^^^
[INFO] [stdout]    |
[INFO] [stdout]    = note: this `Result` may be an `Err` variant, which should be handled
[INFO] [stdout]    = note: `#[warn(unused_must_use)]` on by default
[INFO] [stdout] help: use `let _ = ...` to ignore the resulting value
[INFO] [stdout]    |
[INFO] [stdout] 69 |         let _ = k.fill_information_from_crates_api();
[INFO] [stdout]    |         +++++++
[INFO] [stdout] 
[INFO] [stdout] 
[INFO] [stdout] warning: unused `Result` that must be used
[INFO] [stdout]   --> src/krates.rs:78:13
[INFO] [stdout]    |
[INFO] [stdout] 78 |             self.fill_information_from_crates_api();
[INFO] [stdout]    |             ^^^^^^^^^^^^^^^^^^^^^^^^^^^^^^^^^^^^^^^
[INFO] [stdout]    |
[INFO] [stdout]    = note: this `Result` may be an `Err` variant, which should be handled
[INFO] [stdout] help: use `let _ = ...` to ignore the resulting value
[INFO] [stdout]    |
[INFO] [stdout] 78 |             let _ = self.fill_information_from_crates_api();
[INFO] [stdout]    |             +++++++
[INFO] [stdout] 
[INFO] [stdout] 
[INFO] [stdout] warning: unused `Result` that must be used
[INFO] [stdout]   --> src/krates.rs:78:13
[INFO] [stdout]    |
[INFO] [stdout] 78 |             self.fill_information_from_crates_api();
[INFO] [stdout]    |             ^^^^^^^^^^^^^^^^^^^^^^^^^^^^^^^^^^^^^^^
[INFO] [stdout]    |
[INFO] [stdout]    = note: this `Result` may be an `Err` variant, which should be handled
[INFO] [stdout] help: use `let _ = ...` to ignore the resulting value
[INFO] [stdout]    |
[INFO] [stdout] 78 |             let _ = self.fill_information_from_crates_api();
[INFO] [stdout]    |             +++++++
[INFO] [stdout] 
[INFO] [stdout] 
[INFO] [stdout] warning: unused `Result` that must be used
[INFO] [stdout]    --> src/krates.rs:103:13
[INFO] [stdout]     |
[INFO] [stdout] 103 |             self.fill_information_from_crates_api();
[INFO] [stdout]     |             ^^^^^^^^^^^^^^^^^^^^^^^^^^^^^^^^^^^^^^^
[INFO] [stdout]     |
[INFO] [stdout]     = note: this `Result` may be an `Err` variant, which should be handled
[INFO] [stdout] help: use `let _ = ...` to ignore the resulting value
[INFO] [stdout]     |
[INFO] [stdout] 103 |             let _ = self.fill_information_from_crates_api();
[INFO] [stdout]     |             +++++++
[INFO] [stdout] 
[INFO] [stdout] 
[INFO] [stdout] warning: unused `Result` that must be used
[INFO] [stdout]    --> src/krates.rs:103:13
[INFO] [stdout]     |
[INFO] [stdout] 103 |             self.fill_information_from_crates_api();
[INFO] [stdout]     |             ^^^^^^^^^^^^^^^^^^^^^^^^^^^^^^^^^^^^^^^
[INFO] [stdout]     |
[INFO] [stdout]     = note: this `Result` may be an `Err` variant, which should be handled
[INFO] [stdout] help: use `let _ = ...` to ignore the resulting value
[INFO] [stdout]     |
[INFO] [stdout] 103 |             let _ = self.fill_information_from_crates_api();
[INFO] [stdout]     |             +++++++
[INFO] [stdout] 
[INFO] [stdout] 
[INFO] [stdout] warning: call to `.clone()` on a reference in this situation does nothing
[INFO] [stdout]    --> src/krates.rs:126:36
[INFO] [stdout]     |
[INFO] [stdout] 126 |         let tarball_path = dest_dir.clone().join(format!("{:#}.tar.gz", self.name));
[INFO] [stdout]     |                                    ^^^^^^^^
[INFO] [stdout]     |
[INFO] [stdout]     = note: the type `Path` does not implement `Clone`, so calling `clone` on `&Path` copies the reference, which does not do anything and can be removed
[INFO] [stdout]     = note: `#[warn(noop_method_call)]` on by default
[INFO] [stdout] help: remove this redundant call
[INFO] [stdout]     |
[INFO] [stdout] 126 -         let tarball_path = dest_dir.clone().join(format!("{:#}.tar.gz", self.name));
[INFO] [stdout] 126 +         let tarball_path = dest_dir.join(format!("{:#}.tar.gz", self.name));
[INFO] [stdout]     |
[INFO] [stdout] 
[INFO] [stdout] 
[INFO] [stdout] warning: call to `.clone()` on a reference in this situation does nothing
[INFO] [stdout]    --> src/krates.rs:126:36
[INFO] [stdout]     |
[INFO] [stdout] 126 |         let tarball_path = dest_dir.clone().join(format!("{:#}.tar.gz", self.name));
[INFO] [stdout]     |                                    ^^^^^^^^
[INFO] [stdout]     |
[INFO] [stdout]     = note: the type `Path` does not implement `Clone`, so calling `clone` on `&Path` copies the reference, which does not do anything and can be removed
[INFO] [stdout]     = note: `#[warn(noop_method_call)]` on by default
[INFO] [stdout] help: remove this redundant call
[INFO] [stdout]     |
[INFO] [stdout] 126 -         let tarball_path = dest_dir.clone().join(format!("{:#}.tar.gz", self.name));
[INFO] [stdout] 126 +         let tarball_path = dest_dir.join(format!("{:#}.tar.gz", self.name));
[INFO] [stdout]     |
[INFO] [stdout] 
[INFO] [stdout] 
[INFO] [stderr]     Finished `test` profile [unoptimized + debuginfo] target(s) in 0.52s
[INFO] running `Command { std: "docker" "inspect" "99de056acbb79213fe7ac9a6cbd50632157c0ba9a9122ff8817d42b391360b79", kill_on_drop: false }`
[INFO] running `Command { std: "docker" "rm" "-f" "99de056acbb79213fe7ac9a6cbd50632157c0ba9a9122ff8817d42b391360b79", kill_on_drop: false }`
[INFO] [stdout] 99de056acbb79213fe7ac9a6cbd50632157c0ba9a9122ff8817d42b391360b79
[INFO] running `Command { std: "docker" "create" "-v" "/var/lib/crater-agent-workspace/builds/worker-3-tc2/target:/opt/rustwide/target:rw,Z" "-v" "/var/lib/crater-agent-workspace/builds/worker-3-tc2/source:/opt/rustwide/workdir:ro,Z" "-v" "/var/lib/crater-agent-workspace/cargo-home:/opt/rustwide/cargo-home:ro,Z" "-v" "/var/lib/crater-agent-workspace/rustup-home:/opt/rustwide/rustup-home:ro,Z" "-e" "SOURCE_DIR=/opt/rustwide/workdir" "-e" "CARGO_TARGET_DIR=/opt/rustwide/target" "-e" "CARGO_INCREMENTAL=0" "-e" "RUST_BACKTRACE=full" "-e" "RUSTFLAGS=--cap-lints=forbid -Zrandomize-layout" "-e" "RUSTDOCFLAGS=--cap-lints=forbid" "-e" "CARGO_HOME=/opt/rustwide/cargo-home" "-e" "RUSTUP_HOME=/opt/rustwide/rustup-home" "-w" "/opt/rustwide/workdir" "-m" "1610612736" "--user" "0:0" "--network" "none" "ghcr.io/rust-lang/crates-build-env/linux@sha256:4a844ea9eb2546a2d2c7022eacef16ef2e8229c7fbb2c7d4d55a9ceca922f72d" "/opt/rustwide/cargo-home/bin/cargo" "+nightly-2024-10-28" "test" "--frozen", kill_on_drop: false }`
[INFO] [stdout] ba7b4ccc8b16d0cf45d9d7ffe99ab626a178d62308952842b845adfe78922ba1
[INFO] running `Command { std: "docker" "start" "-a" "ba7b4ccc8b16d0cf45d9d7ffe99ab626a178d62308952842b845adfe78922ba1", kill_on_drop: false }`
[INFO] [stderr] warning: unused imports: `Level`, `error`, `info`, and `log_enabled`
[INFO] [stderr]  --> src/krates.rs:2:18
[INFO] [stderr]   |
[INFO] [stderr] 2 | use log::{debug, error, info, log_enabled, Level};
[INFO] [stderr]   |                  ^^^^^  ^^^^  ^^^^^^^^^^^  ^^^^^
[INFO] [stderr]   |
[INFO] [stderr]   = note: `#[warn(unused_imports)]` on by default
[INFO] [stderr] 
[INFO] [stderr] warning: unused imports: `HashMap` and `error::Error`
[INFO] [stderr]  --> src/krates.rs:5:19
[INFO] [stderr]   |
[INFO] [stderr] 5 |     collections::{HashMap, HashSet},
[INFO] [stderr]   |                   ^^^^^^^
[INFO] [stderr] 6 |     error::Error,
[INFO] [stderr]   |     ^^^^^^^^^^^^
[INFO] [stderr] 
[INFO] [stderr] warning: unused `Result` that must be used
[INFO] [stderr]   --> src/krates.rs:69:9
[INFO] [stderr]    |
[INFO] [stderr] 69 |         k.fill_information_from_crates_api();
[INFO] [stderr]    |         ^^^^^^^^^^^^^^^^^^^^^^^^^^^^^^^^^^^^
[INFO] [stderr]    |
[INFO] [stderr]    = note: this `Result` may be an `Err` variant, which should be handled
[INFO] [stderr]    = note: `#[warn(unused_must_use)]` on by default
[INFO] [stderr] help: use `let _ = ...` to ignore the resulting value
[INFO] [stderr]    |
[INFO] [stderr] 69 |         let _ = k.fill_information_from_crates_api();
[INFO] [stderr]    |         +++++++
[INFO] [stderr] 
[INFO] [stderr] warning: unused `Result` that must be used
[INFO] [stderr]   --> src/krates.rs:78:13
[INFO] [stderr]    |
[INFO] [stderr] 78 |             self.fill_information_from_crates_api();
[INFO] [stderr]    |             ^^^^^^^^^^^^^^^^^^^^^^^^^^^^^^^^^^^^^^^
[INFO] [stderr]    |
[INFO] [stderr]    = note: this `Result` may be an `Err` variant, which should be handled
[INFO] [stderr] help: use `let _ = ...` to ignore the resulting value
[INFO] [stderr]    |
[INFO] [stderr] 78 |             let _ = self.fill_information_from_crates_api();
[INFO] [stderr]    |             +++++++
[INFO] [stderr] 
[INFO] [stderr] warning: unused `Result` that must be used
[INFO] [stderr]    --> src/krates.rs:103:13
[INFO] [stderr]     |
[INFO] [stderr] 103 |             self.fill_information_from_crates_api();
[INFO] [stderr]     |             ^^^^^^^^^^^^^^^^^^^^^^^^^^^^^^^^^^^^^^^
[INFO] [stderr]     |
[INFO] [stderr]     = note: this `Result` may be an `Err` variant, which should be handled
[INFO] [stderr] help: use `let _ = ...` to ignore the resulting value
[INFO] [stderr]     |
[INFO] [stderr] 103 |             let _ = self.fill_information_from_crates_api();
[INFO] [stderr]     |             +++++++
[INFO] [stderr] 
[INFO] [stderr] warning: call to `.clone()` on a reference in this situation does nothing
[INFO] [stderr]    --> src/krates.rs:126:36
[INFO] [stderr]     |
[INFO] [stderr] 126 |         let tarball_path = dest_dir.clone().join(format!("{:#}.tar.gz", self.name));
[INFO] [stderr]     |                                    ^^^^^^^^
[INFO] [stderr]     |
[INFO] [stderr]     = note: the type `Path` does not implement `Clone`, so calling `clone` on `&Path` copies the reference, which does not do anything and can be removed
[INFO] [stderr]     = note: `#[warn(noop_method_call)]` on by default
[INFO] [stderr] help: remove this redundant call
[INFO] [stderr]     |
[INFO] [stderr] 126 -         let tarball_path = dest_dir.clone().join(format!("{:#}.tar.gz", self.name));
[INFO] [stderr] 126 +         let tarball_path = dest_dir.join(format!("{:#}.tar.gz", self.name));
[INFO] [stderr]     |
[INFO] [stderr] 
[INFO] [stderr] warning: unused import: `std::collections::HashSet`
[INFO] [stderr]  --> src/lib.rs:5:9
[INFO] [stderr]   |
[INFO] [stderr] 5 |     use std::collections::HashSet;
[INFO] [stderr]   |         ^^^^^^^^^^^^^^^^^^^^^^^^^
[INFO] [stderr] 
[INFO] [stderr] warning: `krate_info` (lib) generated 6 warnings (run `cargo fix --lib -p krate_info` to apply 3 suggestions)
[INFO] [stderr] warning: `krate_info` (lib test) generated 7 warnings (6 duplicates) (run `cargo fix --lib -p krate_info --tests` to apply 1 suggestion)
[INFO] [stderr] warning: unused variable: `owners`
[INFO] [stderr]  --> src/main.rs:8:9
[INFO] [stderr]   |
[INFO] [stderr] 8 |     let owners = krate.get_crate_owners().unwrap();
[INFO] [stderr]   |         ^^^^^^ help: if this is intentional, prefix it with an underscore: `_owners`
[INFO] [stderr]   |
[INFO] [stderr]   = note: `#[warn(unused_variables)]` on by default
[INFO] [stderr] 
[INFO] [stderr] warning: unused variable: `metadata`
[INFO] [stderr]  --> src/main.rs:9:9
[INFO] [stderr]   |
[INFO] [stderr] 9 |     let metadata = krate.get_krate_meta().unwrap();
[INFO] [stderr]   |         ^^^^^^^^ help: if this is intentional, prefix it with an underscore: `_metadata`
[INFO] [stderr] 
[INFO] [stderr] warning: field `0` is never read
[INFO] [stderr]   --> src/krates.rs:33:21
[INFO] [stderr]    |
[INFO] [stderr] 33 |     NoMetadataError(crates_io_api::Error),
[INFO] [stderr]    |     --------------- ^^^^^^^^^^^^^^^^^^^^
[INFO] [stderr]    |     |
[INFO] [stderr]    |     field in this variant
[INFO] [stderr]    |
[INFO] [stderr]    = note: `KrateError` has a derived impl for the trait `Debug`, but this is intentionally ignored during dead code analysis
[INFO] [stderr]    = note: `#[warn(dead_code)]` on by default
[INFO] [stderr] help: consider changing the field to be of unit type to suppress this warning while preserving the field numbering, or remove the field
[INFO] [stderr]    |
[INFO] [stderr] 33 |     NoMetadataError(()),
[INFO] [stderr]    |                     ~~
[INFO] [stderr] 
[INFO] [stderr] warning: variants `CursorError`, `DownloadError`, and `FileCreationError` are never constructed
[INFO] [stderr]   --> src/krates.rs:30:5
[INFO] [stderr]    |
[INFO] [stderr] 29 | pub enum KrateError {
[INFO] [stderr]    |          ---------- variants in this enum
[INFO] [stderr] 30 |     CursorError(std::io::Error),
[INFO] [stderr]    |     ^^^^^^^^^^^
[INFO] [stderr] 31 |     DownloadError(reqwest::Error),
[INFO] [stderr]    |     ^^^^^^^^^^^^^
[INFO] [stderr] 32 |     FileCreationError(std::io::Error),
[INFO] [stderr]    |     ^^^^^^^^^^^^^^^^^
[INFO] [stderr]    |
[INFO] [stderr]    = note: `KrateError` has a derived impl for the trait `Debug`, but this is intentionally ignored during dead code analysis
[INFO] [stderr] 
[INFO] [stderr] warning: multiple associated items are never used
[INFO] [stderr]    --> src/krates.rs:57:12
[INFO] [stderr]     |
[INFO] [stderr] 37  | impl Krate {
[INFO] [stderr]     | ---------- associated items in this implementation
[INFO] [stderr] ...
[INFO] [stderr] 57  |     pub fn from_name(name: &str) -> Result<Krate, KrateError> {
[INFO] [stderr]     |            ^^^^^^^^^
[INFO] [stderr] ...
[INFO] [stderr] 66  |     pub fn new_with_remote_info(name: &str, version: Version) -> Krate {
[INFO] [stderr]     |            ^^^^^^^^^^^^^^^^^^^^
[INFO] [stderr] ...
[INFO] [stderr] 109 |     pub fn download(&mut self, dest_dir: &Path) -> Result<PathBuf, KrateError> {
[INFO] [stderr]     |            ^^^^^^^^
[INFO] [stderr] ...
[INFO] [stderr] 198 |     pub fn get_features_raw(&self) -> &Vec<String> {
[INFO] [stderr]     |            ^^^^^^^^^^^^^^^^
[INFO] [stderr] ...
[INFO] [stderr] 204 |     pub fn get_download_url(&mut self) -> Result<&str, KrateError> {
[INFO] [stderr]     |            ^^^^^^^^^^^^^^^^
[INFO] [stderr] ...
[INFO] [stderr] 214 |     pub fn get_features(&mut self) -> Result<&Vec<String>, KrateError> {
[INFO] [stderr]     |            ^^^^^^^^^^^^
[INFO] [stderr] ...
[INFO] [stderr] 222 |     pub fn as_string(&self) -> String {
[INFO] [stderr]     |            ^^^^^^^^^
[INFO] [stderr] 
[INFO] [stderr] warning: `krate_info` (bin "krate_info" test) generated 11 warnings (6 duplicates)
[INFO] [stderr]     Finished `test` profile [unoptimized + debuginfo] target(s) in 0.07s
[INFO] [stderr]      Running unittests src/lib.rs (/opt/rustwide/target/debug/deps/krate_info-c8fa5254baafaf53)
[INFO] [stdout] 
[INFO] [stdout] running 2 tests
[INFO] [stdout] test tests::owners_name ... FAILED
[INFO] [stdout] test tests::exploration ... FAILED
[INFO] [stdout] 
[INFO] [stdout] failures:
[INFO] [stdout] 
[INFO] [stdout] ---- tests::owners_name stdout ----
[INFO] [stdout] thread 'tests::owners_name' panicked at src/lib.rs:22:9:
[INFO] [stdout] assertion failed: owners.is_some()
[INFO] [stdout] stack backtrace:
[INFO] [stdout]    0:     0x60cbd7f3307a - std::backtrace_rs::backtrace::libunwind::trace::h207520d6e9873551
[INFO] [stdout]                                at /rustc/df4ca44d3fbc9301ee17f30f4d474e6ae4b05252/library/std/src/../../backtrace/src/backtrace/libunwind.rs:116:5
[INFO] [stdout]    1:     0x60cbd7f3307a - std::backtrace_rs::backtrace::trace_unsynchronized::h2ed7433f370e3eca
[INFO] [stdout]                                at /rustc/df4ca44d3fbc9301ee17f30f4d474e6ae4b05252/library/std/src/../../backtrace/src/backtrace/mod.rs:66:5
[INFO] [stdout]    2:     0x60cbd7f3307a - std::sys::backtrace::_print_fmt::h916fac51166b18d7
[INFO] [stdout]                                at /rustc/df4ca44d3fbc9301ee17f30f4d474e6ae4b05252/library/std/src/sys/backtrace.rs:66:9
[INFO] [stdout]    3:     0x60cbd7f3307a - <std::sys::backtrace::BacktraceLock::print::DisplayBacktrace as core::fmt::Display>::fmt::ha0a4c9b8ce3802e6
[INFO] [stdout]                                at /rustc/df4ca44d3fbc9301ee17f30f4d474e6ae4b05252/library/std/src/sys/backtrace.rs:39:26
[INFO] [stdout]    4:     0x60cbd7f5cec3 - core::fmt::rt::Argument::fmt::h4cfc8587d52b3eb5
[INFO] [stdout]                                at /rustc/df4ca44d3fbc9301ee17f30f4d474e6ae4b05252/library/core/src/fmt/rt.rs:177:76
[INFO] [stdout]    5:     0x60cbd7f5cec3 - core::fmt::write::h522cc39e5b36ae9f
[INFO] [stdout]                                at /rustc/df4ca44d3fbc9301ee17f30f4d474e6ae4b05252/library/core/src/fmt/mod.rs:1190:21
[INFO] [stdout]    6:     0x60cbd7f2f0b3 - std::io::Write::write_fmt::h7d3c26752da97734
[INFO] [stdout]                                at /rustc/df4ca44d3fbc9301ee17f30f4d474e6ae4b05252/library/std/src/io/mod.rs:1839:15
[INFO] [stdout]    7:     0x60cbd7f32ec2 - std::sys::backtrace::BacktraceLock::print::h4b9e00b29e9c0942
[INFO] [stdout]                                at /rustc/df4ca44d3fbc9301ee17f30f4d474e6ae4b05252/library/std/src/sys/backtrace.rs:42:9
[INFO] [stdout]    8:     0x60cbd7f3450a - std::panicking::default_hook::{{closure}}::hb59b88280d0324d9
[INFO] [stdout]                                at /rustc/df4ca44d3fbc9301ee17f30f4d474e6ae4b05252/library/std/src/panicking.rs:268:22
[INFO] [stdout]    9:     0x60cbd7f34314 - std::panicking::default_hook::he1dd496665be4a29
[INFO] [stdout]                                at /rustc/df4ca44d3fbc9301ee17f30f4d474e6ae4b05252/library/std/src/panicking.rs:292:9
[INFO] [stdout]   10:     0x60cbd7a5d7b9 - <alloc::boxed::Box<F,A> as core::ops::function::Fn<Args>>::call::h4ff71de18744e1dc
[INFO] [stdout]                                at /rustc/df4ca44d3fbc9301ee17f30f4d474e6ae4b05252/library/alloc/src/boxed.rs:2468:9
[INFO] [stdout]   11:     0x60cbd7a5d7b9 - test::test_main::{{closure}}::hcf7c055ce117aa81
[INFO] [stdout]                                at /rustc/df4ca44d3fbc9301ee17f30f4d474e6ae4b05252/library/test/src/lib.rs:133:21
[INFO] [stdout]   12:     0x60cbd7f34c08 - <alloc::boxed::Box<F,A> as core::ops::function::Fn<Args>>::call::h1d66c6bbd60c9692
[INFO] [stdout]                                at /rustc/df4ca44d3fbc9301ee17f30f4d474e6ae4b05252/library/alloc/src/boxed.rs:2468:9
[INFO] [stdout]   13:     0x60cbd7f34c08 - std::panicking::rust_panic_with_hook::h2ff17fe8f26dfcf8
[INFO] [stdout]                                at /rustc/df4ca44d3fbc9301ee17f30f4d474e6ae4b05252/library/std/src/panicking.rs:809:13
[INFO] [stdout]   14:     0x60cbd7f34996 - std::panicking::begin_panic_handler::{{closure}}::h4fad77951c07e101
[INFO] [stdout]                                at /rustc/df4ca44d3fbc9301ee17f30f4d474e6ae4b05252/library/std/src/panicking.rs:667:13
[INFO] [stdout]   15:     0x60cbd7f33559 - std::sys::backtrace::__rust_end_short_backtrace::hb1a25b3da5d0ea08
[INFO] [stdout]                                at /rustc/df4ca44d3fbc9301ee17f30f4d474e6ae4b05252/library/std/src/sys/backtrace.rs:170:18
[INFO] [stdout]   16:     0x60cbd7f3465c - rust_begin_unwind
[INFO] [stdout]                                at /rustc/df4ca44d3fbc9301ee17f30f4d474e6ae4b05252/library/std/src/panicking.rs:665:5
[INFO] [stdout]   17:     0x60cbd7f5b070 - core::panicking::panic_fmt::ha9db07b529f9b256
[INFO] [stdout]                                at /rustc/df4ca44d3fbc9301ee17f30f4d474e6ae4b05252/library/core/src/panicking.rs:75:14
[INFO] [stdout]   18:     0x60cbd7f5b0fc - core::panicking::panic::h993086813d94accc
[INFO] [stdout]                                at /rustc/df4ca44d3fbc9301ee17f30f4d474e6ae4b05252/library/core/src/panicking.rs:152:5
[INFO] [stdout]   19:     0x60cbd7a1d1c8 - krate_info::tests::owners_name::h131e7416b97933aa
[INFO] [stdout]                                at /opt/rustwide/workdir/src/lib.rs:22:9
[INFO] [stdout]   20:     0x60cbd7a1d0b7 - krate_info::tests::owners_name::{{closure}}::h7467066526a9bb65
[INFO] [stdout]                                at /opt/rustwide/workdir/src/lib.rs:19:21
[INFO] [stdout]   21:     0x60cbd7a21826 - core::ops::function::FnOnce::call_once::h62e8dd50b6d3a016
[INFO] [stdout]                                at /rustc/df4ca44d3fbc9301ee17f30f4d474e6ae4b05252/library/core/src/ops/function.rs:250:5
[INFO] [stdout]   22:     0x60cbd7a6208b - core::ops::function::FnOnce::call_once::h22c3ba5715e93f05
[INFO] [stdout]                                at /rustc/df4ca44d3fbc9301ee17f30f4d474e6ae4b05252/library/core/src/ops/function.rs:250:5
[INFO] [stdout]   23:     0x60cbd7a6208b - test::__rust_begin_short_backtrace::h8e82d8113d0da17f
[INFO] [stdout]                                at /rustc/df4ca44d3fbc9301ee17f30f4d474e6ae4b05252/library/test/src/lib.rs:621:18
[INFO] [stdout]   24:     0x60cbd7a61a07 - test::run_test_in_process::{{closure}}::h33235f4f20b7b7c7
[INFO] [stdout]                                at /rustc/df4ca44d3fbc9301ee17f30f4d474e6ae4b05252/library/test/src/lib.rs:644:60
[INFO] [stdout]   25:     0x60cbd7a61a07 - <core::panic::unwind_safe::AssertUnwindSafe<F> as core::ops::function::FnOnce<()>>::call_once::hb5043206310c586f
[INFO] [stdout]                                at /rustc/df4ca44d3fbc9301ee17f30f4d474e6ae4b05252/library/core/src/panic/unwind_safe.rs:272:9
[INFO] [stdout]   26:     0x60cbd7a61a07 - std::panicking::try::do_call::h9ad4731a60ab23e2
[INFO] [stdout]                                at /rustc/df4ca44d3fbc9301ee17f30f4d474e6ae4b05252/library/std/src/panicking.rs:557:40
[INFO] [stdout]   27:     0x60cbd7a61a07 - std::panicking::try::h3824d23db772a716
[INFO] [stdout]                                at /rustc/df4ca44d3fbc9301ee17f30f4d474e6ae4b05252/library/std/src/panicking.rs:520:19
[INFO] [stdout]   28:     0x60cbd7a61a07 - std::panic::catch_unwind::h5afd514605fde46b
[INFO] [stdout]                                at /rustc/df4ca44d3fbc9301ee17f30f4d474e6ae4b05252/library/std/src/panic.rs:358:14
[INFO] [stdout]   29:     0x60cbd7a61a07 - test::run_test_in_process::h0d5cbfa7067d1720
[INFO] [stdout]                                at /rustc/df4ca44d3fbc9301ee17f30f4d474e6ae4b05252/library/test/src/lib.rs:644:27
[INFO] [stdout]   30:     0x60cbd7a61a07 - test::run_test::{{closure}}::h708eb8872708115d
[INFO] [stdout]                                at /rustc/df4ca44d3fbc9301ee17f30f4d474e6ae4b05252/library/test/src/lib.rs:565:43
[INFO] [stdout]   31:     0x60cbd7a25124 - test::run_test::{{closure}}::h392c51cee94713ab
[INFO] [stdout]                                at /rustc/df4ca44d3fbc9301ee17f30f4d474e6ae4b05252/library/test/src/lib.rs:595:41
[INFO] [stdout]   32:     0x60cbd7a25124 - std::sys::backtrace::__rust_begin_short_backtrace::h2f40290710935a8b
[INFO] [stdout]                                at /rustc/df4ca44d3fbc9301ee17f30f4d474e6ae4b05252/library/std/src/sys/backtrace.rs:154:18
[INFO] [stdout]   33:     0x60cbd7a288ce - std::thread::Builder::spawn_unchecked_::{{closure}}::{{closure}}::h3fd968d89053a903
[INFO] [stdout]                                at /rustc/df4ca44d3fbc9301ee17f30f4d474e6ae4b05252/library/std/src/thread/mod.rs:541:17
[INFO] [stdout]   34:     0x60cbd7a288ce - <core::panic::unwind_safe::AssertUnwindSafe<F> as core::ops::function::FnOnce<()>>::call_once::h743f637ba4229880
[INFO] [stdout]                                at /rustc/df4ca44d3fbc9301ee17f30f4d474e6ae4b05252/library/core/src/panic/unwind_safe.rs:272:9
[INFO] [stdout]   35:     0x60cbd7a288ce - std::panicking::try::do_call::h07440897322525a6
[INFO] [stdout]                                at /rustc/df4ca44d3fbc9301ee17f30f4d474e6ae4b05252/library/std/src/panicking.rs:557:40
[INFO] [stdout]   36:     0x60cbd7a288ce - std::panicking::try::he5a2e00188156637
[INFO] [stdout]                                at /rustc/df4ca44d3fbc9301ee17f30f4d474e6ae4b05252/library/std/src/panicking.rs:520:19
[INFO] [stdout]   37:     0x60cbd7a288ce - std::panic::catch_unwind::hbaf3cae49b3c6433
[INFO] [stdout]                                at /rustc/df4ca44d3fbc9301ee17f30f4d474e6ae4b05252/library/std/src/panic.rs:358:14
[INFO] [stdout]   38:     0x60cbd7a288ce - std::thread::Builder::spawn_unchecked_::{{closure}}::h8e141ea224820bce
[INFO] [stdout]                                at /rustc/df4ca44d3fbc9301ee17f30f4d474e6ae4b05252/library/std/src/thread/mod.rs:540:30
[INFO] [stdout]   39:     0x60cbd7a288ce - core::ops::function::FnOnce::call_once{{vtable.shim}}::h90d312fedd7b8ea8
[INFO] [stdout]                                at /rustc/df4ca44d3fbc9301ee17f30f4d474e6ae4b05252/library/core/src/ops/function.rs:250:5
[INFO] [stdout]   40:     0x60cbd7f38e3b - <alloc::boxed::Box<F,A> as core::ops::function::FnOnce<Args>>::call_once::h69aa08ddb6adb8b6
[INFO] [stdout]                                at /rustc/df4ca44d3fbc9301ee17f30f4d474e6ae4b05252/library/alloc/src/boxed.rs:2454:9
[INFO] [stdout]   41:     0x60cbd7f38e3b - <alloc::boxed::Box<F,A> as core::ops::function::FnOnce<Args>>::call_once::h5aa36efdb79c806f
[INFO] [stdout]                                at /rustc/df4ca44d3fbc9301ee17f30f4d474e6ae4b05252/library/alloc/src/boxed.rs:2454:9
[INFO] [stdout]   42:     0x60cbd7f38e3b - std::sys::pal::unix::thread::Thread::new::thread_start::h6cd80a1b4be5158d
[INFO] [stdout]                                at /rustc/df4ca44d3fbc9301ee17f30f4d474e6ae4b05252/library/std/src/sys/pal/unix/thread.rs:105:17
[INFO] [stdout]   43:     0x72904e569ac3 - <unknown>
[INFO] [stdout]   44:     0x72904e5faa04 - clone
[INFO] [stdout]   45:                0x0 - <unknown>
[INFO] [stdout] 
[INFO] [stdout] ---- tests::exploration stdout ----
[INFO] [stdout] thread 'tests::exploration' panicked at src/lib.rs:15:9:
[INFO] [stdout] assertion failed: krate.get_krate_meta().is_some()
[INFO] [stdout] stack backtrace:
[INFO] [stdout]    0:     0x60cbd7f3307a - std::backtrace_rs::backtrace::libunwind::trace::h207520d6e9873551
[INFO] [stdout]                                at /rustc/df4ca44d3fbc9301ee17f30f4d474e6ae4b05252/library/std/src/../../backtrace/src/backtrace/libunwind.rs:116:5
[INFO] [stdout]    1:     0x60cbd7f3307a - std::backtrace_rs::backtrace::trace_unsynchronized::h2ed7433f370e3eca
[INFO] [stdout]                                at /rustc/df4ca44d3fbc9301ee17f30f4d474e6ae4b05252/library/std/src/../../backtrace/src/backtrace/mod.rs:66:5
[INFO] [stdout]    2:     0x60cbd7f3307a - std::sys::backtrace::_print_fmt::h916fac51166b18d7
[INFO] [stdout]                                at /rustc/df4ca44d3fbc9301ee17f30f4d474e6ae4b05252/library/std/src/sys/backtrace.rs:66:9
[INFO] [stdout]    3:     0x60cbd7f3307a - <std::sys::backtrace::BacktraceLock::print::DisplayBacktrace as core::fmt::Display>::fmt::ha0a4c9b8ce3802e6
[INFO] [stdout]                                at /rustc/df4ca44d3fbc9301ee17f30f4d474e6ae4b05252/library/std/src/sys/backtrace.rs:39:26
[INFO] [stdout]    4:     0x60cbd7f5cec3 - core::fmt::rt::Argument::fmt::h4cfc8587d52b3eb5
[INFO] [stdout]                                at /rustc/df4ca44d3fbc9301ee17f30f4d474e6ae4b05252/library/core/src/fmt/rt.rs:177:76
[INFO] [stdout]    5:     0x60cbd7f5cec3 - core::fmt::write::h522cc39e5b36ae9f
[INFO] [stdout]                                at /rustc/df4ca44d3fbc9301ee17f30f4d474e6ae4b05252/library/core/src/fmt/mod.rs:1190:21
[INFO] [stdout]    6:     0x60cbd7f2f0b3 - std::io::Write::write_fmt::h7d3c26752da97734
[INFO] [stdout]                                at /rustc/df4ca44d3fbc9301ee17f30f4d474e6ae4b05252/library/std/src/io/mod.rs:1839:15
[INFO] [stdout]    7:     0x60cbd7f32ec2 - std::sys::backtrace::BacktraceLock::print::h4b9e00b29e9c0942
[INFO] [stdout]                                at /rustc/df4ca44d3fbc9301ee17f30f4d474e6ae4b05252/library/std/src/sys/backtrace.rs:42:9
[INFO] [stdout]    8:     0x60cbd7f3450a - std::panicking::default_hook::{{closure}}::hb59b88280d0324d9
[INFO] [stdout]                                at /rustc/df4ca44d3fbc9301ee17f30f4d474e6ae4b05252/library/std/src/panicking.rs:268:22
[INFO] [stdout]    9:     0x60cbd7f34314 - std::panicking::default_hook::he1dd496665be4a29
[INFO] [stdout]                                at /rustc/df4ca44d3fbc9301ee17f30f4d474e6ae4b05252/library/std/src/panicking.rs:292:9
[INFO] [stdout]   10:     0x60cbd7a5d7b9 - <alloc::boxed::Box<F,A> as core::ops::function::Fn<Args>>::call::h4ff71de18744e1dc
[INFO] [stdout]                                at /rustc/df4ca44d3fbc9301ee17f30f4d474e6ae4b05252/library/alloc/src/boxed.rs:2468:9
[INFO] [stdout]   11:     0x60cbd7a5d7b9 - test::test_main::{{closure}}::hcf7c055ce117aa81
[INFO] [stdout]                                at /rustc/df4ca44d3fbc9301ee17f30f4d474e6ae4b05252/library/test/src/lib.rs:133:21
[INFO] [stdout]   12:     0x60cbd7f34c08 - <alloc::boxed::Box<F,A> as core::ops::function::Fn<Args>>::call::h1d66c6bbd60c9692
[INFO] [stdout]                                at /rustc/df4ca44d3fbc9301ee17f30f4d474e6ae4b05252/library/alloc/src/boxed.rs:2468:9
[INFO] [stdout]   13:     0x60cbd7f34c08 - std::panicking::rust_panic_with_hook::h2ff17fe8f26dfcf8
[INFO] [stdout]                                at /rustc/df4ca44d3fbc9301ee17f30f4d474e6ae4b05252/library/std/src/panicking.rs:809:13
[INFO] [stdout]   14:     0x60cbd7f34996 - std::panicking::begin_panic_handler::{{closure}}::h4fad77951c07e101
[INFO] [stdout]                                at /rustc/df4ca44d3fbc9301ee17f30f4d474e6ae4b05252/library/std/src/panicking.rs:667:13
[INFO] [stdout]   15:     0x60cbd7f33559 - std::sys::backtrace::__rust_end_short_backtrace::hb1a25b3da5d0ea08
[INFO] [stdout]                                at /rustc/df4ca44d3fbc9301ee17f30f4d474e6ae4b05252/library/std/src/sys/backtrace.rs:170:18
[INFO] [stdout]   16:     0x60cbd7f3465c - rust_begin_unwind
[INFO] [stdout]                                at /rustc/df4ca44d3fbc9301ee17f30f4d474e6ae4b05252/library/std/src/panicking.rs:665:5
[INFO] [stdout]   17:     0x60cbd7f5b070 - core::panicking::panic_fmt::ha9db07b529f9b256
[INFO] [stdout]                                at /rustc/df4ca44d3fbc9301ee17f30f4d474e6ae4b05252/library/core/src/panicking.rs:75:14
[INFO] [stdout]   18:     0x60cbd7f5b0fc - core::panicking::panic::h993086813d94accc
[INFO] [stdout]                                at /rustc/df4ca44d3fbc9301ee17f30f4d474e6ae4b05252/library/core/src/panicking.rs:152:5
[INFO] [stdout]   19:     0x60cbd7a1d071 - krate_info::tests::exploration::hf27aa834d352651d
[INFO] [stdout]                                at /opt/rustwide/workdir/src/lib.rs:15:9
[INFO] [stdout]   20:     0x60cbd7a1cf57 - krate_info::tests::exploration::{{closure}}::hb5ca0bb448f21495
[INFO] [stdout]                                at /opt/rustwide/workdir/src/lib.rs:13:21
[INFO] [stdout]   21:     0x60cbd7a21866 - core::ops::function::FnOnce::call_once::h6f469036535dec45
[INFO] [stdout]                                at /rustc/df4ca44d3fbc9301ee17f30f4d474e6ae4b05252/library/core/src/ops/function.rs:250:5
[INFO] [stdout]   22:     0x60cbd7a6208b - core::ops::function::FnOnce::call_once::h22c3ba5715e93f05
[INFO] [stdout]                                at /rustc/df4ca44d3fbc9301ee17f30f4d474e6ae4b05252/library/core/src/ops/function.rs:250:5
[INFO] [stdout]   23:     0x60cbd7a6208b - test::__rust_begin_short_backtrace::h8e82d8113d0da17f
[INFO] [stdout]                                at /rustc/df4ca44d3fbc9301ee17f30f4d474e6ae4b05252/library/test/src/lib.rs:621:18
[INFO] [stdout]   24:     0x60cbd7a61a07 - test::run_test_in_process::{{closure}}::h33235f4f20b7b7c7
[INFO] [stdout]                                at /rustc/df4ca44d3fbc9301ee17f30f4d474e6ae4b05252/library/test/src/lib.rs:644:60
[INFO] [stdout]   25:     0x60cbd7a61a07 - <core::panic::unwind_safe::AssertUnwindSafe<F> as core::ops::function::FnOnce<()>>::call_once::hb5043206310c586f
[INFO] [stdout]                                at /rustc/df4ca44d3fbc9301ee17f30f4d474e6ae4b05252/library/core/src/panic/unwind_safe.rs:272:9
[INFO] [stdout]   26:     0x60cbd7a61a07 - std::panicking::try::do_call::h9ad4731a60ab23e2
[INFO] [stdout]                                at /rustc/df4ca44d3fbc9301ee17f30f4d474e6ae4b05252/library/std/src/panicking.rs:557:40
[INFO] [stdout]   27:     0x60cbd7a61a07 - std::panicking::try::h3824d23db772a716
[INFO] [stdout]                                at /rustc/df4ca44d3fbc9301ee17f30f4d474e6ae4b05252/library/std/src/panicking.rs:520:19
[INFO] [stdout]   28:     0x60cbd7a61a07 - std::panic::catch_unwind::h5afd514605fde46b
[INFO] [stdout]                                at /rustc/df4ca44d3fbc9301ee17f30f4d474e6ae4b05252/library/std/src/panic.rs:358:14
[INFO] [stdout]   29:     0x60cbd7a61a07 - test::run_test_in_process::h0d5cbfa7067d1720
[INFO] [stdout]                                at /rustc/df4ca44d3fbc9301ee17f30f4d474e6ae4b05252/library/test/src/lib.rs:644:27
[INFO] [stdout]   30:     0x60cbd7a61a07 - test::run_test::{{closure}}::h708eb8872708115d
[INFO] [stdout]                                at /rustc/df4ca44d3fbc9301ee17f30f4d474e6ae4b05252/library/test/src/lib.rs:565:43
[INFO] [stdout]   31:     0x60cbd7a25124 - test::run_test::{{closure}}::h392c51cee94713ab
[INFO] [stdout]                                at /rustc/df4ca44d3fbc9301ee17f30f4d474e6ae4b05252/library/test/src/lib.rs:595:41
[INFO] [stdout]   32:     0x60cbd7a25124 - std::sys::backtrace::__rust_begin_short_backtrace::h2f40290710935a8b
[INFO] [stdout]                                at /rustc/df4ca44d3fbc9301ee17f30f4d474e6ae4b05252/library/std/src/sys/backtrace.rs:154:18
[INFO] [stdout]   33:     0x60cbd7a288ce - std::thread::Builder::spawn_unchecked_::{{closure}}::{{closure}}::h3fd968d89053a903
[INFO] [stdout]                                at /rustc/df4ca44d3fbc9301ee17f30f4d474e6ae4b05252/library/std/src/thread/mod.rs:541:17
[INFO] [stdout]   34:     0x60cbd7a288ce - <core::panic::unwind_safe::AssertUnwindSafe<F> as core::ops::function::FnOnce<()>>::call_once::h743f637ba4229880
[INFO] [stdout]                                at /rustc/df4ca44d3fbc9301ee17f30f4d474e6ae4b05252/library/core/src/panic/unwind_safe.rs:272:9
[INFO] [stdout]   35:     0x60cbd7a288ce - std::panicking::try::do_call::h07440897322525a6
[INFO] [stdout]                                at /rustc/df4ca44d3fbc9301ee17f30f4d474e6ae4b05252/library/std/src/panicking.rs:557:40
[INFO] [stdout]   36:     0x60cbd7a288ce - std::panicking::try::he5a2e00188156637
[INFO] [stdout]                                at /rustc/df4ca44d3fbc9301ee17f30f4d474e6ae4b05252/library/std/src/panicking.rs:520:19
[INFO] [stdout]   37:     0x60cbd7a288ce - std::panic::catch_unwind::hbaf3cae49b3c6433
[INFO] [stdout]                                at /rustc/df4ca44d3fbc9301ee17f30f4d474e6ae4b05252/library/std/src/panic.rs:358:14
[INFO] [stdout]   38:     0x60cbd7a288ce - std::thread::Builder::spawn_unchecked_::{{closure}}::h8e141ea224820bce
[INFO] [stdout]                                at /rustc/df4ca44d3fbc9301ee17f30f4d474e6ae4b05252/library/std/src/thread/mod.rs:540:30
[INFO] [stdout]   39:     0x60cbd7a288ce - core::ops::function::FnOnce::call_once{{vtable.shim}}::h90d312fedd7b8ea8
[INFO] [stdout]                                at /rustc/df4ca44d3fbc9301ee17f30f4d474e6ae4b05252/library/core/src/ops/function.rs:250:5
[INFO] [stdout]   40:     0x60cbd7f38e3b - <alloc::boxed::Box<F,A> as core::ops::function::FnOnce<Args>>::call_once::h69aa08ddb6adb8b6
[INFO] [stdout]                                at /rustc/df4ca44d3fbc9301ee17f30f4d474e6ae4b05252/library/alloc/src/boxed.rs:2454:9
[INFO] [stdout]   41:     0x60cbd7f38e3b - <alloc::boxed::Box<F,A> as core::ops::function::FnOnce<Args>>::call_once::h5aa36efdb79c806f
[INFO] [stdout]                                at /rustc/df4ca44d3fbc9301ee17f30f4d474e6ae4b05252/library/alloc/src/boxed.rs:2454:9
[INFO] [stdout]   42:     0x60cbd7f38e3b - std::sys::pal::unix::thread::Thread::new::thread_start::h6cd80a1b4be5158d
[INFO] [stdout]                                at /rustc/df4ca44d3fbc9301ee17f30f4d474e6ae4b05252/library/std/src/sys/pal/unix/thread.rs:105:17
[INFO] [stdout]   43:     0x72904e569ac3 - <unknown>
[INFO] [stdout]   44:     0x72904e5faa04 - clone
[INFO] [stdout]   45:                0x0 - <unknown>
[INFO] [stdout] 
[INFO] [stdout] 
[INFO] [stdout] failures:
[INFO] [stdout]     tests::exploration
[INFO] [stdout]     tests::owners_name
[INFO] [stdout] 
[INFO] [stdout] test result: FAILED. 0 passed; 2 failed; 0 ignored; 0 measured; 0 filtered out; finished in 0.10s
[INFO] [stdout] 
[INFO] [stderr] error: test failed, to rerun pass `--lib`
[INFO] running `Command { std: "docker" "inspect" "ba7b4ccc8b16d0cf45d9d7ffe99ab626a178d62308952842b845adfe78922ba1", kill_on_drop: false }`
[INFO] running `Command { std: "docker" "rm" "-f" "ba7b4ccc8b16d0cf45d9d7ffe99ab626a178d62308952842b845adfe78922ba1", kill_on_drop: false }`
[INFO] [stdout] ba7b4ccc8b16d0cf45d9d7ffe99ab626a178d62308952842b845adfe78922ba1
