[INFO] fetching crate krabby-cli 0.1.0...
[INFO] testing krabby-cli-0.1.0 against nightly-2024-10-28+rustflags=-Zrandomize-layout for randomize-layout
[INFO] extracting crate krabby-cli 0.1.0 into /workspace/builds/worker-3-tc2/source
[INFO] validating manifest of crates.io crate krabby-cli 0.1.0 on toolchain nightly-2024-10-28
[INFO] running `Command { std: CARGO_HOME="/workspace/cargo-home" RUSTUP_HOME="/workspace/rustup-home" "/workspace/cargo-home/bin/cargo" "+nightly-2024-10-28" "metadata" "--manifest-path" "Cargo.toml" "--no-deps", kill_on_drop: false }`
[INFO] started tweaking crates.io crate krabby-cli 0.1.0
[INFO] finished tweaking crates.io crate krabby-cli 0.1.0
[INFO] tweaked toml for crates.io crate krabby-cli 0.1.0 written to /workspace/builds/worker-3-tc2/source/Cargo.toml
[INFO] crate crates.io crate krabby-cli 0.1.0 already has a lockfile, it will not be regenerated
[INFO] running `Command { std: CARGO_HOME="/workspace/cargo-home" RUSTUP_HOME="/workspace/rustup-home" "/workspace/cargo-home/bin/cargo" "+nightly-2024-10-28" "fetch" "--manifest-path" "Cargo.toml", kill_on_drop: false }`
[INFO] running `Command { std: "docker" "create" "-v" "/var/lib/crater-agent-workspace/builds/worker-3-tc2/target:/opt/rustwide/target:rw,Z" "-v" "/var/lib/crater-agent-workspace/builds/worker-3-tc2/source:/opt/rustwide/workdir:ro,Z" "-v" "/var/lib/crater-agent-workspace/cargo-home:/opt/rustwide/cargo-home:ro,Z" "-v" "/var/lib/crater-agent-workspace/rustup-home:/opt/rustwide/rustup-home:ro,Z" "-e" "SOURCE_DIR=/opt/rustwide/workdir" "-e" "CARGO_TARGET_DIR=/opt/rustwide/target" "-e" "CARGO_HOME=/opt/rustwide/cargo-home" "-e" "RUSTUP_HOME=/opt/rustwide/rustup-home" "-w" "/opt/rustwide/workdir" "-m" "1610612736" "--user" "0:0" "--network" "none" "ghcr.io/rust-lang/crates-build-env/linux@sha256:4a844ea9eb2546a2d2c7022eacef16ef2e8229c7fbb2c7d4d55a9ceca922f72d" "/opt/rustwide/cargo-home/bin/cargo" "+nightly-2024-10-28" "metadata" "--no-deps" "--format-version=1", kill_on_drop: false }`
[INFO] [stdout] c4c2613cef3b244806627ea01ec9e5ba7badeb7f869cafe934bda7f29b8b871d
[INFO] running `Command { std: "docker" "start" "-a" "c4c2613cef3b244806627ea01ec9e5ba7badeb7f869cafe934bda7f29b8b871d", kill_on_drop: false }`
[INFO] running `Command { std: "docker" "inspect" "c4c2613cef3b244806627ea01ec9e5ba7badeb7f869cafe934bda7f29b8b871d", kill_on_drop: false }`
[INFO] running `Command { std: "docker" "rm" "-f" "c4c2613cef3b244806627ea01ec9e5ba7badeb7f869cafe934bda7f29b8b871d", kill_on_drop: false }`
[INFO] [stdout] c4c2613cef3b244806627ea01ec9e5ba7badeb7f869cafe934bda7f29b8b871d
[INFO] running `Command { std: "docker" "create" "-v" "/var/lib/crater-agent-workspace/builds/worker-3-tc2/target:/opt/rustwide/target:rw,Z" "-v" "/var/lib/crater-agent-workspace/builds/worker-3-tc2/source:/opt/rustwide/workdir:ro,Z" "-v" "/var/lib/crater-agent-workspace/cargo-home:/opt/rustwide/cargo-home:ro,Z" "-v" "/var/lib/crater-agent-workspace/rustup-home:/opt/rustwide/rustup-home:ro,Z" "-e" "SOURCE_DIR=/opt/rustwide/workdir" "-e" "CARGO_TARGET_DIR=/opt/rustwide/target" "-e" "CARGO_INCREMENTAL=0" "-e" "RUST_BACKTRACE=full" "-e" "RUSTFLAGS=--cap-lints=forbid -Zrandomize-layout" "-e" "RUSTDOCFLAGS=--cap-lints=forbid" "-e" "CARGO_HOME=/opt/rustwide/cargo-home" "-e" "RUSTUP_HOME=/opt/rustwide/rustup-home" "-w" "/opt/rustwide/workdir" "-m" "1610612736" "--user" "0:0" "--network" "none" "ghcr.io/rust-lang/crates-build-env/linux@sha256:4a844ea9eb2546a2d2c7022eacef16ef2e8229c7fbb2c7d4d55a9ceca922f72d" "/opt/rustwide/cargo-home/bin/cargo" "+nightly-2024-10-28" "build" "--frozen" "--message-format=json", kill_on_drop: false }`
[INFO] [stdout] 512bd4c2fedad19f486e22c880cd026889f000a426ffee9736adb67b6a2bc77f
[INFO] running `Command { std: "docker" "start" "-a" "512bd4c2fedad19f486e22c880cd026889f000a426ffee9736adb67b6a2bc77f", kill_on_drop: false }`
[INFO] [stderr]    Compiling proc-macro2 v1.0.60
[INFO] [stderr]    Compiling quote v1.0.28
[INFO] [stderr]    Compiling libc v0.2.146
[INFO] [stderr]    Compiling unicode-ident v1.0.5
[INFO] [stderr]    Compiling io-lifetimes v1.0.11
[INFO] [stderr]    Compiling rustix v0.37.19
[INFO] [stderr]    Compiling syn v1.0.103
[INFO] [stderr]    Compiling linux-raw-sys v0.3.8
[INFO] [stderr]    Compiling serde_derive v1.0.147
[INFO] [stderr]    Compiling serde v1.0.147
[INFO] [stderr]    Compiling utf8parse v0.2.1
[INFO] [stderr]    Compiling colorchoice v1.0.0
[INFO] [stderr]    Compiling anstyle-query v1.0.0
[INFO] [stderr]    Compiling anstyle v1.0.0
[INFO] [stderr]    Compiling indexmap v1.9.3
[INFO] [stderr]    Compiling anyhow v1.0.66
[INFO] [stderr]    Compiling anstyle-parse v0.2.0
[INFO] [stderr]    Compiling once_cell v1.16.0
[INFO] [stderr]    Compiling strsim v0.10.0
[INFO] [stderr]    Compiling heck v0.4.0
[INFO] [stderr]    Compiling clap_lex v0.5.0
[INFO] [stderr]    Compiling owo-colors v3.5.0
[INFO] [stderr]    Compiling syn v2.0.18
[INFO] [stderr]    Compiling dirs-sys v0.3.7
[INFO] [stderr]    Compiling dirs v4.0.0
[INFO] [stderr]    Compiling is-terminal v0.4.7
[INFO] [stderr]    Compiling anstream v0.3.2
[INFO] [stderr]    Compiling clap_builder v4.3.3
[INFO] [stderr]    Compiling clap_derive v4.3.2
[INFO] [stderr]    Compiling clap v4.3.3
[INFO] [stderr]    Compiling toml v0.5.9
[INFO] [stderr]    Compiling krabby-cli v0.1.0 (/opt/rustwide/workdir)
[INFO] [stderr]     Finished `dev` profile [unoptimized + debuginfo] target(s) in 19.13s
[INFO] running `Command { std: "docker" "inspect" "512bd4c2fedad19f486e22c880cd026889f000a426ffee9736adb67b6a2bc77f", kill_on_drop: false }`
[INFO] running `Command { std: "docker" "rm" "-f" "512bd4c2fedad19f486e22c880cd026889f000a426ffee9736adb67b6a2bc77f", kill_on_drop: false }`
[INFO] [stdout] 512bd4c2fedad19f486e22c880cd026889f000a426ffee9736adb67b6a2bc77f
[INFO] running `Command { std: "docker" "create" "-v" "/var/lib/crater-agent-workspace/builds/worker-3-tc2/target:/opt/rustwide/target:rw,Z" "-v" "/var/lib/crater-agent-workspace/builds/worker-3-tc2/source:/opt/rustwide/workdir:ro,Z" "-v" "/var/lib/crater-agent-workspace/cargo-home:/opt/rustwide/cargo-home:ro,Z" "-v" "/var/lib/crater-agent-workspace/rustup-home:/opt/rustwide/rustup-home:ro,Z" "-e" "SOURCE_DIR=/opt/rustwide/workdir" "-e" "CARGO_TARGET_DIR=/opt/rustwide/target" "-e" "CARGO_INCREMENTAL=0" "-e" "RUST_BACKTRACE=full" "-e" "RUSTFLAGS=--cap-lints=forbid -Zrandomize-layout" "-e" "RUSTDOCFLAGS=--cap-lints=forbid" "-e" "CARGO_HOME=/opt/rustwide/cargo-home" "-e" "RUSTUP_HOME=/opt/rustwide/rustup-home" "-w" "/opt/rustwide/workdir" "-m" "1610612736" "--user" "0:0" "--network" "none" "ghcr.io/rust-lang/crates-build-env/linux@sha256:4a844ea9eb2546a2d2c7022eacef16ef2e8229c7fbb2c7d4d55a9ceca922f72d" "/opt/rustwide/cargo-home/bin/cargo" "+nightly-2024-10-28" "test" "--frozen" "--no-run" "--message-format=json", kill_on_drop: false }`
[INFO] [stdout] fa2530549aefe72a7f9c388a01cd9e3fc2e1adea59830c036101884bf2d26db6
[INFO] running `Command { std: "docker" "start" "-a" "fa2530549aefe72a7f9c388a01cd9e3fc2e1adea59830c036101884bf2d26db6", kill_on_drop: false }`
[INFO] [stderr]    Compiling getrandom v0.2.8
[INFO] [stderr]    Compiling ppv-lite86 v0.2.17
[INFO] [stderr]    Compiling rand_core v0.6.4
[INFO] [stderr]    Compiling rand_chacha v0.3.1
[INFO] [stderr]    Compiling rand v0.8.5
[INFO] [stderr]    Compiling krabby-cli v0.1.0 (/opt/rustwide/workdir)
[INFO] [stdout] warning: function `create_random_database_file` is never used
[INFO] [stdout]    --> src/database.rs:279:8
[INFO] [stdout]     |
[INFO] [stdout] 279 |     fn create_random_database_file(path: &str) -> PathBuf {
[INFO] [stdout]     |        ^^^^^^^^^^^^^^^^^^^^^^^^^^^
[INFO] [stdout]     |
[INFO] [stdout]     = note: `#[warn(dead_code)]` on by default
[INFO] [stdout] 
[INFO] [stdout] 
[INFO] [stdout] warning: function `create_random_project` is never used
[INFO] [stdout]    --> src/database.rs:294:8
[INFO] [stdout]     |
[INFO] [stdout] 294 |     fn create_random_project(path: &str) -> (ProjectName, PathBuf) {
[INFO] [stdout]     |        ^^^^^^^^^^^^^^^^^^^^^
[INFO] [stdout] 
[INFO] [stdout] 
[INFO] [stdout] warning: function `remove_file` is never used
[INFO] [stdout]    --> src/database.rs:311:8
[INFO] [stdout]     |
[INFO] [stdout] 311 |     fn remove_file(path: &str) {
[INFO] [stdout]     |        ^^^^^^^^^^^
[INFO] [stdout] 
[INFO] [stdout] 
[INFO] [stdout] warning: function `remove_dir` is never used
[INFO] [stdout]    --> src/database.rs:314:8
[INFO] [stdout]     |
[INFO] [stdout] 314 |     fn remove_dir(path: &str) {
[INFO] [stdout]     |        ^^^^^^^^^^
[INFO] [stdout] 
[INFO] [stdout] 
[INFO] [stdout] warning: function `create_random_project_file` is never used
[INFO] [stdout]    --> src/project.rs:450:8
[INFO] [stdout]     |
[INFO] [stdout] 450 |     fn create_random_project_file() -> (ProjectName, PathBuf) {
[INFO] [stdout]     |        ^^^^^^^^^^^^^^^^^^^^^^^^^^
[INFO] [stdout] 
[INFO] [stdout] 
[INFO] [stderr]     Finished `test` profile [unoptimized + debuginfo] target(s) in 3.67s
[INFO] running `Command { std: "docker" "inspect" "fa2530549aefe72a7f9c388a01cd9e3fc2e1adea59830c036101884bf2d26db6", kill_on_drop: false }`
[INFO] running `Command { std: "docker" "rm" "-f" "fa2530549aefe72a7f9c388a01cd9e3fc2e1adea59830c036101884bf2d26db6", kill_on_drop: false }`
[INFO] [stdout] fa2530549aefe72a7f9c388a01cd9e3fc2e1adea59830c036101884bf2d26db6
[INFO] running `Command { std: "docker" "create" "-v" "/var/lib/crater-agent-workspace/builds/worker-3-tc2/target:/opt/rustwide/target:rw,Z" "-v" "/var/lib/crater-agent-workspace/builds/worker-3-tc2/source:/opt/rustwide/workdir:ro,Z" "-v" "/var/lib/crater-agent-workspace/cargo-home:/opt/rustwide/cargo-home:ro,Z" "-v" "/var/lib/crater-agent-workspace/rustup-home:/opt/rustwide/rustup-home:ro,Z" "-e" "SOURCE_DIR=/opt/rustwide/workdir" "-e" "CARGO_TARGET_DIR=/opt/rustwide/target" "-e" "CARGO_INCREMENTAL=0" "-e" "RUST_BACKTRACE=full" "-e" "RUSTFLAGS=--cap-lints=forbid -Zrandomize-layout" "-e" "RUSTDOCFLAGS=--cap-lints=forbid" "-e" "CARGO_HOME=/opt/rustwide/cargo-home" "-e" "RUSTUP_HOME=/opt/rustwide/rustup-home" "-w" "/opt/rustwide/workdir" "-m" "1610612736" "--user" "0:0" "--network" "none" "ghcr.io/rust-lang/crates-build-env/linux@sha256:4a844ea9eb2546a2d2c7022eacef16ef2e8229c7fbb2c7d4d55a9ceca922f72d" "/opt/rustwide/cargo-home/bin/cargo" "+nightly-2024-10-28" "test" "--frozen", kill_on_drop: false }`
[INFO] [stdout] 4de267d0c72d326efc87f36506042f138d1d8354de0ab679622348b667a8d41c
[INFO] running `Command { std: "docker" "start" "-a" "4de267d0c72d326efc87f36506042f138d1d8354de0ab679622348b667a8d41c", kill_on_drop: false }`
[INFO] [stderr] warning: function `create_random_database_file` is never used
[INFO] [stderr]    --> src/database.rs:279:8
[INFO] [stderr]     |
[INFO] [stderr] 279 |     fn create_random_database_file(path: &str) -> PathBuf {
[INFO] [stderr]     |        ^^^^^^^^^^^^^^^^^^^^^^^^^^^
[INFO] [stderr]     |
[INFO] [stderr]     = note: `#[warn(dead_code)]` on by default
[INFO] [stderr] 
[INFO] [stderr] warning: function `create_random_project` is never used
[INFO] [stderr]    --> src/database.rs:294:8
[INFO] [stderr]     |
[INFO] [stderr] 294 |     fn create_random_project(path: &str) -> (ProjectName, PathBuf) {
[INFO] [stderr]     |        ^^^^^^^^^^^^^^^^^^^^^
[INFO] [stderr] 
[INFO] [stderr] warning: function `remove_file` is never used
[INFO] [stderr]    --> src/database.rs:311:8
[INFO] [stderr]     |
[INFO] [stderr] 311 |     fn remove_file(path: &str) {
[INFO] [stderr]     |        ^^^^^^^^^^^
[INFO] [stderr] 
[INFO] [stderr] warning: function `remove_dir` is never used
[INFO] [stderr]    --> src/database.rs:314:8
[INFO] [stderr]     |
[INFO] [stderr] 314 |     fn remove_dir(path: &str) {
[INFO] [stderr]     |        ^^^^^^^^^^
[INFO] [stderr] 
[INFO] [stderr] warning: function `create_random_project_file` is never used
[INFO] [stderr]    --> src/project.rs:450:8
[INFO] [stderr]     |
[INFO] [stderr] 450 |     fn create_random_project_file() -> (ProjectName, PathBuf) {
[INFO] [stderr]     |        ^^^^^^^^^^^^^^^^^^^^^^^^^^
[INFO] [stderr] 
[INFO] [stderr] warning: `krabby-cli` (lib test) generated 5 warnings
[INFO] [stderr]     Finished `test` profile [unoptimized + debuginfo] target(s) in 0.09s
[INFO] [stderr]      Running unittests src/lib.rs (/opt/rustwide/target/debug/deps/krabby_cli-210a3c774b0cc8ab)
[INFO] [stdout] 
[INFO] [stdout] running 24 tests
[INFO] [stdout] test database::tests::add_project_to_database_successfully ... ok
[INFO] [stdout] test database::tests::database_is_initialized_empty ... ok
[INFO] [stdout] test project::test::project_initializes_with_no_script ... ok
[INFO] [stdout] test project::test::project_file_with_scripts_is_parsed_successfully ... ok
[INFO] [stdout] test project::test::project_simple_hook_file_parsed_successfully ... ok
[INFO] [stdout] test project::test::empty_project_file_parsed_successfully ... ok
[INFO] [stdout] test project::test::project_list_hook_file_parsed_successfully ... ok
[INFO] [stdout] test database::tests::parse_database_successfully ... ok
[INFO] [stdout] test script::test::valid_inputs_creates_valid_script ... ok
[INFO] [stdout] test shell::tests::script_is_not_empty ... ok
[INFO] [stdout] test script::test::script_command_defaults_to_hi ... ok
[INFO] [stdout] test project::test::remove_existing_script_from_project ... ok
[INFO] [stdout] test database::tests::remove_project_from_empty_database - should panic ... ok
[INFO] [stdout] test project::test::project_fails_to_add_invalid_hook_successfully - should panic ... ok
[INFO] [stdout] test project::test::project_fails_to_parse_invalid_hook - should panic ... ok
[INFO] [stdout] test project::test::project_name_cannot_be_blank - should panic ... ok
[INFO] [stdout] test project::test::project_name_cannot_be_empty - should panic ... ok
[INFO] [stdout] test project::test::project_name_cannot_be_over_20_characters - should panic ... ok
[INFO] [stdout] test database::tests::remove_existing_project_from_database ... FAILED
[INFO] [stdout] test script::test::script_name_cannot_be_empty - should panic ... ok
[INFO] [stdout] test script::test::script_name_cannot_contain_forbidden_characters ... ok
[INFO] [stdout] test script::test::script_name_cannot_be_over_20_characters - should panic ... ok
[INFO] [stdout] test script::test::script_name_cannot_be_blank - should panic ... ok
[INFO] [stdout] test project::test::project_name_cannot_contain_forbidden_characters ... ok
[INFO] [stdout] 
[INFO] [stdout] failures:
[INFO] [stdout] 
[INFO] [stdout] ---- database::tests::remove_existing_project_from_database stdout ----
[INFO] [stdout] thread 'database::tests::remove_existing_project_from_database' panicked at src/database.rs:133:13:
[INFO] [stdout] Failed to save database at ./krabby.db
[INFO] [stdout] stack backtrace:
[INFO] [stdout]    0:     0x5e05eb022f9a - std::backtrace_rs::backtrace::libunwind::trace::h207520d6e9873551
[INFO] [stdout]                                at /rustc/df4ca44d3fbc9301ee17f30f4d474e6ae4b05252/library/std/src/../../backtrace/src/backtrace/libunwind.rs:116:5
[INFO] [stdout]    1:     0x5e05eb022f9a - std::backtrace_rs::backtrace::trace_unsynchronized::h2ed7433f370e3eca
[INFO] [stdout]                                at /rustc/df4ca44d3fbc9301ee17f30f4d474e6ae4b05252/library/std/src/../../backtrace/src/backtrace/mod.rs:66:5
[INFO] [stdout]    2:     0x5e05eb022f9a - std::sys::backtrace::_print_fmt::h916fac51166b18d7
[INFO] [stdout]                                at /rustc/df4ca44d3fbc9301ee17f30f4d474e6ae4b05252/library/std/src/sys/backtrace.rs:66:9
[INFO] [stdout]    3:     0x5e05eb022f9a - <std::sys::backtrace::BacktraceLock::print::DisplayBacktrace as core::fmt::Display>::fmt::ha0a4c9b8ce3802e6
[INFO] [stdout]                                at /rustc/df4ca44d3fbc9301ee17f30f4d474e6ae4b05252/library/std/src/sys/backtrace.rs:39:26
[INFO] [stdout]    4:     0x5e05eb04b003 - core::fmt::rt::Argument::fmt::h4cfc8587d52b3eb5
[INFO] [stdout]                                at /rustc/df4ca44d3fbc9301ee17f30f4d474e6ae4b05252/library/core/src/fmt/rt.rs:177:76
[INFO] [stdout]    5:     0x5e05eb04b003 - core::fmt::write::h522cc39e5b36ae9f
[INFO] [stdout]                                at /rustc/df4ca44d3fbc9301ee17f30f4d474e6ae4b05252/library/core/src/fmt/mod.rs:1190:21
[INFO] [stdout]    6:     0x5e05eb01fac3 - std::io::Write::write_fmt::h7d3c26752da97734
[INFO] [stdout]                                at /rustc/df4ca44d3fbc9301ee17f30f4d474e6ae4b05252/library/std/src/io/mod.rs:1839:15
[INFO] [stdout]    7:     0x5e05eb022de2 - std::sys::backtrace::BacktraceLock::print::h4b9e00b29e9c0942
[INFO] [stdout]                                at /rustc/df4ca44d3fbc9301ee17f30f4d474e6ae4b05252/library/std/src/sys/backtrace.rs:42:9
[INFO] [stdout]    8:     0x5e05eb02442a - std::panicking::default_hook::{{closure}}::hb59b88280d0324d9
[INFO] [stdout]                                at /rustc/df4ca44d3fbc9301ee17f30f4d474e6ae4b05252/library/std/src/panicking.rs:268:22
[INFO] [stdout]    9:     0x5e05eb024234 - std::panicking::default_hook::he1dd496665be4a29
[INFO] [stdout]                                at /rustc/df4ca44d3fbc9301ee17f30f4d474e6ae4b05252/library/std/src/panicking.rs:292:9
[INFO] [stdout]   10:     0x5e05eafa07a9 - <alloc::boxed::Box<F,A> as core::ops::function::Fn<Args>>::call::h4ff71de18744e1dc
[INFO] [stdout]                                at /rustc/df4ca44d3fbc9301ee17f30f4d474e6ae4b05252/library/alloc/src/boxed.rs:2468:9
[INFO] [stdout]   11:     0x5e05eafa07a9 - test::test_main::{{closure}}::hcf7c055ce117aa81
[INFO] [stdout]                                at /rustc/df4ca44d3fbc9301ee17f30f4d474e6ae4b05252/library/test/src/lib.rs:133:21
[INFO] [stdout]   12:     0x5e05eb024b28 - <alloc::boxed::Box<F,A> as core::ops::function::Fn<Args>>::call::h1d66c6bbd60c9692
[INFO] [stdout]                                at /rustc/df4ca44d3fbc9301ee17f30f4d474e6ae4b05252/library/alloc/src/boxed.rs:2468:9
[INFO] [stdout]   13:     0x5e05eb024b28 - std::panicking::rust_panic_with_hook::h2ff17fe8f26dfcf8
[INFO] [stdout]                                at /rustc/df4ca44d3fbc9301ee17f30f4d474e6ae4b05252/library/std/src/panicking.rs:809:13
[INFO] [stdout]   14:     0x5e05eb0248ea - std::panicking::begin_panic_handler::{{closure}}::h4fad77951c07e101
[INFO] [stdout]                                at /rustc/df4ca44d3fbc9301ee17f30f4d474e6ae4b05252/library/std/src/panicking.rs:674:13
[INFO] [stdout]   15:     0x5e05eb023479 - std::sys::backtrace::__rust_end_short_backtrace::hb1a25b3da5d0ea08
[INFO] [stdout]                                at /rustc/df4ca44d3fbc9301ee17f30f4d474e6ae4b05252/library/std/src/sys/backtrace.rs:170:18
[INFO] [stdout]   16:     0x5e05eb02457c - rust_begin_unwind
[INFO] [stdout]                                at /rustc/df4ca44d3fbc9301ee17f30f4d474e6ae4b05252/library/std/src/panicking.rs:665:5
[INFO] [stdout]   17:     0x5e05eb049670 - core::panicking::panic_fmt::ha9db07b529f9b256
[INFO] [stdout]                                at /rustc/df4ca44d3fbc9301ee17f30f4d474e6ae4b05252/library/core/src/panicking.rs:75:14
[INFO] [stdout]   18:     0x5e05eaf35ca9 - krabby_cli::database::Database::save::{{closure}}::h2120df92bc49ee2b
[INFO] [stdout]                                at /opt/rustwide/workdir/src/database.rs:133:13
[INFO] [stdout]   19:     0x5e05eaf25271 - core::result::Result<T,E>::unwrap_or_else::h5d4ca53cf2ffc5e6
[INFO] [stdout]                                at /rustc/df4ca44d3fbc9301ee17f30f4d474e6ae4b05252/library/core/src/result.rs:1457:23
[INFO] [stdout]   20:     0x5e05eaf35a17 - krabby_cli::database::Database::save::hd0855dc390e16164
[INFO] [stdout]                                at /opt/rustwide/workdir/src/database.rs:132:9
[INFO] [stdout]   21:     0x5e05eaf0275e - krabby_cli::database::tests::remove_existing_project_from_database::h051a756f3786a054
[INFO] [stdout]                                at /opt/rustwide/workdir/src/database.rs:243:9
[INFO] [stdout]   22:     0x5e05eaf02687 - krabby_cli::database::tests::remove_existing_project_from_database::{{closure}}::h6c734eff4584cb65
[INFO] [stdout]                                at /opt/rustwide/workdir/src/database.rs:235:47
[INFO] [stdout]   23:     0x5e05eaef9e16 - core::ops::function::FnOnce::call_once::h1b3c6d07d99e495d
[INFO] [stdout]                                at /rustc/df4ca44d3fbc9301ee17f30f4d474e6ae4b05252/library/core/src/ops/function.rs:250:5
[INFO] [stdout]   24:     0x5e05eafa507b - core::ops::function::FnOnce::call_once::h22c3ba5715e93f05
[INFO] [stdout]                                at /rustc/df4ca44d3fbc9301ee17f30f4d474e6ae4b05252/library/core/src/ops/function.rs:250:5
[INFO] [stdout]   25:     0x5e05eafa507b - test::__rust_begin_short_backtrace::h8e82d8113d0da17f
[INFO] [stdout]                                at /rustc/df4ca44d3fbc9301ee17f30f4d474e6ae4b05252/library/test/src/lib.rs:621:18
[INFO] [stdout]   26:     0x5e05eafa49f7 - test::run_test_in_process::{{closure}}::h33235f4f20b7b7c7
[INFO] [stdout]                                at /rustc/df4ca44d3fbc9301ee17f30f4d474e6ae4b05252/library/test/src/lib.rs:644:60
[INFO] [stdout]   27:     0x5e05eafa49f7 - <core::panic::unwind_safe::AssertUnwindSafe<F> as core::ops::function::FnOnce<()>>::call_once::hb5043206310c586f
[INFO] [stdout]                                at /rustc/df4ca44d3fbc9301ee17f30f4d474e6ae4b05252/library/core/src/panic/unwind_safe.rs:272:9
[INFO] [stdout]   28:     0x5e05eafa49f7 - std::panicking::try::do_call::h9ad4731a60ab23e2
[INFO] [stdout]                                at /rustc/df4ca44d3fbc9301ee17f30f4d474e6ae4b05252/library/std/src/panicking.rs:557:40
[INFO] [stdout]   29:     0x5e05eafa49f7 - std::panicking::try::h3824d23db772a716
[INFO] [stdout]                                at /rustc/df4ca44d3fbc9301ee17f30f4d474e6ae4b05252/library/std/src/panicking.rs:520:19
[INFO] [stdout]   30:     0x5e05eafa49f7 - std::panic::catch_unwind::h5afd514605fde46b
[INFO] [stdout]                                at /rustc/df4ca44d3fbc9301ee17f30f4d474e6ae4b05252/library/std/src/panic.rs:358:14
[INFO] [stdout]   31:     0x5e05eafa49f7 - test::run_test_in_process::h0d5cbfa7067d1720
[INFO] [stdout]                                at /rustc/df4ca44d3fbc9301ee17f30f4d474e6ae4b05252/library/test/src/lib.rs:644:27
[INFO] [stdout]   32:     0x5e05eafa49f7 - test::run_test::{{closure}}::h708eb8872708115d
[INFO] [stdout]                                at /rustc/df4ca44d3fbc9301ee17f30f4d474e6ae4b05252/library/test/src/lib.rs:565:43
[INFO] [stdout]   33:     0x5e05eaf68114 - test::run_test::{{closure}}::h392c51cee94713ab
[INFO] [stdout]                                at /rustc/df4ca44d3fbc9301ee17f30f4d474e6ae4b05252/library/test/src/lib.rs:595:41
[INFO] [stdout]   34:     0x5e05eaf68114 - std::sys::backtrace::__rust_begin_short_backtrace::h2f40290710935a8b
[INFO] [stdout]                                at /rustc/df4ca44d3fbc9301ee17f30f4d474e6ae4b05252/library/std/src/sys/backtrace.rs:154:18
[INFO] [stdout]   35:     0x5e05eaf6b8be - std::thread::Builder::spawn_unchecked_::{{closure}}::{{closure}}::h3fd968d89053a903
[INFO] [stdout]                                at /rustc/df4ca44d3fbc9301ee17f30f4d474e6ae4b05252/library/std/src/thread/mod.rs:541:17
[INFO] [stdout]   36:     0x5e05eaf6b8be - <core::panic::unwind_safe::AssertUnwindSafe<F> as core::ops::function::FnOnce<()>>::call_once::h743f637ba4229880
[INFO] [stdout]                                at /rustc/df4ca44d3fbc9301ee17f30f4d474e6ae4b05252/library/core/src/panic/unwind_safe.rs:272:9
[INFO] [stdout]   37:     0x5e05eaf6b8be - std::panicking::try::do_call::h07440897322525a6
[INFO] [stdout]                                at /rustc/df4ca44d3fbc9301ee17f30f4d474e6ae4b05252/library/std/src/panicking.rs:557:40
[INFO] [stdout]   38:     0x5e05eaf6b8be - std::panicking::try::he5a2e00188156637
[INFO] [stdout]                                at /rustc/df4ca44d3fbc9301ee17f30f4d474e6ae4b05252/library/std/src/panicking.rs:520:19
[INFO] [stdout]   39:     0x5e05eaf6b8be - std::panic::catch_unwind::hbaf3cae49b3c6433
[INFO] [stdout]                                at /rustc/df4ca44d3fbc9301ee17f30f4d474e6ae4b05252/library/std/src/panic.rs:358:14
[INFO] [stdout]   40:     0x5e05eaf6b8be - std::thread::Builder::spawn_unchecked_::{{closure}}::h8e141ea224820bce
[INFO] [stdout]                                at /rustc/df4ca44d3fbc9301ee17f30f4d474e6ae4b05252/library/std/src/thread/mod.rs:540:30
[INFO] [stdout]   41:     0x5e05eaf6b8be - core::ops::function::FnOnce::call_once{{vtable.shim}}::h90d312fedd7b8ea8
[INFO] [stdout]                                at /rustc/df4ca44d3fbc9301ee17f30f4d474e6ae4b05252/library/core/src/ops/function.rs:250:5
[INFO] [stdout]   42:     0x5e05eb028a0b - <alloc::boxed::Box<F,A> as core::ops::function::FnOnce<Args>>::call_once::h69aa08ddb6adb8b6
[INFO] [stdout]                                at /rustc/df4ca44d3fbc9301ee17f30f4d474e6ae4b05252/library/alloc/src/boxed.rs:2454:9
[INFO] [stdout]   43:     0x5e05eb028a0b - <alloc::boxed::Box<F,A> as core::ops::function::FnOnce<Args>>::call_once::h5aa36efdb79c806f
[INFO] [stdout]                                at /rustc/df4ca44d3fbc9301ee17f30f4d474e6ae4b05252/library/alloc/src/boxed.rs:2454:9
[INFO] [stdout]   44:     0x5e05eb028a0b - std::sys::pal::unix::thread::Thread::new::thread_start::h6cd80a1b4be5158d
[INFO] [stdout]                                at /rustc/df4ca44d3fbc9301ee17f30f4d474e6ae4b05252/library/std/src/sys/pal/unix/thread.rs:105:17
[INFO] [stdout]   45:     0x7b3414ec7ac3 - <unknown>
[INFO] [stdout]   46:     0x7b3414f58a04 - clone
[INFO] [stdout]   47:                0x0 - <unknown>
[INFO] [stdout] 
[INFO] [stdout] 
[INFO] [stdout] failures:
[INFO] [stdout]     database::tests::remove_existing_project_from_database
[INFO] [stdout] 
[INFO] [stdout] test result: FAILED. 23 passed; 1 failed; 0 ignored; 0 measured; 0 filtered out; finished in 0.05s
[INFO] [stdout] 
[INFO] [stderr] error: test failed, to rerun pass `--lib`
[INFO] running `Command { std: "docker" "inspect" "4de267d0c72d326efc87f36506042f138d1d8354de0ab679622348b667a8d41c", kill_on_drop: false }`
[INFO] running `Command { std: "docker" "rm" "-f" "4de267d0c72d326efc87f36506042f138d1d8354de0ab679622348b667a8d41c", kill_on_drop: false }`
[INFO] [stdout] 4de267d0c72d326efc87f36506042f138d1d8354de0ab679622348b667a8d41c
