[INFO] fetching crate konst 0.3.9...
[INFO] testing konst-0.3.9 against nightly-2024-10-28 for randomize-layout
[INFO] extracting crate konst 0.3.9 into /workspace/builds/worker-1-tc1/source
[INFO] validating manifest of crates.io crate konst 0.3.9 on toolchain nightly-2024-10-28
[INFO] running `Command { std: CARGO_HOME="/workspace/cargo-home" RUSTUP_HOME="/workspace/rustup-home" "/workspace/cargo-home/bin/cargo" "+nightly-2024-10-28" "metadata" "--manifest-path" "Cargo.toml" "--no-deps", kill_on_drop: false }`
[INFO] started tweaking crates.io crate konst 0.3.9
[INFO] finished tweaking crates.io crate konst 0.3.9
[INFO] tweaked toml for crates.io crate konst 0.3.9 written to /workspace/builds/worker-1-tc1/source/Cargo.toml
[INFO] running `Command { std: CARGO_HOME="/workspace/cargo-home" RUSTUP_HOME="/workspace/rustup-home" "/workspace/cargo-home/bin/cargo" "+nightly-2024-10-28" "generate-lockfile" "--manifest-path" "Cargo.toml", kill_on_drop: false }`
[INFO] [stderr]     Updating crates.io index
[INFO] [stderr]      Locking 42 packages to latest compatible versions
[INFO] running `Command { std: CARGO_HOME="/workspace/cargo-home" RUSTUP_HOME="/workspace/rustup-home" "/workspace/cargo-home/bin/cargo" "+nightly-2024-10-28" "fetch" "--manifest-path" "Cargo.toml", kill_on_drop: false }`
[INFO] [stderr]  Downloading crates ...
[INFO] [stderr]   Downloaded const_panic_proc_macros v0.2.1
[INFO] [stderr]   Downloaded konst_proc_macros v0.3.0
[INFO] running `Command { std: "docker" "create" "-v" "/var/lib/crater-agent-workspace/builds/worker-1-tc1/target:/opt/rustwide/target:rw,Z" "-v" "/var/lib/crater-agent-workspace/builds/worker-1-tc1/source:/opt/rustwide/workdir:ro,Z" "-v" "/var/lib/crater-agent-workspace/cargo-home:/opt/rustwide/cargo-home:ro,Z" "-v" "/var/lib/crater-agent-workspace/rustup-home:/opt/rustwide/rustup-home:ro,Z" "-e" "SOURCE_DIR=/opt/rustwide/workdir" "-e" "CARGO_TARGET_DIR=/opt/rustwide/target" "-e" "CARGO_HOME=/opt/rustwide/cargo-home" "-e" "RUSTUP_HOME=/opt/rustwide/rustup-home" "-w" "/opt/rustwide/workdir" "-m" "1610612736" "--user" "0:0" "--network" "none" "ghcr.io/rust-lang/crates-build-env/linux@sha256:4a844ea9eb2546a2d2c7022eacef16ef2e8229c7fbb2c7d4d55a9ceca922f72d" "/opt/rustwide/cargo-home/bin/cargo" "+nightly-2024-10-28" "metadata" "--no-deps" "--format-version=1", kill_on_drop: false }`
[INFO] [stdout] 3ddb5672b712208b376128261b39bf9868755a2f77ebffb6080c399e440d1861
[INFO] running `Command { std: "docker" "start" "-a" "3ddb5672b712208b376128261b39bf9868755a2f77ebffb6080c399e440d1861", kill_on_drop: false }`
[INFO] running `Command { std: "docker" "inspect" "3ddb5672b712208b376128261b39bf9868755a2f77ebffb6080c399e440d1861", kill_on_drop: false }`
[INFO] running `Command { std: "docker" "rm" "-f" "3ddb5672b712208b376128261b39bf9868755a2f77ebffb6080c399e440d1861", kill_on_drop: false }`
[INFO] [stdout] 3ddb5672b712208b376128261b39bf9868755a2f77ebffb6080c399e440d1861
[INFO] running `Command { std: "docker" "create" "-v" "/var/lib/crater-agent-workspace/builds/worker-1-tc1/target:/opt/rustwide/target:rw,Z" "-v" "/var/lib/crater-agent-workspace/builds/worker-1-tc1/source:/opt/rustwide/workdir:ro,Z" "-v" "/var/lib/crater-agent-workspace/cargo-home:/opt/rustwide/cargo-home:ro,Z" "-v" "/var/lib/crater-agent-workspace/rustup-home:/opt/rustwide/rustup-home:ro,Z" "-e" "SOURCE_DIR=/opt/rustwide/workdir" "-e" "CARGO_TARGET_DIR=/opt/rustwide/target" "-e" "CARGO_INCREMENTAL=0" "-e" "RUST_BACKTRACE=full" "-e" "RUSTFLAGS=--cap-lints=forbid" "-e" "RUSTDOCFLAGS=--cap-lints=forbid" "-e" "CARGO_HOME=/opt/rustwide/cargo-home" "-e" "RUSTUP_HOME=/opt/rustwide/rustup-home" "-w" "/opt/rustwide/workdir" "-m" "1610612736" "--user" "0:0" "--network" "none" "ghcr.io/rust-lang/crates-build-env/linux@sha256:4a844ea9eb2546a2d2c7022eacef16ef2e8229c7fbb2c7d4d55a9ceca922f72d" "/opt/rustwide/cargo-home/bin/cargo" "+nightly-2024-10-28" "build" "--frozen" "--message-format=json", kill_on_drop: false }`
[INFO] [stdout] c03699ba26b7a3ac498db2b7c1582ead9ab97bbca794e655b514bccf14098bab
[INFO] running `Command { std: "docker" "start" "-a" "c03699ba26b7a3ac498db2b7c1582ead9ab97bbca794e655b514bccf14098bab", kill_on_drop: false }`
[INFO] [stderr]    Compiling typewit_proc_macros v1.8.1
[INFO] [stderr]    Compiling konst_proc_macros v0.3.0
[INFO] [stderr]    Compiling const_panic v0.2.10
[INFO] [stderr]    Compiling typewit v1.9.0
[INFO] [stderr]    Compiling konst_kernel v0.3.9
[INFO] [stderr]    Compiling konst v0.3.9 (/opt/rustwide/workdir)
[INFO] [stdout] warning: cannot find macro `leak_warning` in this scope
[INFO] [stdout]   --> src/array.rs:20:9
[INFO] [stdout]    |
[INFO] [stdout] 20 | #[doc = leak_warning!()]
[INFO] [stdout]    |         ^^^^^^^^^^^^
[INFO] [stdout]    |
[INFO] [stdout]    = warning: this was previously accepted by the compiler but is being phased out; it will become a hard error in a future release!
[INFO] [stdout]    = note: for more information, see issue #124535 <https://github.com/rust-lang/rust/issues/124535>
[INFO] [stdout]    = help: import `macro_rules` with `use` to make it callable above its definition
[INFO] [stdout]    = note: `#[warn(out_of_scope_macro_calls)]` on by default
[INFO] [stdout] 
[INFO] [stdout] 
[INFO] [stdout] warning: cannot find macro `leak_warning` in this scope
[INFO] [stdout]   --> src/array.rs:87:9
[INFO] [stdout]    |
[INFO] [stdout] 87 | #[doc = leak_warning!()]
[INFO] [stdout]    |         ^^^^^^^^^^^^
[INFO] [stdout]    |
[INFO] [stdout]    = warning: this was previously accepted by the compiler but is being phased out; it will become a hard error in a future release!
[INFO] [stdout]    = note: for more information, see issue #124535 <https://github.com/rust-lang/rust/issues/124535>
[INFO] [stdout]    = help: import `macro_rules` with `use` to make it callable above its definition
[INFO] [stdout] 
[INFO] [stdout] 
[INFO] [stderr]     Finished `dev` profile [unoptimized + debuginfo] target(s) in 1.68s
[INFO] running `Command { std: "docker" "inspect" "c03699ba26b7a3ac498db2b7c1582ead9ab97bbca794e655b514bccf14098bab", kill_on_drop: false }`
[INFO] running `Command { std: "docker" "rm" "-f" "c03699ba26b7a3ac498db2b7c1582ead9ab97bbca794e655b514bccf14098bab", kill_on_drop: false }`
[INFO] [stdout] c03699ba26b7a3ac498db2b7c1582ead9ab97bbca794e655b514bccf14098bab
[INFO] running `Command { std: "docker" "create" "-v" "/var/lib/crater-agent-workspace/builds/worker-1-tc1/target:/opt/rustwide/target:rw,Z" "-v" "/var/lib/crater-agent-workspace/builds/worker-1-tc1/source:/opt/rustwide/workdir:ro,Z" "-v" "/var/lib/crater-agent-workspace/cargo-home:/opt/rustwide/cargo-home:ro,Z" "-v" "/var/lib/crater-agent-workspace/rustup-home:/opt/rustwide/rustup-home:ro,Z" "-e" "SOURCE_DIR=/opt/rustwide/workdir" "-e" "CARGO_TARGET_DIR=/opt/rustwide/target" "-e" "CARGO_INCREMENTAL=0" "-e" "RUST_BACKTRACE=full" "-e" "RUSTFLAGS=--cap-lints=forbid" "-e" "RUSTDOCFLAGS=--cap-lints=forbid" "-e" "CARGO_HOME=/opt/rustwide/cargo-home" "-e" "RUSTUP_HOME=/opt/rustwide/rustup-home" "-w" "/opt/rustwide/workdir" "-m" "1610612736" "--user" "0:0" "--network" "none" "ghcr.io/rust-lang/crates-build-env/linux@sha256:4a844ea9eb2546a2d2c7022eacef16ef2e8229c7fbb2c7d4d55a9ceca922f72d" "/opt/rustwide/cargo-home/bin/cargo" "+nightly-2024-10-28" "test" "--frozen" "--no-run" "--message-format=json", kill_on_drop: false }`
[INFO] [stdout] 2d2690a59092624f5bddf6e5ca9acd581901ccf43a59485fa1438921dc712ae9
[INFO] running `Command { std: "docker" "start" "-a" "2d2690a59092624f5bddf6e5ca9acd581901ccf43a59485fa1438921dc712ae9", kill_on_drop: false }`
[INFO] [stderr]    Compiling rand_core v0.6.4
[INFO] [stdout] warning: cannot find macro `leak_warning` in this scope
[INFO] [stdout]   --> src/array.rs:20:9
[INFO] [stdout]    |
[INFO] [stdout] 20 | #[doc = leak_warning!()]
[INFO] [stdout]    |         ^^^^^^^^^^^^
[INFO] [stdout]    |
[INFO] [stdout]    = warning: this was previously accepted by the compiler but is being phased out; it will become a hard error in a future release!
[INFO] [stdout]    = note: for more information, see issue #124535 <https://github.com/rust-lang/rust/issues/124535>
[INFO] [stdout]    = help: import `macro_rules` with `use` to make it callable above its definition
[INFO] [stdout]    = note: `#[warn(out_of_scope_macro_calls)]` on by default
[INFO] [stdout] 
[INFO] [stdout] 
[INFO] [stdout] warning: cannot find macro `leak_warning` in this scope
[INFO] [stdout]   --> src/array.rs:87:9
[INFO] [stdout]    |
[INFO] [stdout] 87 | #[doc = leak_warning!()]
[INFO] [stdout]    |         ^^^^^^^^^^^^
[INFO] [stdout]    |
[INFO] [stdout]    = warning: this was previously accepted by the compiler but is being phased out; it will become a hard error in a future release!
[INFO] [stdout]    = note: for more information, see issue #124535 <https://github.com/rust-lang/rust/issues/124535>
[INFO] [stdout]    = help: import `macro_rules` with `use` to make it callable above its definition
[INFO] [stdout] 
[INFO] [stdout] 
[INFO] [stderr]    Compiling rand v0.8.5
[INFO] [stderr]    Compiling konst v0.3.9 (/opt/rustwide/workdir)
[INFO] [stdout] warning: cannot find macro `leak_warning` in this scope
[INFO] [stdout]   --> src/array.rs:20:9
[INFO] [stdout]    |
[INFO] [stdout] 20 | #[doc = leak_warning!()]
[INFO] [stdout]    |         ^^^^^^^^^^^^
[INFO] [stdout]    |
[INFO] [stdout]    = warning: this was previously accepted by the compiler but is being phased out; it will become a hard error in a future release!
[INFO] [stdout]    = note: for more information, see issue #124535 <https://github.com/rust-lang/rust/issues/124535>
[INFO] [stdout]    = help: import `macro_rules` with `use` to make it callable above its definition
[INFO] [stdout]    = note: `#[warn(out_of_scope_macro_calls)]` on by default
[INFO] [stdout] 
[INFO] [stdout] 
[INFO] [stdout] warning: cannot find macro `leak_warning` in this scope
[INFO] [stdout]   --> src/array.rs:87:9
[INFO] [stdout]    |
[INFO] [stdout] 87 | #[doc = leak_warning!()]
[INFO] [stdout]    |         ^^^^^^^^^^^^
[INFO] [stdout]    |
[INFO] [stdout]    = warning: this was previously accepted by the compiler but is being phased out; it will become a hard error in a future release!
[INFO] [stdout]    = note: for more information, see issue #124535 <https://github.com/rust-lang/rust/issues/124535>
[INFO] [stdout]    = help: import `macro_rules` with `use` to make it callable above its definition
[INFO] [stdout] 
[INFO] [stdout] 
[INFO] [stderr]     Finished `test` profile [unoptimized + debuginfo] target(s) in 1.58s
[INFO] running `Command { std: "docker" "inspect" "2d2690a59092624f5bddf6e5ca9acd581901ccf43a59485fa1438921dc712ae9", kill_on_drop: false }`
[INFO] running `Command { std: "docker" "rm" "-f" "2d2690a59092624f5bddf6e5ca9acd581901ccf43a59485fa1438921dc712ae9", kill_on_drop: false }`
[INFO] [stdout] 2d2690a59092624f5bddf6e5ca9acd581901ccf43a59485fa1438921dc712ae9
[INFO] running `Command { std: "docker" "create" "-v" "/var/lib/crater-agent-workspace/builds/worker-1-tc1/target:/opt/rustwide/target:rw,Z" "-v" "/var/lib/crater-agent-workspace/builds/worker-1-tc1/source:/opt/rustwide/workdir:ro,Z" "-v" "/var/lib/crater-agent-workspace/cargo-home:/opt/rustwide/cargo-home:ro,Z" "-v" "/var/lib/crater-agent-workspace/rustup-home:/opt/rustwide/rustup-home:ro,Z" "-e" "SOURCE_DIR=/opt/rustwide/workdir" "-e" "CARGO_TARGET_DIR=/opt/rustwide/target" "-e" "CARGO_INCREMENTAL=0" "-e" "RUST_BACKTRACE=full" "-e" "RUSTFLAGS=--cap-lints=forbid" "-e" "RUSTDOCFLAGS=--cap-lints=forbid" "-e" "CARGO_HOME=/opt/rustwide/cargo-home" "-e" "RUSTUP_HOME=/opt/rustwide/rustup-home" "-w" "/opt/rustwide/workdir" "-m" "1610612736" "--user" "0:0" "--network" "none" "ghcr.io/rust-lang/crates-build-env/linux@sha256:4a844ea9eb2546a2d2c7022eacef16ef2e8229c7fbb2c7d4d55a9ceca922f72d" "/opt/rustwide/cargo-home/bin/cargo" "+nightly-2024-10-28" "test" "--frozen", kill_on_drop: false }`
[INFO] [stdout] a8e4c952e133a713d8548533306883db6fe7e8599cb43fd7c8ccdc9e64ded1ac
[INFO] running `Command { std: "docker" "start" "-a" "a8e4c952e133a713d8548533306883db6fe7e8599cb43fd7c8ccdc9e64ded1ac", kill_on_drop: false }`
[INFO] [stderr] warning: cannot find macro `leak_warning` in this scope
[INFO] [stderr]   --> src/array.rs:20:9
[INFO] [stderr]    |
[INFO] [stderr] 20 | #[doc = leak_warning!()]
[INFO] [stderr]    |         ^^^^^^^^^^^^
[INFO] [stderr]    |
[INFO] [stderr]    = warning: this was previously accepted by the compiler but is being phased out; it will become a hard error in a future release!
[INFO] [stderr]    = note: for more information, see issue #124535 <https://github.com/rust-lang/rust/issues/124535>
[INFO] [stderr]    = help: import `macro_rules` with `use` to make it callable above its definition
[INFO] [stderr]    = note: `#[warn(out_of_scope_macro_calls)]` on by default
[INFO] [stderr] 
[INFO] [stderr] warning: cannot find macro `leak_warning` in this scope
[INFO] [stderr]   --> src/array.rs:87:9
[INFO] [stderr]    |
[INFO] [stderr] 87 | #[doc = leak_warning!()]
[INFO] [stderr]    |         ^^^^^^^^^^^^
[INFO] [stderr]    |
[INFO] [stderr]    = warning: this was previously accepted by the compiler but is being phased out; it will become a hard error in a future release!
[INFO] [stderr]    = note: for more information, see issue #124535 <https://github.com/rust-lang/rust/issues/124535>
[INFO] [stderr]    = help: import `macro_rules` with `use` to make it callable above its definition
[INFO] [stderr] 
[INFO] [stderr] warning: `konst` (lib) generated 2 warnings
[INFO] [stderr] warning: `konst` (lib test) generated 2 warnings (2 duplicates)
[INFO] [stderr]     Finished `test` profile [unoptimized + debuginfo] target(s) in 0.03s
[INFO] [stdout] 
[INFO] [stderr]      Running unittests src/lib.rs (/opt/rustwide/target/debug/deps/konst-2807b7309e8ffc3b)
[INFO] [stdout] running 7 tests
[INFO] [stdout] test string::priv_string_tests::invalid_end - should panic ... FAILED
[INFO] [stdout] test ffi::cstr::err_tests::from_bytes_with_nul_errs_test ... ok
[INFO] [stdout] test string::priv_string_tests::str_to_char_test ... ok
[INFO] [stdout] test string::priv_string_tests::invalid_start - should panic ... FAILED
[INFO] [stdout] test string::priv_string_tests::invalid_both - should panic ... FAILED
[INFO] [stdout] test ffi::cstr::err_tests::from_bytes_until_nul_errs_test ... ok
[INFO] [stdout] test string::priv_string_tests::str_to_codepoint_test ... ok
[INFO] [stdout] 
[INFO] [stdout] failures:
[INFO] [stdout] 
[INFO] [stdout] ---- string::priv_string_tests::invalid_end stdout ----
[INFO] [stdout] note: test did not panic as expected
[INFO] [stdout] ---- string::priv_string_tests::invalid_start stdout ----
[INFO] [stdout] note: test did not panic as expected
[INFO] [stdout] ---- string::priv_string_tests::invalid_both stdout ----
[INFO] [stdout] note: test did not panic as expected
[INFO] [stdout] 
[INFO] [stdout] failures:
[INFO] [stdout]     string::priv_string_tests::invalid_both
[INFO] [stdout]     string::priv_string_tests::invalid_end
[INFO] [stdout]     string::priv_string_tests::invalid_start
[INFO] [stdout] 
[INFO] [stdout] test result: FAILED. 4 passed; 3 failed; 0 ignored; 0 measured; 0 filtered out; finished in 0.06s
[INFO] [stdout] 
[INFO] [stderr] error: test failed, to rerun pass `--lib`
[INFO] running `Command { std: "docker" "inspect" "a8e4c952e133a713d8548533306883db6fe7e8599cb43fd7c8ccdc9e64ded1ac", kill_on_drop: false }`
[INFO] running `Command { std: "docker" "rm" "-f" "a8e4c952e133a713d8548533306883db6fe7e8599cb43fd7c8ccdc9e64ded1ac", kill_on_drop: false }`
[INFO] [stdout] a8e4c952e133a713d8548533306883db6fe7e8599cb43fd7c8ccdc9e64ded1ac
