[INFO] fetching crate komunikilo 0.1.5...
[INFO] testing komunikilo-0.1.5 against nightly-2024-10-28+rustflags=-Zrandomize-layout for randomize-layout
[INFO] extracting crate komunikilo 0.1.5 into /workspace/builds/worker-7-tc2/source
[INFO] validating manifest of crates.io crate komunikilo 0.1.5 on toolchain nightly-2024-10-28
[INFO] running `Command { std: CARGO_HOME="/workspace/cargo-home" RUSTUP_HOME="/workspace/rustup-home" "/workspace/cargo-home/bin/cargo" "+nightly-2024-10-28" "metadata" "--manifest-path" "Cargo.toml" "--no-deps", kill_on_drop: false }`
[INFO] started tweaking crates.io crate komunikilo 0.1.5
[INFO] finished tweaking crates.io crate komunikilo 0.1.5
[INFO] tweaked toml for crates.io crate komunikilo 0.1.5 written to /workspace/builds/worker-7-tc2/source/Cargo.toml
[INFO] running `Command { std: CARGO_HOME="/workspace/cargo-home" RUSTUP_HOME="/workspace/rustup-home" "/workspace/cargo-home/bin/cargo" "+nightly-2024-10-28" "generate-lockfile" "--manifest-path" "Cargo.toml", kill_on_drop: false }`
[INFO] [stderr]     Updating crates.io index
[INFO] [stderr]      Locking 128 packages to latest compatible versions
[INFO] [stderr]       Adding ndarray v0.15.6 (available: v0.16.1)
[INFO] [stderr]       Adding ndrustfft v0.4.5 (available: v0.5.0)
[INFO] [stderr]       Adding numpy v0.21.0 (available: v0.22.1)
[INFO] [stderr]       Adding pyo3 v0.21.2 (available: v0.22.5)
[INFO] [stderr]       Adding rstest v0.21.0 (available: v0.23.0)
[INFO] running `Command { std: CARGO_HOME="/workspace/cargo-home" RUSTUP_HOME="/workspace/rustup-home" "/workspace/cargo-home/bin/cargo" "+nightly-2024-10-28" "fetch" "--manifest-path" "Cargo.toml", kill_on_drop: false }`
[INFO] running `Command { std: "docker" "create" "-v" "/var/lib/crater-agent-workspace/builds/worker-7-tc2/target:/opt/rustwide/target:rw,Z" "-v" "/var/lib/crater-agent-workspace/builds/worker-7-tc2/source:/opt/rustwide/workdir:ro,Z" "-v" "/var/lib/crater-agent-workspace/cargo-home:/opt/rustwide/cargo-home:ro,Z" "-v" "/var/lib/crater-agent-workspace/rustup-home:/opt/rustwide/rustup-home:ro,Z" "-e" "SOURCE_DIR=/opt/rustwide/workdir" "-e" "CARGO_TARGET_DIR=/opt/rustwide/target" "-e" "CARGO_HOME=/opt/rustwide/cargo-home" "-e" "RUSTUP_HOME=/opt/rustwide/rustup-home" "-w" "/opt/rustwide/workdir" "-m" "1610612736" "--user" "0:0" "--network" "none" "ghcr.io/rust-lang/crates-build-env/linux@sha256:4a844ea9eb2546a2d2c7022eacef16ef2e8229c7fbb2c7d4d55a9ceca922f72d" "/opt/rustwide/cargo-home/bin/cargo" "+nightly-2024-10-28" "metadata" "--no-deps" "--format-version=1", kill_on_drop: false }`
[INFO] [stdout] 47b0702501a7e2c43a3f47495db275cb4bf6ddf71ba6de3d4d890fca2aa1e636
[INFO] running `Command { std: "docker" "start" "-a" "47b0702501a7e2c43a3f47495db275cb4bf6ddf71ba6de3d4d890fca2aa1e636", kill_on_drop: false }`
[INFO] running `Command { std: "docker" "inspect" "47b0702501a7e2c43a3f47495db275cb4bf6ddf71ba6de3d4d890fca2aa1e636", kill_on_drop: false }`
[INFO] running `Command { std: "docker" "rm" "-f" "47b0702501a7e2c43a3f47495db275cb4bf6ddf71ba6de3d4d890fca2aa1e636", kill_on_drop: false }`
[INFO] [stdout] 47b0702501a7e2c43a3f47495db275cb4bf6ddf71ba6de3d4d890fca2aa1e636
[INFO] running `Command { std: "docker" "create" "-v" "/var/lib/crater-agent-workspace/builds/worker-7-tc2/target:/opt/rustwide/target:rw,Z" "-v" "/var/lib/crater-agent-workspace/builds/worker-7-tc2/source:/opt/rustwide/workdir:ro,Z" "-v" "/var/lib/crater-agent-workspace/cargo-home:/opt/rustwide/cargo-home:ro,Z" "-v" "/var/lib/crater-agent-workspace/rustup-home:/opt/rustwide/rustup-home:ro,Z" "-e" "SOURCE_DIR=/opt/rustwide/workdir" "-e" "CARGO_TARGET_DIR=/opt/rustwide/target" "-e" "CARGO_INCREMENTAL=0" "-e" "RUST_BACKTRACE=full" "-e" "RUSTFLAGS=--cap-lints=forbid -Zrandomize-layout" "-e" "RUSTDOCFLAGS=--cap-lints=forbid" "-e" "CARGO_HOME=/opt/rustwide/cargo-home" "-e" "RUSTUP_HOME=/opt/rustwide/rustup-home" "-w" "/opt/rustwide/workdir" "-m" "1610612736" "--user" "0:0" "--network" "none" "ghcr.io/rust-lang/crates-build-env/linux@sha256:4a844ea9eb2546a2d2c7022eacef16ef2e8229c7fbb2c7d4d55a9ceca922f72d" "/opt/rustwide/cargo-home/bin/cargo" "+nightly-2024-10-28" "build" "--frozen" "--message-format=json", kill_on_drop: false }`
[INFO] [stdout] f04cb6e92c5ac27861d8489ed1c3a3290dfa3e0680a78bc10e6ef4c20a9b33fd
[INFO] running `Command { std: "docker" "start" "-a" "f04cb6e92c5ac27861d8489ed1c3a3290dfa3e0680a78bc10e6ef4c20a9b33fd", kill_on_drop: false }`
[INFO] [stderr]    Compiling libm v0.2.11
[INFO] [stderr]    Compiling num-traits v0.2.19
[INFO] [stderr]    Compiling target-lexicon v0.12.16
[INFO] [stderr]    Compiling libc v0.2.161
[INFO] [stderr]    Compiling once_cell v1.20.2
[INFO] [stderr]    Compiling crossbeam-utils v0.8.20
[INFO] [stderr]    Compiling matrixmultiply v0.3.9
[INFO] [stderr]    Compiling syn v2.0.86
[INFO] [stderr]    Compiling either v1.13.0
[INFO] [stderr]    Compiling paste v1.0.15
[INFO] [stderr]    Compiling rayon-core v1.12.1
[INFO] [stderr]    Compiling rawpointer v0.2.1
[INFO] [stderr]    Compiling rustfft v6.2.0
[INFO] [stderr]    Compiling lock_api v0.4.12
[INFO] [stderr]    Compiling parking_lot_core v0.9.10
[INFO] [stderr]    Compiling pyo3-build-config v0.21.2
[INFO] [stderr]    Compiling crossbeam-epoch v0.9.18
[INFO] [stderr]    Compiling strength_reduce v0.2.4
[INFO] [stderr]    Compiling getrandom v0.2.15
[INFO] [stderr]    Compiling memoffset v0.9.1
[INFO] [stderr]    Compiling smallvec v1.13.2
[INFO] [stderr]    Compiling crossbeam-deque v0.8.5
[INFO] [stderr]    Compiling heck v0.4.1
[INFO] [stderr]    Compiling scopeguard v1.2.0
[INFO] [stderr]    Compiling portable-atomic v1.9.0
[INFO] [stderr]    Compiling rand_core v0.6.4
[INFO] [stderr]    Compiling num-integer v0.1.46
[INFO] [stderr]    Compiling num-complex v0.4.6
[INFO] [stderr]    Compiling approx v0.5.1
[INFO] [stderr]    Compiling parking_lot v0.12.3
[INFO] [stderr]    Compiling rayon v1.10.0
[INFO] [stderr]    Compiling num-bigint v0.4.6
[INFO] [stderr]    Compiling transpose v0.2.3
[INFO] [stderr]    Compiling simba v0.8.1
[INFO] [stderr]    Compiling primal-check v0.3.4
[INFO] [stderr]    Compiling unindent v0.2.3
[INFO] [stderr]    Compiling indoc v2.0.5
[INFO] [stderr]    Compiling pyo3-ffi v0.21.2
[INFO] [stderr]    Compiling pyo3 v0.21.2
[INFO] [stderr]    Compiling ndarray v0.16.1
[INFO] [stderr]    Compiling num-iter v0.1.45
[INFO] [stderr]    Compiling num-rational v0.4.2
[INFO] [stderr]    Compiling pyo3-macros-backend v0.21.2
[INFO] [stderr]    Compiling gaussfilt v0.1.3
[INFO] [stderr]    Compiling ndarray v0.15.6
[INFO] [stderr]    Compiling itertools v0.12.1
[INFO] [stderr]    Compiling komunikilo v0.1.5 (/opt/rustwide/workdir)
[INFO] [stderr]    Compiling rustc-hash v1.1.0
[INFO] [stderr]    Compiling num v0.4.3
[INFO] [stderr]    Compiling itertools v0.13.0
[INFO] [stderr]    Compiling assert_approx_eq v1.1.0
[INFO] [stderr]    Compiling reed-solomon v0.2.1
[INFO] [stderr]    Compiling zerocopy-derive v0.7.35
[INFO] [stderr]    Compiling pyo3-macros v0.21.2
[INFO] [stderr]    Compiling zerocopy v0.7.35
[INFO] [stderr]    Compiling realfft v3.4.0
[INFO] [stderr]    Compiling rustdct v0.7.1
[INFO] [stderr]    Compiling ndrustfft v0.4.5
[INFO] [stderr]    Compiling nalgebra v0.32.6
[INFO] [stderr]    Compiling ppv-lite86 v0.2.20
[INFO] [stderr]    Compiling rand_chacha v0.3.1
[INFO] [stderr]    Compiling rand v0.8.5
[INFO] [stderr]    Compiling rand_distr v0.4.3
[INFO] [stderr]    Compiling numpy v0.21.0
[INFO] [stderr]    Compiling lstsq v0.5.0
[INFO] [stderr]    Compiling kalmanfilt v0.2.6
[INFO] [stderr]    Compiling sci-rs v0.3.16
[INFO] [stdout] warning: elided lifetime has a name
[INFO] [stdout]   --> src/cdma.rs:23:34
[INFO] [stdout]    |
[INFO] [stdout] 20 | pub fn rx_baseband_cdma<'a, I: Iterator<Item = Bit> + 'a>(
[INFO] [stdout]    |                         -- lifetime `'a` declared here
[INFO] [stdout] ...
[INFO] [stdout] 23 | ) -> impl Iterator<Item = Bit> + '_ {
[INFO] [stdout]    |                                  ^^ this elided lifetime gets resolved as `'a`
[INFO] [stdout]    |
[INFO] [stdout]    = note: `#[warn(elided_named_lifetimes)]` on by default
[INFO] [stdout] 
[INFO] [stdout] 
[INFO] [stdout] warning: elided lifetime has a name
[INFO] [stdout]   --> src/cdma.rs:49:34
[INFO] [stdout]    |
[INFO] [stdout] 43 | pub fn tx_cdma_bpsk_signal<'a, I: Iterator<Item = Bit> + 'a>(
[INFO] [stdout]    |                            -- lifetime `'a` declared here
[INFO] [stdout] ...
[INFO] [stdout] 49 | ) -> impl Iterator<Item = f64> + '_ {
[INFO] [stdout]    |                                  ^^ this elided lifetime gets resolved as `'a`
[INFO] [stdout] 
[INFO] [stdout] 
[INFO] [stdout] warning: elided lifetime has a name
[INFO] [stdout]   --> src/cdma.rs:73:34
[INFO] [stdout]    |
[INFO] [stdout] 67 | pub fn rx_cdma_bpsk_signal<'a, I: Iterator<Item = f64> + 'a>(
[INFO] [stdout]    |                            -- lifetime `'a` declared here
[INFO] [stdout] ...
[INFO] [stdout] 73 | ) -> impl Iterator<Item = Bit> + '_ {
[INFO] [stdout]    |                                  ^^ this elided lifetime gets resolved as `'a`
[INFO] [stdout] 
[INFO] [stdout] 
[INFO] [stdout] warning: elided lifetime has a name
[INFO] [stdout]   --> src/cdma.rs:98:34
[INFO] [stdout]    |
[INFO] [stdout] 92 | pub fn tx_coded_cdma_bpsk_signal<'a, I: Iterator<Item = Bit> + 'a>(
[INFO] [stdout]    |                                  -- lifetime `'a` declared here
[INFO] [stdout] ...
[INFO] [stdout] 98 | ) -> impl Iterator<Item = f64> + '_ {
[INFO] [stdout]    |                                  ^^ this elided lifetime gets resolved as `'a`
[INFO] [stdout] 
[INFO] [stdout] 
[INFO] [stdout] warning: elided lifetime has a name
[INFO] [stdout]    --> src/cdma.rs:117:34
[INFO] [stdout]     |
[INFO] [stdout] 111 | pub fn rx_coded_cdma_bpsk_signal<'a, I: Iterator<Item = f64> + 'a>(
[INFO] [stdout]     |                                  -- lifetime `'a` declared here
[INFO] [stdout] ...
[INFO] [stdout] 117 | ) -> impl Iterator<Item = Bit> + '_ {
[INFO] [stdout]     |                                  ^^ this elided lifetime gets resolved as `'a`
[INFO] [stdout] 
[INFO] [stdout] 
[INFO] [stdout] warning: elided lifetime has a name
[INFO] [stdout]    --> src/cdma.rs:136:34
[INFO] [stdout]     |
[INFO] [stdout] 130 | pub fn tx_cdma_qpsk_signal<'a, I: Iterator<Item = Bit> + 'a>(
[INFO] [stdout]     |                            -- lifetime `'a` declared here
[INFO] [stdout] ...
[INFO] [stdout] 136 | ) -> impl Iterator<Item = f64> + '_ {
[INFO] [stdout]     |                                  ^^ this elided lifetime gets resolved as `'a`
[INFO] [stdout] 
[INFO] [stdout] 
[INFO] [stdout] warning: elided lifetime has a name
[INFO] [stdout]    --> src/cdma.rs:160:34
[INFO] [stdout]     |
[INFO] [stdout] 154 | pub fn rx_cdma_qpsk_signal<'a, I: Iterator<Item = f64> + 'a>(
[INFO] [stdout]     |                            -- lifetime `'a` declared here
[INFO] [stdout] ...
[INFO] [stdout] 160 | ) -> impl Iterator<Item = Bit> + '_ {
[INFO] [stdout]     |                                  ^^ this elided lifetime gets resolved as `'a`
[INFO] [stdout] 
[INFO] [stdout] 
[INFO] [stderr]     Finished `dev` profile [unoptimized + debuginfo] target(s) in 18.69s
[INFO] running `Command { std: "docker" "inspect" "f04cb6e92c5ac27861d8489ed1c3a3290dfa3e0680a78bc10e6ef4c20a9b33fd", kill_on_drop: false }`
[INFO] running `Command { std: "docker" "rm" "-f" "f04cb6e92c5ac27861d8489ed1c3a3290dfa3e0680a78bc10e6ef4c20a9b33fd", kill_on_drop: false }`
[INFO] [stdout] f04cb6e92c5ac27861d8489ed1c3a3290dfa3e0680a78bc10e6ef4c20a9b33fd
[INFO] running `Command { std: "docker" "create" "-v" "/var/lib/crater-agent-workspace/builds/worker-7-tc2/target:/opt/rustwide/target:rw,Z" "-v" "/var/lib/crater-agent-workspace/builds/worker-7-tc2/source:/opt/rustwide/workdir:ro,Z" "-v" "/var/lib/crater-agent-workspace/cargo-home:/opt/rustwide/cargo-home:ro,Z" "-v" "/var/lib/crater-agent-workspace/rustup-home:/opt/rustwide/rustup-home:ro,Z" "-e" "SOURCE_DIR=/opt/rustwide/workdir" "-e" "CARGO_TARGET_DIR=/opt/rustwide/target" "-e" "CARGO_INCREMENTAL=0" "-e" "RUST_BACKTRACE=full" "-e" "RUSTFLAGS=--cap-lints=forbid -Zrandomize-layout" "-e" "RUSTDOCFLAGS=--cap-lints=forbid" "-e" "CARGO_HOME=/opt/rustwide/cargo-home" "-e" "RUSTUP_HOME=/opt/rustwide/rustup-home" "-w" "/opt/rustwide/workdir" "-m" "1610612736" "--user" "0:0" "--network" "none" "ghcr.io/rust-lang/crates-build-env/linux@sha256:4a844ea9eb2546a2d2c7022eacef16ef2e8229c7fbb2c7d4d55a9ceca922f72d" "/opt/rustwide/cargo-home/bin/cargo" "+nightly-2024-10-28" "test" "--frozen" "--no-run" "--message-format=json", kill_on_drop: false }`
[INFO] [stdout] 89510a7cee994f7d26642a86d7e394d51a379b1ca9dd5728626aa9f97e6b5662
[INFO] running `Command { std: "docker" "start" "-a" "89510a7cee994f7d26642a86d7e394d51a379b1ca9dd5728626aa9f97e6b5662", kill_on_drop: false }`
[INFO] [stderr]    Compiling cfg-if v1.0.0
[INFO] [stderr]    Compiling libm v0.2.11
[INFO] [stderr]    Compiling num-traits v0.2.19
[INFO] [stderr]    Compiling libc v0.2.161
[INFO] [stderr]    Compiling crossbeam-utils v0.8.20
[INFO] [stderr]    Compiling either v1.13.0
[INFO] [stderr]    Compiling syn v2.0.86
[INFO] [stderr]    Compiling matrixmultiply v0.3.9
[INFO] [stderr]    Compiling rawpointer v0.2.1
[INFO] [stderr]    Compiling strength_reduce v0.2.4
[INFO] [stderr]    Compiling semver v1.0.23
[INFO] [stderr]    Compiling typenum v1.17.0
[INFO] [stderr]    Compiling rayon-core v1.12.1
[INFO] [stderr]    Compiling rustfft v6.2.0
[INFO] [stderr]    Compiling slab v0.4.9
[INFO] [stderr]    Compiling memchr v2.7.4
[INFO] [stderr]    Compiling byteorder v1.5.0
[INFO] [stderr]    Compiling crossbeam-epoch v0.9.18
[INFO] [stderr]    Compiling getrandom v0.2.15
[INFO] [stderr]    Compiling crossbeam-deque v0.8.5
[INFO] [stderr]    Compiling parking_lot_core v0.9.10
[INFO] [stderr]    Compiling lock_api v0.4.12
[INFO] [stderr]    Compiling pyo3-ffi v0.21.2
[INFO] [stderr]    Compiling num-integer v0.1.46
[INFO] [stderr]    Compiling num-complex v0.4.6
[INFO] [stderr]    Compiling num-bigint v0.4.6
[INFO] [stderr]    Compiling transpose v0.2.3
[INFO] [stderr]    Compiling primal-check v0.3.4
[INFO] [stderr]    Compiling approx v0.5.1
[INFO] [stderr]    Compiling simba v0.8.1
[INFO] [stderr]    Compiling scopeguard v1.2.0
[INFO] [stderr]    Compiling hashbrown v0.15.0
[INFO] [stderr]    Compiling smallvec v1.13.2
[INFO] [stderr]    Compiling equivalent v1.0.1
[INFO] [stderr]    Compiling futures-core v0.3.31
[INFO] [stderr]    Compiling num-rational v0.4.2
[INFO] [stderr]    Compiling futures-sink v0.3.31
[INFO] [stderr]    Compiling futures-channel v0.3.31
[INFO] [stderr]    Compiling pyo3-macros-backend v0.21.2
[INFO] [stderr]    Compiling aho-corasick v1.1.3
[INFO] [stderr]    Compiling indexmap v2.6.0
[INFO] [stderr]    Compiling zerocopy-derive v0.7.35
[INFO] [stderr]    Compiling futures-macro v0.3.31
[INFO] [stderr]    Compiling portable-atomic v1.9.0
[INFO] [stderr]    Compiling zerocopy v0.7.35
[INFO] [stderr]    Compiling memoffset v0.9.1
[INFO] [stderr]    Compiling rustc_version v0.4.1
[INFO] [stderr]    Compiling rayon v1.10.0
[INFO] [stderr]    Compiling ppv-lite86 v0.2.20
[INFO] [stderr]    Compiling rand_core v0.6.4
[INFO] [stderr]    Compiling futures-task v0.3.31
[INFO] [stderr]    Compiling toml_datetime v0.6.8
[INFO] [stderr]    Compiling nalgebra v0.32.6
[INFO] [stderr]    Compiling winnow v0.6.20
[INFO] [stderr]    Compiling regex-syntax v0.8.5
[INFO] [stderr]    Compiling futures-io v0.3.31
[INFO] [stderr]    Compiling pin-project-lite v0.2.15
[INFO] [stderr]    Compiling pin-utils v0.1.0
[INFO] [stderr]    Compiling pyo3-macros v0.21.2
[INFO] [stderr]    Compiling rand_chacha v0.3.1
[INFO] [stderr]    Compiling futures-util v0.3.31
[INFO] [stderr]    Compiling pyo3 v0.21.2
[INFO] [stderr]    Compiling rstest_macros v0.21.0
[INFO] [stderr]    Compiling parking_lot v0.12.3
[INFO] [stderr]    Compiling toml_edit v0.22.22
[INFO] [stderr]    Compiling ndarray v0.15.6
[INFO] [stderr]    Compiling regex-automata v0.4.8
[INFO] [stderr]    Compiling unindent v0.2.3
[INFO] [stderr]    Compiling serde v1.0.214
[INFO] [stderr]    Compiling proc-macro-crate v3.2.0
[INFO] [stderr]    Compiling rand v0.8.5
[INFO] [stderr]    Compiling futures-executor v0.3.31
[INFO] [stderr]    Compiling rustdct v0.7.1
[INFO] [stderr]    Compiling realfft v3.4.0
[INFO] [stderr]    Compiling regex v1.11.1
[INFO] [stderr]    Compiling ndarray v0.16.1
[INFO] [stderr]    Compiling num-iter v0.1.45
[INFO] [stderr]    Compiling gaussfilt v0.1.3
[INFO] [stderr]    Compiling itertools v0.12.1
[INFO] [stderr]    Compiling glob v0.3.1
[INFO] [stderr]    Compiling relative-path v1.9.3
[INFO] [stderr]    Compiling rustc-hash v1.1.0
[INFO] [stderr]    Compiling komunikilo v0.1.5 (/opt/rustwide/workdir)
[INFO] [stderr]    Compiling num v0.4.3
[INFO] [stderr]    Compiling rand_distr v0.4.3
[INFO] [stderr]    Compiling futures v0.3.31
[INFO] [stderr]    Compiling csv-core v0.1.11
[INFO] [stderr]    Compiling easy-cast v0.5.2
[INFO] [stderr]    Compiling itertools v0.13.0
[INFO] [stderr]    Compiling futures-timer v3.0.3
[INFO] [stderr]    Compiling numpy v0.21.0
[INFO] [stderr]    Compiling ndrustfft v0.4.5
[INFO] [stderr]    Compiling itoa v1.0.11
[INFO] [stderr]    Compiling float-ord v0.3.2
[INFO] [stderr]    Compiling reed-solomon v0.2.1
[INFO] [stderr]    Compiling ryu v1.0.18
[INFO] [stderr]    Compiling assert_approx_eq v1.1.0
[INFO] [stderr]    Compiling csv v1.3.0
[INFO] [stderr]    Compiling average v0.15.1
[INFO] [stderr]    Compiling welch-sde v0.1.0
[INFO] [stderr]    Compiling rstest v0.21.0
[INFO] [stderr]    Compiling kalmanfilt v0.2.6
[INFO] [stderr]    Compiling lstsq v0.5.0
[INFO] [stderr]    Compiling sci-rs v0.3.16
[INFO] [stdout] warning: elided lifetime has a name
[INFO] [stdout]   --> src/cdma.rs:23:34
[INFO] [stdout]    |
[INFO] [stdout] 20 | pub fn rx_baseband_cdma<'a, I: Iterator<Item = Bit> + 'a>(
[INFO] [stdout]    |                         -- lifetime `'a` declared here
[INFO] [stdout] ...
[INFO] [stdout] 23 | ) -> impl Iterator<Item = Bit> + '_ {
[INFO] [stdout]    |                                  ^^ this elided lifetime gets resolved as `'a`
[INFO] [stdout]    |
[INFO] [stdout]    = note: `#[warn(elided_named_lifetimes)]` on by default
[INFO] [stdout] 
[INFO] [stdout] 
[INFO] [stdout] warning: elided lifetime has a name
[INFO] [stdout]   --> src/cdma.rs:49:34
[INFO] [stdout]    |
[INFO] [stdout] 43 | pub fn tx_cdma_bpsk_signal<'a, I: Iterator<Item = Bit> + 'a>(
[INFO] [stdout]    |                            -- lifetime `'a` declared here
[INFO] [stdout] ...
[INFO] [stdout] 49 | ) -> impl Iterator<Item = f64> + '_ {
[INFO] [stdout]    |                                  ^^ this elided lifetime gets resolved as `'a`
[INFO] [stdout] 
[INFO] [stdout] 
[INFO] [stdout] warning: elided lifetime has a name
[INFO] [stdout]   --> src/cdma.rs:73:34
[INFO] [stdout]    |
[INFO] [stdout] 67 | pub fn rx_cdma_bpsk_signal<'a, I: Iterator<Item = f64> + 'a>(
[INFO] [stdout]    |                            -- lifetime `'a` declared here
[INFO] [stdout] ...
[INFO] [stdout] 73 | ) -> impl Iterator<Item = Bit> + '_ {
[INFO] [stdout]    |                                  ^^ this elided lifetime gets resolved as `'a`
[INFO] [stdout] 
[INFO] [stdout] 
[INFO] [stdout] warning: elided lifetime has a name
[INFO] [stdout]   --> src/cdma.rs:98:34
[INFO] [stdout]    |
[INFO] [stdout] 92 | pub fn tx_coded_cdma_bpsk_signal<'a, I: Iterator<Item = Bit> + 'a>(
[INFO] [stdout]    |                                  -- lifetime `'a` declared here
[INFO] [stdout] ...
[INFO] [stdout] 98 | ) -> impl Iterator<Item = f64> + '_ {
[INFO] [stdout]    |                                  ^^ this elided lifetime gets resolved as `'a`
[INFO] [stdout] 
[INFO] [stdout] 
[INFO] [stdout] warning: elided lifetime has a name
[INFO] [stdout]    --> src/cdma.rs:117:34
[INFO] [stdout]     |
[INFO] [stdout] 111 | pub fn rx_coded_cdma_bpsk_signal<'a, I: Iterator<Item = f64> + 'a>(
[INFO] [stdout]     |                                  -- lifetime `'a` declared here
[INFO] [stdout] ...
[INFO] [stdout] 117 | ) -> impl Iterator<Item = Bit> + '_ {
[INFO] [stdout]     |                                  ^^ this elided lifetime gets resolved as `'a`
[INFO] [stdout] 
[INFO] [stdout] 
[INFO] [stdout] warning: elided lifetime has a name
[INFO] [stdout]    --> src/cdma.rs:136:34
[INFO] [stdout]     |
[INFO] [stdout] 130 | pub fn tx_cdma_qpsk_signal<'a, I: Iterator<Item = Bit> + 'a>(
[INFO] [stdout]     |                            -- lifetime `'a` declared here
[INFO] [stdout] ...
[INFO] [stdout] 136 | ) -> impl Iterator<Item = f64> + '_ {
[INFO] [stdout]     |                                  ^^ this elided lifetime gets resolved as `'a`
[INFO] [stdout] 
[INFO] [stdout] 
[INFO] [stdout] warning: elided lifetime has a name
[INFO] [stdout]    --> src/cdma.rs:160:34
[INFO] [stdout]     |
[INFO] [stdout] 154 | pub fn rx_cdma_qpsk_signal<'a, I: Iterator<Item = f64> + 'a>(
[INFO] [stdout]     |                            -- lifetime `'a` declared here
[INFO] [stdout] ...
[INFO] [stdout] 160 | ) -> impl Iterator<Item = Bit> + '_ {
[INFO] [stdout]     |                                  ^^ this elided lifetime gets resolved as `'a`
[INFO] [stdout] 
[INFO] [stdout] 
[INFO] [stdout] warning: elided lifetime has a name
[INFO] [stdout]   --> src/cdma.rs:23:34
[INFO] [stdout]    |
[INFO] [stdout] 20 | pub fn rx_baseband_cdma<'a, I: Iterator<Item = Bit> + 'a>(
[INFO] [stdout]    |                         -- lifetime `'a` declared here
[INFO] [stdout] ...
[INFO] [stdout] 23 | ) -> impl Iterator<Item = Bit> + '_ {
[INFO] [stdout]    |                                  ^^ this elided lifetime gets resolved as `'a`
[INFO] [stdout]    |
[INFO] [stdout]    = note: `#[warn(elided_named_lifetimes)]` on by default
[INFO] [stdout] 
[INFO] [stdout] 
[INFO] [stdout] warning: elided lifetime has a name
[INFO] [stdout]   --> src/cdma.rs:49:34
[INFO] [stdout]    |
[INFO] [stdout] 43 | pub fn tx_cdma_bpsk_signal<'a, I: Iterator<Item = Bit> + 'a>(
[INFO] [stdout]    |                            -- lifetime `'a` declared here
[INFO] [stdout] ...
[INFO] [stdout] 49 | ) -> impl Iterator<Item = f64> + '_ {
[INFO] [stdout]    |                                  ^^ this elided lifetime gets resolved as `'a`
[INFO] [stdout] 
[INFO] [stdout] 
[INFO] [stdout] warning: elided lifetime has a name
[INFO] [stdout]   --> src/cdma.rs:73:34
[INFO] [stdout]    |
[INFO] [stdout] 67 | pub fn rx_cdma_bpsk_signal<'a, I: Iterator<Item = f64> + 'a>(
[INFO] [stdout]    |                            -- lifetime `'a` declared here
[INFO] [stdout] ...
[INFO] [stdout] 73 | ) -> impl Iterator<Item = Bit> + '_ {
[INFO] [stdout]    |                                  ^^ this elided lifetime gets resolved as `'a`
[INFO] [stdout] 
[INFO] [stdout] 
[INFO] [stdout] warning: elided lifetime has a name
[INFO] [stdout]   --> src/cdma.rs:98:34
[INFO] [stdout]    |
[INFO] [stdout] 92 | pub fn tx_coded_cdma_bpsk_signal<'a, I: Iterator<Item = Bit> + 'a>(
[INFO] [stdout]    |                                  -- lifetime `'a` declared here
[INFO] [stdout] ...
[INFO] [stdout] 98 | ) -> impl Iterator<Item = f64> + '_ {
[INFO] [stdout]    |                                  ^^ this elided lifetime gets resolved as `'a`
[INFO] [stdout] 
[INFO] [stdout] 
[INFO] [stdout] warning: elided lifetime has a name
[INFO] [stdout]    --> src/cdma.rs:117:34
[INFO] [stdout]     |
[INFO] [stdout] 111 | pub fn rx_coded_cdma_bpsk_signal<'a, I: Iterator<Item = f64> + 'a>(
[INFO] [stdout]     |                                  -- lifetime `'a` declared here
[INFO] [stdout] ...
[INFO] [stdout] 117 | ) -> impl Iterator<Item = Bit> + '_ {
[INFO] [stdout]     |                                  ^^ this elided lifetime gets resolved as `'a`
[INFO] [stdout] 
[INFO] [stdout] 
[INFO] [stdout] warning: elided lifetime has a name
[INFO] [stdout]    --> src/cdma.rs:136:34
[INFO] [stdout]     |
[INFO] [stdout] 130 | pub fn tx_cdma_qpsk_signal<'a, I: Iterator<Item = Bit> + 'a>(
[INFO] [stdout]     |                            -- lifetime `'a` declared here
[INFO] [stdout] ...
[INFO] [stdout] 136 | ) -> impl Iterator<Item = f64> + '_ {
[INFO] [stdout]     |                                  ^^ this elided lifetime gets resolved as `'a`
[INFO] [stdout] 
[INFO] [stdout] 
[INFO] [stdout] warning: elided lifetime has a name
[INFO] [stdout]    --> src/cdma.rs:160:34
[INFO] [stdout]     |
[INFO] [stdout] 154 | pub fn rx_cdma_qpsk_signal<'a, I: Iterator<Item = f64> + 'a>(
[INFO] [stdout]     |                            -- lifetime `'a` declared here
[INFO] [stdout] ...
[INFO] [stdout] 160 | ) -> impl Iterator<Item = Bit> + '_ {
[INFO] [stdout]     |                                  ^^ this elided lifetime gets resolved as `'a`
[INFO] [stdout] 
[INFO] [stdout] 
[INFO] [stderr]     Finished `test` profile [optimized + debuginfo] target(s) in 2m 40s
[INFO] running `Command { std: "docker" "inspect" "89510a7cee994f7d26642a86d7e394d51a379b1ca9dd5728626aa9f97e6b5662", kill_on_drop: false }`
[INFO] running `Command { std: "docker" "rm" "-f" "89510a7cee994f7d26642a86d7e394d51a379b1ca9dd5728626aa9f97e6b5662", kill_on_drop: false }`
[INFO] [stdout] 89510a7cee994f7d26642a86d7e394d51a379b1ca9dd5728626aa9f97e6b5662
[INFO] running `Command { std: "docker" "create" "-v" "/var/lib/crater-agent-workspace/builds/worker-7-tc2/target:/opt/rustwide/target:rw,Z" "-v" "/var/lib/crater-agent-workspace/builds/worker-7-tc2/source:/opt/rustwide/workdir:ro,Z" "-v" "/var/lib/crater-agent-workspace/cargo-home:/opt/rustwide/cargo-home:ro,Z" "-v" "/var/lib/crater-agent-workspace/rustup-home:/opt/rustwide/rustup-home:ro,Z" "-e" "SOURCE_DIR=/opt/rustwide/workdir" "-e" "CARGO_TARGET_DIR=/opt/rustwide/target" "-e" "CARGO_INCREMENTAL=0" "-e" "RUST_BACKTRACE=full" "-e" "RUSTFLAGS=--cap-lints=forbid -Zrandomize-layout" "-e" "RUSTDOCFLAGS=--cap-lints=forbid" "-e" "CARGO_HOME=/opt/rustwide/cargo-home" "-e" "RUSTUP_HOME=/opt/rustwide/rustup-home" "-w" "/opt/rustwide/workdir" "-m" "1610612736" "--user" "0:0" "--network" "none" "ghcr.io/rust-lang/crates-build-env/linux@sha256:4a844ea9eb2546a2d2c7022eacef16ef2e8229c7fbb2c7d4d55a9ceca922f72d" "/opt/rustwide/cargo-home/bin/cargo" "+nightly-2024-10-28" "test" "--frozen", kill_on_drop: false }`
[INFO] [stdout] f15e5b824980e83cc0e021564f72a76f6cdeca5dbb26ea7b508305cf644caff2
[INFO] running `Command { std: "docker" "start" "-a" "f15e5b824980e83cc0e021564f72a76f6cdeca5dbb26ea7b508305cf644caff2", kill_on_drop: false }`
[INFO] [stderr] warning: elided lifetime has a name
[INFO] [stderr]   --> src/cdma.rs:23:34
[INFO] [stderr]    |
[INFO] [stderr] 20 | pub fn rx_baseband_cdma<'a, I: Iterator<Item = Bit> + 'a>(
[INFO] [stderr]    |                         -- lifetime `'a` declared here
[INFO] [stderr] ...
[INFO] [stderr] 23 | ) -> impl Iterator<Item = Bit> + '_ {
[INFO] [stderr]    |                                  ^^ this elided lifetime gets resolved as `'a`
[INFO] [stderr]    |
[INFO] [stderr]    = note: `#[warn(elided_named_lifetimes)]` on by default
[INFO] [stderr] 
[INFO] [stderr] warning: elided lifetime has a name
[INFO] [stderr]   --> src/cdma.rs:49:34
[INFO] [stderr]    |
[INFO] [stderr] 43 | pub fn tx_cdma_bpsk_signal<'a, I: Iterator<Item = Bit> + 'a>(
[INFO] [stderr]    |                            -- lifetime `'a` declared here
[INFO] [stderr] ...
[INFO] [stderr] 49 | ) -> impl Iterator<Item = f64> + '_ {
[INFO] [stderr]    |                                  ^^ this elided lifetime gets resolved as `'a`
[INFO] [stderr] 
[INFO] [stderr] warning: elided lifetime has a name
[INFO] [stderr]   --> src/cdma.rs:73:34
[INFO] [stderr]    |
[INFO] [stderr] 67 | pub fn rx_cdma_bpsk_signal<'a, I: Iterator<Item = f64> + 'a>(
[INFO] [stderr]    |                            -- lifetime `'a` declared here
[INFO] [stderr] ...
[INFO] [stderr] 73 | ) -> impl Iterator<Item = Bit> + '_ {
[INFO] [stderr]    |                                  ^^ this elided lifetime gets resolved as `'a`
[INFO] [stderr] 
[INFO] [stderr] warning: elided lifetime has a name
[INFO] [stderr]   --> src/cdma.rs:98:34
[INFO] [stderr]    |
[INFO] [stderr] 92 | pub fn tx_coded_cdma_bpsk_signal<'a, I: Iterator<Item = Bit> + 'a>(
[INFO] [stderr]    |                                  -- lifetime `'a` declared here
[INFO] [stderr] ...
[INFO] [stderr] 98 | ) -> impl Iterator<Item = f64> + '_ {
[INFO] [stderr]    |                                  ^^ this elided lifetime gets resolved as `'a`
[INFO] [stderr] 
[INFO] [stderr] warning: elided lifetime has a name
[INFO] [stderr]    --> src/cdma.rs:117:34
[INFO] [stderr]     |
[INFO] [stderr] 111 | pub fn rx_coded_cdma_bpsk_signal<'a, I: Iterator<Item = f64> + 'a>(
[INFO] [stderr]     |                                  -- lifetime `'a` declared here
[INFO] [stderr] ...
[INFO] [stderr] 117 | ) -> impl Iterator<Item = Bit> + '_ {
[INFO] [stderr]     |                                  ^^ this elided lifetime gets resolved as `'a`
[INFO] [stderr] 
[INFO] [stderr] warning: elided lifetime has a name
[INFO] [stderr]    --> src/cdma.rs:136:34
[INFO] [stderr]     |
[INFO] [stderr] 130 | pub fn tx_cdma_qpsk_signal<'a, I: Iterator<Item = Bit> + 'a>(
[INFO] [stderr]     |                            -- lifetime `'a` declared here
[INFO] [stderr] ...
[INFO] [stderr] 136 | ) -> impl Iterator<Item = f64> + '_ {
[INFO] [stderr]     |                                  ^^ this elided lifetime gets resolved as `'a`
[INFO] [stderr] 
[INFO] [stderr] warning: elided lifetime has a name
[INFO] [stderr]    --> src/cdma.rs:160:34
[INFO] [stderr]     |
[INFO] [stderr] 154 | pub fn rx_cdma_qpsk_signal<'a, I: Iterator<Item = f64> + 'a>(
[INFO] [stderr]     |                            -- lifetime `'a` declared here
[INFO] [stderr] ...
[INFO] [stderr] 160 | ) -> impl Iterator<Item = Bit> + '_ {
[INFO] [stderr]     |                                  ^^ this elided lifetime gets resolved as `'a`
[INFO] [stderr] 
[INFO] [stderr] warning: `komunikilo` (lib) generated 7 warnings
[INFO] [stderr] warning: `komunikilo` (lib test) generated 7 warnings (7 duplicates)
[INFO] [stderr]     Finished `test` profile [optimized + debuginfo] target(s) in 0.25s
[INFO] [stderr]      Running unittests src/lib.rs (/opt/rustwide/target/debug/deps/komunikilo-5dc98f4e329f122a)
[INFO] [stdout] 
[INFO] [stdout] running 66 tests
[INFO] [stdout] test bch::test::will_the_real_reed_solomon ... ok
[INFO] [stdout] test bpsk::tests::baseband ... ok
[INFO] [stdout] test bch::test::stream_bch_works ... ok
[INFO] [stdout] test cdma::tests::baseband_cdma::case_2 ... ok
[INFO] [stdout] test cdma::tests::baseband_cdma::case_3 ... ok
[INFO] [stdout] test cdma::tests::baseband_cdma::case_1 ... ok
[INFO] [stdout] test cdma::tests::baseband_cdma::case_4 ... ok
[INFO] [stdout] test bpf::tests::it_works ... ok
[INFO] [stdout] test cdma::tests::baseband_cdma::case_5 ... ok
[INFO] [stdout] test bpsk::tests::full_bpsk ... ok
[INFO] [stdout] test cdma::tests::bpsk_cdma_multi_user::case_3 ... ok
[INFO] [stdout] test cdma::tests::bpsk_cdma_multi_user::case_2 ... ok
[INFO] [stdout] test cdma::tests::bpsk_cdma_multi_user::case_1 ... ok
[INFO] [stdout] test cdma::tests::bpsk_cdma_single_user::case_1 ... ok
[INFO] [stdout] test cdma::tests::bpsk_cdma_single_user::case_2 ... ok
[INFO] [stdout] test cdma::tests::coded_bpsk_cdma_multi_user::case_1 ... ok
[INFO] [stdout] test cdma::tests::bpsk_cdma_single_user::case_3 ... ok
[INFO] [stdout] test cdma::tests::bpsk_cdma_single_user::case_5 ... ok
[INFO] [stdout] test cdma::tests::coded_bpsk_cdma_multi_user::case_3 ... ok
[INFO] [stdout] test cdma::tests::coded_bpsk_cdma_multi_user::case_2 ... ok
[INFO] [stdout] test cdma::tests::bpsk_cdma_single_user::case_4 ... ok
[INFO] [stdout] test cdma::tests::bpsk_cdma_single_user::case_6 ... ok
[INFO] [stdout] test cdma::tests::coded_bpsk_cdma_multi_user::case_5 ... ok
[INFO] [stdout] test cdma::tests::coded_bpsk_cdma_single_user::case_1 ... ok
[INFO] [stdout] test cdma::tests::coded_bpsk_cdma_multi_user::case_4 ... ok
[INFO] [stdout] test cdma::tests::qpsk_cdma_single_user::case_1 ... ok
[INFO] [stdout] test cdma::tests::qpsk_cdma_single_user::case_2 ... ok
[INFO] [stdout] test cdma::tests::qpsk_cdma_single_user::case_3 ... ok
[INFO] [stdout] test cdma::tests::qpsk_cdma_single_user::case_4 ... ok
[INFO] [stdout] test cdma::tests::qpsk_cdma_single_user::case_5 ... ok
[INFO] [stdout] test cdma::tests::qpsk_cdma_single_user::case_6 ... ok
[INFO] [stdout] test csk::tests::baseband_csk ... ok
[INFO] [stdout] test dcsk::tests::baseband_dcsk ... ok
[INFO] [stdout] test cdma::tests::coded_bpsk_cdma_single_user::case_2 ... ok
[INFO] [stdout] test fh::tests::hop_table ... ok
[INFO] [stdout] test fh_ofdm_dcsk::tests::baseband ... ignored
[INFO] [stdout] test fh_ofdm_dcsk::tests::frequency_scrambling ... ok
[INFO] [stdout] test filters::tests::it_works ... ok
[INFO] [stdout] test filters::tests::rrcosfilter_test ... ok
[INFO] [stdout] test cdma::tests::coded_bpsk_cdma_single_user::case_4 ... ok
[INFO] [stdout] test hadamard::tests::hadamard::case_1 ... ok
[INFO] [stdout] test hadamard::tests::hadamard::case_2 ... ok
[INFO] [stdout] test hadamard::tests::hadamard::case_3 ... ok
[INFO] [stdout] test fm::tests::fsk ... ok
[INFO] [stdout] test hadamard::tests::hadamard::case_4 ... ok
[INFO] [stdout] test hadamard::tests::hadamard::case_5 ... ok
[INFO] [stdout] test iter::convolution::test::linear_convolve ... ok
[INFO] [stdout] test iter::convolution::test::nonvolver ... ok
[INFO] [stdout] test iter::convolution::test::stream_convolve ... ok
[INFO] [stdout] test ofdm::tests::test_baseband_qpsk_ofdm ... ok
[INFO] [stdout] test hadamard::tests::hadamard::case_6 ... ok
[INFO] [stdout] test qpsk::tests::baseband_qpsk ... ok
[INFO] [stdout] test qpsk::tests::full_qpsk ... ok
[INFO] [stdout] test tests::bitstream_conversions ... ok
[INFO] [stdout] test tests::energy_test ... ok
[INFO] [stdout] test tests::it_works ... ok
[INFO] [stdout] test willie::tests::energy_detector_test_awgn ... ok
[INFO] [stdout] test ofdm::tests::test_qpsk_ofdm ... ok
[INFO] [stdout] test cdma::tests::coded_bpsk_cdma_single_user::case_3 ... ok
[INFO] [stdout] test fh::tests::fh_bpsk_works ... ok
[INFO] [stdout] test cdma::tests::coded_bpsk_cdma_single_user::case_5 ... ok
[INFO] [stdout] test willie::tests::normtest_awgn ... FAILED
[INFO] [stdout] test willie::tests::normtest_sine ... FAILED
[INFO] [stdout] test cdma::tests::coded_bpsk_cdma_single_user::case_6 ... ok
[INFO] [stdout] test cdma::tests::bpsk_cdma_multi_user::case_5 ... ok
[INFO] [stdout] test cdma::tests::bpsk_cdma_multi_user::case_4 ... ok
[INFO] [stdout] 
[INFO] [stdout] failures:
[INFO] [stdout] 
[INFO] [stdout] ---- willie::tests::normtest_awgn stdout ----
[INFO] [stdout] thread 'willie::tests::normtest_awgn' panicked at src/willie.rs:14:6:
[INFO] [stdout] called `Result::unwrap()` on an `Err` value: PyErr { type: <class 'ModuleNotFoundError'>, value: ModuleNotFoundError("No module named 'scipy'"), traceback: None }
[INFO] [stdout] stack backtrace:
[INFO] [stdout]    0:     0x5cfbd655b44a - std::backtrace_rs::backtrace::libunwind::trace::h207520d6e9873551
[INFO] [stdout]                                at /rustc/df4ca44d3fbc9301ee17f30f4d474e6ae4b05252/library/std/src/../../backtrace/src/backtrace/libunwind.rs:116:5
[INFO] [stdout]    1:     0x5cfbd655b44a - std::backtrace_rs::backtrace::trace_unsynchronized::h2ed7433f370e3eca
[INFO] [stdout]                                at /rustc/df4ca44d3fbc9301ee17f30f4d474e6ae4b05252/library/std/src/../../backtrace/src/backtrace/mod.rs:66:5
[INFO] [stdout]    2:     0x5cfbd655b44a - std::sys::backtrace::_print_fmt::h916fac51166b18d7
[INFO] [stdout]                                at /rustc/df4ca44d3fbc9301ee17f30f4d474e6ae4b05252/library/std/src/sys/backtrace.rs:66:9
[INFO] [stdout]    3:     0x5cfbd655b44a - <std::sys::backtrace::BacktraceLock::print::DisplayBacktrace as core::fmt::Display>::fmt::ha0a4c9b8ce3802e6
[INFO] [stdout]                                at /rustc/df4ca44d3fbc9301ee17f30f4d474e6ae4b05252/library/std/src/sys/backtrace.rs:39:26
[INFO] [stdout]    4:     0x5cfbd65824a3 - core::fmt::rt::Argument::fmt::h4cfc8587d52b3eb5
[INFO] [stdout]                                at /rustc/df4ca44d3fbc9301ee17f30f4d474e6ae4b05252/library/core/src/fmt/rt.rs:177:76
[INFO] [stdout]    5:     0x5cfbd65824a3 - core::fmt::write::h522cc39e5b36ae9f
[INFO] [stdout]                                at /rustc/df4ca44d3fbc9301ee17f30f4d474e6ae4b05252/library/core/src/fmt/mod.rs:1190:21
[INFO] [stdout]    6:     0x5cfbd6558043 - std::io::Write::write_fmt::h7d3c26752da97734
[INFO] [stdout]                                at /rustc/df4ca44d3fbc9301ee17f30f4d474e6ae4b05252/library/std/src/io/mod.rs:1839:15
[INFO] [stdout]    7:     0x5cfbd655b292 - std::sys::backtrace::BacktraceLock::print::h4b9e00b29e9c0942
[INFO] [stdout]                                at /rustc/df4ca44d3fbc9301ee17f30f4d474e6ae4b05252/library/std/src/sys/backtrace.rs:42:9
[INFO] [stdout]    8:     0x5cfbd655c8da - std::panicking::default_hook::{{closure}}::hb59b88280d0324d9
[INFO] [stdout]                                at /rustc/df4ca44d3fbc9301ee17f30f4d474e6ae4b05252/library/std/src/panicking.rs:268:22
[INFO] [stdout]    9:     0x5cfbd655c6e4 - std::panicking::default_hook::he1dd496665be4a29
[INFO] [stdout]                                at /rustc/df4ca44d3fbc9301ee17f30f4d474e6ae4b05252/library/std/src/panicking.rs:292:9
[INFO] [stdout]   10:     0x5cfbd6502e49 - <alloc::boxed::Box<F,A> as core::ops::function::Fn<Args>>::call::h4ff71de18744e1dc
[INFO] [stdout]                                at /rustc/df4ca44d3fbc9301ee17f30f4d474e6ae4b05252/library/alloc/src/boxed.rs:2468:9
[INFO] [stdout]   11:     0x5cfbd6502e49 - test::test_main::{{closure}}::hcf7c055ce117aa81
[INFO] [stdout]                                at /rustc/df4ca44d3fbc9301ee17f30f4d474e6ae4b05252/library/test/src/lib.rs:133:21
[INFO] [stdout]   12:     0x5cfbd655cfd8 - <alloc::boxed::Box<F,A> as core::ops::function::Fn<Args>>::call::h1d66c6bbd60c9692
[INFO] [stdout]                                at /rustc/df4ca44d3fbc9301ee17f30f4d474e6ae4b05252/library/alloc/src/boxed.rs:2468:9
[INFO] [stdout]   13:     0x5cfbd655cfd8 - std::panicking::rust_panic_with_hook::h2ff17fe8f26dfcf8
[INFO] [stdout]                                at /rustc/df4ca44d3fbc9301ee17f30f4d474e6ae4b05252/library/std/src/panicking.rs:809:13
[INFO] [stdout]   14:     0x5cfbd655cd9a - std::panicking::begin_panic_handler::{{closure}}::h4fad77951c07e101
[INFO] [stdout]                                at /rustc/df4ca44d3fbc9301ee17f30f4d474e6ae4b05252/library/std/src/panicking.rs:674:13
[INFO] [stdout]   15:     0x5cfbd655b929 - std::sys::backtrace::__rust_end_short_backtrace::hb1a25b3da5d0ea08
[INFO] [stdout]                                at /rustc/df4ca44d3fbc9301ee17f30f4d474e6ae4b05252/library/std/src/sys/backtrace.rs:170:18
[INFO] [stdout]   16:     0x5cfbd655ca2c - rust_begin_unwind
[INFO] [stdout]                                at /rustc/df4ca44d3fbc9301ee17f30f4d474e6ae4b05252/library/std/src/panicking.rs:665:5
[INFO] [stdout]   17:     0x5cfbd6580ba0 - core::panicking::panic_fmt::ha9db07b529f9b256
[INFO] [stdout]                                at /rustc/df4ca44d3fbc9301ee17f30f4d474e6ae4b05252/library/core/src/panicking.rs:75:14
[INFO] [stdout]   18:     0x5cfbd6581026 - core::result::unwrap_failed::h5e8218e4d4338b8a
[INFO] [stdout]                                at /rustc/df4ca44d3fbc9301ee17f30f4d474e6ae4b05252/library/core/src/result.rs:1698:5
[INFO] [stdout]   19:     0x5cfbd6461f6a - core::result::Result<T,E>::unwrap::h4cedc30b668f0641
[INFO] [stdout]                                at /rustc/df4ca44d3fbc9301ee17f30f4d474e6ae4b05252/library/core/src/result.rs:1103:23
[INFO] [stdout]   20:     0x5cfbd6461f6a - komunikilo::willie::normaltest::h82f69949f678377d
[INFO] [stdout]                                at /opt/rustwide/workdir/src/willie.rs:4:5
[INFO] [stdout]   21:     0x5cfbd64aacc9 - komunikilo::willie::tests::normtest_awgn::he1e53518cfe54b05
[INFO] [stdout]                                at /opt/rustwide/workdir/src/willie.rs:43:30
[INFO] [stdout]   22:     0x5cfbd644ba69 - komunikilo::willie::tests::normtest_awgn::{{closure}}::hd2c3a174f7c5dcf7
[INFO] [stdout]                                at /opt/rustwide/workdir/src/willie.rs:36:23
[INFO] [stdout]   23:     0x5cfbd644ba69 - core::ops::function::FnOnce::call_once::h184069f8c19adacd
[INFO] [stdout]                                at /rustc/df4ca44d3fbc9301ee17f30f4d474e6ae4b05252/library/core/src/ops/function.rs:250:5
[INFO] [stdout]   24:     0x5cfbd650771b - core::ops::function::FnOnce::call_once::h22c3ba5715e93f05
[INFO] [stdout]                                at /rustc/df4ca44d3fbc9301ee17f30f4d474e6ae4b05252/library/core/src/ops/function.rs:250:5
[INFO] [stdout]   25:     0x5cfbd650771b - test::__rust_begin_short_backtrace::h8e82d8113d0da17f
[INFO] [stdout]                                at /rustc/df4ca44d3fbc9301ee17f30f4d474e6ae4b05252/library/test/src/lib.rs:621:18
[INFO] [stdout]   26:     0x5cfbd6507097 - test::run_test_in_process::{{closure}}::h33235f4f20b7b7c7
[INFO] [stdout]                                at /rustc/df4ca44d3fbc9301ee17f30f4d474e6ae4b05252/library/test/src/lib.rs:644:60
[INFO] [stdout]   27:     0x5cfbd6507097 - <core::panic::unwind_safe::AssertUnwindSafe<F> as core::ops::function::FnOnce<()>>::call_once::hb5043206310c586f
[INFO] [stdout]                                at /rustc/df4ca44d3fbc9301ee17f30f4d474e6ae4b05252/library/core/src/panic/unwind_safe.rs:272:9
[INFO] [stdout]   28:     0x5cfbd6507097 - std::panicking::try::do_call::h9ad4731a60ab23e2
[INFO] [stdout]                                at /rustc/df4ca44d3fbc9301ee17f30f4d474e6ae4b05252/library/std/src/panicking.rs:557:40
[INFO] [stdout]   29:     0x5cfbd6507097 - std::panicking::try::h3824d23db772a716
[INFO] [stdout]                                at /rustc/df4ca44d3fbc9301ee17f30f4d474e6ae4b05252/library/std/src/panicking.rs:520:19
[INFO] [stdout]   30:     0x5cfbd6507097 - std::panic::catch_unwind::h5afd514605fde46b
[INFO] [stdout]                                at /rustc/df4ca44d3fbc9301ee17f30f4d474e6ae4b05252/library/std/src/panic.rs:358:14
[INFO] [stdout]   31:     0x5cfbd6507097 - test::run_test_in_process::h0d5cbfa7067d1720
[INFO] [stdout]                                at /rustc/df4ca44d3fbc9301ee17f30f4d474e6ae4b05252/library/test/src/lib.rs:644:27
[INFO] [stdout]   32:     0x5cfbd6507097 - test::run_test::{{closure}}::h708eb8872708115d
[INFO] [stdout]                                at /rustc/df4ca44d3fbc9301ee17f30f4d474e6ae4b05252/library/test/src/lib.rs:565:43
[INFO] [stdout]   33:     0x5cfbd64ca7b4 - test::run_test::{{closure}}::h392c51cee94713ab
[INFO] [stdout]                                at /rustc/df4ca44d3fbc9301ee17f30f4d474e6ae4b05252/library/test/src/lib.rs:595:41
[INFO] [stdout]   34:     0x5cfbd64ca7b4 - std::sys::backtrace::__rust_begin_short_backtrace::h2f40290710935a8b
[INFO] [stdout]                                at /rustc/df4ca44d3fbc9301ee17f30f4d474e6ae4b05252/library/std/src/sys/backtrace.rs:154:18
[INFO] [stdout]   35:     0x5cfbd64cdf5e - std::thread::Builder::spawn_unchecked_::{{closure}}::{{closure}}::h3fd968d89053a903
[INFO] [stdout]                                at /rustc/df4ca44d3fbc9301ee17f30f4d474e6ae4b05252/library/std/src/thread/mod.rs:541:17
[INFO] [stdout]   36:     0x5cfbd64cdf5e - <core::panic::unwind_safe::AssertUnwindSafe<F> as core::ops::function::FnOnce<()>>::call_once::h743f637ba4229880
[INFO] [stdout]                                at /rustc/df4ca44d3fbc9301ee17f30f4d474e6ae4b05252/library/core/src/panic/unwind_safe.rs:272:9
[INFO] [stdout]   37:     0x5cfbd64cdf5e - std::panicking::try::do_call::h07440897322525a6
[INFO] [stdout]                                at /rustc/df4ca44d3fbc9301ee17f30f4d474e6ae4b05252/library/std/src/panicking.rs:557:40
[INFO] [stdout]   38:     0x5cfbd64cdf5e - std::panicking::try::he5a2e00188156637
[INFO] [stdout]                                at /rustc/df4ca44d3fbc9301ee17f30f4d474e6ae4b05252/library/std/src/panicking.rs:520:19
[INFO] [stdout]   39:     0x5cfbd64cdf5e - std::panic::catch_unwind::hbaf3cae49b3c6433
[INFO] [stdout]                                at /rustc/df4ca44d3fbc9301ee17f30f4d474e6ae4b05252/library/std/src/panic.rs:358:14
[INFO] [stdout]   40:     0x5cfbd64cdf5e - std::thread::Builder::spawn_unchecked_::{{closure}}::h8e141ea224820bce
[INFO] [stdout]                                at /rustc/df4ca44d3fbc9301ee17f30f4d474e6ae4b05252/library/std/src/thread/mod.rs:540:30
[INFO] [stdout]   41:     0x5cfbd64cdf5e - core::ops::function::FnOnce::call_once{{vtable.shim}}::h90d312fedd7b8ea8
[INFO] [stdout]                                at /rustc/df4ca44d3fbc9301ee17f30f4d474e6ae4b05252/library/core/src/ops/function.rs:250:5
[INFO] [stdout]   42:     0x5cfbd6560ecb - <alloc::boxed::Box<F,A> as core::ops::function::FnOnce<Args>>::call_once::h69aa08ddb6adb8b6
[INFO] [stdout]                                at /rustc/df4ca44d3fbc9301ee17f30f4d474e6ae4b05252/library/alloc/src/boxed.rs:2454:9
[INFO] [stdout]   43:     0x5cfbd6560ecb - <alloc::boxed::Box<F,A> as core::ops::function::FnOnce<Args>>::call_once::h5aa36efdb79c806f
[INFO] [stdout]                                at /rustc/df4ca44d3fbc9301ee17f30f4d474e6ae4b05252/library/alloc/src/boxed.rs:2454:9
[INFO] [stdout]   44:     0x5cfbd6560ecb - std::sys::pal::unix::thread::Thread::new::thread_start::h6cd80a1b4be5158d
[INFO] [stdout]                                at /rustc/df4ca44d3fbc9301ee17f30f4d474e6ae4b05252/library/std/src/sys/pal/unix/thread.rs:105:17
[INFO] [stdout]   45:     0x738b07620ac3 - <unknown>
[INFO] [stdout]   46:     0x738b076b1a04 - clone
[INFO] [stdout]   47:                0x0 - <unknown>
[INFO] [stdout] 
[INFO] [stdout] ---- willie::tests::normtest_sine stdout ----
[INFO] [stdout] thread 'willie::tests::normtest_sine' panicked at src/willie.rs:14:6:
[INFO] [stdout] called `Result::unwrap()` on an `Err` value: PyErr { type: <class 'ModuleNotFoundError'>, value: ModuleNotFoundError("No module named 'scipy'"), traceback: None }
[INFO] [stdout] stack backtrace:
[INFO] [stdout]    0:     0x5cfbd655b44a - std::backtrace_rs::backtrace::libunwind::trace::h207520d6e9873551
[INFO] [stdout]                                at /rustc/df4ca44d3fbc9301ee17f30f4d474e6ae4b05252/library/std/src/../../backtrace/src/backtrace/libunwind.rs:116:5
[INFO] [stdout]    1:     0x5cfbd655b44a - std::backtrace_rs::backtrace::trace_unsynchronized::h2ed7433f370e3eca
[INFO] [stdout]                                at /rustc/df4ca44d3fbc9301ee17f30f4d474e6ae4b05252/library/std/src/../../backtrace/src/backtrace/mod.rs:66:5
[INFO] [stdout]    2:     0x5cfbd655b44a - std::sys::backtrace::_print_fmt::h916fac51166b18d7
[INFO] [stdout]                                at /rustc/df4ca44d3fbc9301ee17f30f4d474e6ae4b05252/library/std/src/sys/backtrace.rs:66:9
[INFO] [stdout]    3:     0x5cfbd655b44a - <std::sys::backtrace::BacktraceLock::print::DisplayBacktrace as core::fmt::Display>::fmt::ha0a4c9b8ce3802e6
[INFO] [stdout]                                at /rustc/df4ca44d3fbc9301ee17f30f4d474e6ae4b05252/library/std/src/sys/backtrace.rs:39:26
[INFO] [stdout]    4:     0x5cfbd65824a3 - core::fmt::rt::Argument::fmt::h4cfc8587d52b3eb5
[INFO] [stdout]                                at /rustc/df4ca44d3fbc9301ee17f30f4d474e6ae4b05252/library/core/src/fmt/rt.rs:177:76
[INFO] [stdout]    5:     0x5cfbd65824a3 - core::fmt::write::h522cc39e5b36ae9f
[INFO] [stdout]                                at /rustc/df4ca44d3fbc9301ee17f30f4d474e6ae4b05252/library/core/src/fmt/mod.rs:1190:21
[INFO] [stdout]    6:     0x5cfbd6558043 - std::io::Write::write_fmt::h7d3c26752da97734
[INFO] [stdout]                                at /rustc/df4ca44d3fbc9301ee17f30f4d474e6ae4b05252/library/std/src/io/mod.rs:1839:15
[INFO] [stdout]    7:     0x5cfbd655b292 - std::sys::backtrace::BacktraceLock::print::h4b9e00b29e9c0942
[INFO] [stdout]                                at /rustc/df4ca44d3fbc9301ee17f30f4d474e6ae4b05252/library/std/src/sys/backtrace.rs:42:9
[INFO] [stdout]    8:     0x5cfbd655c8da - std::panicking::default_hook::{{closure}}::hb59b88280d0324d9
[INFO] [stdout]                                at /rustc/df4ca44d3fbc9301ee17f30f4d474e6ae4b05252/library/std/src/panicking.rs:268:22
[INFO] [stdout]    9:     0x5cfbd655c6e4 - std::panicking::default_hook::he1dd496665be4a29
[INFO] [stdout]                                at /rustc/df4ca44d3fbc9301ee17f30f4d474e6ae4b05252/library/std/src/panicking.rs:292:9
[INFO] [stdout]   10:     0x5cfbd6502e49 - <alloc::boxed::Box<F,A> as core::ops::function::Fn<Args>>::call::h4ff71de18744e1dc
[INFO] [stdout]                                at /rustc/df4ca44d3fbc9301ee17f30f4d474e6ae4b05252/library/alloc/src/boxed.rs:2468:9
[INFO] [stdout]   11:     0x5cfbd6502e49 - test::test_main::{{closure}}::hcf7c055ce117aa81
[INFO] [stdout]                                at /rustc/df4ca44d3fbc9301ee17f30f4d474e6ae4b05252/library/test/src/lib.rs:133:21
[INFO] [stdout]   12:     0x5cfbd655cfd8 - <alloc::boxed::Box<F,A> as core::ops::function::Fn<Args>>::call::h1d66c6bbd60c9692
[INFO] [stdout]                                at /rustc/df4ca44d3fbc9301ee17f30f4d474e6ae4b05252/library/alloc/src/boxed.rs:2468:9
[INFO] [stdout]   13:     0x5cfbd655cfd8 - std::panicking::rust_panic_with_hook::h2ff17fe8f26dfcf8
[INFO] [stdout]                                at /rustc/df4ca44d3fbc9301ee17f30f4d474e6ae4b05252/library/std/src/panicking.rs:809:13
[INFO] [stdout]   14:     0x5cfbd655cd9a - std::panicking::begin_panic_handler::{{closure}}::h4fad77951c07e101
[INFO] [stdout]                                at /rustc/df4ca44d3fbc9301ee17f30f4d474e6ae4b05252/library/std/src/panicking.rs:674:13
[INFO] [stdout]   15:     0x5cfbd655b929 - std::sys::backtrace::__rust_end_short_backtrace::hb1a25b3da5d0ea08
[INFO] [stdout]                                at /rustc/df4ca44d3fbc9301ee17f30f4d474e6ae4b05252/library/std/src/sys/backtrace.rs:170:18
[INFO] [stdout]   16:     0x5cfbd655ca2c - rust_begin_unwind
[INFO] [stdout]                                at /rustc/df4ca44d3fbc9301ee17f30f4d474e6ae4b05252/library/std/src/panicking.rs:665:5
[INFO] [stdout]   17:     0x5cfbd6580ba0 - core::panicking::panic_fmt::ha9db07b529f9b256
[INFO] [stdout]                                at /rustc/df4ca44d3fbc9301ee17f30f4d474e6ae4b05252/library/core/src/panicking.rs:75:14
[INFO] [stdout]   18:     0x5cfbd6581026 - core::result::unwrap_failed::h5e8218e4d4338b8a
[INFO] [stdout]                                at /rustc/df4ca44d3fbc9301ee17f30f4d474e6ae4b05252/library/core/src/result.rs:1698:5
[INFO] [stdout]   19:     0x5cfbd6461f6a - core::result::Result<T,E>::unwrap::h4cedc30b668f0641
[INFO] [stdout]                                at /rustc/df4ca44d3fbc9301ee17f30f4d474e6ae4b05252/library/core/src/result.rs:1103:23
[INFO] [stdout]   20:     0x5cfbd6461f6a - komunikilo::willie::normaltest::h82f69949f678377d
[INFO] [stdout]                                at /opt/rustwide/workdir/src/willie.rs:4:5
[INFO] [stdout]   21:     0x5cfbd64aae3f - komunikilo::willie::tests::normtest_sine::hf5e888a5164972d5
[INFO] [stdout]                                at /opt/rustwide/workdir/src/willie.rs:54:30
[INFO] [stdout]   22:     0x5cfbd644c189 - komunikilo::willie::tests::normtest_sine::{{closure}}::hf8e05cc0754d1723
[INFO] [stdout]                                at /opt/rustwide/workdir/src/willie.rs:48:23
[INFO] [stdout]   23:     0x5cfbd644c189 - core::ops::function::FnOnce::call_once::hfad1dea646ea03c9
[INFO] [stdout]                                at /rustc/df4ca44d3fbc9301ee17f30f4d474e6ae4b05252/library/core/src/ops/function.rs:250:5
[INFO] [stdout]   24:     0x5cfbd650771b - core::ops::function::FnOnce::call_once::h22c3ba5715e93f05
[INFO] [stdout]                                at /rustc/df4ca44d3fbc9301ee17f30f4d474e6ae4b05252/library/core/src/ops/function.rs:250:5
[INFO] [stdout]   25:     0x5cfbd650771b - test::__rust_begin_short_backtrace::h8e82d8113d0da17f
[INFO] [stdout]                                at /rustc/df4ca44d3fbc9301ee17f30f4d474e6ae4b05252/library/test/src/lib.rs:621:18
[INFO] [stdout]   26:     0x5cfbd6507097 - test::run_test_in_process::{{closure}}::h33235f4f20b7b7c7
[INFO] [stdout]                                at /rustc/df4ca44d3fbc9301ee17f30f4d474e6ae4b05252/library/test/src/lib.rs:644:60
[INFO] [stdout]   27:     0x5cfbd6507097 - <core::panic::unwind_safe::AssertUnwindSafe<F> as core::ops::function::FnOnce<()>>::call_once::hb5043206310c586f
[INFO] [stdout]                                at /rustc/df4ca44d3fbc9301ee17f30f4d474e6ae4b05252/library/core/src/panic/unwind_safe.rs:272:9
[INFO] [stdout]   28:     0x5cfbd6507097 - std::panicking::try::do_call::h9ad4731a60ab23e2
[INFO] [stdout]                                at /rustc/df4ca44d3fbc9301ee17f30f4d474e6ae4b05252/library/std/src/panicking.rs:557:40
[INFO] [stdout]   29:     0x5cfbd6507097 - std::panicking::try::h3824d23db772a716
[INFO] [stdout]                                at /rustc/df4ca44d3fbc9301ee17f30f4d474e6ae4b05252/library/std/src/panicking.rs:520:19
[INFO] [stdout]   30:     0x5cfbd6507097 - std::panic::catch_unwind::h5afd514605fde46b
[INFO] [stdout]                                at /rustc/df4ca44d3fbc9301ee17f30f4d474e6ae4b05252/library/std/src/panic.rs:358:14
[INFO] [stdout]   31:     0x5cfbd6507097 - test::run_test_in_process::h0d5cbfa7067d1720
[INFO] [stdout]                                at /rustc/df4ca44d3fbc9301ee17f30f4d474e6ae4b05252/library/test/src/lib.rs:644:27
[INFO] [stdout]   32:     0x5cfbd6507097 - test::run_test::{{closure}}::h708eb8872708115d
[INFO] [stdout]                                at /rustc/df4ca44d3fbc9301ee17f30f4d474e6ae4b05252/library/test/src/lib.rs:565:43
[INFO] [stdout]   33:     0x5cfbd64ca7b4 - test::run_test::{{closure}}::h392c51cee94713ab
[INFO] [stdout]                                at /rustc/df4ca44d3fbc9301ee17f30f4d474e6ae4b05252/library/test/src/lib.rs:595:41
[INFO] [stdout]   34:     0x5cfbd64ca7b4 - std::sys::backtrace::__rust_begin_short_backtrace::h2f40290710935a8b
[INFO] [stdout]                                at /rustc/df4ca44d3fbc9301ee17f30f4d474e6ae4b05252/library/std/src/sys/backtrace.rs:154:18
[INFO] [stdout]   35:     0x5cfbd64cdf5e - std::thread::Builder::spawn_unchecked_::{{closure}}::{{closure}}::h3fd968d89053a903
[INFO] [stdout]                                at /rustc/df4ca44d3fbc9301ee17f30f4d474e6ae4b05252/library/std/src/thread/mod.rs:541:17
[INFO] [stdout]   36:     0x5cfbd64cdf5e - <core::panic::unwind_safe::AssertUnwindSafe<F> as core::ops::function::FnOnce<()>>::call_once::h743f637ba4229880
[INFO] [stdout]                                at /rustc/df4ca44d3fbc9301ee17f30f4d474e6ae4b05252/library/core/src/panic/unwind_safe.rs:272:9
[INFO] [stdout]   37:     0x5cfbd64cdf5e - std::panicking::try::do_call::h07440897322525a6
[INFO] [stdout]                                at /rustc/df4ca44d3fbc9301ee17f30f4d474e6ae4b05252/library/std/src/panicking.rs:557:40
[INFO] [stdout]   38:     0x5cfbd64cdf5e - std::panicking::try::he5a2e00188156637
[INFO] [stdout]                                at /rustc/df4ca44d3fbc9301ee17f30f4d474e6ae4b05252/library/std/src/panicking.rs:520:19
[INFO] [stdout]   39:     0x5cfbd64cdf5e - std::panic::catch_unwind::hbaf3cae49b3c6433
[INFO] [stdout]                                at /rustc/df4ca44d3fbc9301ee17f30f4d474e6ae4b05252/library/std/src/panic.rs:358:14
[INFO] [stdout]   40:     0x5cfbd64cdf5e - std::thread::Builder::spawn_unchecked_::{{closure}}::h8e141ea224820bce
[INFO] [stdout]                                at /rustc/df4ca44d3fbc9301ee17f30f4d474e6ae4b05252/library/std/src/thread/mod.rs:540:30
[INFO] [stdout]   41:     0x5cfbd64cdf5e - core::ops::function::FnOnce::call_once{{vtable.shim}}::h90d312fedd7b8ea8
[INFO] [stdout]                                at /rustc/df4ca44d3fbc9301ee17f30f4d474e6ae4b05252/library/core/src/ops/function.rs:250:5
[INFO] [stdout]   42:     0x5cfbd6560ecb - <alloc::boxed::Box<F,A> as core::ops::function::FnOnce<Args>>::call_once::h69aa08ddb6adb8b6
[INFO] [stdout]                                at /rustc/df4ca44d3fbc9301ee17f30f4d474e6ae4b05252/library/alloc/src/boxed.rs:2454:9
[INFO] [stdout]   43:     0x5cfbd6560ecb - <alloc::boxed::Box<F,A> as core::ops::function::FnOnce<Args>>::call_once::h5aa36efdb79c806f
[INFO] [stdout]                                at /rustc/df4ca44d3fbc9301ee17f30f4d474e6ae4b05252/library/alloc/src/boxed.rs:2454:9
[INFO] [stdout]   44:     0x5cfbd6560ecb - std::sys::pal::unix::thread::Thread::new::thread_start::h6cd80a1b4be5158d
[INFO] [stdout]                                at /rustc/df4ca44d3fbc9301ee17f30f4d474e6ae4b05252/library/std/src/sys/pal/unix/thread.rs:105:17
[INFO] [stdout]   45:     0x738b07620ac3 - <unknown>
[INFO] [stdout]   46:     0x738b076b1a04 - clone
[INFO] [stdout]   47:                0x0 - <unknown>
[INFO] [stdout] 
[INFO] [stdout] 
[INFO] [stdout] failures:
[INFO] [stdout]     willie::tests::normtest_awgn
[INFO] [stdout]     willie::tests::normtest_sine
[INFO] [stdout] 
[INFO] [stdout] test result: FAILED. 63 passed; 2 failed; 1 ignored; 0 measured; 0 filtered out; finished in 6.05s
[INFO] [stdout] 
[INFO] [stderr] error: test failed, to rerun pass `--lib`
[INFO] running `Command { std: "docker" "inspect" "f15e5b824980e83cc0e021564f72a76f6cdeca5dbb26ea7b508305cf644caff2", kill_on_drop: false }`
[INFO] running `Command { std: "docker" "rm" "-f" "f15e5b824980e83cc0e021564f72a76f6cdeca5dbb26ea7b508305cf644caff2", kill_on_drop: false }`
[INFO] [stdout] f15e5b824980e83cc0e021564f72a76f6cdeca5dbb26ea7b508305cf644caff2
